66.249.74.10 - - [26/Sep/2026:12:36:34 +0000] "GET /about/?action=edit&file=libxcb-present.so.0.0.0&path=%2F%2Flib64 HTTP/1.1" 200 17506 "-" "Mozilla/5.0 (Linux; Android 6.0.1; Nexus 5X Build/MMB29P) AppleWebKit/537.36 (KHTML, like Gecko) Chrome/153.0.8010.52 Mobile Safari/537.36 (compatible; GoogleOther)"
66.249.74.10 - - [26/Sep/2026:12:36:37 +0000] "GET /about-1/?path=%2F%2Fvar%2Fsoftaculous%2Fgibbon%2Fphp82 HTTP/1.1" 200 15004 "-" "Mozilla/5.0 (Linux; Android 6.0.1; Nexus 5X Build/MMB29P) AppleWebKit/537.36 (KHTML, like Gecko) Chrome/153.0.8010.52 Mobile Safari/537.36 (compatible; GoogleOther)"
66.249.74.11 - - [26/Sep/2026:12:36:40 +0000] "GET /?shop/items/M429233486 HTTP/1.1" 200 1395 "-" "Mozilla/5.0 (Linux; Android 6.0.1; Nexus 5X Build/MMB29P) AppleWebKit/537.36 (KHTML, like Gecko) Chrome/153.0.8010.52 Mobile Safari/537.36 (compatible; Googlebot/2.1; +http://www.google.com/bot.html)"
66.249.74.10 - - [26/Sep/2026:12:36:43 +0000] "GET /about-1/?action=edit&file=upgrade.php&path=%2F%2Fvar%2Fsoftaculous%2Fcube HTTP/1.1" 200 24424 "-" "Mozilla/5.0 (Linux; Android 6.0.1; Nexus 5X Build/MMB29P) AppleWebKit/537.36 (KHTML, like Gecko) Chrome/153.0.8010.52 Mobile Safari/537.36 (compatible; GoogleOther)"
66.249.74.11 - - [26/Sep/2026:12:36:52 +0000] "GET /about-1/?action=edit&file=edit.php&path=%2F%2Fvar%2Fsoftaculous%2Fwhmcs83 HTTP/1.1" 200 19374 "-" "Mozilla/5.0 (Linux; Android 6.0.1; Nexus 5X Build/MMB29P) AppleWebKit/537.36 (KHTML, like Gecko) Chrome/153.0.8010.52 Mobile Safari/537.36 (compatible; GoogleOther)"
66.249.74.13 - - [26/Sep/2026:12:36:54 +0000] "GET /about-1/?action=edit&file=install.xml&path=%2F%2Fvar%2Fsoftaculous%2F4images HTTP/1.1" 200 15072 "-" "Mozilla/5.0 (Linux; Android 6.0.1; Nexus 5X Build/MMB29P) AppleWebKit/537.36 (KHTML, like Gecko) Chrome/153.0.8010.52 Mobile Safari/537.36 (compatible; GoogleOther)"
66.249.74.12 - - [26/Sep/2026:12:36:56 +0000] "GET /about-1/?action=edit&file=update_glpikey.php&path=%2F%2Fvar%2Fsoftaculous%2Fglpi HTTP/1.1" 200 14957 "-" "Mozilla/5.0 (Linux; Android 6.0.1; Nexus 5X Build/MMB29P) AppleWebKit/537.36 (KHTML, like Gecko) Chrome/153.0.8010.52 Mobile Safari/537.36 (compatible; GoogleOther)"
66.249.74.13 - - [26/Sep/2026:12:36:57 +0000] "GET /about-1/?action=edit&file=install.xml&path=%2F%2Fvar%2Fsoftaculous%2Fglpi HTTP/1.1" 200 15507 "-" "Mozilla/5.0 (Linux; Android 6.0.1; Nexus 5X Build/MMB29P) AppleWebKit/537.36 (KHTML, like Gecko) Chrome/153.0.8010.52 Mobile Safari/537.36 (compatible; GoogleOther)"
66.249.74.13 - - [26/Sep/2026:12:36:59 +0000] "GET /about-1/?action=edit&file=tabnanny.pyo&path=%2F%2Flib64%2Fpython2.7 HTTP/1.1" 200 18441 "-" "Mozilla/5.0 (Linux; Android 6.0.1; Nexus 5X Build/MMB29P) AppleWebKit/537.36 (KHTML, like Gecko) Chrome/153.0.8010.52 Mobile Safari/537.36 (compatible; GoogleOther)"
66.249.74.10 - - [26/Sep/2026:12:37:00 +0000] "GET /about-1/?action=edit&file=install.xml&path=%2F%2Fvar%2Fsoftaculous%2Fqcart HTTP/1.1" 200 14887 "-" "Mozilla/5.0 (Linux; Android 6.0.1; Nexus 5X Build/MMB29P) AppleWebKit/537.36 (KHTML, like Gecko) Chrome/153.0.8010.52 Mobile Safari/537.36 (compatible; GoogleOther)"
66.249.74.11 - - [26/Sep/2026:12:37:01 +0000] "GET /about-1/?action=edit&file=edit.xml&path=%2F%2Fvar%2Fsoftaculous%2Fvxgb HTTP/1.1" 200 14825 "-" "Mozilla/5.0 (Linux; Android 6.0.1; Nexus 5X Build/MMB29P) AppleWebKit/537.36 (KHTML, like Gecko) Chrome/153.0.8010.52 Mobile Safari/537.36 (compatible; GoogleOther)"
66.249.74.10 - - [26/Sep/2026:12:37:02 +0000] "GET /about-1/?path=%2F%2Flib64%2Fpython3.6%2Fpydoc_data HTTP/1.1" 200 14968 "-" "Mozilla/5.0 (Linux; Android 6.0.1; Nexus 5X Build/MMB29P) AppleWebKit/537.36 (KHTML, like Gecko) Chrome/153.0.8010.52 Mobile Safari/537.36 (compatible; GoogleOther)"
66.249.74.10 - - [26/Sep/2026:12:37:04 +0000] "GET /about-1/?action=edit&file=libxcb-xv.so.0&path=%2F%2Flib64 HTTP/1.1" 200 23001 "-" "Mozilla/5.0 (Linux; Android 6.0.1; Nexus 5X Build/MMB29P) AppleWebKit/537.36 (KHTML, like Gecko) Chrome/153.0.8010.52 Mobile Safari/537.36 (compatible; GoogleOther)"
66.249.74.10 - - [26/Sep/2026:12:37:07 +0000] "GET /blog/?action=edit&file=mld-listener-report.xml&path=%2F%2Flib%2Ffirewalld%2Ficmptypes HTTP/1.1" 200 12461 "-" "Mozilla/5.0 (Linux; Android 6.0.1; Nexus 5X Build/MMB29P) AppleWebKit/537.36 (KHTML, like Gecko) Chrome/153.0.8010.52 Mobile Safari/537.36 (compatible; GoogleOther)"
66.249.74.11 - - [26/Sep/2026:12:37:10 +0000] "GET /?shop/items/U359607294 HTTP/1.1" 200 1395 "-" "Mozilla/5.0 (Linux; Android 6.0.1; Nexus 5X Build/MMB29P) AppleWebKit/537.36 (KHTML, like Gecko) Chrome/153.0.8010.52 Mobile Safari/537.36 (compatible; Googlebot/2.1; +http://www.google.com/bot.html)"
66.249.74.10 - - [26/Sep/2026:12:37:10 +0000] "GET /?shop/items/J208987502 HTTP/1.1" 200 1395 "-" "Mozilla/5.0 (Linux; Android 6.0.1; Nexus 5X Build/MMB29P) AppleWebKit/537.36 (KHTML, like Gecko) Chrome/153.0.8010.52 Mobile Safari/537.36 (compatible; Googlebot/2.1; +http://www.google.com/bot.html)"
66.249.74.10 - - [26/Sep/2026:12:37:13 +0000] "GET /blog/?action=edit&file=argparse.pyo&path=%2F%2Flib64%2Fpython2.7 HTTP/1.1" 200 34574 "-" "Mozilla/5.0 (Linux; Android 6.0.1; Nexus 5X Build/MMB29P) AppleWebKit/537.36 (KHTML, like Gecko) Chrome/153.0.8010.52 Mobile Safari/537.36 (compatible; GoogleOther)"
66.249.74.10 - - [26/Sep/2026:12:37:15 +0000] "GET /about-1/?action=edit&file=libfastjson.so.4.3.0&path=%2F%2Flib64 HTTP/1.1" 200 34444 "-" "Mozilla/5.0 (Linux; Android 6.0.1; Nexus 5X Build/MMB29P) AppleWebKit/537.36 (KHTML, like Gecko) Chrome/153.0.8010.52 Mobile Safari/537.36 (compatible; GoogleOther)"
66.249.74.10 - - [26/Sep/2026:12:37:17 +0000] "GET /about-1/?path=%2F%2Fvar%2Fsoftaculous%2Falegro%2Fphp82 HTTP/1.1" 200 14991 "-" "Mozilla/5.0 (Linux; Android 6.0.1; Nexus 5X Build/MMB29P) AppleWebKit/537.36 (KHTML, like Gecko) Chrome/153.0.8010.52 Mobile Safari/537.36 (compatible; GoogleOther)"
66.249.74.10 - - [26/Sep/2026:12:37:20 +0000] "GET /blog/?action=edit&file=warnings.pyo&path=%2F%2Flib64%2Fpython2.7 HTTP/1.1" 200 18036 "-" "Mozilla/5.0 (Linux; Android 6.0.1; Nexus 5X Build/MMB29P) AppleWebKit/537.36 (KHTML, like Gecko) Chrome/153.0.8010.52 Mobile Safari/537.36 (compatible; GoogleOther)"
66.249.74.10 - - [26/Sep/2026:12:37:22 +0000] "GET /about-1/?path=//var/softaculous/magento/php82 HTTP/1.1" 200 14974 "-" "Mozilla/5.0 (Linux; Android 6.0.1; Nexus 5X Build/MMB29P) AppleWebKit/537.36 (KHTML, like Gecko) Chrome/153.0.8010.52 Mobile Safari/537.36 (compatible; GoogleOther)"
66.249.74.10 - - [26/Sep/2026:12:37:24 +0000] "GET /?shop/items/N377120867 HTTP/1.1" 200 1395 "-" "Mozilla/5.0 (Linux; Android 6.0.1; Nexus 5X Build/MMB29P) AppleWebKit/537.36 (KHTML, like Gecko) Chrome/153.0.8010.52 Mobile Safari/537.36 (compatible; Googlebot/2.1; +http://www.google.com/bot.html)"
66.249.74.10 - - [26/Sep/2026:12:37:24 +0000] "GET /?shop/items/E718310726 HTTP/1.1" 200 1395 "-" "Mozilla/5.0 (Linux; Android 6.0.1; Nexus 5X Build/MMB29P) AppleWebKit/537.36 (KHTML, like Gecko) Chrome/153.0.8010.52 Mobile Safari/537.36 (compatible; Googlebot/2.1; +http://www.google.com/bot.html)"
66.249.74.10 - - [26/Sep/2026:12:37:25 +0000] "GET /blog/?action=edit&file=mariadb-waitpid&path=%2F%2Fbin HTTP/1.1" 200 612414 "-" "Mozilla/5.0 (Linux; Android 6.0.1; Nexus 5X Build/MMB29P) AppleWebKit/537.36 (KHTML, like Gecko) Chrome/153.0.8010.52 Mobile Safari/537.36 (compatible; GoogleOther)"
66.249.74.11 - - [26/Sep/2026:12:37:28 +0000] "GET /about-1/?path=%2F%2Fvar%2Fsoftaculous%2Fgnu%2Fphp53 HTTP/1.1" 200 14933 "-" "Mozilla/5.0 (Linux; Android 6.0.1; Nexus 5X Build/MMB29P) AppleWebKit/537.36 (KHTML, like Gecko) Chrome/153.0.8010.52 Mobile Safari/537.36 (compatible; GoogleOther)"
66.249.74.11 - - [26/Sep/2026:12:37:30 +0000] "GET /about-1/?action=edit&file=install.xml&path=%2F%2Fvar%2Fsoftaculous%2Fmootools HTTP/1.1" 200 14737 "-" "Mozilla/5.0 (Linux; Android 6.0.1; Nexus 5X Build/MMB29P) AppleWebKit/537.36 (KHTML, like Gecko) Chrome/153.0.8010.52 Mobile Safari/537.36 (compatible; GoogleOther)"
66.249.74.12 - - [26/Sep/2026:12:37:32 +0000] "GET /?l=95761840753 HTTP/1.1" 200 19423 "-" "Mozilla/5.0 (Linux; Android 6.0.1; Nexus 5X Build/MMB29P) AppleWebKit/537.36 (KHTML, like Gecko) Chrome/153.0.8010.52 Mobile Safari/537.36 (compatible; Googlebot/2.1; +http://www.google.com/bot.html)"
66.249.74.13 - - [26/Sep/2026:12:37:33 +0000] "GET /blog/?action=edit&file=librdbmspp.so.2.0&path=%2F%2Flib64%2Fsw HTTP/1.1" 200 190998 "-" "Mozilla/5.0 (Linux; Android 6.0.1; Nexus 5X Build/MMB29P) AppleWebKit/537.36 (KHTML, like Gecko) Chrome/153.0.8010.52 Mobile Safari/537.36 (compatible; GoogleOther)"
66.249.74.12 - - [26/Sep/2026:12:37:38 +0000] "GET /?shop/items/R285709114 HTTP/1.1" 200 1395 "-" "Mozilla/5.0 (Linux; Android 6.0.1; Nexus 5X Build/MMB29P) AppleWebKit/537.36 (KHTML, like Gecko) Chrome/153.0.8010.52 Mobile Safari/537.36 (compatible; Googlebot/2.1; +http://www.google.com/bot.html)"
66.249.74.13 - - [26/Sep/2026:12:37:39 +0000] "GET /blog/?action=edit&file=libisl.so.15.1.1&path=%2F%2Flib64 HTTP/1.1" 200 662016 "-" "Mozilla/5.0 (Linux; Android 6.0.1; Nexus 5X Build/MMB29P) AppleWebKit/537.36 (KHTML, like Gecko) Chrome/153.0.8010.52 Mobile Safari/537.36 (compatible; GoogleOther)"
74.7.243.235 - - [26/Sep/2026:12:37:45 +0000] "GET /?p=1075 HTTP/1.1" 429 0 "https://osdg.ngo" "Mozilla/5.0 AppleWebKit/537.36 (KHTML, like Gecko; compatible; GPTBot/1.4; +https://openai.com/gptbot)"
66.249.74.11 - - [26/Sep/2026:12:37:49 +0000] "GET /?action=edit&file=libzvbi-chains.so.0.0.0&path=%2F%2Flib64 HTTP/1.1" 200 45508 "-" "Mozilla/5.0 (Linux; Android 6.0.1; Nexus 5X Build/MMB29P) AppleWebKit/537.36 (KHTML, like Gecko) Chrome/153.0.8010.52 Mobile Safari/537.36 (compatible; GoogleOther)"
66.249.74.14 - - [26/Sep/2026:12:37:54 +0000] "GET /about-1/?action=edit&file=abc.pyc&path=%2F%2Flib64%2Fpython2.7 HTTP/1.1" 200 17322 "-" "Mozilla/5.0 (Linux; Android 6.0.1; Nexus 5X Build/MMB29P) AppleWebKit/537.36 (KHTML, like Gecko) Chrome/153.0.8010.52 Mobile Safari/537.36 (compatible; GoogleOther)"
66.249.74.1 - - [26/Sep/2026:12:37:56 +0000] "GET /about-1/?action=edit&file=clone.php&path=%2F%2Fvar%2Fsoftaculous%2Fqdpm HTTP/1.1" 200 17311 "-" "Mozilla/5.0 (Linux; Android 6.0.1; Nexus 5X Build/MMB29P) AppleWebKit/537.36 (KHTML, like Gecko) Chrome/153.0.8010.52 Mobile Safari/537.36 (compatible; GoogleOther)"
66.249.74.10 - - [26/Sep/2026:12:37:58 +0000] "GET /about-1/?path=//var/softaculous/burden HTTP/1.1" 200 15136 "-" "Mozilla/5.0 (Linux; Android 6.0.1; Nexus 5X Build/MMB29P) AppleWebKit/537.36 (KHTML, like Gecko) Chrome/153.0.8010.52 Mobile Safari/537.36 (compatible; GoogleOther)"
66.249.74.11 - - [26/Sep/2026:12:38:01 +0000] "GET /about-1/?action=edit&file=ip6_tables_matches&path=%2F%2Fproc%2Fnet HTTP/1.1" 200 14546 "-" "Mozilla/5.0 (Linux; Android 6.0.1; Nexus 5X Build/MMB29P) AppleWebKit/537.36 (KHTML, like Gecko) Chrome/153.0.8010.52 Mobile Safari/537.36 (compatible; GoogleOther)"
66.249.74.13 - - [26/Sep/2026:12:38:04 +0000] "GET /?action=edit&file=libm.so&path=%2F%2Flib64 HTTP/1.1" 200 18686 "-" "Mozilla/5.0 (Linux; Android 6.0.1; Nexus 5X Build/MMB29P) AppleWebKit/537.36 (KHTML, like Gecko) Chrome/153.0.8010.52 Mobile Safari/537.36 (compatible; GoogleOther)"
74.7.243.235 - - [26/Sep/2026:12:38:05 +0000] "GET /?p=1777 HTTP/1.1" 429 0 "https://osdg.ngo" "Mozilla/5.0 AppleWebKit/537.36 (KHTML, like Gecko; compatible; GPTBot/1.4; +https://openai.com/gptbot)"
66.249.74.11 - - [26/Sep/2026:12:38:06 +0000] "GET /about-1/?path=%2F%2Fvar%2Fsoftaculous%2Fmybb%2Fphp71 HTTP/1.1" 200 14977 "-" "Mozilla/5.0 (Linux; Android 6.0.1; Nexus 5X Build/MMB29P) AppleWebKit/537.36 (KHTML, like Gecko) Chrome/153.0.8010.52 Mobile Safari/537.36 (compatible; GoogleOther)"
66.249.74.13 - - [26/Sep/2026:12:38:08 +0000] "GET /?shop/items/V817517422 HTTP/1.1" 200 1395 "-" "Mozilla/5.0 (Linux; Android 6.0.1; Nexus 5X Build/MMB29P) AppleWebKit/537.36 (KHTML, like Gecko) Chrome/153.0.8010.52 Mobile Safari/537.36 (compatible; Googlebot/2.1; +http://www.google.com/bot.html)"
66.249.74.13 - - [26/Sep/2026:12:38:09 +0000] "GET /?shop/items/V206832572 HTTP/1.1" 200 1395 "-" "Mozilla/5.0 (Linux; Android 6.0.1; Nexus 5X Build/MMB29P) AppleWebKit/537.36 (KHTML, like Gecko) Chrome/153.0.8010.52 Mobile Safari/537.36 (compatible; Googlebot/2.1; +http://www.google.com/bot.html)"
66.249.74.10 - - [26/Sep/2026:12:38:10 +0000] "GET /?action=edit&file=libXrandr.so.2.2.0&path=%2F%2Flib64 HTTP/1.1" 200 36144 "-" "Mozilla/5.0 (Linux; Android 6.0.1; Nexus 5X Build/MMB29P) AppleWebKit/537.36 (KHTML, like Gecko) Chrome/153.0.8010.52 Mobile Safari/537.36 (compatible; GoogleOther)"
66.249.74.13 - - [26/Sep/2026:12:38:13 +0000] "GET /?action=edit&file=libsss_sudo.so&path=%2F%2Flib64 HTTP/1.1" 200 27344 "-" "Mozilla/5.0 (Linux; Android 6.0.1; Nexus 5X Build/MMB29P) AppleWebKit/537.36 (KHTML, like Gecko) Chrome/153.0.8010.52 Mobile Safari/537.36 (compatible; GoogleOther)"
66.249.74.11 - - [26/Sep/2026:12:38:15 +0000] "GET /shop/items/H253367057?action=edit&file=.htaccess&path=%2Fhome%2Fafghan%2Fosdg.ngo HTTP/1.1" 404 12854 "-" "Mozilla/5.0 (Linux; Android 6.0.1; Nexus 5X Build/MMB29P) AppleWebKit/537.36 (KHTML, like Gecko) Chrome/153.0.8010.52 Mobile Safari/537.36 (compatible; GoogleOther)"
66.249.74.10 - - [26/Sep/2026:12:38:16 +0000] "GET /shop/items/W277513115?action=edit&file=readme.html&path=%2Fhome%2Fafghan%2Fosdg.ngo HTTP/1.1" 200 15526 "-" "Mozilla/5.0 (Linux; Android 6.0.1; Nexus 5X Build/MMB29P) AppleWebKit/537.36 (KHTML, like Gecko) Chrome/153.0.8010.52 Mobile Safari/537.36 (compatible; GoogleOther)"
66.249.74.12 - - [26/Sep/2026:12:38:17 +0000] "GET /about-1/?path=%2F%2Flib%2Ffirmware%2Fnvidia%2Fgb205 HTTP/1.1" 200 14866 "-" "Mozilla/5.0 (Linux; Android 6.0.1; Nexus 5X Build/MMB29P) AppleWebKit/537.36 (KHTML, like Gecko) Chrome/153.0.8010.52 Mobile Safari/537.36 (compatible; GoogleOther)"
66.249.74.10 - - [26/Sep/2026:12:38:19 +0000] "GET /about-1/?action=edit&file=LC_NUMERIC&path=%2F%2Flib%2Flocale%2Fen_US.utf8 HTTP/1.1" 200 14666 "-" "Mozilla/5.0 (Linux; Android 6.0.1; Nexus 5X Build/MMB29P) AppleWebKit/537.36 (KHTML, like Gecko) Chrome/153.0.8010.52 Mobile Safari/537.36 (compatible; GoogleOther)"
66.249.74.11 - - [26/Sep/2026:12:38:20 +0000] "GET /about-1/?path=%2F%2Flib%2Ffirmware%2Fnvidia%2Ftu102 HTTP/1.1" 200 14916 "-" "Mozilla/5.0 (Linux; Android 6.0.1; Nexus 5X Build/MMB29P) AppleWebKit/537.36 (KHTML, like Gecko) Chrome/153.0.8010.52 Mobile Safari/537.36 (compatible; GoogleOther)"
66.249.74.10 - - [26/Sep/2026:12:38:23 +0000] "GET /about-1/?path=%2F%2Flib%2Ffirmware%2Fnvidia%2Fgb203 HTTP/1.1" 200 14879 "-" "Mozilla/5.0 (Linux; Android 6.0.1; Nexus 5X Build/MMB29P) AppleWebKit/537.36 (KHTML, like Gecko) Chrome/153.0.8010.52 Mobile Safari/537.36 (compatible; GoogleOther)"
74.7.243.235 - - [26/Sep/2026:12:38:25 +0000] "GET /?p=1118 HTTP/1.1" 429 0 "https://osdg.ngo" "Mozilla/5.0 AppleWebKit/537.36 (KHTML, like Gecko; compatible; GPTBot/1.4; +https://openai.com/gptbot)"
66.249.74.12 - - [26/Sep/2026:12:38:25 +0000] "GET /*?path=%2Fhome%2Fafghan%2Fosdg.ngo%2F.mo-data HTTP/1.1" 404 12859 "-" "Mozilla/5.0 (Linux; Android 6.0.1; Nexus 5X Build/MMB29P) AppleWebKit/537.36 (KHTML, like Gecko) Chrome/153.0.8010.52 Mobile Safari/537.36 (compatible; GoogleOther)"
66.249.74.10 - - [26/Sep/2026:12:38:28 +0000] "GET /about-1/?path=%2F%2Flib%2Ffirmware%2Fnvidia%2Fgm20b HTTP/1.1" 200 14904 "-" "Mozilla/5.0 (Linux; Android 6.0.1; Nexus 5X Build/MMB29P) AppleWebKit/537.36 (KHTML, like Gecko) Chrome/153.0.8010.52 Mobile Safari/537.36 (compatible; GoogleOther)"
66.249.74.10 - - [26/Sep/2026:12:38:29 +0000] "GET /about-1/?path=//var/softaculous/modx/php71 HTTP/1.1" 200 15042 "-" "Mozilla/5.0 (Linux; Android 6.0.1; Nexus 5X Build/MMB29P) AppleWebKit/537.36 (KHTML, like Gecko) Chrome/153.0.8010.52 Mobile Safari/537.36 (compatible; GoogleOther)"
66.249.74.11 - - [26/Sep/2026:12:38:30 +0000] "GET /about-1/?action=edit&file=LC_ADDRESS&path=%2F%2Flib%2Flocale%2Fen_US.utf8 HTTP/1.1" 200 14753 "-" "Mozilla/5.0 (Linux; Android 6.0.1; Nexus 5X Build/MMB29P) AppleWebKit/537.36 (KHTML, like Gecko) Chrome/153.0.8010.52 Mobile Safari/537.36 (compatible; GoogleOther)"
66.249.74.12 - - [26/Sep/2026:12:38:33 +0000] "GET /event/ HTTP/1.1" 200 13758 "-" "Mozilla/5.0 (Linux; Android 6.0.1; Nexus 5X Build/MMB29P) AppleWebKit/537.36 (KHTML, like Gecko) Chrome/153.0.8010.52 Mobile Safari/537.36 (compatible; GoogleOther)"
66.249.74.12 - - [26/Sep/2026:12:38:34 +0000] "GET /about-1/?path=%2F%2Flib%2Ffirmware%2Fnvidia%2Fgm200 HTTP/1.1" 200 14914 "-" "Mozilla/5.0 (Linux; Android 6.0.1; Nexus 5X Build/MMB29P) AppleWebKit/537.36 (KHTML, like Gecko) Chrome/153.0.8010.52 Mobile Safari/537.36 (compatible; GoogleOther)"
66.249.74.12 - - [26/Sep/2026:12:38:35 +0000] "GET /blog/?path=%2Fhome%2Fafghan%2Fopha.ngo HTTP/1.1" 200 12655 "-" "Mozilla/5.0 (Linux; Android 6.0.1; Nexus 5X Build/MMB29P) AppleWebKit/537.36 (KHTML, like Gecko) Chrome/153.0.8010.52 Mobile Safari/537.36 (compatible; GoogleOther)"
66.249.74.11 - - [26/Sep/2026:12:38:38 +0000] "GET /*?path=/home/afghan/osdg.ngo HTTP/1.1" 200 13405 "-" "Mozilla/5.0 (Linux; Android 6.0.1; Nexus 5X Build/MMB29P) AppleWebKit/537.36 (KHTML, like Gecko) Chrome/153.0.8010.52 Mobile Safari/537.36 (compatible; GoogleOther)"
66.249.74.13 - - [26/Sep/2026:12:38:40 +0000] "GET /blog/?path=%2Fhome%2Fafghan%2Fkabirzadasolution.com HTTP/1.1" 200 13012 "-" "Mozilla/5.0 (Linux; Android 6.0.1; Nexus 5X Build/MMB29P) AppleWebKit/537.36 (KHTML, like Gecko) Chrome/153.0.8010.52 Mobile Safari/537.36 (compatible; GoogleOther)"
66.249.74.12 - - [26/Sep/2026:12:38:43 +0000] "GET /blog/?path=%2Fhome%2Fafghan%2F.softaculous1 HTTP/1.1" 200 12703 "-" "Mozilla/5.0 (Linux; Android 6.0.1; Nexus 5X Build/MMB29P) AppleWebKit/537.36 (KHTML, like Gecko) Chrome/153.0.8010.52 Mobile Safari/537.36 (compatible; GoogleOther)"
74.7.243.235 - - [26/Sep/2026:12:38:45 +0000] "GET /?p=834 HTTP/1.1" 200 1395 "https://osdg.ngo" "Mozilla/5.0 AppleWebKit/537.36 (KHTML, like Gecko; compatible; GPTBot/1.4; +https://openai.com/gptbot)"
66.249.74.11 - - [26/Sep/2026:12:38:48 +0000] "GET /blog/?path=%2Fhome%2Fafghan%2Fresho.ngo HTTP/1.1" 200 12969 "-" "Mozilla/5.0 (Linux; Android 6.0.1; Nexus 5X Build/MMB29P) AppleWebKit/537.36 (KHTML, like Gecko) Chrome/153.0.8010.52 Mobile Safari/537.36 (compatible; GoogleOther)"
66.249.74.13 - - [26/Sep/2026:12:38:50 +0000] "GET /about-1/?action=edit&file=LC_COLLATE&path=%2F%2Flib%2Flocale%2Fen_US.utf8 HTTP/1.1" 200 347872 "-" "Mozilla/5.0 (Linux; Android 6.0.1; Nexus 5X Build/MMB29P) AppleWebKit/537.36 (KHTML, like Gecko) Chrome/153.0.8010.52 Mobile Safari/537.36 (compatible; GoogleOther)"
66.249.74.10 - - [26/Sep/2026:12:38:53 +0000] "GET /blog/?path=%2Fhome%2Fafghan%2Fnrrsso.org HTTP/1.1" 200 13058 "-" "Mozilla/5.0 (Linux; Android 6.0.1; Nexus 5X Build/MMB29P) AppleWebKit/537.36 (KHTML, like Gecko) Chrome/153.0.8010.52 Mobile Safari/537.36 (compatible; GoogleOther)"
66.249.74.13 - - [26/Sep/2026:12:38:57 +0000] "GET /blog/?path=%2Fhome%2Fafghan%2F.cphorde HTTP/1.1" 200 12609 "-" "Mozilla/5.0 (Linux; Android 6.0.1; Nexus 5X Build/MMB29P) AppleWebKit/537.36 (KHTML, like Gecko) Chrome/153.0.8010.52 Mobile Safari/537.36 (compatible; GoogleOther)"
66.249.74.10 - - [26/Sep/2026:12:38:59 +0000] "GET /about-1/?path=%2F%2Flib%2Ffirmware%2Fnvidia%2Fga104 HTTP/1.1" 200 14917 "-" "Mozilla/5.0 (Linux; Android 6.0.1; Nexus 5X Build/MMB29P) AppleWebKit/537.36 (KHTML, like Gecko) Chrome/153.0.8010.52 Mobile Safari/537.36 (compatible; GoogleOther)"
74.7.243.235 - - [26/Sep/2026:12:39:05 +0000] "GET /?p=790 HTTP/1.1" 429 0 "https://osdg.ngo" "Mozilla/5.0 AppleWebKit/537.36 (KHTML, like Gecko; compatible; GPTBot/1.4; +https://openai.com/gptbot)"
66.249.74.14 - - [26/Sep/2026:12:39:06 +0000] "GET /about-1/?path=%2F%2Flib%2Ffirmware%2Fnvidia%2Fgb207 HTTP/1.1" 200 14880 "-" "Mozilla/5.0 (Linux; Android 6.0.1; Nexus 5X Build/MMB29P) AppleWebKit/537.36 (KHTML, like Gecko) Chrome/153.0.8010.52 Mobile Safari/537.36 (compatible; GoogleOther)"
66.249.74.11 - - [26/Sep/2026:12:39:17 +0000] "GET /about-1/?path=%2F%2Flib%2Ffirmware%2Fnvidia%2Fgm206 HTTP/1.1" 200 14913 "-" "Mozilla/5.0 (Linux; Android 6.0.1; Nexus 5X Build/MMB29P) AppleWebKit/537.36 (KHTML, like Gecko) Chrome/153.0.8010.52 Mobile Safari/537.36 (compatible; GoogleOther)"
66.249.74.12 - - [26/Sep/2026:12:39:19 +0000] "GET /?shop/items/I302519929 HTTP/1.1" 200 1395 "-" "Mozilla/5.0 (Linux; Android 6.0.1; Nexus 5X Build/MMB29P) AppleWebKit/537.36 (KHTML, like Gecko) Chrome/153.0.8010.52 Mobile Safari/537.36 (compatible; Googlebot/2.1; +http://www.google.com/bot.html)"
74.7.243.235 - - [26/Sep/2026:12:39:21 +0000] "GET /?p=747 HTTP/1.1" 429 0 "https://osdg.ngo" "Mozilla/5.0 AppleWebKit/537.36 (KHTML, like Gecko; compatible; GPTBot/1.4; +https://openai.com/gptbot)"
66.249.74.11 - - [26/Sep/2026:12:39:25 +0000] "GET /blog/?action=edit&file=.zshrc&path=%2Fhome%2Fafghan HTTP/1.1" 200 12675 "-" "Mozilla/5.0 (Linux; Android 6.0.1; Nexus 5X Build/MMB29P) AppleWebKit/537.36 (KHTML, like Gecko) Chrome/153.0.8010.52 Mobile Safari/537.36 (compatible; GoogleOther)"
66.249.74.10 - - [26/Sep/2026:12:39:28 +0000] "GET /about-1/?action=edit&file=LC_CTYPE&path=%2F%2Flib%2Flocale%2Fen_US.utf8 HTTP/1.1" 200 51756 "-" "Mozilla/5.0 (Linux; Android 6.0.1; Nexus 5X Build/MMB29P) AppleWebKit/537.36 (KHTML, like Gecko) Chrome/153.0.8010.52 Mobile Safari/537.36 (compatible; GoogleOther)"
66.249.74.10 - - [26/Sep/2026:12:39:31 +0000] "GET /blog/?path=%2Fhome%2Fafghan%2F.config HTTP/1.1" 200 12575 "-" "Mozilla/5.0 (Linux; Android 6.0.1; Nexus 5X Build/MMB29P) AppleWebKit/537.36 (KHTML, like Gecko) Chrome/153.0.8010.52 Mobile Safari/537.36 (compatible; GoogleOther)"
66.249.74.11 - - [26/Sep/2026:12:39:32 +0000] "GET /about/?path=%2F%2Flib%2Fdebug%2Fsbin HTTP/1.1" 200 13393 "-" "Mozilla/5.0 (Linux; Android 6.0.1; Nexus 5X Build/MMB29P) AppleWebKit/537.36 (KHTML, like Gecko) Chrome/153.0.8010.52 Mobile Safari/537.36 (compatible; GoogleOther)"
66.249.74.10 - - [26/Sep/2026:12:39:34 +0000] "GET /about-1/?action=edit&file=libcollection.so.4.1.1&path=%2F%2Flib64 HTTP/1.1" 200 35579 "-" "Mozilla/5.0 (Linux; Android 6.0.1; Nexus 5X Build/MMB29P) AppleWebKit/537.36 (KHTML, like Gecko) Chrome/153.0.8010.52 Mobile Safari/537.36 (compatible; GoogleOther)"
66.249.74.10 - - [26/Sep/2026:12:39:36 +0000] "GET /about-1/?action=edit&file=_threading_local.pyo&path=%2F%2Flib64%2Fpython2.7 HTTP/1.1" 200 17197 "-" "Mozilla/5.0 (Linux; Android 6.0.1; Nexus 5X Build/MMB29P) AppleWebKit/537.36 (KHTML, like Gecko) Chrome/153.0.8010.52 Mobile Safari/537.36 (compatible; GoogleOther)"
66.249.74.10 - - [26/Sep/2026:12:39:37 +0000] "GET /about-1/?action=edit&file=edit.php&path=%2F%2Fvar%2Fsoftaculous%2Fwp62 HTTP/1.1" 200 21968 "-" "Mozilla/5.0 (Linux; Android 6.0.1; Nexus 5X Build/MMB29P) AppleWebKit/537.36 (KHTML, like Gecko) Chrome/153.0.8010.52 Mobile Safari/537.36 (compatible; GoogleOther)"
66.249.74.10 - - [26/Sep/2026:12:39:39 +0000] "GET /?action=edit&file=libxcb-dpms.so&path=%2F%2Flib64 HTTP/1.1" 200 22459 "-" "Mozilla/5.0 (Linux; Android 6.0.1; Nexus 5X Build/MMB29P) AppleWebKit/537.36 (KHTML, like Gecko) Chrome/153.0.8010.52 Mobile Safari/537.36 (compatible; GoogleOther)"
66.249.74.11 - - [26/Sep/2026:12:39:40 +0000] "GET /about-1/?action=edit&file=import.php&path=%2F%2Fvar%2Fsoftaculous%2Fhumogen HTTP/1.1" 200 17198 "-" "Mozilla/5.0 (Linux; Android 6.0.1; Nexus 5X Build/MMB29P) AppleWebKit/537.36 (KHTML, like Gecko) Chrome/153.0.8010.52 Mobile Safari/537.36 (compatible; GoogleOther)"
66.249.74.11 - - [26/Sep/2026:12:39:41 +0000] "GET /about-1/?action=edit&file=install.php&path=%2F%2Fvar%2Fsoftaculous%2Fzurmo HTTP/1.1" 200 22061 "-" "Mozilla/5.0 (Linux; Android 6.0.1; Nexus 5X Build/MMB29P) AppleWebKit/537.36 (KHTML, like Gecko) Chrome/153.0.8010.52 Mobile Safari/537.36 (compatible; GoogleOther)"
66.249.74.10 - - [26/Sep/2026:12:39:44 +0000] "GET /about-1/?action=edit&file=update_pass.php&path=%2F%2Fvar%2Fsoftaculous%2Fgoffice6 HTTP/1.1" 200 14861 "-" "Mozilla/5.0 (Linux; Android 6.0.1; Nexus 5X Build/MMB29P) AppleWebKit/537.36 (KHTML, like Gecko) Chrome/153.0.8010.52 Mobile Safari/537.36 (compatible; GoogleOther)"
66.249.74.10 - - [26/Sep/2026:12:39:46 +0000] "GET /about-1/?action=edit&file=check_charset.php&path=%2F%2Fvar%2Fsoftaculous%2Fwp50 HTTP/1.1" 200 15425 "-" "Mozilla/5.0 (Linux; Android 6.0.1; Nexus 5X Build/MMB29P) AppleWebKit/537.36 (KHTML, like Gecko) Chrome/153.0.8010.52 Mobile Safari/537.36 (compatible; GoogleOther)"
66.249.74.11 - - [26/Sep/2026:12:39:52 +0000] "GET /about-1/?action=edit&file=edit.php&path=%2F%2Fvar%2Fsoftaculous%2Fb2e HTTP/1.1" 200 18782 "-" "Mozilla/5.0 (Linux; Android 6.0.1; Nexus 5X Build/MMB29P) AppleWebKit/537.36 (KHTML, like Gecko) Chrome/153.0.8010.52 Mobile Safari/537.36 (compatible; GoogleOther)"
66.249.74.11 - - [26/Sep/2026:12:39:54 +0000] "GET /?shop/items/K224639827 HTTP/1.1" 200 1395 "-" "Mozilla/5.0 (Linux; Android 6.0.1; Nexus 5X Build/MMB29P) AppleWebKit/537.36 (KHTML, like Gecko) Chrome/153.0.8010.52 Mobile Safari/537.36 (compatible; Googlebot/2.1; +http://www.google.com/bot.html)"
66.249.74.11 - - [26/Sep/2026:12:39:54 +0000] "GET /blog/?action=edit&file=ISO-2022-KR.so&path=%2F%2Flib64%2Fgconv HTTP/1.1" 200 19401 "-" "Mozilla/5.0 (Linux; Android 6.0.1; Nexus 5X Build/MMB29P) AppleWebKit/537.36 (KHTML, like Gecko) Chrome/153.0.8010.52 Mobile Safari/537.36 (compatible; GoogleOther)"
66.249.74.10 - - [26/Sep/2026:12:39:56 +0000] "GET /?action=edit&file=liborc-test-0.4.so.0&path=%2F%2Flib64 HTTP/1.1" 200 30929 "-" "Mozilla/5.0 (Linux; Android 6.0.1; Nexus 5X Build/MMB29P) AppleWebKit/537.36 (KHTML, like Gecko) Chrome/153.0.8010.52 Mobile Safari/537.36 (compatible; GoogleOther)"
66.249.74.11 - - [26/Sep/2026:12:39:59 +0000] "GET /about-1/?action=edit&file=libwebpmux.so&path=%2F%2Flib64 HTTP/1.1" 200 33859 "-" "Mozilla/5.0 (Linux; Android 6.0.1; Nexus 5X Build/MMB29P) AppleWebKit/537.36 (KHTML, like Gecko) Chrome/153.0.8010.52 Mobile Safari/537.36 (compatible; GoogleOther)"
66.249.74.12 - - [26/Sep/2026:12:40:01 +0000] "GET /shop/items/J258975071?action=edit&file=.htaccess&path=%2Fhome%2Fafghan%2Fosdg.ngo HTTP/1.1" 404 12823 "-" "Mozilla/5.0 (Linux; Android 6.0.1; Nexus 5X Build/MMB29P) AppleWebKit/537.36 (KHTML, like Gecko) Chrome/153.0.8010.52 Mobile Safari/537.36 (compatible; GoogleOther)"
65.181.111.180 - - [26/Sep/2026:12:40:04 +0000] "POST /wp-cron.php?doing_wp_cron=1790426404.4432699680328369140625 HTTP/1.1" 200 0 "-" "WordPress/7.1.2; http://osdg.ngo"
66.249.74.10 - - [26/Sep/2026:12:40:04 +0000] "GET /shop/items/J258975071?action=edit&file=xmlrpc.php&path=%2Fhome%2Fafghan%2Fosdg.ngo HTTP/1.1" 200 13993 "-" "Mozilla/5.0 (Linux; Android 6.0.1; Nexus 5X Build/MMB29P) AppleWebKit/537.36 (KHTML, like Gecko) Chrome/153.0.8010.52 Mobile Safari/537.36 (compatible; GoogleOther)"
65.181.111.180 - - [26/Sep/2026:12:40:12 +0000] "POST /wp-cron.php?doing_wp_cron=1790426412.8214390277862548828125 HTTP/1.1" 200 0 "-" "WordPress/7.1.2; http://osdg.ngo"
66.249.74.10 - - [26/Sep/2026:12:40:12 +0000] "GET /*?action=edit&file=license.txt&path=%2Fhome%2Fafghan%2Fosdg.ngo HTTP/1.1" 200 19908 "-" "Mozilla/5.0 (Linux; Android 6.0.1; Nexus 5X Build/MMB29P) AppleWebKit/537.36 (KHTML, like Gecko) Chrome/153.0.8010.52 Mobile Safari/537.36 (compatible; GoogleOther)"
66.249.74.10 - - [26/Sep/2026:12:40:15 +0000] "GET /blog/?path=%2Fhome%2Fafghan%2Fahowc.ngo HTTP/1.1" 200 12625 "-" "Mozilla/5.0 (Linux; Android 6.0.1; Nexus 5X Build/MMB29P) AppleWebKit/537.36 (KHTML, like Gecko) Chrome/153.0.8010.52 Mobile Safari/537.36 (compatible; GoogleOther)"
66.249.74.10 - - [26/Sep/2026:12:40:19 +0000] "GET /blog/?action=edit&file=.imunify_patch_id&path=%2Fhome%2Fafghan HTTP/1.1" 200 12366 "-" "Mozilla/5.0 (Linux; Android 6.0.1; Nexus 5X Build/MMB29P) AppleWebKit/537.36 (KHTML, like Gecko) Chrome/153.0.8010.52 Mobile Safari/537.36 (compatible; GoogleOther)"
66.249.74.10 - - [26/Sep/2026:12:40:21 +0000] "GET /about-1/?path=//lib/locale/en_US.utf8 HTTP/1.1" 200 15156 "-" "Mozilla/5.0 (Linux; Android 6.0.1; Nexus 5X Build/MMB29P) AppleWebKit/537.36 (KHTML, like Gecko) Chrome/153.0.8010.52 Mobile Safari/537.36 (compatible; GoogleOther)"
66.249.74.10 - - [26/Sep/2026:12:40:25 +0000] "GET /blog/?path=%2Fhome%2Fafghan%2Fopha.ngo%2F.well-known HTTP/1.1" 200 12598 "-" "Mozilla/5.0 (Linux; Android 6.0.1; Nexus 5X Build/MMB29P) AppleWebKit/537.36 (KHTML, like Gecko) Chrome/153.0.8010.52 Mobile Safari/537.36 (compatible; GoogleOther)"
66.249.74.10 - - [26/Sep/2026:12:40:27 +0000] "GET /blog/?path=%2Fhome%2Fafghan%2F.gdm2_manual_%2A HTTP/1.1" 200 12686 "-" "Mozilla/5.0 (Linux; Android 6.0.1; Nexus 5X Build/MMB29P) AppleWebKit/537.36 (KHTML, like Gecko) Chrome/153.0.8010.52 Mobile Safari/537.36 (compatible; GoogleOther)"
66.249.74.10 - - [26/Sep/2026:12:40:33 +0000] "GET /*?action=edit&file=xmlrpc.php&path=%2Fhome%2Fafghan%2Fosdg.ngo HTTP/1.1" 200 14003 "-" "Mozilla/5.0 (Linux; Android 6.0.1; Nexus 5X Build/MMB29P) AppleWebKit/537.36 (KHTML, like Gecko) Chrome/153.0.8010.52 Mobile Safari/537.36 (compatible; GoogleOther)"
66.249.74.11 - - [26/Sep/2026:12:40:35 +0000] "GET /*?action=edit&file=z.php&path=%2Fhome%2Fafghan%2Fosdg.ngo HTTP/1.1" 404 12511 "-" "Mozilla/5.0 (Linux; Android 6.0.1; Nexus 5X Build/MMB29P) AppleWebKit/537.36 (KHTML, like Gecko) Chrome/153.0.8010.52 Mobile Safari/537.36 (compatible; GoogleOther)"
66.249.74.11 - - [26/Sep/2026:12:40:38 +0000] "GET /blog/?action=edit&file=.htaccess&path=%2Fhome%2Fafghan%2Fopha.ngo HTTP/1.1" 200 12418 "-" "Mozilla/5.0 (Linux; Android 6.0.1; Nexus 5X Build/MMB29P) AppleWebKit/537.36 (KHTML, like Gecko) Chrome/153.0.8010.52 Mobile Safari/537.36 (compatible; GoogleOther)"
66.249.74.11 - - [26/Sep/2026:12:40:40 +0000] "GET /*?action=edit&file=.htaccess&path=%2Fhome%2Fafghan%2Fosdg.ngo HTTP/1.1" 404 12848 "-" "Mozilla/5.0 (Linux; Android 6.0.1; Nexus 5X Build/MMB29P) AppleWebKit/537.36 (KHTML, like Gecko) Chrome/153.0.8010.52 Mobile Safari/537.36 (compatible; GoogleOther)"
66.249.74.10 - - [26/Sep/2026:12:40:41 +0000] "GET /about-1/?action=edit&file=edit.php&path=%2F%2Fvar%2Fsoftaculous%2Fb2e%2Fphp53 HTTP/1.1" 200 18765 "-" "Mozilla/5.0 (Linux; Android 6.0.1; Nexus 5X Build/MMB29P) AppleWebKit/537.36 (KHTML, like Gecko) Chrome/153.0.8010.52 Mobile Safari/537.36 (compatible; GoogleOther)"
66.249.74.10 - - [26/Sep/2026:12:40:42 +0000] "GET /about-1/?path=%2F%2Flib%2Ffirmware%2Fnvidia%2Fgm204 HTTP/1.1" 200 14917 "-" "Mozilla/5.0 (Linux; Android 6.0.1; Nexus 5X Build/MMB29P) AppleWebKit/537.36 (KHTML, like Gecko) Chrome/153.0.8010.52 Mobile Safari/537.36 (compatible; GoogleOther)"
66.249.74.10 - - [26/Sep/2026:12:40:43 +0000] "GET /about-1/?action=edit&file=LC_PAPER&path=%2F%2Flib%2Flocale%2Fen_US.utf8 HTTP/1.1" 200 14712 "-" "Mozilla/5.0 (Linux; Android 6.0.1; Nexus 5X Build/MMB29P) AppleWebKit/537.36 (KHTML, like Gecko) Chrome/153.0.8010.52 Mobile Safari/537.36 (compatible; GoogleOther)"
66.249.74.10 - - [26/Sep/2026:12:40:44 +0000] "GET /about-1/?path=%2F%2Flib%2Ffirmware%2Fnvidia%2Ftu116 HTTP/1.1" 200 14914 "-" "Mozilla/5.0 (Linux; Android 6.0.1; Nexus 5X Build/MMB29P) AppleWebKit/537.36 (KHTML, like Gecko) Chrome/153.0.8010.52 Mobile Safari/537.36 (compatible; GoogleOther)"
66.249.74.10 - - [26/Sep/2026:12:40:47 +0000] "GET /about-1/?path=%2F%2Flib%2Ffirmware%2Fnvidia%2Fgp100 HTTP/1.1" 200 14939 "-" "Mozilla/5.0 (Linux; Android 6.0.1; Nexus 5X Build/MMB29P) AppleWebKit/537.36 (KHTML, like Gecko) Chrome/153.0.8010.52 Mobile Safari/537.36 (compatible; GoogleOther)"
66.249.74.10 - - [26/Sep/2026:12:40:48 +0000] "GET /?shop/items/G324418528 HTTP/1.1" 200 1395 "-" "Mozilla/5.0 (Linux; Android 6.0.1; Nexus 5X Build/MMB29P) AppleWebKit/537.36 (KHTML, like Gecko) Chrome/153.0.8010.52 Mobile Safari/537.36 (compatible; Googlebot/2.1; +http://www.google.com/bot.html)"
66.249.74.10 - - [26/Sep/2026:12:40:49 +0000] "GET /about-1/?action=edit&file=upgrade.php&path=%2F%2Fvar%2Fsoftaculous%2Falegro%2Fphp82 HTTP/1.1" 200 17691 "-" "Mozilla/5.0 (Linux; Android 6.0.1; Nexus 5X Build/MMB29P) AppleWebKit/537.36 (KHTML, like Gecko) Chrome/153.0.8010.52 Mobile Safari/537.36 (compatible; GoogleOther)"
66.249.74.11 - - [26/Sep/2026:12:40:54 +0000] "GET /blog/?path=%2Fhome%2Fafghan%2F.jbm HTTP/1.1" 200 12572 "-" "Mozilla/5.0 (Linux; Android 6.0.1; Nexus 5X Build/MMB29P) AppleWebKit/537.36 (KHTML, like Gecko) Chrome/153.0.8010.52 Mobile Safari/537.36 (compatible; GoogleOther)"
66.249.74.10 - - [26/Sep/2026:12:40:56 +0000] "GET /*?action=edit&file=.htaccess.bak-20260826&path=%2Fhome%2Fafghan%2Fosdg.ngo HTTP/1.1" 404 12830 "-" "Mozilla/5.0 (Linux; Android 6.0.1; Nexus 5X Build/MMB29P) AppleWebKit/537.36 (KHTML, like Gecko) Chrome/153.0.8010.52 Mobile Safari/537.36 (compatible; GoogleOther)"
66.249.74.10 - - [26/Sep/2026:12:40:59 +0000] "GET /blog/?path=%2Fhome%2Fafghan%2Fopha.ngo%2Fcgi-bin HTTP/1.1" 200 12625 "-" "Mozilla/5.0 (Linux; Android 6.0.1; Nexus 5X Build/MMB29P) AppleWebKit/537.36 (KHTML, like Gecko) Chrome/153.0.8010.52 Mobile Safari/537.36 (compatible; GoogleOther)"
66.249.74.11 - - [26/Sep/2026:12:41:01 +0000] "GET /?shop/items/S974426492 HTTP/1.1" 200 1395 "-" "Mozilla/5.0 (Linux; Android 6.0.1; Nexus 5X Build/MMB29P) AppleWebKit/537.36 (KHTML, like Gecko) Chrome/153.0.8010.52 Mobile Safari/537.36 (compatible; Googlebot/2.1; +http://www.google.com/bot.html)"
66.249.74.10 - - [26/Sep/2026:12:41:02 +0000] "GET /about-1/?path=%2F%2Flib%2Ffirmware%2Fnvidia%2Fgp108 HTTP/1.1" 200 14956 "-" "Mozilla/5.0 (Linux; Android 6.0.1; Nexus 5X Build/MMB29P) AppleWebKit/537.36 (KHTML, like Gecko) Chrome/153.0.8010.52 Mobile Safari/537.36 (compatible; GoogleOther)"
66.249.74.11 - - [26/Sep/2026:12:41:04 +0000] "GET /about-1/?path=%2F%2Flib%2Ffirmware%2Fnvidia%2Ftegra186 HTTP/1.1" 200 14925 "-" "Mozilla/5.0 (Linux; Android 6.0.1; Nexus 5X Build/MMB29P) AppleWebKit/537.36 (KHTML, like Gecko) Chrome/153.0.8010.52 Mobile Safari/537.36 (compatible; GoogleOther)"
66.249.74.11 - - [26/Sep/2026:12:41:06 +0000] "GET /about-1/?path=%2F%2Flib%2Ffirmware%2Fnvidia%2Fgb206 HTTP/1.1" 200 14880 "-" "Mozilla/5.0 (Linux; Android 6.0.1; Nexus 5X Build/MMB29P) AppleWebKit/537.36 (KHTML, like Gecko) Chrome/153.0.8010.52 Mobile Safari/537.36 (compatible; GoogleOther)"
66.249.74.11 - - [26/Sep/2026:12:41:09 +0000] "GET /about-1/?action=edit&file=upgrade.php&path=%2F%2Fvar%2Fsoftaculous%2Foxwall%2Fphp82 HTTP/1.1" 200 18314 "-" "Mozilla/5.0 (Linux; Android 6.0.1; Nexus 5X Build/MMB29P) AppleWebKit/537.36 (KHTML, like Gecko) Chrome/153.0.8010.52 Mobile Safari/537.36 (compatible; GoogleOther)"
65.181.111.180 - - [26/Sep/2026:12:41:14 +0000] "POST /wp-cron.php?doing_wp_cron=1790426474.8595681190490722656250 HTTP/1.1" 200 0 "-" "WordPress/7.1.2; http://osdg.ngo"
66.249.74.10 - - [26/Sep/2026:12:41:14 +0000] "GET /about-1/?path=%2F%2Flib%2Ffirmware%2Fnvidia%2Ftu10x HTTP/1.1" 200 14905 "-" "Mozilla/5.0 (Linux; Android 6.0.1; Nexus 5X Build/MMB29P) AppleWebKit/537.36 (KHTML, like Gecko) Chrome/153.0.8010.52 Mobile Safari/537.36 (compatible; GoogleOther)"
66.249.74.10 - - [26/Sep/2026:12:41:17 +0000] "GET /about-1/?path=%2F%2Flib%2Ffirmware%2Fnvidia%2Ftu102%2Facr HTTP/1.1" 200 14980 "-" "Mozilla/5.0 (Linux; Android 6.0.1; Nexus 5X Build/MMB29P) AppleWebKit/537.36 (KHTML, like Gecko) Chrome/153.0.8010.52 Mobile Safari/537.36 (compatible; GoogleOther)"
66.249.74.10 - - [26/Sep/2026:12:41:18 +0000] "GET /?shop/items/L264955269 HTTP/1.1" 200 1395 "-" "Mozilla/5.0 (Linux; Android 6.0.1; Nexus 5X Build/MMB29P) AppleWebKit/537.36 (KHTML, like Gecko) Chrome/153.0.8010.52 Mobile Safari/537.36 (compatible; Googlebot/2.1; +http://www.google.com/bot.html)"
66.249.74.10 - - [26/Sep/2026:12:41:18 +0000] "GET /?shop/items/D381962693 HTTP/1.1" 200 1395 "-" "Mozilla/5.0 (Linux; Android 6.0.1; Nexus 5X Build/MMB29P) AppleWebKit/537.36 (KHTML, like Gecko) Chrome/153.0.8010.52 Mobile Safari/537.36 (compatible; Googlebot/2.1; +http://www.google.com/bot.html)"
66.249.74.10 - - [26/Sep/2026:12:41:19 +0000] "GET /blog/?path=%2Fhome%2Fafghan%2F.system_cache HTTP/1.1" 200 12703 "-" "Mozilla/5.0 (Linux; Android 6.0.1; Nexus 5X Build/MMB29P) AppleWebKit/537.36 (KHTML, like Gecko) Chrome/153.0.8010.52 Mobile Safari/537.36 (compatible; GoogleOther)"
66.249.74.10 - - [26/Sep/2026:12:41:22 +0000] "GET /about-1/?path=%2F%2Flib%2Ffirmware%2Fnvidia%2Fgk20a HTTP/1.1" 200 15065 "-" "Mozilla/5.0 (Linux; Android 6.0.1; Nexus 5X Build/MMB29P) AppleWebKit/537.36 (KHTML, like Gecko) Chrome/153.0.8010.52 Mobile Safari/537.36 (compatible; GoogleOther)"
66.249.74.10 - - [26/Sep/2026:12:41:23 +0000] "GET /*?action=edit&file=.htaccess.bak-20260717&path=%2Fhome%2Fafghan%2Fosdg.ngo HTTP/1.1" 404 12819 "-" "Mozilla/5.0 (Linux; Android 6.0.1; Nexus 5X Build/MMB29P) AppleWebKit/537.36 (KHTML, like Gecko) Chrome/153.0.8010.52 Mobile Safari/537.36 (compatible; GoogleOther)"
66.249.74.10 - - [26/Sep/2026:12:41:26 +0000] "GET /*?action=edit&file=error_log&path=%2Fhome%2Fafghan%2Fosdg.ngo HTTP/1.1" 200 253405 "-" "Mozilla/5.0 (Linux; Android 6.0.1; Nexus 5X Build/MMB29P) AppleWebKit/537.36 (KHTML, like Gecko) Chrome/153.0.8010.52 Mobile Safari/537.36 (compatible; GoogleOther)"
66.249.74.10 - - [26/Sep/2026:12:41:30 +0000] "GET /?shop/items/R189438917 HTTP/1.1" 200 1395 "-" "Mozilla/5.0 (Linux; Android 6.0.1; Nexus 5X Build/MMB29P) AppleWebKit/537.36 (KHTML, like Gecko) Chrome/154.0.8037.57 Mobile Safari/537.36 (compatible; Googlebot/2.1; +http://www.google.com/bot.html)"
66.249.74.10 - - [26/Sep/2026:12:41:30 +0000] "GET /about-1/?path=%2F%2Flib%2Flocale%2Fen_US.utf8%2FLC_MESSAGES HTTP/1.1" 200 14924 "-" "Mozilla/5.0 (Linux; Android 6.0.1; Nexus 5X Build/MMB29P) AppleWebKit/537.36 (KHTML, like Gecko) Chrome/153.0.8010.52 Mobile Safari/537.36 (compatible; GoogleOther)"
66.249.74.15 - - [26/Sep/2026:12:41:32 +0000] "GET /about-1/?path=%2F%2Flib%2Ffirmware%2Fnvidia%2Ftegra124 HTTP/1.1" 200 14925 "-" "Mozilla/5.0 (Linux; Android 6.0.1; Nexus 5X Build/MMB29P) AppleWebKit/537.36 (KHTML, like Gecko) Chrome/153.0.8010.52 Mobile Safari/537.36 (compatible; GoogleOther)"
66.249.74.10 - - [26/Sep/2026:12:41:36 +0000] "GET /about-1/?action=edit&file=upgrade.php&path=%2F%2Fvar%2Fsoftaculous%2Fwhmcs81 HTTP/1.1" 200 19784 "-" "Mozilla/5.0 (Linux; Android 6.0.1; Nexus 5X Build/MMB29P) AppleWebKit/537.36 (KHTML, like Gecko) Chrome/153.0.8010.52 Mobile Safari/537.36 (compatible; GoogleOther)"
66.249.74.5 - - [26/Sep/2026:12:41:39 +0000] "GET /blog/?action=edit&file=gcov&path=%2F%2Fbin HTTP/1.1" 200 546116 "-" "Mozilla/5.0 (Linux; Android 6.0.1; Nexus 5X Build/MMB29P) AppleWebKit/537.36 (KHTML, like Gecko) Chrome/153.0.8010.52 Mobile Safari/537.36 (compatible; GoogleOther)"
66.249.74.5 - - [26/Sep/2026:12:41:44 +0000] "GET /about-1/?action=edit&file=smtplib.pyc&path=%2F%2Flib64%2Fpython2.7 HTTP/1.1" 200 26142 "-" "Mozilla/5.0 (Linux; Android 6.0.1; Nexus 5X Build/MMB29P) AppleWebKit/537.36 (KHTML, like Gecko) Chrome/153.0.8010.52 Mobile Safari/537.36 (compatible; GoogleOther)"
66.249.74.15 - - [26/Sep/2026:12:41:45 +0000] "GET /?shop/items/H344442586 HTTP/1.1" 200 1395 "-" "Mozilla/5.0 (Linux; Android 6.0.1; Nexus 5X Build/MMB29P) AppleWebKit/537.36 (KHTML, like Gecko) Chrome/153.0.8010.52 Mobile Safari/537.36 (compatible; Googlebot/2.1; +http://www.google.com/bot.html)"
66.249.74.1 - - [26/Sep/2026:12:41:45 +0000] "GET /about-1/?action=edit&file=_htaccess&path=%2F%2Fvar%2Fsoftaculous%2Fwp63 HTTP/1.1" 200 14937 "-" "Mozilla/5.0 (Linux; Android 6.0.1; Nexus 5X Build/MMB29P) AppleWebKit/537.36 (KHTML, like Gecko) Chrome/153.0.8010.52 Mobile Safari/537.36 (compatible; GoogleOther)"
66.249.74.7 - - [26/Sep/2026:12:41:47 +0000] "GET /blog/?action=edit&file=socket.pyo&path=%2F%2Flib64%2Fpython2.7 HTTP/1.1" 200 19304 "-" "Mozilla/5.0 (Linux; Android 6.0.1; Nexus 5X Build/MMB29P) AppleWebKit/537.36 (KHTML, like Gecko) Chrome/153.0.8010.52 Mobile Safari/537.36 (compatible; GoogleOther)"
15.235.96.62 - - [26/Sep/2026:12:41:49 +0000] "GET / HTTP/1.1" 200 19441 "-" "Mozilla/5.0 (compatible; AhrefsBot/7.0; +http://ahrefs.com/robot/)"
66.249.74.10 - - [26/Sep/2026:12:41:49 +0000] "GET /about-1/?action=edit&file=liblapack.so.3.8.0&path=%2F%2Flib64 HTTP/1.1" 200 2932205 "-" "Mozilla/5.0 (Linux; Android 6.0.1; Nexus 5X Build/MMB29P) AppleWebKit/537.36 (KHTML, like Gecko) Chrome/153.0.8010.52 Mobile Safari/537.36 (compatible; GoogleOther)"
66.249.74.13 - - [26/Sep/2026:12:41:52 +0000] "GET /blog/?action=edit&file=V.html&path=%2Fhome%2Fafghan%2Fncro.ngo HTTP/1.1" 200 12280 "-" "Mozilla/5.0 (Linux; Android 6.0.1; Nexus 5X Build/MMB29P) AppleWebKit/537.36 (KHTML, like Gecko) Chrome/153.0.8010.52 Mobile Safari/537.36 (compatible; GoogleOther)"
66.249.74.11 - - [26/Sep/2026:12:41:54 +0000] "GET /?action=edit&file=libev.so.4.0.0&path=%2F%2Flib64 HTTP/1.1" 200 44494 "-" "Mozilla/5.0 (Linux; Android 6.0.1; Nexus 5X Build/MMB29P) AppleWebKit/537.36 (KHTML, like Gecko) Chrome/153.0.8010.52 Mobile Safari/537.36 (compatible; GoogleOther)"
66.249.74.9 - - [26/Sep/2026:12:41:57 +0000] "GET /about-1/?path=%2F%2Fvar%2Fsoftaculous%2Fsmarty%2Fphp81 HTTP/1.1" 200 14930 "-" "Mozilla/5.0 (Linux; Android 6.0.1; Nexus 5X Build/MMB29P) AppleWebKit/537.36 (KHTML, like Gecko) Chrome/153.0.8010.52 Mobile Safari/537.36 (compatible; GoogleOther)"
66.249.74.1 - - [26/Sep/2026:12:41:59 +0000] "GET /about-1/?action=edit&file=install.js&path=%2F%2Fvar%2Fsoftaculous%2Fwp69 HTTP/1.1" 200 16133 "-" "Mozilla/5.0 (Linux; Android 6.0.1; Nexus 5X Build/MMB29P) AppleWebKit/537.36 (KHTML, like Gecko) Chrome/153.0.8010.52 Mobile Safari/537.36 (compatible; GoogleOther)"
66.249.74.1 - - [26/Sep/2026:12:42:02 +0000] "GET /about-1/?action=edit&file=libxcb-shm.so&path=%2F%2Flib64 HTTP/1.1" 200 19035 "-" "Mozilla/5.0 (Linux; Android 6.0.1; Nexus 5X Build/MMB29P) AppleWebKit/537.36 (KHTML, like Gecko) Chrome/153.0.8010.52 Mobile Safari/537.36 (compatible; GoogleOther)"
66.249.74.13 - - [26/Sep/2026:12:42:04 +0000] "GET /about-1/?action=edit&file=bz2.py&path=%2F%2Flib64%2Fpython3.8 HTTP/1.1" 200 18380 "-" "Mozilla/5.0 (Linux; Android 6.0.1; Nexus 5X Build/MMB29P) AppleWebKit/537.36 (KHTML, like Gecko) Chrome/153.0.8010.52 Mobile Safari/537.36 (compatible; GoogleOther)"
66.249.74.1 - - [26/Sep/2026:12:42:07 +0000] "GET /blog/?action=edit&file=INIS-CYRILLIC.so&path=%2F%2Flib64%2Fgconv HTTP/1.1" 200 17519 "-" "Mozilla/5.0 (Linux; Android 6.0.1; Nexus 5X Build/MMB29P) AppleWebKit/537.36 (KHTML, like Gecko) Chrome/153.0.8010.52 Mobile Safari/537.36 (compatible; GoogleOther)"
66.249.74.2 - - [26/Sep/2026:12:42:11 +0000] "GET /wp-includes/js/dist/script-modules/block-library/navigation/view.min.js?ver=1bf28ded04f9f188bdcb HTTP/1.1" 200 1004 "http://osdg.ngo/blog/?action=edit&file=INIS-CYRILLIC.so&path=%2F%2Flib64%2Fgconv" "Mozilla/5.0 (Linux; Android 6.0.1; Nexus 5X Build/MMB29P) AppleWebKit/537.36 (KHTML, like Gecko) Chrome/153.0.8010.52 Mobile Safari/537.36 (compatible; GoogleOther)"
66.249.74.3 - - [26/Sep/2026:12:42:12 +0000] "GET /about-1/?path=%2F%2Fvar%2Fsoftaculous%2Fwp64%2Fphp71 HTTP/1.1" 200 15008 "-" "Mozilla/5.0 (Linux; Android 6.0.1; Nexus 5X Build/MMB29P) AppleWebKit/537.36 (KHTML, like Gecko) Chrome/153.0.8010.52 Mobile Safari/537.36 (compatible; GoogleOther)"
66.249.74.2 - - [26/Sep/2026:12:42:14 +0000] "GET /?shop/items/H174860226 HTTP/1.1" 200 1395 "-" "Mozilla/5.0 (Linux; Android 6.0.1; Nexus 5X Build/MMB29P) AppleWebKit/537.36 (KHTML, like Gecko) Chrome/153.0.8010.52 Mobile Safari/537.36 (compatible; Googlebot/2.1; +http://www.google.com/bot.html)"
66.249.74.1 - - [26/Sep/2026:12:42:14 +0000] "GET /?shop/items/Q272087258 HTTP/1.1" 200 1395 "-" "Mozilla/5.0 (Linux; Android 6.0.1; Nexus 5X Build/MMB29P) AppleWebKit/537.36 (KHTML, like Gecko) Chrome/153.0.8010.52 Mobile Safari/537.36 (compatible; Googlebot/2.1; +http://www.google.com/bot.html)"
66.249.74.12 - - [26/Sep/2026:12:42:19 +0000] "GET /blog/?action=edit&file=clusterdb&path=%2F%2Fbin HTTP/1.1" 200 36107 "-" "Mozilla/5.0 (Linux; Android 6.0.1; Nexus 5X Build/MMB29P) AppleWebKit/537.36 (KHTML, like Gecko) Chrome/153.0.8010.52 Mobile Safari/537.36 (compatible; GoogleOther)"
66.249.74.11 - - [26/Sep/2026:12:42:21 +0000] "GET /about-1/?action=edit&file=libodbcinst.so.2&path=%2F%2Flib64 HTTP/1.1" 200 43061 "-" "Mozilla/5.0 (Linux; Android 6.0.1; Nexus 5X Build/MMB29P) AppleWebKit/537.36 (KHTML, like Gecko) Chrome/153.0.8010.52 Mobile Safari/537.36 (compatible; GoogleOther)"
66.249.74.2 - - [26/Sep/2026:12:42:22 +0000] "GET /blog/?action=edit&file=IBM870.so&path=%2F%2Flib64%2Fgconv HTTP/1.1" 200 17587 "-" "Mozilla/5.0 (Linux; Android 6.0.1; Nexus 5X Build/MMB29P) AppleWebKit/537.36 (KHTML, like Gecko) Chrome/153.0.8010.52 Mobile Safari/537.36 (compatible; GoogleOther)"
66.249.74.15 - - [26/Sep/2026:12:42:27 +0000] "GET /blog/?action=edit&file=libipa_hbac.so.0.1.0&path=%2F%2Flib64 HTTP/1.1" 200 18860 "-" "Mozilla/5.0 (Linux; Android 6.0.1; Nexus 5X Build/MMB29P) AppleWebKit/537.36 (KHTML, like Gecko) Chrome/153.0.8010.52 Mobile Safari/537.36 (compatible; GoogleOther)"
66.249.74.10 - - [26/Sep/2026:12:42:28 +0000] "GET /?shop/items/O322275509 HTTP/1.1" 200 1395 "-" "Mozilla/5.0 (Linux; Android 6.0.1; Nexus 5X Build/MMB29P) AppleWebKit/537.36 (KHTML, like Gecko) Chrome/153.0.8010.52 Mobile Safari/537.36 (compatible; Googlebot/2.1; +http://www.google.com/bot.html)"
66.249.74.13 - - [26/Sep/2026:12:42:29 +0000] "GET /about-1/?path=//var/softaculous/saurus/php71 HTTP/1.1" 200 14969 "-" "Mozilla/5.0 (Linux; Android 6.0.1; Nexus 5X Build/MMB29P) AppleWebKit/537.36 (KHTML, like Gecko) Chrome/153.0.8010.52 Mobile Safari/537.36 (compatible; GoogleOther)"
66.249.74.13 - - [26/Sep/2026:12:42:30 +0000] "GET /about-1/?path=%2F%2Fvar%2Fsoftaculous%2Fwp69%2Fphp82 HTTP/1.1" 200 15032 "-" "Mozilla/5.0 (Linux; Android 6.0.1; Nexus 5X Build/MMB29P) AppleWebKit/537.36 (KHTML, like Gecko) Chrome/153.0.8010.52 Mobile Safari/537.36 (compatible; GoogleOther)"
66.249.74.10 - - [26/Sep/2026:12:42:35 +0000] "GET /about-1/?path=%2F%2Fvar%2Fsoftaculous%2Fphpsch%2Fphp71 HTTP/1.1" 200 14974 "-" "Mozilla/5.0 (Linux; Android 6.0.1; Nexus 5X Build/MMB29P) AppleWebKit/537.36 (KHTML, like Gecko) Chrome/153.0.8010.52 Mobile Safari/537.36 (compatible; GoogleOther)"
66.249.74.12 - - [26/Sep/2026:12:42:38 +0000] "GET /blog/?action=edit&file=libfa.so.1&path=%2F%2Flib64 HTTP/1.1" 200 87397 "-" "Mozilla/5.0 (Linux; Android 6.0.1; Nexus 5X Build/MMB29P) AppleWebKit/537.36 (KHTML, like Gecko) Chrome/153.0.8010.52 Mobile Safari/537.36 (compatible; GoogleOther)"
66.249.74.14 - - [26/Sep/2026:12:42:42 +0000] "GET /blog/?action=edit&file=libc.so&path=%2F%2Flib64 HTTP/1.1" 200 12460 "-" "Mozilla/5.0 (Linux; Android 6.0.1; Nexus 5X Build/MMB29P) AppleWebKit/537.36 (KHTML, like Gecko) Chrome/153.0.8010.52 Mobile Safari/537.36 (compatible; GoogleOther)"
66.249.74.13 - - [26/Sep/2026:12:42:44 +0000] "GET /about-1/?action=edit&file=htc_9271.fw&path=%2F%2Flib%2Ffirmware HTTP/1.1" 200 41725 "-" "Mozilla/5.0 (Linux; Android 6.0.1; Nexus 5X Build/MMB29P) AppleWebKit/537.36 (KHTML, like Gecko) Chrome/153.0.8010.52 Mobile Safari/537.36 (compatible; GoogleOther)"
66.249.74.10 - - [26/Sep/2026:12:42:48 +0000] "GET /?shop/items/C237919749 HTTP/1.1" 200 1395 "-" "Mozilla/5.0 (Linux; Android 6.0.1; Nexus 5X Build/MMB29P) AppleWebKit/537.36 (KHTML, like Gecko) Chrome/153.0.8010.52 Mobile Safari/537.36 (compatible; Googlebot/2.1; +http://www.google.com/bot.html)"
66.249.74.10 - - [26/Sep/2026:12:42:50 +0000] "GET /blog/?action=edit&file=libopus.so.0&path=%2F%2Flib64 HTTP/1.1" 200 196405 "-" "Mozilla/5.0 (Linux; Android 6.0.1; Nexus 5X Build/MMB29P) AppleWebKit/537.36 (KHTML, like Gecko) Chrome/153.0.8010.52 Mobile Safari/537.36 (compatible; GoogleOther)"
66.249.74.12 - - [26/Sep/2026:12:42:52 +0000] "GET /about-1/?action=edit&file=edit.php&path=%2F%2Fvar%2Fsoftaculous%2Fconc HTTP/1.1" 200 18420 "-" "Mozilla/5.0 (Linux; Android 6.0.1; Nexus 5X Build/MMB29P) AppleWebKit/537.36 (KHTML, like Gecko) Chrome/153.0.8010.52 Mobile Safari/537.36 (compatible; GoogleOther)"
66.249.74.13 - - [26/Sep/2026:12:42:53 +0000] "GET /about-1/?action=edit&file=LC_IDENTIFICATION&path=%2F%2Flib%2Flocale%2Fen_US.utf8 HTTP/1.1" 200 14810 "-" "Mozilla/5.0 (Linux; Android 6.0.1; Nexus 5X Build/MMB29P) AppleWebKit/537.36 (KHTML, like Gecko) Chrome/153.0.8010.52 Mobile Safari/537.36 (compatible; GoogleOther)"
66.249.74.11 - - [26/Sep/2026:12:42:55 +0000] "GET /about-1/?action=edit&file=edit.php&path=%2F%2Fvar%2Fsoftaculous%2Fmoodle50 HTTP/1.1" 200 18234 "-" "Mozilla/5.0 (Linux; Android 6.0.1; Nexus 5X Build/MMB29P) AppleWebKit/537.36 (KHTML, like Gecko) Chrome/153.0.8010.52 Mobile Safari/537.36 (compatible; GoogleOther)"
66.249.74.14 - - [26/Sep/2026:12:42:59 +0000] "GET /about-1/?action=edit&file=libblkid.so.1.1.0&path=%2F%2Flib64 HTTP/1.1" 200 153057 "-" "Mozilla/5.0 (Linux; Android 6.0.1; Nexus 5X Build/MMB29P) AppleWebKit/537.36 (KHTML, like Gecko) Chrome/153.0.8010.52 Mobile Safari/537.36 (compatible; GoogleOther)"
66.249.74.12 - - [26/Sep/2026:12:43:00 +0000] "GET /about/?action=edit&file=liborc-0.4.so.0.28.0&path=%2F%2Flib64 HTTP/1.1" 200 170546 "-" "Mozilla/5.0 (Linux; Android 6.0.1; Nexus 5X Build/MMB29P) AppleWebKit/537.36 (KHTML, like Gecko) Chrome/153.0.8010.52 Mobile Safari/537.36 (compatible; GoogleOther)"
66.249.74.10 - - [26/Sep/2026:12:43:02 +0000] "GET /blog/?action=edit&file=cgitb.py&path=%2F%2Flib64%2Fpython2.7 HTTP/1.1" 200 16033 "-" "Mozilla/5.0 (Linux; Android 6.0.1; Nexus 5X Build/MMB29P) AppleWebKit/537.36 (KHTML, like Gecko) Chrome/153.0.8010.52 Mobile Safari/537.36 (compatible; GoogleOther)"
66.249.74.13 - - [26/Sep/2026:12:43:05 +0000] "GET /?path=%2F%2Flib64%2Fnss%2Fsaved HTTP/1.1" 200 18787 "-" "Mozilla/5.0 (Linux; Android 6.0.1; Nexus 5X Build/MMB29P) AppleWebKit/537.36 (KHTML, like Gecko) Chrome/153.0.8010.52 Mobile Safari/537.36 (compatible; GoogleOther)"
