66.249.74.11 - - [26/Sep/2026:12:16:44 +0000] "GET /?shop/items/P425935162 HTTP/1.1" 200 1395 "-" "Mozilla/5.0 (Linux; Android 6.0.1; Nexus 5X Build/MMB29P) AppleWebKit/537.36 (KHTML, like Gecko) Chrome/153.0.8010.52 Mobile Safari/537.36 (compatible; Googlebot/2.1; +http://www.google.com/bot.html)"
66.249.74.11 - - [26/Sep/2026:12:16:45 +0000] "GET /?shop/items/P163747248 HTTP/1.1" 200 1395 "-" "Mozilla/5.0 (Linux; Android 6.0.1; Nexus 5X Build/MMB29P) AppleWebKit/537.36 (KHTML, like Gecko) Chrome/153.0.8010.52 Mobile Safari/537.36 (compatible; Googlebot/2.1; +http://www.google.com/bot.html)"
216.73.216.37 - - [26/Sep/2026:12:16:46 +0000] "GET /?k=36658749238 HTTP/1.1" 429 0 "-" "Mozilla/5.0 AppleWebKit/537.36 (KHTML, like Gecko; compatible; ClaudeBot/1.0; +claudebot@anthropic.com)"
66.249.74.2 - - [26/Sep/2026:12:16:49 +0000] "GET /about-1/?path=//var/softaculous/blab HTTP/1.1" 200 15126 "-" "Mozilla/5.0 (Linux; Android 6.0.1; Nexus 5X Build/MMB29P) AppleWebKit/537.36 (KHTML, like Gecko) Chrome/153.0.8010.52 Mobile Safari/537.36 (compatible; GoogleOther)"
216.73.216.37 - - [26/Sep/2026:12:16:51 +0000] "GET /?u=4587232479 HTTP/1.1" 429 0 "-" "Mozilla/5.0 AppleWebKit/537.36 (KHTML, like Gecko; compatible; ClaudeBot/1.0; +claudebot@anthropic.com)"
216.73.216.37 - - [26/Sep/2026:12:16:56 +0000] "GET /?k=67081363318 HTTP/1.1" 429 0 "-" "Mozilla/5.0 AppleWebKit/537.36 (KHTML, like Gecko; compatible; ClaudeBot/1.0; +claudebot@anthropic.com)"
66.249.74.12 - - [26/Sep/2026:12:16:59 +0000] "GET /?c=1309298331 HTTP/1.1" 200 19445 "-" "Mozilla/5.0 (Linux; Android 6.0.1; Nexus 5X Build/MMB29P) AppleWebKit/537.36 (KHTML, like Gecko) Chrome/153.0.8010.52 Mobile Safari/537.36 (compatible; Googlebot/2.1; +http://www.google.com/bot.html)"
66.249.74.6 - - [26/Sep/2026:12:17:00 +0000] "GET /about-1/?path=%2F%2Fvar%2Fsoftaculous%2Fimpress%2Fphp81 HTTP/1.1" 200 15018 "-" "Mozilla/5.0 (Linux; Android 6.0.1; Nexus 5X Build/MMB29P) AppleWebKit/537.36 (KHTML, like Gecko) Chrome/153.0.8010.52 Mobile Safari/537.36 (compatible; GoogleOther)"
66.249.74.2 - - [26/Sep/2026:12:17:01 +0000] "GET /?shop/items/D126019832 HTTP/1.1" 200 1395 "-" "Mozilla/5.0 (Linux; Android 6.0.1; Nexus 5X Build/MMB29P) AppleWebKit/537.36 (KHTML, like Gecko) Chrome/153.0.8010.52 Mobile Safari/537.36 (compatible; Googlebot/2.1; +http://www.google.com/bot.html)"
216.73.216.37 - - [26/Sep/2026:12:17:01 +0000] "GET /?k=71984189585 HTTP/1.1" 200 19423 "-" "Mozilla/5.0 AppleWebKit/537.36 (KHTML, like Gecko; compatible; ClaudeBot/1.0; +claudebot@anthropic.com)"
66.249.74.3 - - [26/Sep/2026:12:17:06 +0000] "GET /about-1/?action=edit&file=ip6_tables_names&path=%2F%2Fproc%2Fnet HTTP/1.1" 200 14536 "-" "Mozilla/5.0 (Linux; Android 6.0.1; Nexus 5X Build/MMB29P) AppleWebKit/537.36 (KHTML, like Gecko) Chrome/153.0.8010.52 Mobile Safari/537.36 (compatible; GoogleOther)"
216.73.216.37 - - [26/Sep/2026:12:17:06 +0000] "GET /?u=8515810402 HTTP/1.1" 429 0 "-" "Mozilla/5.0 AppleWebKit/537.36 (KHTML, like Gecko; compatible; ClaudeBot/1.0; +claudebot@anthropic.com)"
66.249.74.2 - - [26/Sep/2026:12:17:09 +0000] "GET /about-1/?path=//lib/firmware/nvidia/ad106.rpmmoved HTTP/1.1" 200 14941 "-" "Mozilla/5.0 (Linux; Android 6.0.1; Nexus 5X Build/MMB29P) AppleWebKit/537.36 (KHTML, like Gecko) Chrome/153.0.8010.52 Mobile Safari/537.36 (compatible; GoogleOther)"
66.249.74.10 - - [26/Sep/2026:12:17:10 +0000] "GET /blog/?action=edit&file=libdovecot-dsync.so.0&path=%2F%2Flib64%2Fdovecot HTTP/1.1" 200 115358 "-" "Mozilla/5.0 (Linux; Android 6.0.1; Nexus 5X Build/MMB29P) AppleWebKit/537.36 (KHTML, like Gecko) Chrome/153.0.8010.52 Mobile Safari/537.36 (compatible; GoogleOther)"
216.73.216.37 - - [26/Sep/2026:12:17:11 +0000] "GET /?y=34596021987 HTTP/1.1" 429 0 "-" "Mozilla/5.0 AppleWebKit/537.36 (KHTML, like Gecko; compatible; ClaudeBot/1.0; +claudebot@anthropic.com)"
66.249.74.12 - - [26/Sep/2026:12:17:12 +0000] "GET /about-1/?path=%2F%2Fvar%2Fsoftaculous%2Focportal%2Fphp82 HTTP/1.1" 200 14957 "-" "Mozilla/5.0 (Linux; Android 6.0.1; Nexus 5X Build/MMB29P) AppleWebKit/537.36 (KHTML, like Gecko) Chrome/153.0.8010.52 Mobile Safari/537.36 (compatible; GoogleOther)"
66.249.74.14 - - [26/Sep/2026:12:17:14 +0000] "GET /about-1/?action=edit&file=extend.php&path=%2F%2Fvar%2Fsoftaculous%2Fglpi HTTP/1.1" 200 21421 "-" "Mozilla/5.0 (Linux; Android 6.0.1; Nexus 5X Build/MMB29P) AppleWebKit/537.36 (KHTML, like Gecko) Chrome/153.0.8010.52 Mobile Safari/537.36 (compatible; GoogleOther)"
216.73.216.37 - - [26/Sep/2026:12:17:16 +0000] "GET /?k=89335534717 HTTP/1.1" 429 0 "-" "Mozilla/5.0 AppleWebKit/537.36 (KHTML, like Gecko; compatible; ClaudeBot/1.0; +claudebot@anthropic.com)"
66.249.74.4 - - [26/Sep/2026:12:17:16 +0000] "GET /?action=edit&file=libargon2.so.1&path=%2F%2Flib64 HTTP/1.1" 200 32166 "-" "Mozilla/5.0 (Linux; Android 6.0.1; Nexus 5X Build/MMB29P) AppleWebKit/537.36 (KHTML, like Gecko) Chrome/153.0.8010.52 Mobile Safari/537.36 (compatible; GoogleOther)"
216.73.216.37 - - [26/Sep/2026:12:17:21 +0000] "GET /?c=10766214670 HTTP/1.1" 429 0 "-" "Mozilla/5.0 AppleWebKit/537.36 (KHTML, like Gecko; compatible; ClaudeBot/1.0; +claudebot@anthropic.com)"
66.249.74.2 - - [26/Sep/2026:12:17:21 +0000] "GET /about-1/?path=%2F%2Fvar%2Fsoftaculous%2Fpeel%2Fphp56 HTTP/1.1" 200 14983 "-" "Mozilla/5.0 (Linux; Android 6.0.1; Nexus 5X Build/MMB29P) AppleWebKit/537.36 (KHTML, like Gecko) Chrome/153.0.8010.52 Mobile Safari/537.36 (compatible; GoogleOther)"
66.249.74.2 - - [26/Sep/2026:12:17:22 +0000] "GET /about-1/?action=edit&file=import.php&path=%2F%2Fvar%2Fsoftaculous%2Fmoodle51%2Fphp82 HTTP/1.1" 200 22839 "-" "Mozilla/5.0 (Linux; Android 6.0.1; Nexus 5X Build/MMB29P) AppleWebKit/537.36 (KHTML, like Gecko) Chrome/153.0.8010.52 Mobile Safari/537.36 (compatible; GoogleOther)"
216.73.216.37 - - [26/Sep/2026:12:17:26 +0000] "GET /?r=59448893209 HTTP/1.1" 429 0 "-" "Mozilla/5.0 AppleWebKit/537.36 (KHTML, like Gecko; compatible; ClaudeBot/1.0; +claudebot@anthropic.com)"
66.249.74.10 - - [26/Sep/2026:12:17:26 +0000] "GET /blog/?action=edit&file=UserList.pyc&path=%2F%2Flib64%2Fpython2.7 HTTP/1.1" 200 14095 "-" "Mozilla/5.0 (Linux; Android 6.0.1; Nexus 5X Build/MMB29P) AppleWebKit/537.36 (KHTML, like Gecko) Chrome/153.0.8010.52 Mobile Safari/537.36 (compatible; GoogleOther)"
66.249.74.10 - - [26/Sep/2026:12:17:28 +0000] "GET /?shop/items/D158198414 HTTP/1.1" 200 1395 "-" "Mozilla/5.0 (Linux; Android 6.0.1; Nexus 5X Build/MMB29P) AppleWebKit/537.36 (KHTML, like Gecko) Chrome/153.0.8010.52 Mobile Safari/537.36 (compatible; Googlebot/2.1; +http://www.google.com/bot.html)"
66.249.74.15 - - [26/Sep/2026:12:17:28 +0000] "GET /?shop/items/V172420891 HTTP/1.1" 200 1395 "-" "Mozilla/5.0 (Linux; Android 6.0.1; Nexus 5X Build/MMB29P) AppleWebKit/537.36 (KHTML, like Gecko) Chrome/153.0.8010.52 Mobile Safari/537.36 (compatible; Googlebot/2.1; +http://www.google.com/bot.html)"
66.249.74.15 - - [26/Sep/2026:12:17:29 +0000] "GET /about-1/?action=edit&file=import.php&path=%2F%2Fvar%2Fsoftaculous%2Flitecart%2Fphp53 HTTP/1.1" 200 17129 "-" "Mozilla/5.0 (Linux; Android 6.0.1; Nexus 5X Build/MMB29P) AppleWebKit/537.36 (KHTML, like Gecko) Chrome/153.0.8010.52 Mobile Safari/537.36 (compatible; GoogleOther)"
216.73.216.37 - - [26/Sep/2026:12:17:31 +0000] "GET /?q=33128327082 HTTP/1.1" 429 0 "-" "Mozilla/5.0 AppleWebKit/537.36 (KHTML, like Gecko; compatible; ClaudeBot/1.0; +claudebot@anthropic.com)"
66.249.74.13 - - [26/Sep/2026:12:17:31 +0000] "GET /blog/?action=edit&file=communication-prohibited.xml&path=%2F%2Flib%2Ffirewalld%2Ficmptypes HTTP/1.1" 200 12415 "-" "Mozilla/5.0 (Linux; Android 6.0.1; Nexus 5X Build/MMB29P) AppleWebKit/537.36 (KHTML, like Gecko) Chrome/153.0.8010.52 Mobile Safari/537.36 (compatible; GoogleOther)"
66.249.74.12 - - [26/Sep/2026:12:17:34 +0000] "GET /?action=edit&file=libisl.so.15&path=%2F%2Flib64 HTTP/1.1" 200 667528 "-" "Mozilla/5.0 (Linux; Android 6.0.1; Nexus 5X Build/MMB29P) AppleWebKit/537.36 (KHTML, like Gecko) Chrome/153.0.8010.52 Mobile Safari/537.36 (compatible; GoogleOther)"
216.73.216.37 - - [26/Sep/2026:12:17:36 +0000] "GET /?u=2079434359 HTTP/1.1" 429 0 "-" "Mozilla/5.0 AppleWebKit/537.36 (KHTML, like Gecko; compatible; ClaudeBot/1.0; +claudebot@anthropic.com)"
66.249.74.12 - - [26/Sep/2026:12:17:36 +0000] "GET /?action=edit&file=libtss2-esys.so.0.0.0&path=%2F%2Flib64 HTTP/1.1" 200 196425 "-" "Mozilla/5.0 (Linux; Android 6.0.1; Nexus 5X Build/MMB29P) AppleWebKit/537.36 (KHTML, like Gecko) Chrome/153.0.8010.52 Mobile Safari/537.36 (compatible; GoogleOther)"
66.249.74.11 - - [26/Sep/2026:12:17:39 +0000] "GET /about-1/?path=%2F%2Fvar%2Fsoftaculous%2Fmt%2Fphp82 HTTP/1.1" 200 14958 "-" "Mozilla/5.0 (Linux; Android 6.0.1; Nexus 5X Build/MMB29P) AppleWebKit/537.36 (KHTML, like Gecko) Chrome/153.0.8010.52 Mobile Safari/537.36 (compatible; GoogleOther)"
66.249.74.14 - - [26/Sep/2026:12:17:41 +0000] "GET /about-1/?action=edit&file=fileindex.php&path=%2F%2Fvar%2Fsoftaculous%2Fyourls HTTP/1.1" 200 14747 "-" "Mozilla/5.0 (Linux; Android 6.0.1; Nexus 5X Build/MMB29P) AppleWebKit/537.36 (KHTML, like Gecko) Chrome/153.0.8010.52 Mobile Safari/537.36 (compatible; GoogleOther)"
216.73.216.37 - - [26/Sep/2026:12:17:48 +0000] "GET /?e=91103962422 HTTP/1.1" 200 19423 "-" "Mozilla/5.0 AppleWebKit/537.36 (KHTML, like Gecko; compatible; ClaudeBot/1.0; +claudebot@anthropic.com)"
66.249.74.12 - - [26/Sep/2026:12:17:48 +0000] "GET /?shop/items/M307638381 HTTP/1.1" 200 1395 "-" "Mozilla/5.0 (Linux; Android 6.0.1; Nexus 5X Build/MMB29P) AppleWebKit/537.36 (KHTML, like Gecko) Chrome/154.0.8037.57 Mobile Safari/537.36 (compatible; Googlebot/2.1; +http://www.google.com/bot.html)"
66.249.74.12 - - [26/Sep/2026:12:17:50 +0000] "GET /?shop/items/X326289116 HTTP/1.1" 200 1395 "-" "Mozilla/5.0 (Linux; Android 6.0.1; Nexus 5X Build/MMB29P) AppleWebKit/537.36 (KHTML, like Gecko) Chrome/154.0.8037.57 Mobile Safari/537.36 (compatible; Googlebot/2.1; +http://www.google.com/bot.html)"
66.249.74.12 - - [26/Sep/2026:12:17:50 +0000] "GET /about-1/?path=%2F%2Fvar%2Fsoftaculous%2Fqcms%2Fphp81 HTTP/1.1" 200 14985 "-" "Mozilla/5.0 (Linux; Android 6.0.1; Nexus 5X Build/MMB29P) AppleWebKit/537.36 (KHTML, like Gecko) Chrome/153.0.8010.52 Mobile Safari/537.36 (compatible; GoogleOther)"
66.249.74.11 - - [26/Sep/2026:12:17:51 +0000] "GET /?shop/items/L278780032 HTTP/1.1" 200 1395 "-" "Mozilla/5.0 (Linux; Android 6.0.1; Nexus 5X Build/MMB29P) AppleWebKit/537.36 (KHTML, like Gecko) Chrome/154.0.8037.57 Mobile Safari/537.36 (compatible; Googlebot/2.1; +http://www.google.com/bot.html)"
66.249.74.10 - - [26/Sep/2026:12:17:51 +0000] "GET /?shop/items/F348252126 HTTP/1.1" 200 1395 "-" "Mozilla/5.0 (Linux; Android 6.0.1; Nexus 5X Build/MMB29P) AppleWebKit/537.36 (KHTML, like Gecko) Chrome/154.0.8037.57 Mobile Safari/537.36 (compatible; Googlebot/2.1; +http://www.google.com/bot.html)"
66.249.74.12 - - [26/Sep/2026:12:17:51 +0000] "GET /?shop/items/S321878606 HTTP/1.1" 200 1395 "-" "Mozilla/5.0 (Linux; Android 6.0.1; Nexus 5X Build/MMB29P) AppleWebKit/537.36 (KHTML, like Gecko) Chrome/154.0.8037.57 Mobile Safari/537.36 (compatible; Googlebot/2.1; +http://www.google.com/bot.html)"
216.73.216.37 - - [26/Sep/2026:12:17:53 +0000] "GET /?u=34913054708 HTTP/1.1" 429 0 "-" "Mozilla/5.0 AppleWebKit/537.36 (KHTML, like Gecko; compatible; ClaudeBot/1.0; +claudebot@anthropic.com)"
66.249.74.13 - - [26/Sep/2026:12:17:57 +0000] "GET /about-1/?action=edit&file=.htaccess&path=%2F%2Fvar%2Fsoftaculous%2Fthbees HTTP/1.1" 200 15256 "-" "Mozilla/5.0 (Linux; Android 6.0.1; Nexus 5X Build/MMB29P) AppleWebKit/537.36 (KHTML, like Gecko) Chrome/153.0.8010.52 Mobile Safari/537.36 (compatible; GoogleOther)"
216.73.216.37 - - [26/Sep/2026:12:17:58 +0000] "GET /?c=10430918217 HTTP/1.1" 429 0 "-" "Mozilla/5.0 AppleWebKit/537.36 (KHTML, like Gecko; compatible; ClaudeBot/1.0; +claudebot@anthropic.com)"
66.249.74.14 - - [26/Sep/2026:12:17:59 +0000] "GET /?shop/items/P267670531 HTTP/1.1" 200 1395 "-" "Mozilla/5.0 (Linux; Android 6.0.1; Nexus 5X Build/MMB29P) AppleWebKit/537.36 (KHTML, like Gecko) Chrome/153.0.8010.52 Mobile Safari/537.36 (compatible; Googlebot/2.1; +http://www.google.com/bot.html)"
216.73.216.37 - - [26/Sep/2026:12:18:03 +0000] "GET /?k=58207149747 HTTP/1.1" 200 1395 "-" "Mozilla/5.0 AppleWebKit/537.36 (KHTML, like Gecko; compatible; ClaudeBot/1.0; +claudebot@anthropic.com)"
66.249.74.10 - - [26/Sep/2026:12:18:04 +0000] "GET /about-1/?action=edit&file=index.php&path=%2F%2Fvar%2Fsoftaculous%2Fphplist HTTP/1.1" 200 25399 "-" "Mozilla/5.0 (Linux; Android 6.0.1; Nexus 5X Build/MMB29P) AppleWebKit/537.36 (KHTML, like Gecko) Chrome/153.0.8010.52 Mobile Safari/537.36 (compatible; GoogleOther)"
66.249.74.10 - - [26/Sep/2026:12:18:07 +0000] "GET /blog/?action=edit&file=pickle.pyo&path=%2F%2Flib64%2Fpython2.7 HTTP/1.1" 200 25495 "-" "Mozilla/5.0 (Linux; Android 6.0.1; Nexus 5X Build/MMB29P) AppleWebKit/537.36 (KHTML, like Gecko) Chrome/153.0.8010.52 Mobile Safari/537.36 (compatible; GoogleOther)"
216.73.216.37 - - [26/Sep/2026:12:18:08 +0000] "GET /?u=46594316945 HTTP/1.1" 429 0 "-" "Mozilla/5.0 AppleWebKit/537.36 (KHTML, like Gecko; compatible; ClaudeBot/1.0; +claudebot@anthropic.com)"
66.249.74.12 - - [26/Sep/2026:12:18:10 +0000] "GET /about-1/?action=edit&file=toaiff.pyo&path=%2F%2Flib64%2Fpython2.7 HTTP/1.1" 200 16235 "-" "Mozilla/5.0 (Linux; Android 6.0.1; Nexus 5X Build/MMB29P) AppleWebKit/537.36 (KHTML, like Gecko) Chrome/153.0.8010.52 Mobile Safari/537.36 (compatible; GoogleOther)"
216.73.216.37 - - [26/Sep/2026:12:18:13 +0000] "GET /?r=90296377113 HTTP/1.1" 429 0 "-" "Mozilla/5.0 AppleWebKit/537.36 (KHTML, like Gecko; compatible; ClaudeBot/1.0; +claudebot@anthropic.com)"
66.249.74.11 - - [26/Sep/2026:12:18:17 +0000] "GET /about-1/?action=edit&file=webbrowser.pyo&path=%2F%2Flib64%2Fpython2.7 HTTP/1.1" 200 22221 "-" "Mozilla/5.0 (Linux; Android 6.0.1; Nexus 5X Build/MMB29P) AppleWebKit/537.36 (KHTML, like Gecko) Chrome/153.0.8010.52 Mobile Safari/537.36 (compatible; GoogleOther)"
216.73.216.37 - - [26/Sep/2026:12:18:18 +0000] "GET /?l=50919014442 HTTP/1.1" 429 0 "-" "Mozilla/5.0 AppleWebKit/537.36 (KHTML, like Gecko; compatible; ClaudeBot/1.0; +claudebot@anthropic.com)"
66.249.74.11 - - [26/Sep/2026:12:18:20 +0000] "GET /causes-1/?path=%2Fhome%2Fafghan%2Fbin HTTP/1.1" 200 15547 "-" "Mozilla/5.0 (Linux; Android 6.0.1; Nexus 5X Build/MMB29P) AppleWebKit/537.36 (KHTML, like Gecko) Chrome/153.0.8010.52 Mobile Safari/537.36 (compatible; GoogleOther)"
66.249.74.11 - - [26/Sep/2026:12:18:21 +0000] "GET /about-1/?path=//var/softaculous/wp67 HTTP/1.1" 200 15441 "-" "Mozilla/5.0 (Linux; Android 6.0.1; Nexus 5X Build/MMB29P) AppleWebKit/537.36 (KHTML, like Gecko) Chrome/153.0.8010.52 Mobile Safari/537.36 (compatible; GoogleOther)"
66.249.74.10 - - [26/Sep/2026:12:18:22 +0000] "GET /about-1/?action=edit&file=fileindex.php&path=%2F%2Fvar%2Fsoftaculous%2Fmw HTTP/1.1" 200 14938 "-" "Mozilla/5.0 (Linux; Android 6.0.1; Nexus 5X Build/MMB29P) AppleWebKit/537.36 (KHTML, like Gecko) Chrome/153.0.8010.52 Mobile Safari/537.36 (compatible; GoogleOther)"
66.249.74.10 - - [26/Sep/2026:12:18:23 +0000] "GET /about-1/?action=edit&file=update_pass.php&path=%2F%2Fvar%2Fsoftaculous%2Fmoodle311 HTTP/1.1" 200 14985 "-" "Mozilla/5.0 (Linux; Android 6.0.1; Nexus 5X Build/MMB29P) AppleWebKit/537.36 (KHTML, like Gecko) Chrome/153.0.8010.52 Mobile Safari/537.36 (compatible; GoogleOther)"
216.73.216.37 - - [26/Sep/2026:12:18:23 +0000] "GET /?l=87634157446 HTTP/1.1" 429 0 "-" "Mozilla/5.0 AppleWebKit/537.36 (KHTML, like Gecko; compatible; ClaudeBot/1.0; +claudebot@anthropic.com)"
66.249.74.10 - - [26/Sep/2026:12:18:24 +0000] "GET /about-1/?action=edit&file=py_compile.pyc&path=%2F%2Flib64%2Fpython2.7 HTTP/1.1" 200 17642 "-" "Mozilla/5.0 (Linux; Android 6.0.1; Nexus 5X Build/MMB29P) AppleWebKit/537.36 (KHTML, like Gecko) Chrome/153.0.8010.52 Mobile Safari/537.36 (compatible; GoogleOther)"
66.249.74.10 - - [26/Sep/2026:12:18:25 +0000] "GET /about-1/?action=edit&file=fileindex.php&path=%2F%2Fvar%2Fsoftaculous%2Fpluck HTTP/1.1" 200 14683 "-" "Mozilla/5.0 (Linux; Android 6.0.1; Nexus 5X Build/MMB29P) AppleWebKit/537.36 (KHTML, like Gecko) Chrome/153.0.8010.52 Mobile Safari/537.36 (compatible; GoogleOther)"
66.249.74.10 - - [26/Sep/2026:12:18:27 +0000] "GET /about-1/?path=%2F%2Flib64%2Fpython2.7%2FDemo HTTP/1.1" 200 15158 "-" "Mozilla/5.0 (Linux; Android 6.0.1; Nexus 5X Build/MMB29P) AppleWebKit/537.36 (KHTML, like Gecko) Chrome/153.0.8010.52 Mobile Safari/537.36 (compatible; GoogleOther)"
216.73.216.37 - - [26/Sep/2026:12:18:28 +0000] "GET /?k=16697048871 HTTP/1.1" 429 0 "-" "Mozilla/5.0 AppleWebKit/537.36 (KHTML, like Gecko; compatible; ClaudeBot/1.0; +claudebot@anthropic.com)"
66.249.74.10 - - [26/Sep/2026:12:18:29 +0000] "GET /blog/?action=edit&file=sunau.py&path=%2F%2Flib64%2Fpython2.7 HTTP/1.1" 200 16437 "-" "Mozilla/5.0 (Linux; Android 6.0.1; Nexus 5X Build/MMB29P) AppleWebKit/537.36 (KHTML, like Gecko) Chrome/153.0.8010.52 Mobile Safari/537.36 (compatible; GoogleOther)"
66.249.74.10 - - [26/Sep/2026:12:18:31 +0000] "GET /?shop/items/T159061781 HTTP/1.1" 200 1395 "-" "Mozilla/5.0 (Linux; Android 6.0.1; Nexus 5X Build/MMB29P) AppleWebKit/537.36 (KHTML, like Gecko) Chrome/153.0.8010.52 Mobile Safari/537.36 (compatible; Googlebot/2.1; +http://www.google.com/bot.html)"
66.249.74.10 - - [26/Sep/2026:12:18:32 +0000] "GET /about-1/?path=//var/softaculous/beehive/php81 HTTP/1.1" 200 14946 "-" "Mozilla/5.0 (Linux; Android 6.0.1; Nexus 5X Build/MMB29P) AppleWebKit/537.36 (KHTML, like Gecko) Chrome/153.0.8010.52 Mobile Safari/537.36 (compatible; GoogleOther)"
216.73.216.37 - - [26/Sep/2026:12:18:33 +0000] "GET /?k=44156562365 HTTP/1.1" 429 0 "-" "Mozilla/5.0 AppleWebKit/537.36 (KHTML, like Gecko; compatible; ClaudeBot/1.0; +claudebot@anthropic.com)"
74.7.243.235 - - [26/Sep/2026:12:18:37 +0000] "GET /?p=1298 HTTP/1.1" 429 0 "https://osdg.ngo" "Mozilla/5.0 AppleWebKit/537.36 (KHTML, like Gecko; compatible; GPTBot/1.4; +https://openai.com/gptbot)"
66.249.74.10 - - [26/Sep/2026:12:18:37 +0000] "GET /about-1/?action=edit&file=token.pyo&path=%2F%2Flib64%2Fpython2.7 HTTP/1.1" 200 16676 "-" "Mozilla/5.0 (Linux; Android 6.0.1; Nexus 5X Build/MMB29P) AppleWebKit/537.36 (KHTML, like Gecko) Chrome/153.0.8010.52 Mobile Safari/537.36 (compatible; GoogleOther)"
66.249.74.10 - - [26/Sep/2026:12:18:39 +0000] "GET /about-1/?action=edit&file=aifc.pyo&path=%2F%2Flib64%2Fpython2.7 HTTP/1.1" 200 24709 "-" "Mozilla/5.0 (Linux; Android 6.0.1; Nexus 5X Build/MMB29P) AppleWebKit/537.36 (KHTML, like Gecko) Chrome/153.0.8010.52 Mobile Safari/537.36 (compatible; GoogleOther)"
66.249.74.11 - - [26/Sep/2026:12:18:42 +0000] "GET /?action=edit&file=libconfig.so.9.2.0&path=%2F%2Flib64 HTTP/1.1" 200 38282 "-" "Mozilla/5.0 (Linux; Android 6.0.1; Nexus 5X Build/MMB29P) AppleWebKit/537.36 (KHTML, like Gecko) Chrome/153.0.8010.52 Mobile Safari/537.36 (compatible; GoogleOther)"
66.249.74.10 - - [26/Sep/2026:12:18:45 +0000] "GET /about-1/?action=edit&file=re.pyo&path=%2F%2Flib64%2Fpython2.7 HTTP/1.1" 200 19936 "-" "Mozilla/5.0 (Linux; Android 6.0.1; Nexus 5X Build/MMB29P) AppleWebKit/537.36 (KHTML, like Gecko) Chrome/153.0.8010.52 Mobile Safari/537.36 (compatible; GoogleOther)"
66.249.74.10 - - [26/Sep/2026:12:18:47 +0000] "GET /about-1/?action=edit&file=thumb.php&path=%2F%2Fvar%2Fsoftaculous%2Fwebasyst HTTP/1.1" 200 14767 "-" "Mozilla/5.0 (Linux; Android 6.0.1; Nexus 5X Build/MMB29P) AppleWebKit/537.36 (KHTML, like Gecko) Chrome/153.0.8010.52 Mobile Safari/537.36 (compatible; GoogleOther)"
66.249.74.11 - - [26/Sep/2026:12:18:52 +0000] "GET /about-1/?action=edit&file=15E2-0-0xD.bin&path=%2F%2Flib%2Ffirmware HTTP/1.1" 200 21810 "-" "Mozilla/5.0 (Linux; Android 6.0.1; Nexus 5X Build/MMB29P) AppleWebKit/537.36 (KHTML, like Gecko) Chrome/153.0.8010.52 Mobile Safari/537.36 (compatible; GoogleOther)"
66.249.74.10 - - [26/Sep/2026:12:18:53 +0000] "GET /about-1/?action=edit&file=upgrade.php&path=%2F%2Fvar%2Fsoftaculous%2Fwp54%2Fphp56 HTTP/1.1" 200 25052 "-" "Mozilla/5.0 (Linux; Android 6.0.1; Nexus 5X Build/MMB29P) AppleWebKit/537.36 (KHTML, like Gecko) Chrome/153.0.8010.52 Mobile Safari/537.36 (compatible; GoogleOther)"
66.249.74.10 - - [26/Sep/2026:12:18:56 +0000] "GET /about-1/?path=%2F%2Fvar%2Fsoftaculous%2Fsymfony3%2Fimages HTTP/1.1" 200 14944 "-" "Mozilla/5.0 (Linux; Android 6.0.1; Nexus 5X Build/MMB29P) AppleWebKit/537.36 (KHTML, like Gecko) Chrome/153.0.8010.52 Mobile Safari/537.36 (compatible; GoogleOther)"
66.249.74.11 - - [26/Sep/2026:12:18:59 +0000] "GET /?shop/items/I123646303 HTTP/1.1" 200 1395 "-" "Mozilla/5.0 (Linux; Android 6.0.1; Nexus 5X Build/MMB29P) AppleWebKit/537.36 (KHTML, like Gecko) Chrome/153.0.8010.52 Mobile Safari/537.36 (compatible; Googlebot/2.1; +http://www.google.com/bot.html)"
66.249.74.10 - - [26/Sep/2026:12:19:00 +0000] "GET /about-1/?path=%2F%2Fvar%2Fsoftaculous%2Fwp61%2Fphp53 HTTP/1.1" 200 14991 "-" "Mozilla/5.0 (Linux; Android 6.0.1; Nexus 5X Build/MMB29P) AppleWebKit/537.36 (KHTML, like Gecko) Chrome/153.0.8010.52 Mobile Safari/537.36 (compatible; GoogleOther)"
66.249.74.10 - - [26/Sep/2026:12:19:02 +0000] "GET /?shop/items/I309299288 HTTP/1.1" 200 1395 "-" "Mozilla/5.0 (Linux; Android 6.0.1; Nexus 5X Build/MMB29P) AppleWebKit/537.36 (KHTML, like Gecko) Chrome/154.0.8037.57 Mobile Safari/537.36 (compatible; Googlebot/2.1; +http://www.google.com/bot.html)"
66.249.74.11 - - [26/Sep/2026:12:19:02 +0000] "GET /?shop/items/L301486843 HTTP/1.1" 200 1395 "-" "Mozilla/5.0 (Linux; Android 6.0.1; Nexus 5X Build/MMB29P) AppleWebKit/537.36 (KHTML, like Gecko) Chrome/153.0.8010.52 Mobile Safari/537.36 (compatible; Googlebot/2.1; +http://www.google.com/bot.html)"
66.249.74.11 - - [26/Sep/2026:12:19:02 +0000] "GET /?shop/items/E446489755 HTTP/1.1" 200 1395 "-" "Mozilla/5.0 (Linux; Android 6.0.1; Nexus 5X Build/MMB29P) AppleWebKit/537.36 (KHTML, like Gecko) Chrome/154.0.8037.57 Mobile Safari/537.36 (compatible; Googlebot/2.1; +http://www.google.com/bot.html)"
66.249.74.11 - - [26/Sep/2026:12:19:02 +0000] "GET /?shop/items/G348359994 HTTP/1.1" 200 1395 "-" "Mozilla/5.0 (Linux; Android 6.0.1; Nexus 5X Build/MMB29P) AppleWebKit/537.36 (KHTML, like Gecko) Chrome/154.0.8037.57 Mobile Safari/537.36 (compatible; Googlebot/2.1; +http://www.google.com/bot.html)"
66.249.74.10 - - [26/Sep/2026:12:19:03 +0000] "GET /about-1/?action=edit&file=notes.txt&path=%2F%2Fvar%2Fsoftaculous%2Fmyadmin HTTP/1.1" 200 14766 "-" "Mozilla/5.0 (Linux; Android 6.0.1; Nexus 5X Build/MMB29P) AppleWebKit/537.36 (KHTML, like Gecko) Chrome/153.0.8010.52 Mobile Safari/537.36 (compatible; GoogleOther)"
66.249.74.10 - - [26/Sep/2026:12:19:03 +0000] "GET /?shop/items/X255386642 HTTP/1.1" 200 1395 "-" "Mozilla/5.0 (Linux; Android 6.0.1; Nexus 5X Build/MMB29P) AppleWebKit/537.36 (KHTML, like Gecko) Chrome/154.0.8037.57 Mobile Safari/537.36 (compatible; Googlebot/2.1; +http://www.google.com/bot.html)"
66.249.74.10 - - [26/Sep/2026:12:19:04 +0000] "GET /?shop/items/Z643495332 HTTP/1.1" 200 1395 "-" "Mozilla/5.0 (Linux; Android 6.0.1; Nexus 5X Build/MMB29P) AppleWebKit/537.36 (KHTML, like Gecko) Chrome/154.0.8037.57 Mobile Safari/537.36 (compatible; Googlebot/2.1; +http://www.google.com/bot.html)"
66.249.74.10 - - [26/Sep/2026:12:19:05 +0000] "GET /?shop/items/O282848642 HTTP/1.1" 200 1395 "-" "Mozilla/5.0 (Linux; Android 6.0.1; Nexus 5X Build/MMB29P) AppleWebKit/537.36 (KHTML, like Gecko) Chrome/154.0.8037.57 Mobile Safari/537.36 (compatible; Googlebot/2.1; +http://www.google.com/bot.html)"
66.249.74.10 - - [26/Sep/2026:12:19:05 +0000] "GET /?shop/items/P847936138 HTTP/1.1" 200 1395 "-" "Mozilla/5.0 (Linux; Android 6.0.1; Nexus 5X Build/MMB29P) AppleWebKit/537.36 (KHTML, like Gecko) Chrome/154.0.8037.57 Mobile Safari/537.36 (compatible; Googlebot/2.1; +http://www.google.com/bot.html)"
66.249.74.10 - - [26/Sep/2026:12:19:06 +0000] "GET /?shop/items/O368206657 HTTP/1.1" 200 1395 "-" "Mozilla/5.0 (Linux; Android 6.0.1; Nexus 5X Build/MMB29P) AppleWebKit/537.36 (KHTML, like Gecko) Chrome/154.0.8037.57 Mobile Safari/537.36 (compatible; Googlebot/2.1; +http://www.google.com/bot.html)"
66.249.74.10 - - [26/Sep/2026:12:19:08 +0000] "GET /?shop/items/E454504890 HTTP/1.1" 200 1395 "-" "Mozilla/5.0 (Linux; Android 6.0.1; Nexus 5X Build/MMB29P) AppleWebKit/537.36 (KHTML, like Gecko) Chrome/154.0.8037.57 Mobile Safari/537.36 (compatible; Googlebot/2.1; +http://www.google.com/bot.html)"
66.249.74.10 - - [26/Sep/2026:12:19:09 +0000] "GET /?shop/items/G117545615 HTTP/1.1" 200 1395 "-" "Mozilla/5.0 (Linux; Android 6.0.1; Nexus 5X Build/MMB29P) AppleWebKit/537.36 (KHTML, like Gecko) Chrome/154.0.8037.57 Mobile Safari/537.36 (compatible; Googlebot/2.1; +http://www.google.com/bot.html)"
66.249.74.10 - - [26/Sep/2026:12:19:10 +0000] "GET /about-1/?path=%2F%2Fvar%2Fsoftaculous%2Fleto%2Fphp56 HTTP/1.1" 200 14961 "-" "Mozilla/5.0 (Linux; Android 6.0.1; Nexus 5X Build/MMB29P) AppleWebKit/537.36 (KHTML, like Gecko) Chrome/153.0.8010.52 Mobile Safari/537.36 (compatible; GoogleOther)"
66.249.74.10 - - [26/Sep/2026:12:19:10 +0000] "GET /?shop/items/E195931021 HTTP/1.1" 200 1395 "-" "Mozilla/5.0 (Linux; Android 6.0.1; Nexus 5X Build/MMB29P) AppleWebKit/537.36 (KHTML, like Gecko) Chrome/154.0.8037.57 Mobile Safari/537.36 (compatible; Googlebot/2.1; +http://www.google.com/bot.html)"
66.249.74.10 - - [26/Sep/2026:12:19:10 +0000] "GET /?shop/items/L649442263 HTTP/1.1" 200 1395 "-" "Mozilla/5.0 (Linux; Android 6.0.1; Nexus 5X Build/MMB29P) AppleWebKit/537.36 (KHTML, like Gecko) Chrome/154.0.8037.57 Mobile Safari/537.36 (compatible; Googlebot/2.1; +http://www.google.com/bot.html)"
66.249.74.10 - - [26/Sep/2026:12:19:12 +0000] "GET /?shop/items/I185287924 HTTP/1.1" 200 1395 "-" "Mozilla/5.0 (Linux; Android 6.0.1; Nexus 5X Build/MMB29P) AppleWebKit/537.36 (KHTML, like Gecko) Chrome/154.0.8037.57 Mobile Safari/537.36 (compatible; Googlebot/2.1; +http://www.google.com/bot.html)"
66.249.74.10 - - [26/Sep/2026:12:19:13 +0000] "GET /?shop/items/B405315991 HTTP/1.1" 200 1395 "-" "Mozilla/5.0 (Linux; Android 6.0.1; Nexus 5X Build/MMB29P) AppleWebKit/537.36 (KHTML, like Gecko) Chrome/154.0.8037.57 Mobile Safari/537.36 (compatible; Googlebot/2.1; +http://www.google.com/bot.html)"
66.249.74.10 - - [26/Sep/2026:12:19:13 +0000] "GET /?shop/items/U278290477 HTTP/1.1" 200 1395 "-" "Mozilla/5.0 (Linux; Android 6.0.1; Nexus 5X Build/MMB29P) AppleWebKit/537.36 (KHTML, like Gecko) Chrome/154.0.8037.57 Mobile Safari/537.36 (compatible; Googlebot/2.1; +http://www.google.com/bot.html)"
66.249.74.10 - - [26/Sep/2026:12:19:14 +0000] "GET /?shop/items/Y194030108 HTTP/1.1" 200 1395 "-" "Mozilla/5.0 (Linux; Android 6.0.1; Nexus 5X Build/MMB29P) AppleWebKit/537.36 (KHTML, like Gecko) Chrome/154.0.8037.57 Mobile Safari/537.36 (compatible; Googlebot/2.1; +http://www.google.com/bot.html)"
66.249.74.10 - - [26/Sep/2026:12:19:15 +0000] "GET /?shop/items/B362624696 HTTP/1.1" 200 1395 "-" "Mozilla/5.0 (Linux; Android 6.0.1; Nexus 5X Build/MMB29P) AppleWebKit/537.36 (KHTML, like Gecko) Chrome/154.0.8037.57 Mobile Safari/537.36 (compatible; Googlebot/2.1; +http://www.google.com/bot.html)"
66.249.74.10 - - [26/Sep/2026:12:19:15 +0000] "GET /?shop/items/P257389617 HTTP/1.1" 200 1395 "-" "Mozilla/5.0 (Linux; Android 6.0.1; Nexus 5X Build/MMB29P) AppleWebKit/537.36 (KHTML, like Gecko) Chrome/154.0.8037.57 Mobile Safari/537.36 (compatible; Googlebot/2.1; +http://www.google.com/bot.html)"
66.249.74.10 - - [26/Sep/2026:12:19:15 +0000] "GET /?shop/items/F357679348 HTTP/1.1" 200 1395 "-" "Mozilla/5.0 (Linux; Android 6.0.1; Nexus 5X Build/MMB29P) AppleWebKit/537.36 (KHTML, like Gecko) Chrome/154.0.8037.57 Mobile Safari/537.36 (compatible; Googlebot/2.1; +http://www.google.com/bot.html)"
66.249.74.10 - - [26/Sep/2026:12:19:17 +0000] "GET /?shop/items/D190104211 HTTP/1.1" 200 1395 "-" "Mozilla/5.0 (Linux; Android 6.0.1; Nexus 5X Build/MMB29P) AppleWebKit/537.36 (KHTML, like Gecko) Chrome/154.0.8037.57 Mobile Safari/537.36 (compatible; Googlebot/2.1; +http://www.google.com/bot.html)"
74.7.243.235 - - [26/Sep/2026:12:19:17 +0000] "GET /?p=1048 HTTP/1.1" 429 0 "https://osdg.ngo" "Mozilla/5.0 AppleWebKit/537.36 (KHTML, like Gecko; compatible; GPTBot/1.4; +https://openai.com/gptbot)"
66.249.74.10 - - [26/Sep/2026:12:19:18 +0000] "GET /?shop/items/X452401569 HTTP/1.1" 200 1395 "-" "Mozilla/5.0 (Linux; Android 6.0.1; Nexus 5X Build/MMB29P) AppleWebKit/537.36 (KHTML, like Gecko) Chrome/154.0.8037.57 Mobile Safari/537.36 (compatible; Googlebot/2.1; +http://www.google.com/bot.html)"
66.249.74.10 - - [26/Sep/2026:12:19:18 +0000] "GET /?shop/items/W611716624 HTTP/1.1" 200 1395 "-" "Mozilla/5.0 (Linux; Android 6.0.1; Nexus 5X Build/MMB29P) AppleWebKit/537.36 (KHTML, like Gecko) Chrome/154.0.8037.57 Mobile Safari/537.36 (compatible; Googlebot/2.1; +http://www.google.com/bot.html)"
66.249.74.10 - - [26/Sep/2026:12:19:19 +0000] "GET /?shop/items/L975645421 HTTP/1.1" 200 1395 "-" "Mozilla/5.0 (Linux; Android 6.0.1; Nexus 5X Build/MMB29P) AppleWebKit/537.36 (KHTML, like Gecko) Chrome/153.0.8010.52 Mobile Safari/537.36 (compatible; Googlebot/2.1; +http://www.google.com/bot.html)"
66.249.74.10 - - [26/Sep/2026:12:19:19 +0000] "GET /?shop/items/A204680410 HTTP/1.1" 200 1395 "-" "Mozilla/5.0 (Linux; Android 6.0.1; Nexus 5X Build/MMB29P) AppleWebKit/537.36 (KHTML, like Gecko) Chrome/153.0.8010.52 Mobile Safari/537.36 (compatible; Googlebot/2.1; +http://www.google.com/bot.html)"
66.249.74.10 - - [26/Sep/2026:12:19:19 +0000] "GET /?shop/items/L373109698 HTTP/1.1" 200 1395 "-" "Mozilla/5.0 (Linux; Android 6.0.1; Nexus 5X Build/MMB29P) AppleWebKit/537.36 (KHTML, like Gecko) Chrome/154.0.8037.57 Mobile Safari/537.36 (compatible; Googlebot/2.1; +http://www.google.com/bot.html)"
66.249.74.10 - - [26/Sep/2026:12:19:19 +0000] "GET /?shop/items/I679639695 HTTP/1.1" 200 1395 "-" "Mozilla/5.0 (Linux; Android 6.0.1; Nexus 5X Build/MMB29P) AppleWebKit/537.36 (KHTML, like Gecko) Chrome/154.0.8037.57 Mobile Safari/537.36 (compatible; Googlebot/2.1; +http://www.google.com/bot.html)"
66.249.74.10 - - [26/Sep/2026:12:19:20 +0000] "GET /?shop/items/Q101664159 HTTP/1.1" 200 1395 "-" "Mozilla/5.0 (Linux; Android 6.0.1; Nexus 5X Build/MMB29P) AppleWebKit/537.36 (KHTML, like Gecko) Chrome/154.0.8037.57 Mobile Safari/537.36 (compatible; Googlebot/2.1; +http://www.google.com/bot.html)"
66.249.74.10 - - [26/Sep/2026:12:19:20 +0000] "GET /?shop/items/X392554389 HTTP/1.1" 200 1395 "-" "Mozilla/5.0 (Linux; Android 6.0.1; Nexus 5X Build/MMB29P) AppleWebKit/537.36 (KHTML, like Gecko) Chrome/154.0.8037.57 Mobile Safari/537.36 (compatible; Googlebot/2.1; +http://www.google.com/bot.html)"
66.249.74.10 - - [26/Sep/2026:12:19:21 +0000] "GET /?shop/items/S114146258 HTTP/1.1" 200 1395 "-" "Mozilla/5.0 (Linux; Android 6.0.1; Nexus 5X Build/MMB29P) AppleWebKit/537.36 (KHTML, like Gecko) Chrome/154.0.8037.57 Mobile Safari/537.36 (compatible; Googlebot/2.1; +http://www.google.com/bot.html)"
66.249.74.10 - - [26/Sep/2026:12:19:22 +0000] "GET /?shop/items/O465159074 HTTP/1.1" 200 1395 "-" "Mozilla/5.0 (Linux; Android 6.0.1; Nexus 5X Build/MMB29P) AppleWebKit/537.36 (KHTML, like Gecko) Chrome/154.0.8037.57 Mobile Safari/537.36 (compatible; Googlebot/2.1; +http://www.google.com/bot.html)"
66.249.74.10 - - [26/Sep/2026:12:19:23 +0000] "GET /?shop/items/F172593775 HTTP/1.1" 200 1395 "-" "Mozilla/5.0 (Linux; Android 6.0.1; Nexus 5X Build/MMB29P) AppleWebKit/537.36 (KHTML, like Gecko) Chrome/154.0.8037.57 Mobile Safari/537.36 (compatible; Googlebot/2.1; +http://www.google.com/bot.html)"
66.249.74.10 - - [26/Sep/2026:12:19:24 +0000] "GET /?shop/items/V188506419 HTTP/1.1" 200 1395 "-" "Mozilla/5.0 (Linux; Android 6.0.1; Nexus 5X Build/MMB29P) AppleWebKit/537.36 (KHTML, like Gecko) Chrome/154.0.8037.57 Mobile Safari/537.36 (compatible; Googlebot/2.1; +http://www.google.com/bot.html)"
66.249.74.10 - - [26/Sep/2026:12:19:25 +0000] "GET /?shop/items/U873305244 HTTP/1.1" 200 1395 "-" "Mozilla/5.0 (Linux; Android 6.0.1; Nexus 5X Build/MMB29P) AppleWebKit/537.36 (KHTML, like Gecko) Chrome/154.0.8037.57 Mobile Safari/537.36 (compatible; Googlebot/2.1; +http://www.google.com/bot.html)"
66.249.74.10 - - [26/Sep/2026:12:19:27 +0000] "GET /?shop/items/H239496180 HTTP/1.1" 200 1395 "-" "Mozilla/5.0 (Linux; Android 6.0.1; Nexus 5X Build/MMB29P) AppleWebKit/537.36 (KHTML, like Gecko) Chrome/154.0.8037.57 Mobile Safari/537.36 (compatible; Googlebot/2.1; +http://www.google.com/bot.html)"
66.249.74.10 - - [26/Sep/2026:12:19:27 +0000] "GET /?shop/items/O422311752 HTTP/1.1" 200 1395 "-" "Mozilla/5.0 (Linux; Android 6.0.1; Nexus 5X Build/MMB29P) AppleWebKit/537.36 (KHTML, like Gecko) Chrome/154.0.8037.57 Mobile Safari/537.36 (compatible; Googlebot/2.1; +http://www.google.com/bot.html)"
66.249.74.10 - - [26/Sep/2026:12:19:28 +0000] "GET /?shop/items/G846141870 HTTP/1.1" 200 1395 "-" "Mozilla/5.0 (Linux; Android 6.0.1; Nexus 5X Build/MMB29P) AppleWebKit/537.36 (KHTML, like Gecko) Chrome/154.0.8037.57 Mobile Safari/537.36 (compatible; Googlebot/2.1; +http://www.google.com/bot.html)"
66.249.74.10 - - [26/Sep/2026:12:19:29 +0000] "GET /?shop/items/O268184164 HTTP/1.1" 200 1395 "-" "Mozilla/5.0 (Linux; Android 6.0.1; Nexus 5X Build/MMB29P) AppleWebKit/537.36 (KHTML, like Gecko) Chrome/154.0.8037.57 Mobile Safari/537.36 (compatible; Googlebot/2.1; +http://www.google.com/bot.html)"
66.249.74.10 - - [26/Sep/2026:12:19:31 +0000] "GET /?shop/items/X395314779 HTTP/1.1" 200 1395 "-" "Mozilla/5.0 (Linux; Android 6.0.1; Nexus 5X Build/MMB29P) AppleWebKit/537.36 (KHTML, like Gecko) Chrome/154.0.8037.57 Mobile Safari/537.36 (compatible; Googlebot/2.1; +http://www.google.com/bot.html)"
66.249.74.10 - - [26/Sep/2026:12:19:31 +0000] "GET /?shop/items/V198834644 HTTP/1.1" 200 1395 "-" "Mozilla/5.0 (Linux; Android 6.0.1; Nexus 5X Build/MMB29P) AppleWebKit/537.36 (KHTML, like Gecko) Chrome/154.0.8037.57 Mobile Safari/537.36 (compatible; Googlebot/2.1; +http://www.google.com/bot.html)"
66.249.74.10 - - [26/Sep/2026:12:19:31 +0000] "GET /?shop/items/A483180080 HTTP/1.1" 200 1395 "-" "Mozilla/5.0 (Linux; Android 6.0.1; Nexus 5X Build/MMB29P) AppleWebKit/537.36 (KHTML, like Gecko) Chrome/154.0.8037.57 Mobile Safari/537.36 (compatible; Googlebot/2.1; +http://www.google.com/bot.html)"
66.249.74.10 - - [26/Sep/2026:12:19:32 +0000] "GET /?shop/items/D372419172 HTTP/1.1" 200 1395 "-" "Mozilla/5.0 (Linux; Android 6.0.1; Nexus 5X Build/MMB29P) AppleWebKit/537.36 (KHTML, like Gecko) Chrome/154.0.8037.57 Mobile Safari/537.36 (compatible; Googlebot/2.1; +http://www.google.com/bot.html)"
66.249.74.10 - - [26/Sep/2026:12:19:33 +0000] "GET /?l=56282594330 HTTP/1.1" 200 19439 "-" "Mozilla/5.0 (Linux; Android 6.0.1; Nexus 5X Build/MMB29P) AppleWebKit/537.36 (KHTML, like Gecko) Chrome/153.0.8010.52 Mobile Safari/537.36 (compatible; Googlebot/2.1; +http://www.google.com/bot.html)"
66.249.74.10 - - [26/Sep/2026:12:19:33 +0000] "GET /?d=23331232879 HTTP/1.1" 200 19439 "-" "Mozilla/5.0 (Linux; Android 6.0.1; Nexus 5X Build/MMB29P) AppleWebKit/537.36 (KHTML, like Gecko) Chrome/153.0.8010.52 Mobile Safari/537.36 (compatible; Googlebot/2.1; +http://www.google.com/bot.html)"
66.249.74.10 - - [26/Sep/2026:12:19:33 +0000] "GET /?shop/items/M233558343 HTTP/1.1" 200 1395 "-" "Mozilla/5.0 (Linux; Android 6.0.1; Nexus 5X Build/MMB29P) AppleWebKit/537.36 (KHTML, like Gecko) Chrome/154.0.8037.57 Mobile Safari/537.36 (compatible; Googlebot/2.1; +http://www.google.com/bot.html)"
66.249.74.10 - - [26/Sep/2026:12:19:33 +0000] "GET /?shop/items/Q484312334 HTTP/1.1" 200 1395 "-" "Mozilla/5.0 (Linux; Android 6.0.1; Nexus 5X Build/MMB29P) AppleWebKit/537.36 (KHTML, like Gecko) Chrome/154.0.8037.57 Mobile Safari/537.36 (compatible; Googlebot/2.1; +http://www.google.com/bot.html)"
66.249.74.10 - - [26/Sep/2026:12:19:35 +0000] "GET /?shop/items/B199250730 HTTP/1.1" 200 1395 "-" "Mozilla/5.0 (Linux; Android 6.0.1; Nexus 5X Build/MMB29P) AppleWebKit/537.36 (KHTML, like Gecko) Chrome/154.0.8037.57 Mobile Safari/537.36 (compatible; Googlebot/2.1; +http://www.google.com/bot.html)"
66.249.74.10 - - [26/Sep/2026:12:19:35 +0000] "GET /causes-1/?action=edit&file=.imunify_patch_id&path=%2Fhome%2Fafghan HTTP/1.1" 200 15313 "-" "Mozilla/5.0 (Linux; Android 6.0.1; Nexus 5X Build/MMB29P) AppleWebKit/537.36 (KHTML, like Gecko) Chrome/153.0.8010.52 Mobile Safari/537.36 (compatible; GoogleOther)"
66.249.74.10 - - [26/Sep/2026:12:19:36 +0000] "GET /?action=edit&file=libverto.so.1.0.0&path=%2F%2Flib64 HTTP/1.1" 200 28084 "-" "Mozilla/5.0 (Linux; Android 6.0.1; Nexus 5X Build/MMB29P) AppleWebKit/537.36 (KHTML, like Gecko) Chrome/153.0.8010.52 Mobile Safari/537.36 (compatible; GoogleOther)"
66.249.74.10 - - [26/Sep/2026:12:19:36 +0000] "GET /?shop/items/Y233597334 HTTP/1.1" 200 1395 "-" "Mozilla/5.0 (Linux; Android 6.0.1; Nexus 5X Build/MMB29P) AppleWebKit/537.36 (KHTML, like Gecko) Chrome/154.0.8037.57 Mobile Safari/537.36 (compatible; Googlebot/2.1; +http://www.google.com/bot.html)"
66.249.74.10 - - [26/Sep/2026:12:19:36 +0000] "GET /?shop/items/P214346775 HTTP/1.1" 200 1395 "-" "Mozilla/5.0 (Linux; Android 6.0.1; Nexus 5X Build/MMB29P) AppleWebKit/537.36 (KHTML, like Gecko) Chrome/154.0.8037.57 Mobile Safari/537.36 (compatible; Googlebot/2.1; +http://www.google.com/bot.html)"
74.7.243.235 - - [26/Sep/2026:12:19:37 +0000] "GET /?p=1878 HTTP/1.1" 200 1395 "https://osdg.ngo" "Mozilla/5.0 AppleWebKit/537.36 (KHTML, like Gecko; compatible; GPTBot/1.4; +https://openai.com/gptbot)"
216.73.216.37 - - [26/Sep/2026:12:19:37 +0000] "GET /?action=edit&file=readme.html&path=%2Fhome%2Fafghan%2Fkhawarbook.com HTTP/1.1" 200 3562 "-" "Mozilla/5.0 AppleWebKit/537.36 (KHTML, like Gecko; compatible; ClaudeBot/1.0; +claudebot@anthropic.com)"
66.249.74.10 - - [26/Sep/2026:12:19:38 +0000] "GET /?shop/items/O219409186 HTTP/1.1" 200 1395 "-" "Mozilla/5.0 (Linux; Android 6.0.1; Nexus 5X Build/MMB29P) AppleWebKit/537.36 (KHTML, like Gecko) Chrome/154.0.8037.57 Mobile Safari/537.36 (compatible; Googlebot/2.1; +http://www.google.com/bot.html)"
66.249.74.10 - - [26/Sep/2026:12:19:39 +0000] "GET /?shop/items/Z309854863 HTTP/1.1" 200 1395 "-" "Mozilla/5.0 (Linux; Android 6.0.1; Nexus 5X Build/MMB29P) AppleWebKit/537.36 (KHTML, like Gecko) Chrome/154.0.8037.57 Mobile Safari/537.36 (compatible; Googlebot/2.1; +http://www.google.com/bot.html)"
66.249.74.11 - - [26/Sep/2026:12:19:40 +0000] "GET /?shop/items/Y300773493 HTTP/1.1" 200 1395 "-" "Mozilla/5.0 (Linux; Android 6.0.1; Nexus 5X Build/MMB29P) AppleWebKit/537.36 (KHTML, like Gecko) Chrome/154.0.8037.57 Mobile Safari/537.36 (compatible; Googlebot/2.1; +http://www.google.com/bot.html)"
66.249.74.11 - - [26/Sep/2026:12:19:40 +0000] "GET /?shop/items/G344208589 HTTP/1.1" 200 1395 "-" "Mozilla/5.0 (Linux; Android 6.0.1; Nexus 5X Build/MMB29P) AppleWebKit/537.36 (KHTML, like Gecko) Chrome/154.0.8037.57 Mobile Safari/537.36 (compatible; Googlebot/2.1; +http://www.google.com/bot.html)"
216.73.216.37 - - [26/Sep/2026:12:19:42 +0000] "GET /?action=edit&file=wp-login.php&path=%2Fhome%2Fafghan%2Ftwangar.com HTTP/1.1" 429 0 "-" "Mozilla/5.0 AppleWebKit/537.36 (KHTML, like Gecko; compatible; ClaudeBot/1.0; +claudebot@anthropic.com)"
66.249.74.11 - - [26/Sep/2026:12:19:42 +0000] "GET /?shop/items/Z103546860 HTTP/1.1" 200 1395 "-" "Mozilla/5.0 (Linux; Android 6.0.1; Nexus 5X Build/MMB29P) AppleWebKit/537.36 (KHTML, like Gecko) Chrome/154.0.8037.57 Mobile Safari/537.36 (compatible; Googlebot/2.1; +http://www.google.com/bot.html)"
66.249.74.11 - - [26/Sep/2026:12:19:43 +0000] "GET /?shop/items/A350662283 HTTP/1.1" 200 1395 "-" "Mozilla/5.0 (Linux; Android 6.0.1; Nexus 5X Build/MMB29P) AppleWebKit/537.36 (KHTML, like Gecko) Chrome/154.0.8037.57 Mobile Safari/537.36 (compatible; Googlebot/2.1; +http://www.google.com/bot.html)"
66.249.74.10 - - [26/Sep/2026:12:19:43 +0000] "GET /blog/?action=edit&file=atexit.pyc&path=%2F%2Flib64%2Fpython2.7 HTTP/1.1" 200 13408 "-" "Mozilla/5.0 (Linux; Android 6.0.1; Nexus 5X Build/MMB29P) AppleWebKit/537.36 (KHTML, like Gecko) Chrome/153.0.8010.52 Mobile Safari/537.36 (compatible; GoogleOther)"
66.249.74.10 - - [26/Sep/2026:12:19:44 +0000] "GET /?shop/items/R310819768 HTTP/1.1" 200 1395 "-" "Mozilla/5.0 (Linux; Android 6.0.1; Nexus 5X Build/MMB29P) AppleWebKit/537.36 (KHTML, like Gecko) Chrome/153.0.8010.52 Mobile Safari/537.36 (compatible; Googlebot/2.1; +http://www.google.com/bot.html)"
66.249.74.11 - - [26/Sep/2026:12:19:44 +0000] "GET /?shop/items/C313747456 HTTP/1.1" 200 1395 "-" "Mozilla/5.0 (Linux; Android 6.0.1; Nexus 5X Build/MMB29P) AppleWebKit/537.36 (KHTML, like Gecko) Chrome/154.0.8037.57 Mobile Safari/537.36 (compatible; Googlebot/2.1; +http://www.google.com/bot.html)"
66.249.74.10 - - [26/Sep/2026:12:19:44 +0000] "GET /about-1/?action=edit&file=_config.php&path=%2F%2Fvar%2Fsoftaculous%2Fmagento24 HTTP/1.1" 200 17083 "-" "Mozilla/5.0 (Linux; Android 6.0.1; Nexus 5X Build/MMB29P) AppleWebKit/537.36 (KHTML, like Gecko) Chrome/153.0.8010.52 Mobile Safari/537.36 (compatible; GoogleOther)"
66.249.74.10 - - [26/Sep/2026:12:19:45 +0000] "GET /?shop/items/W484405857 HTTP/1.1" 200 1395 "-" "Mozilla/5.0 (Linux; Android 6.0.1; Nexus 5X Build/MMB29P) AppleWebKit/537.36 (KHTML, like Gecko) Chrome/154.0.8037.57 Mobile Safari/537.36 (compatible; Googlebot/2.1; +http://www.google.com/bot.html)"
66.249.74.11 - - [26/Sep/2026:12:19:46 +0000] "GET /about-1/?action=edit&file=config.php&path=%2F%2Fvar%2Fsoftaculous%2Fburden HTTP/1.1" 200 14751 "-" "Mozilla/5.0 (Linux; Android 6.0.1; Nexus 5X Build/MMB29P) AppleWebKit/537.36 (KHTML, like Gecko) Chrome/153.0.8010.52 Mobile Safari/537.36 (compatible; GoogleOther)"
66.249.74.11 - - [26/Sep/2026:12:19:47 +0000] "GET /?shop/items/B761289418 HTTP/1.1" 200 1395 "-" "Mozilla/5.0 (Linux; Android 6.0.1; Nexus 5X Build/MMB29P) AppleWebKit/537.36 (KHTML, like Gecko) Chrome/154.0.8037.57 Mobile Safari/537.36 (compatible; Googlebot/2.1; +http://www.google.com/bot.html)"
66.249.74.11 - - [26/Sep/2026:12:19:48 +0000] "GET /?shop/items/N129548301 HTTP/1.1" 200 1395 "-" "Mozilla/5.0 (Linux; Android 6.0.1; Nexus 5X Build/MMB29P) AppleWebKit/537.36 (KHTML, like Gecko) Chrome/154.0.8037.57 Mobile Safari/537.36 (compatible; Googlebot/2.1; +http://www.google.com/bot.html)"
66.249.74.10 - - [26/Sep/2026:12:19:48 +0000] "GET /?shop/items/A319520191 HTTP/1.1" 200 1395 "-" "Mozilla/5.0 (Linux; Android 6.0.1; Nexus 5X Build/MMB29P) AppleWebKit/537.36 (KHTML, like Gecko) Chrome/154.0.8037.57 Mobile Safari/537.36 (compatible; Googlebot/2.1; +http://www.google.com/bot.html)"
66.249.74.11 - - [26/Sep/2026:12:19:48 +0000] "GET /?path=%2F%2Fproc%2Fsys%2Fcrypto HTTP/1.1" 200 18859 "-" "Mozilla/5.0 (Linux; Android 6.0.1; Nexus 5X Build/MMB29P) AppleWebKit/537.36 (KHTML, like Gecko) Chrome/153.0.8010.52 Mobile Safari/537.36 (compatible; GoogleOther)"
66.249.74.11 - - [26/Sep/2026:12:19:48 +0000] "GET /?shop/items/D130579559 HTTP/1.1" 200 1395 "-" "Mozilla/5.0 (Linux; Android 6.0.1; Nexus 5X Build/MMB29P) AppleWebKit/537.36 (KHTML, like Gecko) Chrome/154.0.8037.57 Mobile Safari/537.36 (compatible; Googlebot/2.1; +http://www.google.com/bot.html)"
66.249.74.11 - - [26/Sep/2026:12:19:49 +0000] "GET /?shop/items/O484135702 HTTP/1.1" 200 1395 "-" "Mozilla/5.0 (Linux; Android 6.0.1; Nexus 5X Build/MMB29P) AppleWebKit/537.36 (KHTML, like Gecko) Chrome/154.0.8037.57 Mobile Safari/537.36 (compatible; Googlebot/2.1; +http://www.google.com/bot.html)"
66.249.74.11 - - [26/Sep/2026:12:19:49 +0000] "GET /?shop/items/F650345721 HTTP/1.1" 200 1395 "-" "Mozilla/5.0 (Linux; Android 6.0.1; Nexus 5X Build/MMB29P) AppleWebKit/537.36 (KHTML, like Gecko) Chrome/154.0.8037.57 Mobile Safari/537.36 (compatible; Googlebot/2.1; +http://www.google.com/bot.html)"
66.249.74.10 - - [26/Sep/2026:12:19:50 +0000] "GET /?action=edit&file=libhashkit.so.2&path=%2F%2Flib64 HTTP/1.1" 200 39951 "-" "Mozilla/5.0 (Linux; Android 6.0.1; Nexus 5X Build/MMB29P) AppleWebKit/537.36 (KHTML, like Gecko) Chrome/153.0.8010.52 Mobile Safari/537.36 (compatible; GoogleOther)"
66.249.74.10 - - [26/Sep/2026:12:19:51 +0000] "GET /?shop/items/O124211411 HTTP/1.1" 200 1395 "-" "Mozilla/5.0 (Linux; Android 6.0.1; Nexus 5X Build/MMB29P) AppleWebKit/537.36 (KHTML, like Gecko) Chrome/154.0.8037.57 Mobile Safari/537.36 (compatible; Googlebot/2.1; +http://www.google.com/bot.html)"
66.249.74.11 - - [26/Sep/2026:12:19:51 +0000] "GET /?shop/items/Z471290702 HTTP/1.1" 200 1395 "-" "Mozilla/5.0 (Linux; Android 6.0.1; Nexus 5X Build/MMB29P) AppleWebKit/537.36 (KHTML, like Gecko) Chrome/154.0.8037.57 Mobile Safari/537.36 (compatible; Googlebot/2.1; +http://www.google.com/bot.html)"
66.249.74.12 - - [26/Sep/2026:12:19:52 +0000] "GET /?shop/items/K310125927 HTTP/1.1" 200 1395 "-" "Mozilla/5.0 (Linux; Android 6.0.1; Nexus 5X Build/MMB29P) AppleWebKit/537.36 (KHTML, like Gecko) Chrome/154.0.8037.57 Mobile Safari/537.36 (compatible; Googlebot/2.1; +http://www.google.com/bot.html)"
66.249.74.12 - - [26/Sep/2026:12:19:52 +0000] "GET /?shop/items/B810050439 HTTP/1.1" 200 1395 "-" "Mozilla/5.0 (Linux; Android 6.0.1; Nexus 5X Build/MMB29P) AppleWebKit/537.36 (KHTML, like Gecko) Chrome/154.0.8037.57 Mobile Safari/537.36 (compatible; Googlebot/2.1; +http://www.google.com/bot.html)"
66.249.74.10 - - [26/Sep/2026:12:19:53 +0000] "GET /about-1/?action=edit&file=opcode.pyc&path=%2F%2Flib64%2Fpython2.7 HTTP/1.1" 200 16813 "-" "Mozilla/5.0 (Linux; Android 6.0.1; Nexus 5X Build/MMB29P) AppleWebKit/537.36 (KHTML, like Gecko) Chrome/153.0.8010.52 Mobile Safari/537.36 (compatible; GoogleOther)"
66.249.74.11 - - [26/Sep/2026:12:19:54 +0000] "GET /?shop/items/O197747130 HTTP/1.1" 200 1395 "-" "Mozilla/5.0 (Linux; Android 6.0.1; Nexus 5X Build/MMB29P) AppleWebKit/537.36 (KHTML, like Gecko) Chrome/154.0.8037.57 Mobile Safari/537.36 (compatible; Googlebot/2.1; +http://www.google.com/bot.html)"
66.249.74.11 - - [26/Sep/2026:12:19:55 +0000] "GET /?shop/items/T208283959 HTTP/1.1" 200 1394 "-" "Mozilla/5.0 (Linux; Android 6.0.1; Nexus 5X Build/MMB29P) AppleWebKit/537.36 (KHTML, like Gecko) Chrome/154.0.8037.57 Mobile Safari/537.36 (compatible; Googlebot/2.1; +http://www.google.com/bot.html)"
66.249.74.12 - - [26/Sep/2026:12:19:55 +0000] "GET /?shop/items/T123714236 HTTP/1.1" 200 1394 "-" "Mozilla/5.0 (Linux; Android 6.0.1; Nexus 5X Build/MMB29P) AppleWebKit/537.36 (KHTML, like Gecko) Chrome/154.0.8037.57 Mobile Safari/537.36 (compatible; Googlebot/2.1; +http://www.google.com/bot.html)"
66.249.74.12 - - [26/Sep/2026:12:19:56 +0000] "GET /about-1/?action=edit&file=upgrade.php&path=%2F%2Fvar%2Fsoftaculous%2Fcmssimple HTTP/1.1" 200 18419 "-" "Mozilla/5.0 (Linux; Android 6.0.1; Nexus 5X Build/MMB29P) AppleWebKit/537.36 (KHTML, like Gecko) Chrome/153.0.8010.52 Mobile Safari/537.36 (compatible; GoogleOther)"
66.249.74.11 - - [26/Sep/2026:12:19:56 +0000] "GET /?shop/items/H263612039 HTTP/1.1" 200 1394 "-" "Mozilla/5.0 (Linux; Android 6.0.1; Nexus 5X Build/MMB29P) AppleWebKit/537.36 (KHTML, like Gecko) Chrome/154.0.8037.57 Mobile Safari/537.36 (compatible; Googlebot/2.1; +http://www.google.com/bot.html)"
66.249.74.12 - - [26/Sep/2026:12:19:56 +0000] "GET /?shop/items/O187767787 HTTP/1.1" 200 1394 "-" "Mozilla/5.0 (Linux; Android 6.0.1; Nexus 5X Build/MMB29P) AppleWebKit/537.36 (KHTML, like Gecko) Chrome/154.0.8037.57 Mobile Safari/537.36 (compatible; Googlebot/2.1; +http://www.google.com/bot.html)"
74.7.243.235 - - [26/Sep/2026:12:19:57 +0000] "GET /?p=1242 HTTP/1.1" 429 0 "https://osdg.ngo" "Mozilla/5.0 AppleWebKit/537.36 (KHTML, like Gecko; compatible; GPTBot/1.4; +https://openai.com/gptbot)"
66.249.74.10 - - [26/Sep/2026:12:19:58 +0000] "GET /?shop/items/F288788776 HTTP/1.1" 200 1394 "-" "Mozilla/5.0 (Linux; Android 6.0.1; Nexus 5X Build/MMB29P) AppleWebKit/537.36 (KHTML, like Gecko) Chrome/154.0.8037.57 Mobile Safari/537.36 (compatible; Googlebot/2.1; +http://www.google.com/bot.html)"
66.249.74.11 - - [26/Sep/2026:12:19:58 +0000] "GET /?shop/items/N415725134 HTTP/1.1" 200 1394 "-" "Mozilla/5.0 (Linux; Android 6.0.1; Nexus 5X Build/MMB29P) AppleWebKit/537.36 (KHTML, like Gecko) Chrome/154.0.8037.57 Mobile Safari/537.36 (compatible; Googlebot/2.1; +http://www.google.com/bot.html)"
66.249.74.10 - - [26/Sep/2026:12:19:58 +0000] "GET /about-1/?action=edit&file=collections.pyo&path=%2F%2Flib64%2Fpython2.7 HTTP/1.1" 200 24101 "-" "Mozilla/5.0 (Linux; Android 6.0.1; Nexus 5X Build/MMB29P) AppleWebKit/537.36 (KHTML, like Gecko) Chrome/153.0.8010.52 Mobile Safari/537.36 (compatible; GoogleOther)"
66.249.74.10 - - [26/Sep/2026:12:19:59 +0000] "GET /?shop/items/X160168565 HTTP/1.1" 200 1394 "-" "Mozilla/5.0 (Linux; Android 6.0.1; Nexus 5X Build/MMB29P) AppleWebKit/537.36 (KHTML, like Gecko) Chrome/154.0.8037.57 Mobile Safari/537.36 (compatible; Googlebot/2.1; +http://www.google.com/bot.html)"
66.249.74.12 - - [26/Sep/2026:12:20:00 +0000] "GET /?shop/items/O479092021 HTTP/1.1" 200 1394 "-" "Mozilla/5.0 (Linux; Android 6.0.1; Nexus 5X Build/MMB29P) AppleWebKit/537.36 (KHTML, like Gecko) Chrome/154.0.8037.57 Mobile Safari/537.36 (compatible; Googlebot/2.1; +http://www.google.com/bot.html)"
66.249.74.10 - - [26/Sep/2026:12:20:01 +0000] "GET /about-1/?path=%2F%2Fvar%2Fsoftaculous%2Fzentao%2Fimages HTTP/1.1" 200 14953 "-" "Mozilla/5.0 (Linux; Android 6.0.1; Nexus 5X Build/MMB29P) AppleWebKit/537.36 (KHTML, like Gecko) Chrome/153.0.8010.52 Mobile Safari/537.36 (compatible; GoogleOther)"
66.249.74.10 - - [26/Sep/2026:12:20:01 +0000] "GET /?shop/items/V351297357 HTTP/1.1" 200 1394 "-" "Mozilla/5.0 (Linux; Android 6.0.1; Nexus 5X Build/MMB29P) AppleWebKit/537.36 (KHTML, like Gecko) Chrome/154.0.8037.57 Mobile Safari/537.36 (compatible; Googlebot/2.1; +http://www.google.com/bot.html)"
66.249.74.11 - - [26/Sep/2026:12:20:01 +0000] "GET /?shop/items/E353956994 HTTP/1.1" 200 1394 "-" "Mozilla/5.0 (Linux; Android 6.0.1; Nexus 5X Build/MMB29P) AppleWebKit/537.36 (KHTML, like Gecko) Chrome/154.0.8037.57 Mobile Safari/537.36 (compatible; Googlebot/2.1; +http://www.google.com/bot.html)"
