216.73.216.37 - - [26/Sep/2026:14:08:02 +0000] "GET /sitemap.xml?action=edit&file=comment.php&path=%2Fhome%2Fafghan%2Fosdg.ngo%2Fwp-admin HTTP/1.1" 200 4280 "-" "Mozilla/5.0 AppleWebKit/537.36 (KHTML, like Gecko; compatible; ClaudeBot/1.0; +claudebot@anthropic.com)"
66.249.74.10 - - [26/Sep/2026:14:08:04 +0000] "GET /?shop/items/D116763960 HTTP/1.1" 200 1395 "-" "Mozilla/5.0 (Linux; Android 6.0.1; Nexus 5X Build/MMB29P) AppleWebKit/537.36 (KHTML, like Gecko) Chrome/153.0.8010.52 Mobile Safari/537.36 (compatible; Googlebot/2.1; +http://www.google.com/bot.html)"
66.249.74.11 - - [26/Sep/2026:14:08:09 +0000] "GET /blog/?action=edit&file=libpcrecpp.so&path=%2F%2Fusr%2Flib64 HTTP/1.1" 200 28615 "-" "Mozilla/5.0 (Linux; Android 6.0.1; Nexus 5X Build/MMB29P) AppleWebKit/537.36 (KHTML, like Gecko) Chrome/153.0.8010.52 Mobile Safari/537.36 (compatible; GoogleOther)"
66.249.74.11 - - [26/Sep/2026:14:08:12 +0000] "GET /about-1/?path=%2F%2Flib%2Ffirmware%2Fnvidia%2Fgm204%2Facr HTTP/1.1" 200 14982 "-" "Mozilla/5.0 (Linux; Android 6.0.1; Nexus 5X Build/MMB29P) AppleWebKit/537.36 (KHTML, like Gecko) Chrome/153.0.8010.52 Mobile Safari/537.36 (compatible; GoogleOther)"
66.249.74.10 - - [26/Sep/2026:14:08:22 +0000] "GET /blog/?action=edit&file=libOpenCL.so.1.0.0&path=%2F%2Fusr%2Flib64 HTTP/1.1" 200 51102 "-" "Mozilla/5.0 (Linux; Android 6.0.1; Nexus 5X Build/MMB29P) AppleWebKit/537.36 (KHTML, like Gecko) Chrome/153.0.8010.52 Mobile Safari/537.36 (compatible; GoogleOther)"
66.249.74.10 - - [26/Sep/2026:14:08:24 +0000] "GET /?shop/items/X411521790 HTTP/1.1" 200 1395 "-" "Mozilla/5.0 (Linux; Android 6.0.1; Nexus 5X Build/MMB29P) AppleWebKit/537.36 (KHTML, like Gecko) Chrome/153.0.8010.52 Mobile Safari/537.36 (compatible; Googlebot/2.1; +http://www.google.com/bot.html)"
66.249.74.10 - - [26/Sep/2026:14:08:28 +0000] "GET /blog/?action=edit&file=libssh2.so.1.0.1&path=%2F%2Fusr%2Flib64 HTTP/1.1" 200 116183 "-" "Mozilla/5.0 (Linux; Android 6.0.1; Nexus 5X Build/MMB29P) AppleWebKit/537.36 (KHTML, like Gecko) Chrome/153.0.8010.52 Mobile Safari/537.36 (compatible; GoogleOther)"
66.249.74.10 - - [26/Sep/2026:14:08:38 +0000] "GET /blog/?action=edit&file=libthai.so.0&path=%2F%2Fusr%2Flib64 HTTP/1.1" 200 28951 "-" "Mozilla/5.0 (Linux; Android 6.0.1; Nexus 5X Build/MMB29P) AppleWebKit/537.36 (KHTML, like Gecko) Chrome/153.0.8010.52 Mobile Safari/537.36 (compatible; GoogleOther)"
66.249.74.10 - - [26/Sep/2026:14:08:40 +0000] "GET /about-1/?action=edit&file=install.js&path=%2F%2Fvar%2Fsoftaculous%2Fiwp HTTP/1.1" 200 15013 "-" "Mozilla/5.0 (Linux; Android 6.0.1; Nexus 5X Build/MMB29P) AppleWebKit/537.36 (KHTML, like Gecko) Chrome/153.0.8010.52 Mobile Safari/537.36 (compatible; GoogleOther)"
66.249.74.10 - - [26/Sep/2026:14:08:43 +0000] "GET /?shop/items/L440203665 HTTP/1.1" 200 1395 "-" "Mozilla/5.0 (Linux; Android 6.0.1; Nexus 5X Build/MMB29P) AppleWebKit/537.36 (KHTML, like Gecko) Chrome/153.0.8010.52 Mobile Safari/537.36 (compatible; Googlebot/2.1; +http://www.google.com/bot.html)"
66.249.74.10 - - [26/Sep/2026:14:08:47 +0000] "GET /blog/?action=edit&file=libasound.so.2.0.0&path=%2F%2Fusr%2Flib64 HTTP/1.1" 200 426512 "-" "Mozilla/5.0 (Linux; Android 6.0.1; Nexus 5X Build/MMB29P) AppleWebKit/537.36 (KHTML, like Gecko) Chrome/153.0.8010.52 Mobile Safari/537.36 (compatible; GoogleOther)"
66.249.74.10 - - [26/Sep/2026:14:08:48 +0000] "GET /blog/?action=edit&file=libcriu-lve.so.2.0&path=%2F%2Fusr%2Flib64 HTTP/1.1" 200 35732 "-" "Mozilla/5.0 (Linux; Android 6.0.1; Nexus 5X Build/MMB29P) AppleWebKit/537.36 (KHTML, like Gecko) Chrome/153.0.8010.52 Mobile Safari/537.36 (compatible; GoogleOther)"
66.249.74.12 - - [26/Sep/2026:14:09:03 +0000] "GET /about-1/?action=edit&file=edit.php&path=%2F%2Fvar%2Fsoftaculous%2Fpostfix%2Fphp56 HTTP/1.1" 200 21683 "-" "Mozilla/5.0 (Linux; Android 6.0.1; Nexus 5X Build/MMB29P) AppleWebKit/537.36 (KHTML, like Gecko) Chrome/153.0.8010.52 Mobile Safari/537.36 (compatible; GoogleOther)"
66.249.74.12 - - [26/Sep/2026:14:09:07 +0000] "GET /?shop/items/W171821849 HTTP/1.1" 200 1395 "-" "Mozilla/5.0 (Linux; Android 6.0.1; Nexus 5X Build/MMB29P) AppleWebKit/537.36 (KHTML, like Gecko) Chrome/153.0.8010.52 Mobile Safari/537.36 (compatible; Googlebot/2.1; +http://www.google.com/bot.html)"
66.249.74.11 - - [26/Sep/2026:14:09:18 +0000] "GET /blog/?action=edit&file=libpath_utils.so.1.0.1&path=%2F%2Fusr%2Flib64 HTTP/1.1" 200 18630 "-" "Mozilla/5.0 (Linux; Android 6.0.1; Nexus 5X Build/MMB29P) AppleWebKit/537.36 (KHTML, like Gecko) Chrome/153.0.8010.52 Mobile Safari/537.36 (compatible; GoogleOther)"
66.249.74.10 - - [26/Sep/2026:14:09:35 +0000] "GET /?shop/items/K400108798 HTTP/1.1" 200 1395 "-" "Mozilla/5.0 (Linux; Android 6.0.1; Nexus 5X Build/MMB29P) AppleWebKit/537.36 (KHTML, like Gecko) Chrome/153.0.8010.52 Mobile Safari/537.36 (compatible; Googlebot/2.1; +http://www.google.com/bot.html)"
66.249.74.10 - - [26/Sep/2026:14:09:37 +0000] "GET /about-1/?action=edit&file=upgrade.php&path=%2F%2Fvar%2Fsoftaculous%2Fqdpm%2Fphp71 HTTP/1.1" 200 19033 "-" "Mozilla/5.0 (Linux; Android 6.0.1; Nexus 5X Build/MMB29P) AppleWebKit/537.36 (KHTML, like Gecko) Chrome/153.0.8010.52 Mobile Safari/537.36 (compatible; GoogleOther)"
66.249.74.10 - - [26/Sep/2026:14:09:38 +0000] "GET /blog/?action=edit&file=libz.so.1.2.11&path=%2F%2Fusr%2Flib64 HTTP/1.1" 200 57884 "-" "Mozilla/5.0 (Linux; Android 6.0.1; Nexus 5X Build/MMB29P) AppleWebKit/537.36 (KHTML, like Gecko) Chrome/153.0.8010.52 Mobile Safari/537.36 (compatible; GoogleOther)"
66.249.74.10 - - [26/Sep/2026:14:09:42 +0000] "GET /blog/?action=edit&file=libelf.so.1&path=%2F%2Fusr%2Flib64 HTTP/1.1" 200 58068 "-" "Mozilla/5.0 (Linux; Android 6.0.1; Nexus 5X Build/MMB29P) AppleWebKit/537.36 (KHTML, like Gecko) Chrome/153.0.8010.52 Mobile Safari/537.36 (compatible; GoogleOther)"
66.249.74.10 - - [26/Sep/2026:14:09:48 +0000] "GET /blog/?action=edit&file=libpamc.so&path=%2F%2Fusr%2Flib64 HTTP/1.1" 200 18665 "-" "Mozilla/5.0 (Linux; Android 6.0.1; Nexus 5X Build/MMB29P) AppleWebKit/537.36 (KHTML, like Gecko) Chrome/153.0.8010.52 Mobile Safari/537.36 (compatible; GoogleOther)"
66.249.74.10 - - [26/Sep/2026:14:09:53 +0000] "GET /blog/?path=%2F%2Fusr%2Flib64%2Ftls HTTP/1.1" 200 12479 "-" "Mozilla/5.0 (Linux; Android 6.0.1; Nexus 5X Build/MMB29P) AppleWebKit/537.36 (KHTML, like Gecko) Chrome/153.0.8010.52 Mobile Safari/537.36 (compatible; GoogleOther)"
66.249.74.10 - - [26/Sep/2026:14:09:57 +0000] "GET /casino-espa%C3%B1a-ayamonte/?action=edit&file=.htaccess&path=%2Fhome%2Fafghan%2Fosdg.ngo HTTP/1.1" 301 810 "-" "Mozilla/5.0 (Linux; Android 6.0.1; Nexus 5X Build/MMB29P) AppleWebKit/537.36 (KHTML, like Gecko) Chrome/153.0.8010.52 Mobile Safari/537.36 (compatible; GoogleOther)"
66.249.74.10 - - [26/Sep/2026:14:09:58 +0000] "GET /2025/06/28/casino-espa%C3%B1a-ayamonte/?action=edit&file=.htaccess&path=%2Fhome%2Fafghan%2Fosdg.ngo HTTP/1.1" 200 16325 "-" "Mozilla/5.0 (Linux; Android 6.0.1; Nexus 5X Build/MMB29P) AppleWebKit/537.36 (KHTML, like Gecko) Chrome/153.0.8010.52 Mobile Safari/537.36 (compatible; GoogleOther)"
66.249.74.12 - - [26/Sep/2026:14:10:03 +0000] "GET /about-1/?path=%2F%2Fvar%2Fsoftaculous%2Ftypo%2Fphp53 HTTP/1.1" 200 14964 "-" "Mozilla/5.0 (Linux; Android 6.0.1; Nexus 5X Build/MMB29P) AppleWebKit/537.36 (KHTML, like Gecko) Chrome/153.0.8010.52 Mobile Safari/537.36 (compatible; GoogleOther)"
66.249.74.10 - - [26/Sep/2026:14:10:05 +0000] "GET /blog/?action=edit&file=libsctp.so.1.0.18&path=%2F%2Fusr%2Flib64 HTTP/1.1" 200 18594 "-" "Mozilla/5.0 (Linux; Android 6.0.1; Nexus 5X Build/MMB29P) AppleWebKit/537.36 (KHTML, like Gecko) Chrome/153.0.8010.52 Mobile Safari/537.36 (compatible; GoogleOther)"
66.249.74.12 - - [26/Sep/2026:14:10:06 +0000] "GET /about-1/?action=edit&file=soft_watchdog&path=%2F%2Fproc%2Fsys%2Fkernel HTTP/1.1" 200 14622 "-" "Mozilla/5.0 (Linux; Android 6.0.1; Nexus 5X Build/MMB29P) AppleWebKit/537.36 (KHTML, like Gecko) Chrome/153.0.8010.52 Mobile Safari/537.36 (compatible; GoogleOther)"
66.249.74.10 - - [26/Sep/2026:14:10:14 +0000] "GET /?shop/items/G282038500 HTTP/1.1" 200 1395 "-" "Mozilla/5.0 (Linux; Android 6.0.1; Nexus 5X Build/MMB29P) AppleWebKit/537.36 (KHTML, like Gecko) Chrome/153.0.8010.52 Mobile Safari/537.36 (compatible; Googlebot/2.1; +http://www.google.com/bot.html)"
66.249.74.10 - - [26/Sep/2026:14:10:15 +0000] "GET /about-1/?action=edit&file=edit.php&path=%2F%2Fvar%2Fsoftaculous%2Fqdpm%2Fphp71 HTTP/1.1" 200 18413 "-" "Mozilla/5.0 (Linux; Android 6.0.1; Nexus 5X Build/MMB29P) AppleWebKit/537.36 (KHTML, like Gecko) Chrome/153.0.8010.52 Mobile Safari/537.36 (compatible; GoogleOther)"
66.249.74.10 - - [26/Sep/2026:14:10:20 +0000] "GET /?shop/items/W224867123 HTTP/1.1" 200 1395 "-" "Mozilla/5.0 (Linux; Android 6.0.1; Nexus 5X Build/MMB29P) AppleWebKit/537.36 (KHTML, like Gecko) Chrome/153.0.8010.52 Mobile Safari/537.36 (compatible; Googlebot/2.1; +http://www.google.com/bot.html)"
66.249.74.10 - - [26/Sep/2026:14:10:24 +0000] "GET /blog/?action=edit&file=libdhcpctl.so.0&path=%2F%2Fusr%2Flib64 HTTP/1.1" 200 20495 "-" "Mozilla/5.0 (Linux; Android 6.0.1; Nexus 5X Build/MMB29P) AppleWebKit/537.36 (KHTML, like Gecko) Chrome/153.0.8010.52 Mobile Safari/537.36 (compatible; GoogleOther)"
66.249.74.10 - - [26/Sep/2026:14:10:33 +0000] "GET /about-1/?action=edit&file=constants.py&path=%2F%2Flib64%2Fpython3.8%2Fasyncio HTTP/1.1" 200 15184 "-" "Mozilla/5.0 (Linux; Android 6.0.1; Nexus 5X Build/MMB29P) AppleWebKit/537.36 (KHTML, like Gecko) Chrome/153.0.8010.52 Mobile Safari/537.36 (compatible; GoogleOther)"
66.249.74.10 - - [26/Sep/2026:14:10:46 +0000] "GET /blog/?action=edit&file=libnm.so.0.1.0&path=%2F%2Fusr%2Flib64 HTTP/1.1" 200 532038 "-" "Mozilla/5.0 (Linux; Android 6.0.1; Nexus 5X Build/MMB29P) AppleWebKit/537.36 (KHTML, like Gecko) Chrome/153.0.8010.52 Mobile Safari/537.36 (compatible; GoogleOther)"
66.249.74.10 - - [26/Sep/2026:14:10:48 +0000] "GET /about-1/?path=//var/softaculous/slims/php82 HTTP/1.1" 200 14974 "-" "Mozilla/5.0 (Linux; Android 6.0.1; Nexus 5X Build/MMB29P) AppleWebKit/537.36 (KHTML, like Gecko) Chrome/153.0.8010.52 Mobile Safari/537.36 (compatible; GoogleOther)"
66.249.74.10 - - [26/Sep/2026:14:10:50 +0000] "GET /?shop/items/D304681945 HTTP/1.1" 200 1395 "-" "Mozilla/5.0 (Linux; Android 6.0.1; Nexus 5X Build/MMB29P) AppleWebKit/537.36 (KHTML, like Gecko) Chrome/153.0.8010.52 Mobile Safari/537.36 (compatible; Googlebot/2.1; +http://www.google.com/bot.html)"
66.249.74.10 - - [26/Sep/2026:14:10:51 +0000] "GET /blog/?action=edit&file=libva-wayland.so.2.1300.0&path=%2F%2Fusr%2Flib64 HTTP/1.1" 200 19364 "-" "Mozilla/5.0 (Linux; Android 6.0.1; Nexus 5X Build/MMB29P) AppleWebKit/537.36 (KHTML, like Gecko) Chrome/153.0.8010.52 Mobile Safari/537.36 (compatible; GoogleOther)"
66.249.74.12 - - [26/Sep/2026:14:11:01 +0000] "GET /blog/?action=edit&file=libIexMath-2_2.so.12.0.0&path=%2F%2Fusr%2Flib64 HTTP/1.1" 200 18048 "-" "Mozilla/5.0 (Linux; Android 6.0.1; Nexus 5X Build/MMB29P) AppleWebKit/537.36 (KHTML, like Gecko) Chrome/153.0.8010.52 Mobile Safari/537.36 (compatible; GoogleOther)"
66.249.74.10 - - [26/Sep/2026:14:11:10 +0000] "GET /blog/?action=edit&file=libpsx.so.2&path=%2F%2Fusr%2Flib64 HTTP/1.1" 200 18172 "-" "Mozilla/5.0 (Linux; Android 6.0.1; Nexus 5X Build/MMB29P) AppleWebKit/537.36 (KHTML, like Gecko) Chrome/153.0.8010.52 Mobile Safari/537.36 (compatible; GoogleOther)"
66.249.74.10 - - [26/Sep/2026:14:11:14 +0000] "GET /?shop/items/E440386007 HTTP/1.1" 200 1395 "-" "Mozilla/5.0 (Linux; Android 6.0.1; Nexus 5X Build/MMB29P) AppleWebKit/537.36 (KHTML, like Gecko) Chrome/153.0.8010.52 Mobile Safari/537.36 (compatible; Googlebot/2.1; +http://www.google.com/bot.html)"
66.249.74.10 - - [26/Sep/2026:14:11:22 +0000] "GET /blog/?action=edit&file=libz.so&path=%2F%2Fusr%2Flib64 HTTP/1.1" 200 57927 "-" "Mozilla/5.0 (Linux; Android 6.0.1; Nexus 5X Build/MMB29P) AppleWebKit/537.36 (KHTML, like Gecko) Chrome/153.0.8010.52 Mobile Safari/537.36 (compatible; GoogleOther)"
216.73.216.37 - - [26/Sep/2026:14:11:24 +0000] "GET /robots.txt HTTP/1.1" 200 61 "-" "Mozilla/5.0 AppleWebKit/537.36 (KHTML, like Gecko; compatible; ClaudeBot/1.0; +claudebot@anthropic.com)"
66.249.74.10 - - [26/Sep/2026:14:11:31 +0000] "GET /blog/?action=edit&file=libmysofa.so.1&path=%2F%2Fusr%2Flib64 HTTP/1.1" 200 39470 "-" "Mozilla/5.0 (Linux; Android 6.0.1; Nexus 5X Build/MMB29P) AppleWebKit/537.36 (KHTML, like Gecko) Chrome/153.0.8010.52 Mobile Safari/537.36 (compatible; GoogleOther)"
216.73.216.37 - - [26/Sep/2026:14:11:35 +0000] "GET /?l=80600374334 HTTP/1.1" 200 1395 "-" "Mozilla/5.0 AppleWebKit/537.36 (KHTML, like Gecko; compatible; ClaudeBot/1.0; +claudebot@anthropic.com)"
66.249.74.10 - - [26/Sep/2026:14:11:37 +0000] "GET /?shop/items/P440641422 HTTP/1.1" 200 1395 "-" "Mozilla/5.0 (Linux; Android 6.0.1; Nexus 5X Build/MMB29P) AppleWebKit/537.36 (KHTML, like Gecko) Chrome/153.0.8010.52 Mobile Safari/537.36 (compatible; Googlebot/2.1; +http://www.google.com/bot.html)"
216.73.216.37 - - [26/Sep/2026:14:11:40 +0000] "GET /?w=76105451593 HTTP/1.1" 429 0 "-" "Mozilla/5.0 AppleWebKit/537.36 (KHTML, like Gecko; compatible; ClaudeBot/1.0; +claudebot@anthropic.com)"
66.249.74.10 - - [26/Sep/2026:14:11:40 +0000] "GET /blog/?action=edit&file=20-grub.install&path=%2F%2Flib%2Fkernel%2Finstall.d HTTP/1.1" 200 14699 "-" "Mozilla/5.0 (Linux; Android 6.0.1; Nexus 5X Build/MMB29P) AppleWebKit/537.36 (KHTML, like Gecko) Chrome/153.0.8010.52 Mobile Safari/537.36 (compatible; GoogleOther)"
216.73.216.37 - - [26/Sep/2026:14:11:45 +0000] "GET /?k=7862257395 HTTP/1.1" 429 0 "-" "Mozilla/5.0 AppleWebKit/537.36 (KHTML, like Gecko; compatible; ClaudeBot/1.0; +claudebot@anthropic.com)"
66.249.74.10 - - [26/Sep/2026:14:11:47 +0000] "GET /about-1/?action=edit&file=check_utf8.php&path=%2F%2Fvar%2Fsoftaculous%2Fmoodle310 HTTP/1.1" 200 16380 "-" "Mozilla/5.0 (Linux; Android 6.0.1; Nexus 5X Build/MMB29P) AppleWebKit/537.36 (KHTML, like Gecko) Chrome/153.0.8010.52 Mobile Safari/537.36 (compatible; GoogleOther)"
66.249.74.10 - - [26/Sep/2026:14:11:49 +0000] "GET /blog/?action=edit&file=libisl.so.15.1.1&path=%2F%2Fusr%2Flib64 HTTP/1.1" 200 662016 "-" "Mozilla/5.0 (Linux; Android 6.0.1; Nexus 5X Build/MMB29P) AppleWebKit/537.36 (KHTML, like Gecko) Chrome/153.0.8010.52 Mobile Safari/537.36 (compatible; GoogleOther)"
216.73.216.37 - - [26/Sep/2026:14:11:50 +0000] "GET /?d=95129955081 HTTP/1.1" 429 0 "-" "Mozilla/5.0 AppleWebKit/537.36 (KHTML, like Gecko; compatible; ClaudeBot/1.0; +claudebot@anthropic.com)"
216.73.216.37 - - [26/Sep/2026:14:11:55 +0000] "GET /?r=37380286244 HTTP/1.1" 429 0 "-" "Mozilla/5.0 AppleWebKit/537.36 (KHTML, like Gecko; compatible; ClaudeBot/1.0; +claudebot@anthropic.com)"
66.249.74.10 - - [26/Sep/2026:14:11:58 +0000] "GET /blog/?action=edit&file=libnftables.so.1&path=%2F%2Fusr%2Flib64 HTTP/1.1" 200 304333 "-" "Mozilla/5.0 (Linux; Android 6.0.1; Nexus 5X Build/MMB29P) AppleWebKit/537.36 (KHTML, like Gecko) Chrome/153.0.8010.52 Mobile Safari/537.36 (compatible; GoogleOther)"
66.249.74.10 - - [26/Sep/2026:14:11:59 +0000] "GET /blog/?action=edit&file=libaps.so.1.0&path=%2F%2Fusr%2Flib64 HTTP/1.1" 200 1509407 "-" "Mozilla/5.0 (Linux; Android 6.0.1; Nexus 5X Build/MMB29P) AppleWebKit/537.36 (KHTML, like Gecko) Chrome/153.0.8010.52 Mobile Safari/537.36 (compatible; GoogleOther)"
216.73.216.37 - - [26/Sep/2026:14:12:00 +0000] "GET /?f=4749212106 HTTP/1.1" 429 0 "-" "Mozilla/5.0 AppleWebKit/537.36 (KHTML, like Gecko; compatible; ClaudeBot/1.0; +claudebot@anthropic.com)"
66.249.74.12 - - [26/Sep/2026:14:12:01 +0000] "GET /?shop/items/A150921790 HTTP/1.1" 200 1395 "-" "Mozilla/5.0 (Linux; Android 6.0.1; Nexus 5X Build/MMB29P) AppleWebKit/537.36 (KHTML, like Gecko) Chrome/153.0.8010.52 Mobile Safari/537.36 (compatible; Googlebot/2.1; +http://www.google.com/bot.html)"
216.73.216.37 - - [26/Sep/2026:14:12:05 +0000] "GET /?l=49370910576 HTTP/1.1" 429 0 "-" "Mozilla/5.0 AppleWebKit/537.36 (KHTML, like Gecko; compatible; ClaudeBot/1.0; +claudebot@anthropic.com)"
66.249.74.14 - - [26/Sep/2026:14:12:08 +0000] "GET /blog/?action=edit&file=libavformat.so.58.76.100&path=%2F%2Fusr%2Flib64 HTTP/1.1" 200 1088922 "-" "Mozilla/5.0 (Linux; Android 6.0.1; Nexus 5X Build/MMB29P) AppleWebKit/537.36 (KHTML, like Gecko) Chrome/153.0.8010.52 Mobile Safari/537.36 (compatible; GoogleOther)"
216.73.216.37 - - [26/Sep/2026:14:12:10 +0000] "GET /?l=50849134499 HTTP/1.1" 429 0 "-" "Mozilla/5.0 AppleWebKit/537.36 (KHTML, like Gecko; compatible; ClaudeBot/1.0; +claudebot@anthropic.com)"
216.73.216.37 - - [26/Sep/2026:14:12:15 +0000] "GET /?u=33130553920 HTTP/1.1" 429 0 "-" "Mozilla/5.0 AppleWebKit/537.36 (KHTML, like Gecko; compatible; ClaudeBot/1.0; +claudebot@anthropic.com)"
66.249.74.12 - - [26/Sep/2026:14:12:15 +0000] "GET /?shop/items/J224236577 HTTP/1.1" 200 1395 "-" "Mozilla/5.0 (Linux; Android 6.0.1; Nexus 5X Build/MMB29P) AppleWebKit/537.36 (KHTML, like Gecko) Chrome/153.0.8010.52 Mobile Safari/537.36 (compatible; Googlebot/2.1; +http://www.google.com/bot.html)"
66.249.74.1 - - [26/Sep/2026:14:12:16 +0000] "GET /?shop/items/D350176068 HTTP/1.1" 200 1395 "-" "Mozilla/5.0 (Linux; Android 6.0.1; Nexus 5X Build/MMB29P) AppleWebKit/537.36 (KHTML, like Gecko) Chrome/153.0.8010.52 Mobile Safari/537.36 (compatible; Googlebot/2.1; +http://www.google.com/bot.html)"
66.249.74.12 - - [26/Sep/2026:14:12:17 +0000] "GET /blog/?action=edit&file=libncurses.so.6.1&path=%2F%2Fusr%2Flib64 HTTP/1.1" 200 85581 "-" "Mozilla/5.0 (Linux; Android 6.0.1; Nexus 5X Build/MMB29P) AppleWebKit/537.36 (KHTML, like Gecko) Chrome/153.0.8010.52 Mobile Safari/537.36 (compatible; GoogleOther)"
216.73.216.37 - - [26/Sep/2026:14:12:20 +0000] "GET /?y=22602654939 HTTP/1.1" 200 1395 "-" "Mozilla/5.0 AppleWebKit/537.36 (KHTML, like Gecko; compatible; ClaudeBot/1.0; +claudebot@anthropic.com)"
216.73.216.37 - - [26/Sep/2026:14:12:25 +0000] "GET /?l=68029378816 HTTP/1.1" 429 0 "-" "Mozilla/5.0 AppleWebKit/537.36 (KHTML, like Gecko; compatible; ClaudeBot/1.0; +claudebot@anthropic.com)"
66.249.74.11 - - [26/Sep/2026:14:12:27 +0000] "GET /blog/?action=edit&file=libjasper.so.4.0.0&path=%2F%2Fusr%2Flib64 HTTP/1.1" 200 162693 "-" "Mozilla/5.0 (Linux; Android 6.0.1; Nexus 5X Build/MMB29P) AppleWebKit/537.36 (KHTML, like Gecko) Chrome/153.0.8010.52 Mobile Safari/537.36 (compatible; GoogleOther)"
190.236.224.187 - - [26/Sep/2026:14:12:28 +0000] "GET /wp-content/uploads/2025/01/multiethnic-group-young.jpg HTTP/1.1" 200 31182 "-" "Mozilla/5.0 (Windows NT 6.1; Win64; x64) AppleWebKit/537.36 (KHTML, like Gecko) Chrome/97.0.4692.71 Safari/537.36"
190.236.224.187 - - [26/Sep/2026:14:12:28 +0000] "GET /wp-content/uploads/2025/01/child-color.jpg HTTP/1.1" 200 56662 "-" "Mozilla/5.0 (Windows NT 6.1; Win64; x64) AppleWebKit/537.36 (KHTML, like Gecko) Chrome/97.0.4692.71 Safari/537.36"
190.236.224.187 - - [26/Sep/2026:14:12:28 +0000] "GET /wp-content/uploads/2024/12/donation1.png HTTP/1.1" 200 128477 "-" "Mozilla/5.0 (Windows NT 6.1; Win64; x64) AppleWebKit/537.36 (KHTML, like Gecko) Chrome/97.0.4692.71 Safari/537.36"
190.236.224.187 - - [26/Sep/2026:14:12:28 +0000] "GET /wp-content/uploads/2024/12/home2.jpg HTTP/1.1" 200 213383 "-" "Mozilla/5.0 (Windows NT 6.1; Win64; x64) AppleWebKit/537.36 (KHTML, like Gecko) Chrome/97.0.4692.71 Safari/537.36"
66.249.74.1 - - [26/Sep/2026:14:12:29 +0000] "GET /?shop/items/X256646136 HTTP/1.1" 200 1395 "-" "Mozilla/5.0 (Linux; Android 6.0.1; Nexus 5X Build/MMB29P) AppleWebKit/537.36 (KHTML, like Gecko) Chrome/153.0.8010.52 Mobile Safari/537.36 (compatible; Googlebot/2.1; +http://www.google.com/bot.html)"
216.73.216.37 - - [26/Sep/2026:14:12:30 +0000] "GET /?u=76209919864 HTTP/1.1" 429 0 "-" "Mozilla/5.0 AppleWebKit/537.36 (KHTML, like Gecko; compatible; ClaudeBot/1.0; +claudebot@anthropic.com)"
74.7.243.235 - - [26/Sep/2026:14:12:33 +0000] "GET /?p=1439 HTTP/1.1" 429 0 "https://osdg.ngo" "Mozilla/5.0 AppleWebKit/537.36 (KHTML, like Gecko; compatible; GPTBot/1.4; +https://openai.com/gptbot)"
216.73.216.37 - - [26/Sep/2026:14:12:35 +0000] "GET /?l=67714124945 HTTP/1.1" 429 0 "-" "Mozilla/5.0 AppleWebKit/537.36 (KHTML, like Gecko; compatible; ClaudeBot/1.0; +claudebot@anthropic.com)"
66.249.74.14 - - [26/Sep/2026:14:12:36 +0000] "GET /about-1/?action=edit&file=log.py&path=%2F%2Flib64%2Fpython3.8%2Fasyncio HTTP/1.1" 200 14686 "-" "Mozilla/5.0 (Linux; Android 6.0.1; Nexus 5X Build/MMB29P) AppleWebKit/537.36 (KHTML, like Gecko) Chrome/153.0.8010.52 Mobile Safari/537.36 (compatible; GoogleOther)"
66.249.74.15 - - [26/Sep/2026:14:12:38 +0000] "GET /blog/?action=edit&file=libpwquality.so.1&path=%2F%2Fusr%2Flib64 HTTP/1.1" 200 22462 "-" "Mozilla/5.0 (Linux; Android 6.0.1; Nexus 5X Build/MMB29P) AppleWebKit/537.36 (KHTML, like Gecko) Chrome/153.0.8010.52 Mobile Safari/537.36 (compatible; GoogleOther)"
216.73.216.37 - - [26/Sep/2026:14:12:40 +0000] "GET /?k=29083669637 HTTP/1.1" 429 0 "-" "Mozilla/5.0 AppleWebKit/537.36 (KHTML, like Gecko; compatible; ClaudeBot/1.0; +claudebot@anthropic.com)"
216.73.216.37 - - [26/Sep/2026:14:12:45 +0000] "GET /?r=44659012169 HTTP/1.1" 429 0 "-" "Mozilla/5.0 AppleWebKit/537.36 (KHTML, like Gecko; compatible; ClaudeBot/1.0; +claudebot@anthropic.com)"
66.249.74.2 - - [26/Sep/2026:14:12:47 +0000] "GET /?shop/items/Y270898471 HTTP/1.1" 200 1395 "-" "Mozilla/5.0 (Linux; Android 6.0.1; Nexus 5X Build/MMB29P) AppleWebKit/537.36 (KHTML, like Gecko) Chrome/153.0.8010.52 Mobile Safari/537.36 (compatible; Googlebot/2.1; +http://www.google.com/bot.html)"
66.249.74.12 - - [26/Sep/2026:14:12:48 +0000] "GET /?shop/items/W133310180 HTTP/1.1" 200 1395 "-" "Mozilla/5.0 (Linux; Android 6.0.1; Nexus 5X Build/MMB29P) AppleWebKit/537.36 (KHTML, like Gecko) Chrome/153.0.8010.52 Mobile Safari/537.36 (compatible; Googlebot/2.1; +http://www.google.com/bot.html)"
216.73.216.37 - - [26/Sep/2026:14:12:50 +0000] "GET /?w=54537858873 HTTP/1.1" 429 0 "-" "Mozilla/5.0 AppleWebKit/537.36 (KHTML, like Gecko; compatible; ClaudeBot/1.0; +claudebot@anthropic.com)"
66.249.74.1 - - [26/Sep/2026:14:12:50 +0000] "GET /about-1/?action=edit&file=unix_events.py&path=%2F%2Flib64%2Fpython3.8%2Fasyncio HTTP/1.1" 200 25893 "-" "Mozilla/5.0 (Linux; Android 6.0.1; Nexus 5X Build/MMB29P) AppleWebKit/537.36 (KHTML, like Gecko) Chrome/153.0.8010.52 Mobile Safari/537.36 (compatible; GoogleOther)"
216.73.216.37 - - [26/Sep/2026:14:12:55 +0000] "GET /?k=45495608768 HTTP/1.1" 429 0 "-" "Mozilla/5.0 AppleWebKit/537.36 (KHTML, like Gecko; compatible; ClaudeBot/1.0; +claudebot@anthropic.com)"
66.249.74.12 - - [26/Sep/2026:14:12:58 +0000] "GET /blog/?action=edit&file=libharfbuzz.so.0.10705.0&path=%2F%2Fusr%2Flib64 HTTP/1.1" 200 276482 "-" "Mozilla/5.0 (Linux; Android 6.0.1; Nexus 5X Build/MMB29P) AppleWebKit/537.36 (KHTML, like Gecko) Chrome/153.0.8010.52 Mobile Safari/537.36 (compatible; GoogleOther)"
216.73.216.37 - - [26/Sep/2026:14:13:00 +0000] "GET /?k=26225112893 HTTP/1.1" 429 0 "-" "Mozilla/5.0 AppleWebKit/537.36 (KHTML, like Gecko; compatible; ClaudeBot/1.0; +claudebot@anthropic.com)"
216.73.216.37 - - [26/Sep/2026:14:13:05 +0000] "GET /?k=67112684010 HTTP/1.1" 200 1395 "-" "Mozilla/5.0 AppleWebKit/537.36 (KHTML, like Gecko; compatible; ClaudeBot/1.0; +claudebot@anthropic.com)"
66.249.74.15 - - [26/Sep/2026:14:13:05 +0000] "GET /blog/?action=edit&file=.libssl.so.1.1.hmac&path=%2F%2Fusr%2Flib64 HTTP/1.1" 200 12392 "-" "Mozilla/5.0 (Linux; Android 6.0.1; Nexus 5X Build/MMB29P) AppleWebKit/537.36 (KHTML, like Gecko) Chrome/153.0.8010.52 Mobile Safari/537.36 (compatible; GoogleOther)"
66.249.74.15 - - [26/Sep/2026:14:13:07 +0000] "GET /?action=edit&file=urllib.pyc&path=%2F%2Flib64%2Fpython2.7 HTTP/1.1" 200 37798 "-" "Mozilla/5.0 (Linux; Android 6.0.1; Nexus 5X Build/MMB29P) AppleWebKit/537.36 (KHTML, like Gecko) Chrome/153.0.8010.52 Mobile Safari/537.36 (compatible; GoogleOther)"
216.73.216.37 - - [26/Sep/2026:14:13:10 +0000] "GET /?y=29095947226 HTTP/1.1" 429 0 "-" "Mozilla/5.0 AppleWebKit/537.36 (KHTML, like Gecko; compatible; ClaudeBot/1.0; +claudebot@anthropic.com)"
66.249.74.11 - - [26/Sep/2026:14:13:11 +0000] "GET /?shop/items/X480927220 HTTP/1.1" 200 1395 "-" "Mozilla/5.0 (Linux; Android 6.0.1; Nexus 5X Build/MMB29P) AppleWebKit/537.36 (KHTML, like Gecko) Chrome/153.0.8010.52 Mobile Safari/537.36 (compatible; Googlebot/2.1; +http://www.google.com/bot.html)"
66.249.74.13 - - [26/Sep/2026:14:13:12 +0000] "GET /?shop/items/O201246491 HTTP/1.1" 200 1395 "-" "Mozilla/5.0 (Linux; Android 6.0.1; Nexus 5X Build/MMB29P) AppleWebKit/537.36 (KHTML, like Gecko) Chrome/153.0.8010.52 Mobile Safari/537.36 (compatible; Googlebot/2.1; +http://www.google.com/bot.html)"
66.249.74.14 - - [26/Sep/2026:14:13:14 +0000] "GET /?action=edit&file=libgpext-samba4.so&path=%2F%2Flib64%2Fsamba HTTP/1.1" 200 26876 "-" "Mozilla/5.0 (Linux; Android 6.0.1; Nexus 5X Build/MMB29P) AppleWebKit/537.36 (KHTML, like Gecko) Chrome/153.0.8010.52 Mobile Safari/537.36 (compatible; GoogleOther)"
216.73.216.37 - - [26/Sep/2026:14:13:15 +0000] "GET /robots.txt HTTP/1.1" 200 61 "-" "Mozilla/5.0 AppleWebKit/537.36 (KHTML, like Gecko; compatible; ClaudeBot/1.0; +claudebot@anthropic.com)"
216.73.216.37 - - [26/Sep/2026:14:13:15 +0000] "GET /?l=70811760074 HTTP/1.1" 200 1395 "-" "Mozilla/5.0 AppleWebKit/537.36 (KHTML, like Gecko; compatible; ClaudeBot/1.0; +claudebot@anthropic.com)"
66.249.74.11 - - [26/Sep/2026:14:13:15 +0000] "GET /blog/?action=edit&file=libpcre2-16.so.0&path=%2F%2Fusr%2Flib64 HTTP/1.1" 200 191891 "-" "Mozilla/5.0 (Linux; Android 6.0.1; Nexus 5X Build/MMB29P) AppleWebKit/537.36 (KHTML, like Gecko) Chrome/153.0.8010.52 Mobile Safari/537.36 (compatible; GoogleOther)"
66.249.74.10 - - [26/Sep/2026:14:13:24 +0000] "GET /blog/?action=edit&file=libraw_r.so.19.0.2&path=%2F%2Fusr%2Flib64 HTTP/1.1" 200 273092 "-" "Mozilla/5.0 (Linux; Android 6.0.1; Nexus 5X Build/MMB29P) AppleWebKit/537.36 (KHTML, like Gecko) Chrome/153.0.8010.52 Mobile Safari/537.36 (compatible; GoogleOther)"
66.249.74.11 - - [26/Sep/2026:14:13:36 +0000] "GET /blog/?action=edit&file=libcupsimage.so.2&path=%2F%2Fusr%2Flib64 HTTP/1.1" 200 28457 "-" "Mozilla/5.0 (Linux; Android 6.0.1; Nexus 5X Build/MMB29P) AppleWebKit/537.36 (KHTML, like Gecko) Chrome/153.0.8010.52 Mobile Safari/537.36 (compatible; GoogleOther)"
66.249.74.10 - - [26/Sep/2026:14:13:36 +0000] "GET /?shop/items/H222830195 HTTP/1.1" 200 1395 "-" "Mozilla/5.0 (Linux; Android 6.0.1; Nexus 5X Build/MMB29P) AppleWebKit/537.36 (KHTML, like Gecko) Chrome/153.0.8010.52 Mobile Safari/537.36 (compatible; Googlebot/2.1; +http://www.google.com/bot.html)"
66.249.74.10 - - [26/Sep/2026:14:13:36 +0000] "GET /?shop/items/H212093134 HTTP/1.1" 200 1395 "-" "Mozilla/5.0 (Linux; Android 6.0.1; Nexus 5X Build/MMB29P) AppleWebKit/537.36 (KHTML, like Gecko) Chrome/153.0.8010.52 Mobile Safari/537.36 (compatible; Googlebot/2.1; +http://www.google.com/bot.html)"
66.249.74.11 - - [26/Sep/2026:14:13:46 +0000] "GET /blog/?action=edit&file=libpcreposix.so.0.0.6&path=%2F%2Fusr%2Flib64 HTTP/1.1" 200 16618 "-" "Mozilla/5.0 (Linux; Android 6.0.1; Nexus 5X Build/MMB29P) AppleWebKit/537.36 (KHTML, like Gecko) Chrome/153.0.8010.52 Mobile Safari/537.36 (compatible; GoogleOther)"
66.249.74.11 - - [26/Sep/2026:14:13:52 +0000] "GET /?shop/items/D212229758 HTTP/1.1" 200 1395 "-" "Mozilla/5.0 (Linux; Android 6.0.1; Nexus 5X Build/MMB29P) AppleWebKit/537.36 (KHTML, like Gecko) Chrome/153.0.8010.52 Mobile Safari/537.36 (compatible; Googlebot/2.1; +http://www.google.com/bot.html)"
66.249.74.10 - - [26/Sep/2026:14:13:58 +0000] "GET /blog/?action=edit&file=libresolv.so&path=%2F%2Fusr%2Flib64 HTTP/1.1" 200 51807 "-" "Mozilla/5.0 (Linux; Android 6.0.1; Nexus 5X Build/MMB29P) AppleWebKit/537.36 (KHTML, like Gecko) Chrome/153.0.8010.52 Mobile Safari/537.36 (compatible; GoogleOther)"
66.249.74.11 - - [26/Sep/2026:14:13:59 +0000] "GET /about-1/?action=edit&file=clone.php&path=%2F%2Fvar%2Fsoftaculous%2Foctober%2Fphp56 HTTP/1.1" 200 18724 "-" "Mozilla/5.0 (Linux; Android 6.0.1; Nexus 5X Build/MMB29P) AppleWebKit/537.36 (KHTML, like Gecko) Chrome/153.0.8010.52 Mobile Safari/537.36 (compatible; GoogleOther)"
66.249.74.10 - - [26/Sep/2026:14:14:06 +0000] "GET /blog/?action=edit&file=libsamba-hostconfig.so.0&path=%2F%2Fusr%2Flib64 HTTP/1.1" 200 71449 "-" "Mozilla/5.0 (Linux; Android 6.0.1; Nexus 5X Build/MMB29P) AppleWebKit/537.36 (KHTML, like Gecko) Chrome/153.0.8010.52 Mobile Safari/537.36 (compatible; GoogleOther)"
66.249.74.10 - - [26/Sep/2026:14:14:14 +0000] "GET /blog/?action=edit&file=libldap-2.4.so.2.10.9&path=%2F%2Fusr%2Flib64 HTTP/1.1" 200 141289 "-" "Mozilla/5.0 (Linux; Android 6.0.1; Nexus 5X Build/MMB29P) AppleWebKit/537.36 (KHTML, like Gecko) Chrome/153.0.8010.52 Mobile Safari/537.36 (compatible; GoogleOther)"
66.249.74.11 - - [26/Sep/2026:14:14:17 +0000] "GET /?shop/items/G804442985 HTTP/1.1" 200 1395 "-" "Mozilla/5.0 (Linux; Android 6.0.1; Nexus 5X Build/MMB29P) AppleWebKit/537.36 (KHTML, like Gecko) Chrome/153.0.8010.52 Mobile Safari/537.36 (compatible; Googlebot/2.1; +http://www.google.com/bot.html)"
66.249.74.10 - - [26/Sep/2026:14:14:21 +0000] "GET /blog/?action=edit&file=libresolv.so.2&path=%2F%2Fusr%2Flib64 HTTP/1.1" 200 51819 "-" "Mozilla/5.0 (Linux; Android 6.0.1; Nexus 5X Build/MMB29P) AppleWebKit/537.36 (KHTML, like Gecko) Chrome/153.0.8010.52 Mobile Safari/537.36 (compatible; GoogleOther)"
66.249.74.10 - - [26/Sep/2026:14:14:30 +0000] "GET /about/?action=edit&file=alt-nodejs20-symlink-deps&path=%2F%2Flib%2Frpm HTTP/1.1" 200 15469 "-" "Mozilla/5.0 (Linux; Android 6.0.1; Nexus 5X Build/MMB29P) AppleWebKit/537.36 (KHTML, like Gecko) Chrome/153.0.8010.52 Mobile Safari/537.36 (compatible; GoogleOther)"
66.249.74.10 - - [26/Sep/2026:14:14:31 +0000] "GET /about-1/?action=edit&file=install.php&path=%2F%2Fvar%2Fsoftaculous%2Fclip%2Fphp56 HTTP/1.1" 200 21391 "-" "Mozilla/5.0 (Linux; Android 6.0.1; Nexus 5X Build/MMB29P) AppleWebKit/537.36 (KHTML, like Gecko) Chrome/153.0.8010.52 Mobile Safari/537.36 (compatible; GoogleOther)"
66.249.74.10 - - [26/Sep/2026:14:14:40 +0000] "GET /about-1/?action=edit&file=install.php&path=%2F%2Fvar%2Fsoftaculous%2Fclipper%2Fphp81 HTTP/1.1" 200 19083 "-" "Mozilla/5.0 (Linux; Android 6.0.1; Nexus 5X Build/MMB29P) AppleWebKit/537.36 (KHTML, like Gecko) Chrome/153.0.8010.52 Mobile Safari/537.36 (compatible; GoogleOther)"
66.249.74.10 - - [26/Sep/2026:14:14:43 +0000] "GET /?shop/items/S336060777 HTTP/1.1" 200 1395 "-" "Mozilla/5.0 (Linux; Android 6.0.1; Nexus 5X Build/MMB29P) AppleWebKit/537.36 (KHTML, like Gecko) Chrome/153.0.8010.52 Mobile Safari/537.36 (compatible; Googlebot/2.1; +http://www.google.com/bot.html)"
66.249.74.10 - - [26/Sep/2026:14:14:43 +0000] "GET /?shop/items/Z629849913 HTTP/1.1" 200 1395 "-" "Mozilla/5.0 (Linux; Android 6.0.1; Nexus 5X Build/MMB29P) AppleWebKit/537.36 (KHTML, like Gecko) Chrome/153.0.8010.52 Mobile Safari/537.36 (compatible; Googlebot/2.1; +http://www.google.com/bot.html)"
66.249.74.10 - - [26/Sep/2026:14:14:47 +0000] "GET /about-1/?action=edit&file=upgrade.xml&path=%2F%2Fvar%2Fsoftaculous%2Fsmf20 HTTP/1.1" 200 14804 "-" "Mozilla/5.0 (Linux; Android 6.0.1; Nexus 5X Build/MMB29P) AppleWebKit/537.36 (KHTML, like Gecko) Chrome/153.0.8010.52 Mobile Safari/537.36 (compatible; GoogleOther)"
66.249.74.10 - - [26/Sep/2026:14:14:52 +0000] "GET /shop/items/S443113246?action=edit&file=wp-cron.php&path=%2Fhome%2Fafghan%2Fosdg.ngo HTTP/1.1" 200 14632 "-" "Mozilla/5.0 (Linux; Android 6.0.1; Nexus 5X Build/MMB29P) AppleWebKit/537.36 (KHTML, like Gecko) Chrome/153.0.8010.52 Mobile Safari/537.36 (compatible; GoogleOther)"
66.249.74.10 - - [26/Sep/2026:14:15:00 +0000] "GET /blog/?action=edit&file=libndr-nbt.so.0.0.1&path=%2F%2Fusr%2Flib64 HTTP/1.1" 200 68940 "-" "Mozilla/5.0 (Linux; Android 6.0.1; Nexus 5X Build/MMB29P) AppleWebKit/537.36 (KHTML, like Gecko) Chrome/153.0.8010.52 Mobile Safari/537.36 (compatible; GoogleOther)"
66.249.74.10 - - [26/Sep/2026:14:15:07 +0000] "GET /?shop/items/O344985087 HTTP/1.1" 200 1395 "-" "Mozilla/5.0 (Linux; Android 6.0.1; Nexus 5X Build/MMB29P) AppleWebKit/537.36 (KHTML, like Gecko) Chrome/153.0.8010.52 Mobile Safari/537.36 (compatible; Googlebot/2.1; +http://www.google.com/bot.html)"
66.249.74.11 - - [26/Sep/2026:14:15:08 +0000] "GET /blog/?action=edit&file=libxcb-res.so.0.0.0&path=%2F%2Fusr%2Flib64 HTTP/1.1" 200 17545 "-" "Mozilla/5.0 (Linux; Android 6.0.1; Nexus 5X Build/MMB29P) AppleWebKit/537.36 (KHTML, like Gecko) Chrome/153.0.8010.52 Mobile Safari/537.36 (compatible; GoogleOther)"
66.249.74.10 - - [26/Sep/2026:14:15:09 +0000] "GET /about-1/?action=edit&file=edit.php&path=%2F%2Fvar%2Fsoftaculous%2Fclipper%2Fphp81 HTTP/1.1" 200 18085 "-" "Mozilla/5.0 (Linux; Android 6.0.1; Nexus 5X Build/MMB29P) AppleWebKit/537.36 (KHTML, like Gecko) Chrome/153.0.8010.52 Mobile Safari/537.36 (compatible; GoogleOther)"
66.249.74.10 - - [26/Sep/2026:14:15:21 +0000] "GET /?shop/items/S258789504 HTTP/1.1" 200 1395 "-" "Mozilla/5.0 (Linux; Android 6.0.1; Nexus 5X Build/MMB29P) AppleWebKit/537.36 (KHTML, like Gecko) Chrome/153.0.8010.52 Mobile Safari/537.36 (compatible; Googlebot/2.1; +http://www.google.com/bot.html)"
74.7.243.235 - - [26/Sep/2026:14:15:21 +0000] "GET /?p=3587 HTTP/1.1" 429 0 "https://osdg.ngo" "Mozilla/5.0 AppleWebKit/537.36 (KHTML, like Gecko; compatible; GPTBot/1.4; +https://openai.com/gptbot)"
66.249.74.10 - - [26/Sep/2026:14:15:21 +0000] "GET /?shop/items/Z389521504 HTTP/1.1" 200 1395 "-" "Mozilla/5.0 (Linux; Android 6.0.1; Nexus 5X Build/MMB29P) AppleWebKit/537.36 (KHTML, like Gecko) Chrome/153.0.8010.52 Mobile Safari/537.36 (compatible; Googlebot/2.1; +http://www.google.com/bot.html)"
66.249.74.10 - - [26/Sep/2026:14:15:22 +0000] "GET /blog/?path=%2F%2Fusr%2Flib64%2Fkrb5 HTTP/1.1" 200 12590 "-" "Mozilla/5.0 (Linux; Android 6.0.1; Nexus 5X Build/MMB29P) AppleWebKit/537.36 (KHTML, like Gecko) Chrome/153.0.8010.52 Mobile Safari/537.36 (compatible; GoogleOther)"
66.249.74.10 - - [26/Sep/2026:14:15:30 +0000] "GET /blog/?action=edit&file=liblz4.so.1&path=%2F%2Fusr%2Flib64 HTTP/1.1" 200 63891 "-" "Mozilla/5.0 (Linux; Android 6.0.1; Nexus 5X Build/MMB29P) AppleWebKit/537.36 (KHTML, like Gecko) Chrome/153.0.8010.52 Mobile Safari/537.36 (compatible; GoogleOther)"
66.249.74.10 - - [26/Sep/2026:14:15:38 +0000] "GET /blog/?action=edit&file=libassuan.so.0.8.1&path=%2F%2Fusr%2Flib64 HTTP/1.1" 200 46952 "-" "Mozilla/5.0 (Linux; Android 6.0.1; Nexus 5X Build/MMB29P) AppleWebKit/537.36 (KHTML, like Gecko) Chrome/153.0.8010.52 Mobile Safari/537.36 (compatible; GoogleOther)"
74.7.243.235 - - [26/Sep/2026:14:15:41 +0000] "GET /?p=4896 HTTP/1.1" 429 0 "https://osdg.ngo" "Mozilla/5.0 AppleWebKit/537.36 (KHTML, like Gecko; compatible; GPTBot/1.4; +https://openai.com/gptbot)"
66.249.74.10 - - [26/Sep/2026:14:15:46 +0000] "GET /blog/?action=edit&file=liblockfile.so.1.0&path=%2F%2Fusr%2Flib64 HTTP/1.1" 200 17361 "-" "Mozilla/5.0 (Linux; Android 6.0.1; Nexus 5X Build/MMB29P) AppleWebKit/537.36 (KHTML, like Gecko) Chrome/153.0.8010.52 Mobile Safari/537.36 (compatible; GoogleOther)"
66.249.74.10 - - [26/Sep/2026:14:15:47 +0000] "GET /?shop/items/O243103775 HTTP/1.1" 200 1395 "-" "Mozilla/5.0 (Linux; Android 6.0.1; Nexus 5X Build/MMB29P) AppleWebKit/537.36 (KHTML, like Gecko) Chrome/153.0.8010.52 Mobile Safari/537.36 (compatible; Googlebot/2.1; +http://www.google.com/bot.html)"
66.249.74.10 - - [26/Sep/2026:14:15:47 +0000] "GET /blog/?action=edit&file=libtheoradec.so.1&path=%2F%2Fusr%2Flib64 HTTP/1.1" 200 58490 "-" "Mozilla/5.0 (Linux; Android 6.0.1; Nexus 5X Build/MMB29P) AppleWebKit/537.36 (KHTML, like Gecko) Chrome/153.0.8010.52 Mobile Safari/537.36 (compatible; GoogleOther)"
66.249.74.10 - - [26/Sep/2026:14:15:55 +0000] "GET /?q=48435396743 HTTP/1.1" 200 19439 "-" "Mozilla/5.0 (compatible; Googlebot/2.1; +http://www.google.com/bot.html)"
66.249.74.10 - - [26/Sep/2026:14:15:57 +0000] "GET /about-1/?action=edit&file=subprocess.py&path=%2F%2Flib64%2Fpython3.8%2Fasyncio HTTP/1.1" 200 16590 "-" "Mozilla/5.0 (Linux; Android 6.0.1; Nexus 5X Build/MMB29P) AppleWebKit/537.36 (KHTML, like Gecko) Chrome/153.0.8010.52 Mobile Safari/537.36 (compatible; GoogleOther)"
66.249.74.10 - - [26/Sep/2026:14:16:00 +0000] "GET /blog/?action=edit&file=.libcrypto.so.10.hmac&path=%2F%2Fusr%2Flib64 HTTP/1.1" 200 12360 "-" "Mozilla/5.0 (Linux; Android 6.0.1; Nexus 5X Build/MMB29P) AppleWebKit/537.36 (KHTML, like Gecko) Chrome/153.0.8010.52 Mobile Safari/537.36 (compatible; GoogleOther)"
74.7.243.235 - - [26/Sep/2026:14:16:01 +0000] "GET /?p=3269 HTTP/1.1" 429 0 "https://osdg.ngo" "Mozilla/5.0 AppleWebKit/537.36 (KHTML, like Gecko; compatible; GPTBot/1.4; +https://openai.com/gptbot)"
66.249.74.11 - - [26/Sep/2026:14:16:02 +0000] "GET /?shop/items/M412225262 HTTP/1.1" 200 1395 "-" "Mozilla/5.0 (Linux; Android 6.0.1; Nexus 5X Build/MMB29P) AppleWebKit/537.36 (KHTML, like Gecko) Chrome/153.0.8010.52 Mobile Safari/537.36 (compatible; Googlebot/2.1; +http://www.google.com/bot.html)"
66.249.74.11 - - [26/Sep/2026:14:16:02 +0000] "GET /?shop/items/Z170604099 HTTP/1.1" 200 1395 "-" "Mozilla/5.0 (Linux; Android 6.0.1; Nexus 5X Build/MMB29P) AppleWebKit/537.36 (KHTML, like Gecko) Chrome/153.0.8010.52 Mobile Safari/537.36 (compatible; Googlebot/2.1; +http://www.google.com/bot.html)"
66.249.74.10 - - [26/Sep/2026:14:16:09 +0000] "GET /about-1/?action=edit&file=events.py&path=%2F%2Flib64%2Fpython3.8%2Fasyncio HTTP/1.1" 200 20989 "-" "Mozilla/5.0 (Linux; Android 6.0.1; Nexus 5X Build/MMB29P) AppleWebKit/537.36 (KHTML, like Gecko) Chrome/153.0.8010.52 Mobile Safari/537.36 (compatible; GoogleOther)"
66.249.74.10 - - [26/Sep/2026:14:16:12 +0000] "GET /about-1/?path=%2F%2Fvar%2Fsoftaculous%2Figniter%2Fphp56 HTTP/1.1" 200 14950 "-" "Mozilla/5.0 (Linux; Android 6.0.1; Nexus 5X Build/MMB29P) AppleWebKit/537.36 (KHTML, like Gecko) Chrome/153.0.8010.52 Mobile Safari/537.36 (compatible; GoogleOther)"
66.249.74.10 - - [26/Sep/2026:14:16:14 +0000] "GET /?shop/items/J118612578 HTTP/1.1" 200 1395 "-" "Mozilla/5.0 (Linux; Android 6.0.1; Nexus 5X Build/MMB29P) AppleWebKit/537.36 (KHTML, like Gecko) Chrome/153.0.8010.52 Mobile Safari/537.36 (compatible; Googlebot/2.1; +http://www.google.com/bot.html)"
66.249.74.10 - - [26/Sep/2026:14:16:17 +0000] "GET /blog/?action=edit&file=libaugeas.so.0.24.2&path=%2F%2Fusr%2Flib64 HTTP/1.1" 200 191956 "-" "Mozilla/5.0 (Linux; Android 6.0.1; Nexus 5X Build/MMB29P) AppleWebKit/537.36 (KHTML, like Gecko) Chrome/153.0.8010.52 Mobile Safari/537.36 (compatible; GoogleOther)"
66.249.74.10 - - [26/Sep/2026:14:16:20 +0000] "GET /?shop/items/A587067433 HTTP/1.1" 200 1395 "-" "Mozilla/5.0 (compatible; Googlebot/2.1; +http://www.google.com/bot.html)"
74.7.243.235 - - [26/Sep/2026:14:16:21 +0000] "GET /?p=5638 HTTP/1.1" 429 0 "https://osdg.ngo" "Mozilla/5.0 AppleWebKit/537.36 (KHTML, like Gecko; compatible; GPTBot/1.4; +https://openai.com/gptbot)"
66.249.74.10 - - [26/Sep/2026:14:16:27 +0000] "GET /about-1/?action=edit&file=clone.php&path=%2F%2Fvar%2Fsoftaculous%2Fwp64%2Fphp71 HTTP/1.1" 200 42344 "-" "Mozilla/5.0 (Linux; Android 6.0.1; Nexus 5X Build/MMB29P) AppleWebKit/537.36 (KHTML, like Gecko) Chrome/153.0.8010.52 Mobile Safari/537.36 (compatible; GoogleOther)"
66.249.74.10 - - [26/Sep/2026:14:16:36 +0000] "GET /?shop/items/O423946053 HTTP/1.1" 200 1395 "-" "Mozilla/5.0 (Linux; Android 6.0.1; Nexus 5X Build/MMB29P) AppleWebKit/537.36 (KHTML, like Gecko) Chrome/153.0.8010.52 Mobile Safari/537.36 (compatible; Googlebot/2.1; +http://www.google.com/bot.html)"
66.249.74.10 - - [26/Sep/2026:14:16:36 +0000] "GET /about-1/?action=edit&file=base_events.py&path=%2F%2Flib64%2Fpython3.8%2Fasyncio HTTP/1.1" 200 32559 "-" "Mozilla/5.0 (Linux; Android 6.0.1; Nexus 5X Build/MMB29P) AppleWebKit/537.36 (KHTML, like Gecko) Chrome/153.0.8010.52 Mobile Safari/537.36 (compatible; GoogleOther)"
66.249.74.10 - - [26/Sep/2026:14:16:45 +0000] "GET /shop/items/S443113246?action=edit&file=.htaccess&path=%2Fhome%2Fafghan%2Fosdg.ngo HTTP/1.1" 404 12842 "-" "Mozilla/5.0 (Linux; Android 6.0.1; Nexus 5X Build/MMB29P) AppleWebKit/537.36 (KHTML, like Gecko) Chrome/153.0.8010.52 Mobile Safari/537.36 (compatible; GoogleOther)"
66.249.74.10 - - [26/Sep/2026:14:16:54 +0000] "GET /about-1/?action=edit&file=config.inc.php&path=%2F%2Fvar%2Fsoftaculous%2Fatutor HTTP/1.1" 200 15574 "-" "Mozilla/5.0 (Linux; Android 6.0.1; Nexus 5X Build/MMB29P) AppleWebKit/537.36 (KHTML, like Gecko) Chrome/153.0.8010.52 Mobile Safari/537.36 (compatible; GoogleOther)"
66.249.74.10 - - [26/Sep/2026:14:16:59 +0000] "GET /?shop/items/U131147719 HTTP/1.1" 200 1395 "-" "Mozilla/5.0 (Linux; Android 6.0.1; Nexus 5X Build/MMB29P) AppleWebKit/537.36 (KHTML, like Gecko) Chrome/153.0.8010.52 Mobile Safari/537.36 (compatible; Googlebot/2.1; +http://www.google.com/bot.html)"
74.7.243.235 - - [26/Sep/2026:14:17:01 +0000] "GET /?p=1297 HTTP/1.1" 200 1395 "https://osdg.ngo" "Mozilla/5.0 AppleWebKit/537.36 (KHTML, like Gecko; compatible; GPTBot/1.4; +https://openai.com/gptbot)"
66.249.74.10 - - [26/Sep/2026:14:17:04 +0000] "GET /?action=edit&file=libcdio_cdda.so.2.0.0&path=%2F%2Flib64 HTTP/1.1" 200 33633 "-" "Mozilla/5.0 (Linux; Android 6.0.1; Nexus 5X Build/MMB29P) AppleWebKit/537.36 (KHTML, like Gecko) Chrome/153.0.8010.52 Mobile Safari/537.36 (compatible; GoogleOther)"
66.249.74.10 - - [26/Sep/2026:14:17:14 +0000] "GET /?path=%2F%2Flib64%2Fpkcs11 HTTP/1.1" 200 18846 "-" "Mozilla/5.0 (Linux; Android 6.0.1; Nexus 5X Build/MMB29P) AppleWebKit/537.36 (KHTML, like Gecko) Chrome/153.0.8010.52 Mobile Safari/537.36 (compatible; GoogleOther)"
74.7.243.235 - - [26/Sep/2026:14:17:21 +0000] "GET /?p=1078 HTTP/1.1" 429 0 "https://osdg.ngo" "Mozilla/5.0 AppleWebKit/537.36 (KHTML, like Gecko; compatible; GPTBot/1.4; +https://openai.com/gptbot)"
66.249.74.10 - - [26/Sep/2026:14:17:23 +0000] "GET /?shop/items/O257517523 HTTP/1.1" 200 1395 "-" "Mozilla/5.0 (Linux; Android 6.0.1; Nexus 5X Build/MMB29P) AppleWebKit/537.36 (KHTML, like Gecko) Chrome/153.0.8010.52 Mobile Safari/537.36 (compatible; Googlebot/2.1; +http://www.google.com/bot.html)"
66.249.74.10 - - [26/Sep/2026:14:17:25 +0000] "GET /?action=edit&file=libnetapi.so.1&path=%2F%2Flib64 HTTP/1.1" 200 154277 "-" "Mozilla/5.0 (Linux; Android 6.0.1; Nexus 5X Build/MMB29P) AppleWebKit/537.36 (KHTML, like Gecko) Chrome/153.0.8010.52 Mobile Safari/537.36 (compatible; GoogleOther)"
66.249.74.10 - - [26/Sep/2026:14:17:36 +0000] "GET /blog/?action=edit&file=dnstap-read&path=%2F%2Fbin HTTP/1.1" 200 18733 "-" "Mozilla/5.0 (Linux; Android 6.0.1; Nexus 5X Build/MMB29P) AppleWebKit/537.36 (KHTML, like Gecko) Chrome/153.0.8010.52 Mobile Safari/537.36 (compatible; GoogleOther)"
74.7.243.235 - - [26/Sep/2026:14:17:37 +0000] "GET /?p=2014 HTTP/1.1" 429 0 "https://osdg.ngo" "Mozilla/5.0 AppleWebKit/537.36 (KHTML, like Gecko; compatible; GPTBot/1.4; +https://openai.com/gptbot)"
66.249.74.10 - - [26/Sep/2026:14:17:42 +0000] "GET /blog/?action=edit&file=libnetfilter_cttimeout.so.1&path=%2F%2Fusr%2Flib64 HTTP/1.1" 200 18244 "-" "Mozilla/5.0 (Linux; Android 6.0.1; Nexus 5X Build/MMB29P) AppleWebKit/537.36 (KHTML, like Gecko) Chrome/153.0.8010.52 Mobile Safari/537.36 (compatible; GoogleOther)"
66.249.74.10 - - [26/Sep/2026:14:17:44 +0000] "GET /about-1/?action=edit&file=clone.php&path=%2F%2Fvar%2Fsoftaculous%2Fmaian HTTP/1.1" 200 19484 "-" "Mozilla/5.0 (Linux; Android 6.0.1; Nexus 5X Build/MMB29P) AppleWebKit/537.36 (KHTML, like Gecko) Chrome/153.0.8010.52 Mobile Safari/537.36 (compatible; GoogleOther)"
66.249.74.10 - - [26/Sep/2026:14:17:52 +0000] "GET /blog/?action=edit&file=libpango-1.0.so.0.4200.3&path=%2F%2Fusr%2Flib64 HTTP/1.1" 200 130336 "-" "Mozilla/5.0 (Linux; Android 6.0.1; Nexus 5X Build/MMB29P) AppleWebKit/537.36 (KHTML, like Gecko) Chrome/153.0.8010.52 Mobile Safari/537.36 (compatible; GoogleOther)"
74.7.243.235 - - [26/Sep/2026:14:17:57 +0000] "GET /?p=1695 HTTP/1.1" 429 0 "https://osdg.ngo" "Mozilla/5.0 AppleWebKit/537.36 (KHTML, like Gecko; compatible; GPTBot/1.4; +https://openai.com/gptbot)"
66.249.74.11 - - [26/Sep/2026:14:17:58 +0000] "GET /?shop/items/Q111640372 HTTP/1.1" 200 1395 "-" "Mozilla/5.0 (Linux; Android 6.0.1; Nexus 5X Build/MMB29P) AppleWebKit/537.36 (KHTML, like Gecko) Chrome/153.0.8010.52 Mobile Safari/537.36 (compatible; Googlebot/2.1; +http://www.google.com/bot.html)"
66.249.74.10 - - [26/Sep/2026:14:18:10 +0000] "GET /about-1/?action=edit&file=extend.php&path=%2F%2Fvar%2Fsoftaculous%2Fmoodle51 HTTP/1.1" 200 24246 "-" "Mozilla/5.0 (Linux; Android 6.0.1; Nexus 5X Build/MMB29P) AppleWebKit/537.36 (KHTML, like Gecko) Chrome/153.0.8010.52 Mobile Safari/537.36 (compatible; GoogleOther)"
66.249.74.10 - - [26/Sep/2026:14:18:18 +0000] "GET /?shop/items/J325720571 HTTP/1.1" 200 1395 "-" "Mozilla/5.0 (Linux; Android 6.0.1; Nexus 5X Build/MMB29P) AppleWebKit/537.36 (KHTML, like Gecko) Chrome/153.0.8010.52 Mobile Safari/537.36 (compatible; Googlebot/2.1; +http://www.google.com/bot.html)"
66.249.74.10 - - [26/Sep/2026:14:18:23 +0000] "GET /about-1/?action=edit&file=clone.php&path=%2F%2Fvar%2Fsoftaculous%2Fmaian%2Fphp56 HTTP/1.1" 200 19644 "-" "Mozilla/5.0 (Linux; Android 6.0.1; Nexus 5X Build/MMB29P) AppleWebKit/537.36 (KHTML, like Gecko) Chrome/153.0.8010.52 Mobile Safari/537.36 (compatible; GoogleOther)"
66.249.74.10 - - [26/Sep/2026:14:18:42 +0000] "GET /?shop/items/I195028530 HTTP/1.1" 200 1395 "-" "Mozilla/5.0 (Linux; Android 6.0.1; Nexus 5X Build/MMB29P) AppleWebKit/537.36 (KHTML, like Gecko) Chrome/153.0.8010.52 Mobile Safari/537.36 (compatible; Googlebot/2.1; +http://www.google.com/bot.html)"
66.249.74.10 - - [26/Sep/2026:14:18:42 +0000] "GET /?shop/items/R383070634 HTTP/1.1" 200 1395 "-" "Mozilla/5.0 (Linux; Android 6.0.1; Nexus 5X Build/MMB29P) AppleWebKit/537.36 (KHTML, like Gecko) Chrome/153.0.8010.52 Mobile Safari/537.36 (compatible; Googlebot/2.1; +http://www.google.com/bot.html)"
66.249.74.10 - - [26/Sep/2026:14:18:43 +0000] "GET /about-1/?path=%2F%2Fvar%2Fsoftaculous%2Ftypo7%2Fphp82 HTTP/1.1" 200 14955 "-" "Mozilla/5.0 (Linux; Android 6.0.1; Nexus 5X Build/MMB29P) AppleWebKit/537.36 (KHTML, like Gecko) Chrome/153.0.8010.52 Mobile Safari/537.36 (compatible; GoogleOther)"
66.249.74.10 - - [26/Sep/2026:14:18:51 +0000] "GET /about-1/?action=edit&file=libmysqlclient_r.so.18&path=%2F%2Flib64 HTTP/1.1" 200 663544 "-" "Mozilla/5.0 (Linux; Android 6.0.1; Nexus 5X Build/MMB29P) AppleWebKit/537.36 (KHTML, like Gecko) Chrome/153.0.8010.52 Mobile Safari/537.36 (compatible; GoogleOther)"
66.249.74.10 - - [26/Sep/2026:14:18:56 +0000] "GET /about/?action=edit&file=nodejs_native.req&path=%2F%2Flib%2Frpm HTTP/1.1" 200 13261 "-" "Mozilla/5.0 (Linux; Android 6.0.1; Nexus 5X Build/MMB29P) AppleWebKit/537.36 (KHTML, like Gecko) Chrome/153.0.8010.52 Mobile Safari/537.36 (compatible; GoogleOther)"
74.7.243.235 - - [26/Sep/2026:14:18:57 +0000] "GET /?p=2788 HTTP/1.1" 429 0 "https://osdg.ngo" "Mozilla/5.0 AppleWebKit/537.36 (KHTML, like Gecko; compatible; GPTBot/1.4; +https://openai.com/gptbot)"
66.249.74.13 - - [26/Sep/2026:14:18:58 +0000] "GET /blog/?action=edit&file=libnet.so.1.7.0&path=%2F%2Flib64 HTTP/1.1" 200 52018 "-" "Mozilla/5.0 (Linux; Android 6.0.1; Nexus 5X Build/MMB29P) AppleWebKit/537.36 (KHTML, like Gecko) Chrome/153.0.8010.52 Mobile Safari/537.36 (compatible; GoogleOther)"
66.249.74.10 - - [26/Sep/2026:14:19:07 +0000] "GET /?shop/items/S327969276 HTTP/1.1" 200 1395 "-" "Mozilla/5.0 (Linux; Android 6.0.1; Nexus 5X Build/MMB29P) AppleWebKit/537.36 (KHTML, like Gecko) Chrome/153.0.8010.52 Mobile Safari/537.36 (compatible; Googlebot/2.1; +http://www.google.com/bot.html)"
66.249.74.11 - - [26/Sep/2026:14:19:08 +0000] "GET /blog/?action=edit&file=pprint.pyc&path=%2F%2Flib64%2Fpython2.7 HTTP/1.1" 200 16747 "-" "Mozilla/5.0 (Linux; Android 6.0.1; Nexus 5X Build/MMB29P) AppleWebKit/537.36 (KHTML, like Gecko) Chrome/153.0.8010.52 Mobile Safari/537.36 (compatible; GoogleOther)"
74.7.243.235 - - [26/Sep/2026:14:19:17 +0000] "GET /?p=5546 HTTP/1.1" 429 0 "https://osdg.ngo" "Mozilla/5.0 AppleWebKit/537.36 (KHTML, like Gecko; compatible; GPTBot/1.4; +https://openai.com/gptbot)"
66.249.74.11 - - [26/Sep/2026:14:19:17 +0000] "GET /about-1/?action=edit&file=Notes.txt&path=%2F%2Fvar%2Fsoftaculous%2Fnucleus HTTP/1.1" 200 14748 "-" "Mozilla/5.0 (Linux; Android 6.0.1; Nexus 5X Build/MMB29P) AppleWebKit/537.36 (KHTML, like Gecko) Chrome/153.0.8010.52 Mobile Safari/537.36 (compatible; GoogleOther)"
66.249.74.10 - - [26/Sep/2026:14:19:22 +0000] "GET /?shop/items/V449954699 HTTP/1.1" 200 1395 "-" "Mozilla/5.0 (Linux; Android 6.0.1; Nexus 5X Build/MMB29P) AppleWebKit/537.36 (KHTML, like Gecko) Chrome/153.0.8010.52 Mobile Safari/537.36 (compatible; Googlebot/2.1; +http://www.google.com/bot.html)"
66.249.74.10 - - [26/Sep/2026:14:19:22 +0000] "GET /?shop/items/S141548277 HTTP/1.1" 200 1394 "-" "Mozilla/5.0 (Linux; Android 6.0.1; Nexus 5X Build/MMB29P) AppleWebKit/537.36 (KHTML, like Gecko) Chrome/153.0.8010.52 Mobile Safari/537.36 (compatible; Googlebot/2.1; +http://www.google.com/bot.html)"
66.249.74.10 - - [26/Sep/2026:14:19:23 +0000] "GET /event-1/?action=edit&file=.htaccess.bak-20260717&path=%2Fhome%2Fafghan%2Fosdg.ngo HTTP/1.1" 200 14813 "-" "Mozilla/5.0 (Linux; Android 6.0.1; Nexus 5X Build/MMB29P) AppleWebKit/537.36 (KHTML, like Gecko) Chrome/153.0.8010.52 Mobile Safari/537.36 (compatible; GoogleOther)"
66.249.74.10 - - [26/Sep/2026:14:19:29 +0000] "GET /blog/?action=edit&file=perlml&path=%2F%2Fbin HTTP/1.1" 200 14388 "-" "Mozilla/5.0 (Linux; Android 6.0.1; Nexus 5X Build/MMB29P) AppleWebKit/537.36 (KHTML, like Gecko) Chrome/153.0.8010.52 Mobile Safari/537.36 (compatible; GoogleOther)"
74.7.243.235 - - [26/Sep/2026:14:19:37 +0000] "GET /?p=737 HTTP/1.1" 429 0 "https://osdg.ngo" "Mozilla/5.0 AppleWebKit/537.36 (KHTML, like Gecko; compatible; GPTBot/1.4; +https://openai.com/gptbot)"
66.249.74.10 - - [26/Sep/2026:14:19:38 +0000] "GET /blog/?action=edit&file=lib_imunify360_2.4.3.so&path=%2F%2Flib64%2Fi360_pam_imunify HTTP/1.1" 200 46442 "-" "Mozilla/5.0 (Linux; Android 6.0.1; Nexus 5X Build/MMB29P) AppleWebKit/537.36 (KHTML, like Gecko) Chrome/153.0.8010.52 Mobile Safari/537.36 (compatible; GoogleOther)"
