43.157.153.236 - - [26/Sep/2026:13:11:15 +0000] "GET / HTTP/1.1" 200 22369 "-" "Mozilla/5.0 (iPhone; CPU iPhone OS 13_2_3 like Mac OS X) AppleWebKit/605.1.15 (KHTML, like Gecko) Version/13.0.3 Mobile/15E148 Safari/604.1"
66.249.74.10 - - [26/Sep/2026:13:11:16 +0000] "GET /?shop/items/K203032098 HTTP/1.1" 200 1394 "-" "Mozilla/5.0 (Linux; Android 6.0.1; Nexus 5X Build/MMB29P) AppleWebKit/537.36 (KHTML, like Gecko) Chrome/153.0.8010.52 Mobile Safari/537.36 (compatible; Googlebot/2.1; +http://www.google.com/bot.html)"
66.249.74.10 - - [26/Sep/2026:13:11:17 +0000] "GET /about-1/?action=edit&file=ioctls.ph&path=%2F%2Flib64%2Fperl5%2Fbits HTTP/1.1" 200 15449 "-" "Mozilla/5.0 (Linux; Android 6.0.1; Nexus 5X Build/MMB29P) AppleWebKit/537.36 (KHTML, like Gecko) Chrome/153.0.8010.52 Mobile Safari/537.36 (compatible; GoogleOther)"
216.73.216.37 - - [26/Sep/2026:13:11:18 +0000] "GET /robots.txt HTTP/1.1" 200 61 "-" "Mozilla/5.0 AppleWebKit/537.36 (KHTML, like Gecko; compatible; ClaudeBot/1.0; +claudebot@anthropic.com)"
66.249.74.10 - - [26/Sep/2026:13:11:21 +0000] "GET /about-1/?action=edit&file=import.php&path=%2F%2Fvar%2Fsoftaculous%2Frainloop%2Fphp53 HTTP/1.1" 200 16962 "-" "Mozilla/5.0 (Linux; Android 6.0.1; Nexus 5X Build/MMB29P) AppleWebKit/537.36 (KHTML, like Gecko) Chrome/153.0.8010.52 Mobile Safari/537.36 (compatible; GoogleOther)"
66.249.74.10 - - [26/Sep/2026:13:11:28 +0000] "GET /about-1/?action=edit&file=upgrade.php&path=%2F%2Fvar%2Fsoftaculous%2Fselfoss%2Fphp56 HTTP/1.1" 200 24475 "-" "Mozilla/5.0 (Linux; Android 6.0.1; Nexus 5X Build/MMB29P) AppleWebKit/537.36 (KHTML, like Gecko) Chrome/153.0.8010.52 Mobile Safari/537.36 (compatible; GoogleOther)"
66.249.74.10 - - [26/Sep/2026:13:11:29 +0000] "GET /about-1/?action=edit&file=edit.php&path=%2F%2Fvar%2Fsoftaculous%2Funmark%2Fphp53 HTTP/1.1" 200 18531 "-" "Mozilla/5.0 (Linux; Android 6.0.1; Nexus 5X Build/MMB29P) AppleWebKit/537.36 (KHTML, like Gecko) Chrome/153.0.8010.52 Mobile Safari/537.36 (compatible; GoogleOther)"
66.249.74.10 - - [26/Sep/2026:13:11:32 +0000] "GET /?shop/items/D471056526 HTTP/1.1" 200 1394 "-" "Mozilla/5.0 (Linux; Android 6.0.1; Nexus 5X Build/MMB29P) AppleWebKit/537.36 (KHTML, like Gecko) Chrome/153.0.8010.52 Mobile Safari/537.36 (compatible; Googlebot/2.1; +http://www.google.com/bot.html)"
66.249.74.10 - - [26/Sep/2026:13:11:35 +0000] "GET /about-1/?path=//var/softaculous/qcms/images HTTP/1.1" 200 14973 "-" "Mozilla/5.0 (Linux; Android 6.0.1; Nexus 5X Build/MMB29P) AppleWebKit/537.36 (KHTML, like Gecko) Chrome/153.0.8010.52 Mobile Safari/537.36 (compatible; GoogleOther)"
66.249.74.12 - - [26/Sep/2026:13:11:38 +0000] "GET /about-1/?path=//var/softaculous/rainloop/php53 HTTP/1.1" 200 14962 "-" "Mozilla/5.0 (Linux; Android 6.0.1; Nexus 5X Build/MMB29P) AppleWebKit/537.36 (KHTML, like Gecko) Chrome/153.0.8010.52 Mobile Safari/537.36 (compatible; GoogleOther)"
66.249.74.10 - - [26/Sep/2026:13:11:42 +0000] "GET /?shop/items/L446038093 HTTP/1.1" 200 1394 "-" "Mozilla/5.0 (Linux; Android 6.0.1; Nexus 5X Build/MMB29P) AppleWebKit/537.36 (KHTML, like Gecko) Chrome/153.0.8010.52 Mobile Safari/537.36 (compatible; Googlebot/2.1; +http://www.google.com/bot.html)"
66.249.74.10 - - [26/Sep/2026:13:11:43 +0000] "GET /?shop/items/C100327484 HTTP/1.1" 200 1394 "-" "Mozilla/5.0 (Linux; Android 6.0.1; Nexus 5X Build/MMB29P) AppleWebKit/537.36 (KHTML, like Gecko) Chrome/153.0.8010.52 Mobile Safari/537.36 (compatible; Googlebot/2.1; +http://www.google.com/bot.html)"
66.249.74.12 - - [26/Sep/2026:13:11:43 +0000] "GET /?action=edit&file=libldbsamba-samba4.so&path=%2F%2Flib64%2Fsamba HTTP/1.1" 200 80183 "-" "Mozilla/5.0 (Linux; Android 6.0.1; Nexus 5X Build/MMB29P) AppleWebKit/537.36 (KHTML, like Gecko) Chrome/153.0.8010.52 Mobile Safari/537.36 (compatible; GoogleOther)"
54.39.136.7 - - [26/Sep/2026:13:11:49 +0000] "GET /jugar-gratis-maquina-tragaperras/ HTTP/1.1" 200 1394 "-" "Mozilla/5.0 (compatible; AhrefsBot/7.0; +http://ahrefs.com/robot/)"
66.249.74.12 - - [26/Sep/2026:13:11:52 +0000] "GET /blog/?action=edit&file=dnf.conf&path=%2F%2Flib%2Ftmpfiles.d HTTP/1.1" 200 12391 "-" "Mozilla/5.0 (Linux; Android 6.0.1; Nexus 5X Build/MMB29P) AppleWebKit/537.36 (KHTML, like Gecko) Chrome/153.0.8010.52 Mobile Safari/537.36 (compatible; GoogleOther)"
66.249.74.10 - - [26/Sep/2026:13:11:54 +0000] "GET /?action=edit&file=libsamba-security-samba4.so&path=%2F%2Flib64%2Fsamba HTTP/1.1" 200 68162 "-" "Mozilla/5.0 (Linux; Android 6.0.1; Nexus 5X Build/MMB29P) AppleWebKit/537.36 (KHTML, like Gecko) Chrome/153.0.8010.52 Mobile Safari/537.36 (compatible; GoogleOther)"
66.249.74.12 - - [26/Sep/2026:13:11:55 +0000] "GET /about-1/?path=//lib64/python2.7/lib-tk HTTP/1.1" 200 15512 "-" "Mozilla/5.0 (Linux; Android 6.0.1; Nexus 5X Build/MMB29P) AppleWebKit/537.36 (KHTML, like Gecko) Chrome/153.0.8010.52 Mobile Safari/537.36 (compatible; GoogleOther)"
66.249.74.10 - - [26/Sep/2026:13:11:58 +0000] "GET /about-1/?action=edit&file=LC_ADDRESS&path=%2F%2Flib%2Flocale%2Fen_ZW.utf8 HTTP/1.1" 200 14760 "-" "Mozilla/5.0 (Linux; Android 6.0.1; Nexus 5X Build/MMB29P) AppleWebKit/537.36 (KHTML, like Gecko) Chrome/153.0.8010.52 Mobile Safari/537.36 (compatible; GoogleOther)"
66.249.74.12 - - [26/Sep/2026:13:12:02 +0000] "GET /?action=edit&file=libdcerpc-samba-samba4.so&path=%2F%2Flib64%2Fsamba HTTP/1.1" 200 380634 "-" "Mozilla/5.0 (Linux; Android 6.0.1; Nexus 5X Build/MMB29P) AppleWebKit/537.36 (KHTML, like Gecko) Chrome/153.0.8010.52 Mobile Safari/537.36 (compatible; GoogleOther)"
66.249.74.11 - - [26/Sep/2026:13:12:06 +0000] "GET /blog/?action=edit&file=cryptsetup.conf&path=%2F%2Flib%2Ftmpfiles.d HTTP/1.1" 200 12311 "-" "Mozilla/5.0 (Linux; Android 6.0.1; Nexus 5X Build/MMB29P) AppleWebKit/537.36 (KHTML, like Gecko) Chrome/153.0.8010.52 Mobile Safari/537.36 (compatible; GoogleOther)"
66.249.74.10 - - [26/Sep/2026:13:12:10 +0000] "GET /about-1/?action=edit&file=install.php&path=%2F%2Fvar%2Fsoftaculous%2Fowa%2Fphp56 HTTP/1.1" 200 19315 "-" "Mozilla/5.0 (Linux; Android 6.0.1; Nexus 5X Build/MMB29P) AppleWebKit/537.36 (KHTML, like Gecko) Chrome/153.0.8010.52 Mobile Safari/537.36 (compatible; GoogleOther)"
74.7.243.235 - - [26/Sep/2026:13:12:13 +0000] "GET /?p=1897 HTTP/1.1" 429 0 "https://osdg.ngo" "Mozilla/5.0 AppleWebKit/537.36 (KHTML, like Gecko; compatible; GPTBot/1.4; +https://openai.com/gptbot)"
66.249.74.11 - - [26/Sep/2026:13:12:14 +0000] "GET /about-1/?action=edit&file=upgrade.php&path=%2F%2Fvar%2Fsoftaculous%2Fphpsch%2Fphp71 HTTP/1.1" 200 18954 "-" "Mozilla/5.0 (Linux; Android 6.0.1; Nexus 5X Build/MMB29P) AppleWebKit/537.36 (KHTML, like Gecko) Chrome/153.0.8010.52 Mobile Safari/537.36 (compatible; GoogleOther)"
66.249.74.11 - - [26/Sep/2026:13:12:26 +0000] "GET /blog/?path=%2F%2Flib%2Fpython3.6%2Fsite-packages%2Fcolorama-0.4.3-py3.6.egg-info HTTP/1.1" 200 12714 "-" "Mozilla/5.0 (Linux; Android 6.0.1; Nexus 5X Build/MMB29P) AppleWebKit/537.36 (KHTML, like Gecko) Chrome/153.0.8010.52 Mobile Safari/537.36 (compatible; GoogleOther)"
66.249.74.11 - - [26/Sep/2026:13:12:32 +0000] "GET /blog/?path=%2Fhome%2Fafghan%2Fnrrsso.org%2F.mo-data HTTP/1.1" 200 12671 "-" "Mozilla/5.0 (Linux; Android 6.0.1; Nexus 5X Build/MMB29P) AppleWebKit/537.36 (KHTML, like Gecko) Chrome/153.0.8010.52 Mobile Safari/537.36 (compatible; GoogleOther)"
74.7.243.235 - - [26/Sep/2026:13:12:33 +0000] "GET /?p=1740 HTTP/1.1" 200 1394 "https://osdg.ngo" "Mozilla/5.0 AppleWebKit/537.36 (KHTML, like Gecko; compatible; GPTBot/1.4; +https://openai.com/gptbot)"
66.249.74.11 - - [26/Sep/2026:13:12:34 +0000] "GET /?shop/items/D267502739 HTTP/1.1" 200 1394 "-" "Mozilla/5.0 (Linux; Android 6.0.1; Nexus 5X Build/MMB29P) AppleWebKit/537.36 (KHTML, like Gecko) Chrome/153.0.8010.52 Mobile Safari/537.36 (compatible; Googlebot/2.1; +http://www.google.com/bot.html)"
66.249.74.11 - - [26/Sep/2026:13:12:34 +0000] "GET /?shop/items/I222537938 HTTP/1.1" 200 1395 "-" "Mozilla/5.0 (Linux; Android 6.0.1; Nexus 5X Build/MMB29P) AppleWebKit/537.36 (KHTML, like Gecko) Chrome/153.0.8010.52 Mobile Safari/537.36 (compatible; Googlebot/2.1; +http://www.google.com/bot.html)"
66.249.74.12 - - [26/Sep/2026:13:12:34 +0000] "GET /?q=76778918936 HTTP/1.1" 200 19445 "-" "Mozilla/5.0 (Linux; Android 6.0.1; Nexus 5X Build/MMB29P) AppleWebKit/537.36 (KHTML, like Gecko) Chrome/153.0.8010.52 Mobile Safari/537.36 (compatible; Googlebot/2.1; +http://www.google.com/bot.html)"
66.249.74.11 - - [26/Sep/2026:13:12:39 +0000] "GET /?action=edit&file=libnpa-tstream-samba4.so&path=%2F%2Flib64%2Fsamba HTTP/1.1" 200 30973 "-" "Mozilla/5.0 (Linux; Android 6.0.1; Nexus 5X Build/MMB29P) AppleWebKit/537.36 (KHTML, like Gecko) Chrome/153.0.8010.52 Mobile Safari/537.36 (compatible; GoogleOther)"
66.249.74.11 - - [26/Sep/2026:13:12:41 +0000] "GET /about-1/?action=edit&file=vic.bin&path=%2F%2Flib%2Ffirmware%2Fnvidia%2Ftegra186 HTTP/1.1" 200 21426 "-" "Mozilla/5.0 (Linux; Android 6.0.1; Nexus 5X Build/MMB29P) AppleWebKit/537.36 (KHTML, like Gecko) Chrome/153.0.8010.52 Mobile Safari/537.36 (compatible; GoogleOther)"
216.73.216.37 - - [26/Sep/2026:13:12:42 +0000] "GET /?f=59302013788 HTTP/1.1" 200 19442 "-" "Mozilla/5.0 AppleWebKit/537.36 (KHTML, like Gecko; compatible; ClaudeBot/1.0; +claudebot@anthropic.com)"
66.249.74.12 - - [26/Sep/2026:13:12:45 +0000] "GET /about-1/?action=edit&file=LC_CTYPE&path=%2F%2Flib%2Flocale%2Fen_ZW.utf8 HTTP/1.1" 200 51756 "-" "Mozilla/5.0 (Linux; Android 6.0.1; Nexus 5X Build/MMB29P) AppleWebKit/537.36 (KHTML, like Gecko) Chrome/153.0.8010.52 Mobile Safari/537.36 (compatible; GoogleOther)"
216.73.216.37 - - [26/Sep/2026:13:12:47 +0000] "GET /?e=84811196170 HTTP/1.1" 429 0 "-" "Mozilla/5.0 AppleWebKit/537.36 (KHTML, like Gecko; compatible; ClaudeBot/1.0; +claudebot@anthropic.com)"
66.249.74.11 - - [26/Sep/2026:13:12:48 +0000] "GET /blog/?path=//lib/tmpfiles.d HTTP/1.1" 200 13145 "-" "Mozilla/5.0 (Linux; Android 6.0.1; Nexus 5X Build/MMB29P) AppleWebKit/537.36 (KHTML, like Gecko) Chrome/153.0.8010.52 Mobile Safari/537.36 (compatible; GoogleOther)"
216.73.216.37 - - [26/Sep/2026:13:12:52 +0000] "GET /?l=89031847395 HTTP/1.1" 429 0 "-" "Mozilla/5.0 AppleWebKit/537.36 (KHTML, like Gecko; compatible; ClaudeBot/1.0; +claudebot@anthropic.com)"
66.249.74.12 - - [26/Sep/2026:13:12:52 +0000] "GET /about-1/?path=//var/softaculous/typo7/php56 HTTP/1.1" 200 15003 "-" "Mozilla/5.0 (Linux; Android 6.0.1; Nexus 5X Build/MMB29P) AppleWebKit/537.36 (KHTML, like Gecko) Chrome/153.0.8010.52 Mobile Safari/537.36 (compatible; GoogleOther)"
74.7.243.235 - - [26/Sep/2026:13:12:53 +0000] "GET /?p=810 HTTP/1.1" 200 1395 "https://osdg.ngo" "Mozilla/5.0 AppleWebKit/537.36 (KHTML, like Gecko; compatible; GPTBot/1.4; +https://openai.com/gptbot)"
216.73.216.37 - - [26/Sep/2026:13:12:57 +0000] "GET /?f=1962415283 HTTP/1.1" 429 0 "-" "Mozilla/5.0 AppleWebKit/537.36 (KHTML, like Gecko; compatible; ClaudeBot/1.0; +claudebot@anthropic.com)"
66.249.74.11 - - [26/Sep/2026:13:13:00 +0000] "GET /?action=edit&file=libmsghdr-samba4.so&path=%2F%2Flib64%2Fsamba HTTP/1.1" 200 22248 "-" "Mozilla/5.0 (Linux; Android 6.0.1; Nexus 5X Build/MMB29P) AppleWebKit/537.36 (KHTML, like Gecko) Chrome/153.0.8010.52 Mobile Safari/537.36 (compatible; GoogleOther)"
216.73.216.37 - - [26/Sep/2026:13:13:02 +0000] "GET /?l=67763996000 HTTP/1.1" 429 0 "-" "Mozilla/5.0 AppleWebKit/537.36 (KHTML, like Gecko; compatible; ClaudeBot/1.0; +claudebot@anthropic.com)"
66.249.74.12 - - [26/Sep/2026:13:13:03 +0000] "GET /?action=edit&file=libtdb-wrap-samba4.so&path=%2F%2Flib64%2Fsamba HTTP/1.1" 200 22722 "-" "Mozilla/5.0 (Linux; Android 6.0.1; Nexus 5X Build/MMB29P) AppleWebKit/537.36 (KHTML, like Gecko) Chrome/153.0.8010.52 Mobile Safari/537.36 (compatible; GoogleOther)"
216.73.216.37 - - [26/Sep/2026:13:13:07 +0000] "GET /?k=28946545367 HTTP/1.1" 429 0 "-" "Mozilla/5.0 AppleWebKit/537.36 (KHTML, like Gecko; compatible; ClaudeBot/1.0; +claudebot@anthropic.com)"
66.249.74.11 - - [26/Sep/2026:13:13:07 +0000] "GET /about-1/?action=edit&file=edit.php&path=%2F%2Fvar%2Fsoftaculous%2Fcjdpoll%2Fphp82 HTTP/1.1" 200 17311 "-" "Mozilla/5.0 (Linux; Android 6.0.1; Nexus 5X Build/MMB29P) AppleWebKit/537.36 (KHTML, like Gecko) Chrome/153.0.8010.52 Mobile Safari/537.36 (compatible; GoogleOther)"
66.249.74.13 - - [26/Sep/2026:13:13:08 +0000] "GET /?shop/items/H441993374 HTTP/1.1" 200 1395 "-" "Mozilla/5.0 (Linux; Android 6.0.1; Nexus 5X Build/MMB29P) AppleWebKit/537.36 (KHTML, like Gecko) Chrome/153.0.8010.52 Mobile Safari/537.36 (compatible; Googlebot/2.1; +http://www.google.com/bot.html)"
216.73.216.37 - - [26/Sep/2026:13:13:12 +0000] "GET /?c=76924628558 HTTP/1.1" 429 0 "-" "Mozilla/5.0 AppleWebKit/537.36 (KHTML, like Gecko; compatible; ClaudeBot/1.0; +claudebot@anthropic.com)"
66.249.74.10 - - [26/Sep/2026:13:13:15 +0000] "GET /?path=%2F%2Flib64%2Fsamba%2Fpdb HTTP/1.1" 200 18894 "-" "Mozilla/5.0 (Linux; Android 6.0.1; Nexus 5X Build/MMB29P) AppleWebKit/537.36 (KHTML, like Gecko) Chrome/153.0.8010.52 Mobile Safari/537.36 (compatible; GoogleOther)"
216.73.216.37 - - [26/Sep/2026:13:13:17 +0000] "GET /?e=88626414893 HTTP/1.1" 429 0 "-" "Mozilla/5.0 AppleWebKit/537.36 (KHTML, like Gecko; compatible; ClaudeBot/1.0; +claudebot@anthropic.com)"
66.249.74.10 - - [26/Sep/2026:13:13:19 +0000] "GET /about-1/?action=edit&file=import.php&path=%2F%2Fvar%2Fsoftaculous%2Fwonder%2Fphp81 HTTP/1.1" 200 17055 "-" "Mozilla/5.0 (Linux; Android 6.0.1; Nexus 5X Build/MMB29P) AppleWebKit/537.36 (KHTML, like Gecko) Chrome/153.0.8010.52 Mobile Safari/537.36 (compatible; GoogleOther)"
66.249.74.10 - - [26/Sep/2026:13:13:21 +0000] "GET /about-1/?action=edit&file=dummy_threading.py&path=%2F%2Flib64%2Fpython3.6 HTTP/1.1" 200 15436 "-" "Mozilla/5.0 (Linux; Android 6.0.1; Nexus 5X Build/MMB29P) AppleWebKit/537.36 (KHTML, like Gecko) Chrome/153.0.8010.52 Mobile Safari/537.36 (compatible; GoogleOther)"
216.73.216.37 - - [26/Sep/2026:13:13:22 +0000] "GET /?y=20907181533 HTTP/1.1" 429 0 "-" "Mozilla/5.0 AppleWebKit/537.36 (KHTML, like Gecko; compatible; ClaudeBot/1.0; +claudebot@anthropic.com)"
66.249.74.10 - - [26/Sep/2026:13:13:24 +0000] "GET /?action=edit&file=libcliauth-samba4.so&path=%2F%2Flib64%2Fsamba HTTP/1.1" 200 51517 "-" "Mozilla/5.0 (Linux; Android 6.0.1; Nexus 5X Build/MMB29P) AppleWebKit/537.36 (KHTML, like Gecko) Chrome/153.0.8010.52 Mobile Safari/537.36 (compatible; GoogleOther)"
216.73.216.37 - - [26/Sep/2026:13:13:27 +0000] "GET /?l=97684551985 HTTP/1.1" 200 19445 "-" "Mozilla/5.0 AppleWebKit/537.36 (KHTML, like Gecko; compatible; ClaudeBot/1.0; +claudebot@anthropic.com)"
66.249.74.10 - - [26/Sep/2026:13:13:27 +0000] "GET /?shop/items/A472197043 HTTP/1.1" 200 1395 "-" "Mozilla/5.0 (Linux; Android 6.0.1; Nexus 5X Build/MMB29P) AppleWebKit/537.36 (KHTML, like Gecko) Chrome/153.0.8010.52 Mobile Safari/537.36 (compatible; Googlebot/2.1; +http://www.google.com/bot.html)"
66.249.74.10 - - [26/Sep/2026:13:13:27 +0000] "GET /about-1/?action=edit&file=clone.php&path=%2F%2Fvar%2Fsoftaculous%2Fwikka%2Fphp71 HTTP/1.1" 200 18448 "-" "Mozilla/5.0 (Linux; Android 6.0.1; Nexus 5X Build/MMB29P) AppleWebKit/537.36 (KHTML, like Gecko) Chrome/153.0.8010.52 Mobile Safari/537.36 (compatible; GoogleOther)"
66.249.74.10 - - [26/Sep/2026:13:13:28 +0000] "GET /?shop/items/E348045194 HTTP/1.1" 200 1395 "-" "Mozilla/5.0 (Linux; Android 6.0.1; Nexus 5X Build/MMB29P) AppleWebKit/537.36 (KHTML, like Gecko) Chrome/153.0.8010.52 Mobile Safari/537.36 (compatible; Googlebot/2.1; +http://www.google.com/bot.html)"
216.73.216.37 - - [26/Sep/2026:13:13:32 +0000] "GET /?k=4083554822 HTTP/1.1" 429 0 "-" "Mozilla/5.0 AppleWebKit/537.36 (KHTML, like Gecko; compatible; ClaudeBot/1.0; +claudebot@anthropic.com)"
66.249.74.10 - - [26/Sep/2026:13:13:34 +0000] "GET /about-1/?action=edit&file=filecmp.pyc&path=%2F%2Flib64%2Fpython2.7 HTTP/1.1" 200 18685 "-" "Mozilla/5.0 (Linux; Android 6.0.1; Nexus 5X Build/MMB29P) AppleWebKit/537.36 (KHTML, like Gecko) Chrome/153.0.8010.52 Mobile Safari/537.36 (compatible; GoogleOther)"
216.73.216.37 - - [26/Sep/2026:13:13:37 +0000] "GET /?k=65764495404 HTTP/1.1" 429 0 "-" "Mozilla/5.0 AppleWebKit/537.36 (KHTML, like Gecko; compatible; ClaudeBot/1.0; +claudebot@anthropic.com)"
216.73.216.37 - - [26/Sep/2026:13:13:42 +0000] "GET /?y=16783200399 HTTP/1.1" 429 0 "-" "Mozilla/5.0 AppleWebKit/537.36 (KHTML, like Gecko; compatible; ClaudeBot/1.0; +claudebot@anthropic.com)"
66.249.74.10 - - [26/Sep/2026:13:13:43 +0000] "GET /?shop/items/W390689578 HTTP/1.1" 200 1395 "-" "Mozilla/5.0 (Linux; Android 6.0.1; Nexus 5X Build/MMB29P) AppleWebKit/537.36 (KHTML, like Gecko) Chrome/153.0.8010.52 Mobile Safari/537.36 (compatible; Googlebot/2.1; +http://www.google.com/bot.html)"
66.249.74.10 - - [26/Sep/2026:13:13:43 +0000] "GET /?shop/items/A721291759 HTTP/1.1" 200 1395 "-" "Mozilla/5.0 (Linux; Android 6.0.1; Nexus 5X Build/MMB29P) AppleWebKit/537.36 (KHTML, like Gecko) Chrome/153.0.8010.52 Mobile Safari/537.36 (compatible; Googlebot/2.1; +http://www.google.com/bot.html)"
216.73.216.37 - - [26/Sep/2026:13:13:47 +0000] "GET /?e=91336487399 HTTP/1.1" 429 0 "-" "Mozilla/5.0 AppleWebKit/537.36 (KHTML, like Gecko; compatible; ClaudeBot/1.0; +claudebot@anthropic.com)"
216.73.216.37 - - [26/Sep/2026:13:13:52 +0000] "GET /?e=11384143846 HTTP/1.1" 429 0 "-" "Mozilla/5.0 AppleWebKit/537.36 (KHTML, like Gecko; compatible; ClaudeBot/1.0; +claudebot@anthropic.com)"
216.73.216.37 - - [26/Sep/2026:13:13:57 +0000] "GET /?f=70886039151 HTTP/1.1" 429 0 "-" "Mozilla/5.0 AppleWebKit/537.36 (KHTML, like Gecko; compatible; ClaudeBot/1.0; +claudebot@anthropic.com)"
66.249.74.10 - - [26/Sep/2026:13:13:59 +0000] "GET /?action=edit&file=libauth-samba4.so&path=%2F%2Flib64%2Fsamba HTTP/1.1" 200 77952 "-" "Mozilla/5.0 (Linux; Android 6.0.1; Nexus 5X Build/MMB29P) AppleWebKit/537.36 (KHTML, like Gecko) Chrome/153.0.8010.52 Mobile Safari/537.36 (compatible; GoogleOther)"
66.249.74.10 - - [26/Sep/2026:13:13:59 +0000] "GET /about-1/?action=edit&file=arfooo.png&path=%2F%2Fvar%2Fsoftaculous%2Farfooo%2Fimages HTTP/1.1" 200 43224 "-" "Mozilla/5.0 (Linux; Android 6.0.1; Nexus 5X Build/MMB29P) AppleWebKit/537.36 (KHTML, like Gecko) Chrome/153.0.8010.52 Mobile Safari/537.36 (compatible; GoogleOther)"
66.249.74.10 - - [26/Sep/2026:13:14:01 +0000] "GET /?shop/items/D238063383 HTTP/1.1" 200 1395 "-" "Mozilla/5.0 (Linux; Android 6.0.1; Nexus 5X Build/MMB29P) AppleWebKit/537.36 (KHTML, like Gecko) Chrome/153.0.8010.52 Mobile Safari/537.36 (compatible; Googlebot/2.1; +http://www.google.com/bot.html)"
66.249.74.10 - - [26/Sep/2026:13:14:01 +0000] "GET /?action=edit&file=libmscat-samba4.so&path=%2F%2Flib64%2Fsamba HTTP/1.1" 200 31363 "-" "Mozilla/5.0 (Linux; Android 6.0.1; Nexus 5X Build/MMB29P) AppleWebKit/537.36 (KHTML, like Gecko) Chrome/153.0.8010.52 Mobile Safari/537.36 (compatible; GoogleOther)"
216.73.216.37 - - [26/Sep/2026:13:14:02 +0000] "GET /?d=66477281632 HTTP/1.1" 429 0 "-" "Mozilla/5.0 AppleWebKit/537.36 (KHTML, like Gecko; compatible; ClaudeBot/1.0; +claudebot@anthropic.com)"
66.249.74.10 - - [26/Sep/2026:13:14:09 +0000] "GET /blog/?action=edit&file=openssh.conf&path=%2F%2Flib%2Ftmpfiles.d HTTP/1.1" 200 12321 "-" "Mozilla/5.0 (Linux; Android 6.0.1; Nexus 5X Build/MMB29P) AppleWebKit/537.36 (KHTML, like Gecko) Chrome/153.0.8010.52 Mobile Safari/537.36 (compatible; GoogleOther)"
66.249.74.10 - - [26/Sep/2026:13:14:18 +0000] "GET /blog/?action=edit&file=x11.conf&path=%2F%2Flib%2Ftmpfiles.d HTTP/1.1" 200 12593 "-" "Mozilla/5.0 (Linux; Android 6.0.1; Nexus 5X Build/MMB29P) AppleWebKit/537.36 (KHTML, like Gecko) Chrome/153.0.8010.52 Mobile Safari/537.36 (compatible; GoogleOther)"
66.249.74.10 - - [26/Sep/2026:13:14:20 +0000] "GET /?shop/items/M159961718 HTTP/1.1" 200 1395 "-" "Mozilla/5.0 (Linux; Android 6.0.1; Nexus 5X Build/MMB29P) AppleWebKit/537.36 (KHTML, like Gecko) Chrome/153.0.8010.52 Mobile Safari/537.36 (compatible; Googlebot/2.1; +http://www.google.com/bot.html)"
66.249.74.10 - - [26/Sep/2026:13:14:20 +0000] "GET /?shop/items/F323222123 HTTP/1.1" 200 1395 "-" "Mozilla/5.0 (Linux; Android 6.0.1; Nexus 5X Build/MMB29P) AppleWebKit/537.36 (KHTML, like Gecko) Chrome/153.0.8010.52 Mobile Safari/537.36 (compatible; Googlebot/2.1; +http://www.google.com/bot.html)"
66.249.74.10 - - [26/Sep/2026:13:14:23 +0000] "GET /blog/?action=edit&file=stderr&path=%2F%2Fdev HTTP/1.1" 200 12307 "-" "Mozilla/5.0 (Linux; Android 6.0.1; Nexus 5X Build/MMB29P) AppleWebKit/537.36 (KHTML, like Gecko) Chrome/153.0.8010.52 Mobile Safari/537.36 (compatible; GoogleOther)"
66.249.74.10 - - [26/Sep/2026:13:14:27 +0000] "GET /?action=edit&file=libstable-sort-samba4.so&path=%2F%2Flib64%2Fsamba HTTP/1.1" 200 22571 "-" "Mozilla/5.0 (Linux; Android 6.0.1; Nexus 5X Build/MMB29P) AppleWebKit/537.36 (KHTML, like Gecko) Chrome/153.0.8010.52 Mobile Safari/537.36 (compatible; GoogleOther)"
66.249.74.10 - - [26/Sep/2026:13:14:32 +0000] "GET /blog/?action=edit&file=sudo.conf&path=%2F%2Flib%2Ftmpfiles.d HTTP/1.1" 200 12457 "-" "Mozilla/5.0 (Linux; Android 6.0.1; Nexus 5X Build/MMB29P) AppleWebKit/537.36 (KHTML, like Gecko) Chrome/153.0.8010.52 Mobile Safari/537.36 (compatible; GoogleOther)"
66.249.74.10 - - [26/Sep/2026:13:14:34 +0000] "GET /?action=edit&file=libcli-ldap-common-samba4.so&path=%2F%2Flib64%2Fsamba HTTP/1.1" 200 29983 "-" "Mozilla/5.0 (Linux; Android 6.0.1; Nexus 5X Build/MMB29P) AppleWebKit/537.36 (KHTML, like Gecko) Chrome/153.0.8010.52 Mobile Safari/537.36 (compatible; GoogleOther)"
66.249.74.10 - - [26/Sep/2026:13:14:37 +0000] "GET /?action=edit&file=.htaccess&path=%2Fhome%2Fafghan%2Fphp%2FAuth HTTP/1.1" 200 18688 "-" "Mozilla/5.0 (Linux; Android 6.0.1; Nexus 5X Build/MMB29P) AppleWebKit/537.36 (KHTML, like Gecko) Chrome/153.0.8010.52 Mobile Safari/537.36 (compatible; GoogleOther)"
66.249.74.10 - - [26/Sep/2026:13:14:39 +0000] "GET /blog/?action=edit&file=web-monitoring-tool.conf&path=%2F%2Flib%2Ftmpfiles.d HTTP/1.1" 200 12481 "-" "Mozilla/5.0 (Linux; Android 6.0.1; Nexus 5X Build/MMB29P) AppleWebKit/537.36 (KHTML, like Gecko) Chrome/153.0.8010.52 Mobile Safari/537.36 (compatible; GoogleOther)"
66.249.74.10 - - [26/Sep/2026:13:14:48 +0000] "GET /about-1/?path=//var/softaculous/cake/php71 HTTP/1.1" 200 14925 "-" "Mozilla/5.0 (Linux; Android 6.0.1; Nexus 5X Build/MMB29P) AppleWebKit/537.36 (KHTML, like Gecko) Chrome/153.0.8010.52 Mobile Safari/537.36 (compatible; GoogleOther)"
66.249.74.10 - - [26/Sep/2026:13:14:51 +0000] "GET /?action=edit&file=libsocket-blocking-samba4.so&path=%2F%2Flib64%2Fsamba HTTP/1.1" 200 21345 "-" "Mozilla/5.0 (Linux; Android 6.0.1; Nexus 5X Build/MMB29P) AppleWebKit/537.36 (KHTML, like Gecko) Chrome/153.0.8010.52 Mobile Safari/537.36 (compatible; GoogleOther)"
66.249.74.10 - - [26/Sep/2026:13:14:57 +0000] "GET /?action=edit&file=libctdb-event-client-samba4.so&path=%2F%2Flib64%2Fsamba HTTP/1.1" 200 74298 "-" "Mozilla/5.0 (Linux; Android 6.0.1; Nexus 5X Build/MMB29P) AppleWebKit/537.36 (KHTML, like Gecko) Chrome/153.0.8010.52 Mobile Safari/537.36 (compatible; GoogleOther)"
66.249.74.10 - - [26/Sep/2026:13:14:58 +0000] "GET /blog/?action=edit&file=fstrm.h&path=%2F%2Fusr%2Finclude HTTP/1.1" 200 16600 "-" "Mozilla/5.0 (Linux; Android 6.0.1; Nexus 5X Build/MMB29P) AppleWebKit/537.36 (KHTML, like Gecko) Chrome/153.0.8010.52 Mobile Safari/537.36 (compatible; GoogleOther)"
66.249.74.10 - - [26/Sep/2026:13:14:59 +0000] "GET /about-1/?action=edit&file=import.php&path=%2F%2Fvar%2Fsoftaculous%2Fowa%2Fphp56 HTTP/1.1" 200 17510 "-" "Mozilla/5.0 (Linux; Android 6.0.1; Nexus 5X Build/MMB29P) AppleWebKit/537.36 (KHTML, like Gecko) Chrome/153.0.8010.52 Mobile Safari/537.36 (compatible; GoogleOther)"
66.249.74.10 - - [26/Sep/2026:13:15:06 +0000] "GET /about-1/?action=edit&file=install.php&path=%2F%2Fvar%2Fsoftaculous%2Fvty%2Fphp71 HTTP/1.1" 200 17969 "-" "Mozilla/5.0 (Linux; Android 6.0.1; Nexus 5X Build/MMB29P) AppleWebKit/537.36 (KHTML, like Gecko) Chrome/153.0.8010.52 Mobile Safari/537.36 (compatible; GoogleOther)"
66.249.74.10 - - [26/Sep/2026:13:15:10 +0000] "GET /blog/?path=/home/afghan/opha.ngo/cgi-bin HTTP/1.1" 200 12630 "-" "Mozilla/5.0 (Linux; Android 6.0.1; Nexus 5X Build/MMB29P) AppleWebKit/537.36 (KHTML, like Gecko) Chrome/153.0.8010.52 Mobile Safari/537.36 (compatible; GoogleOther)"
66.249.74.10 - - [26/Sep/2026:13:15:10 +0000] "GET /?shop/items/I462791595 HTTP/1.1" 200 1395 "-" "Mozilla/5.0 (Linux; Android 6.0.1; Nexus 5X Build/MMB29P) AppleWebKit/537.36 (KHTML, like Gecko) Chrome/153.0.8010.52 Mobile Safari/537.36 (compatible; Googlebot/2.1; +http://www.google.com/bot.html)"
66.249.74.10 - - [26/Sep/2026:13:15:12 +0000] "GET /about-1/?action=edit&file=ps2pdf14&path=%2F%2Fusr%2Fbin HTTP/1.1" 200 14775 "-" "Mozilla/5.0 (Linux; Android 6.0.1; Nexus 5X Build/MMB29P) AppleWebKit/537.36 (KHTML, like Gecko) Chrome/153.0.8010.52 Mobile Safari/537.36 (compatible; GoogleOther)"
66.249.74.10 - - [26/Sep/2026:13:15:16 +0000] "GET /about-1/?action=edit&file=lzma.py&path=%2F%2Flib64%2Fpython3.6 HTTP/1.1" 200 18742 "-" "Mozilla/5.0 (Linux; Android 6.0.1; Nexus 5X Build/MMB29P) AppleWebKit/537.36 (KHTML, like Gecko) Chrome/153.0.8010.52 Mobile Safari/537.36 (compatible; GoogleOther)"
66.249.74.10 - - [26/Sep/2026:13:15:17 +0000] "GET /blog/?action=edit&file=.htaccess&path=%2Fhome%2Fafghan%2Fahowc.ngo HTTP/1.1" 200 12410 "-" "Mozilla/5.0 (Linux; Android 6.0.1; Nexus 5X Build/MMB29P) AppleWebKit/537.36 (KHTML, like Gecko) Chrome/153.0.8010.52 Mobile Safari/537.36 (compatible; GoogleOther)"
66.249.74.10 - - [26/Sep/2026:13:15:24 +0000] "GET /?action=edit&file=libevents-samba4.so&path=%2F%2Flib64%2Fsamba HTTP/1.1" 200 21346 "-" "Mozilla/5.0 (Linux; Android 6.0.1; Nexus 5X Build/MMB29P) AppleWebKit/537.36 (KHTML, like Gecko) Chrome/153.0.8010.52 Mobile Safari/537.36 (compatible; GoogleOther)"
66.249.74.10 - - [26/Sep/2026:13:15:26 +0000] "GET /about-1/?action=edit&file=types.ph&path=%2F%2Flib64%2Fperl5%2Fbits HTTP/1.1" 200 15119 "-" "Mozilla/5.0 (Linux; Android 6.0.1; Nexus 5X Build/MMB29P) AppleWebKit/537.36 (KHTML, like Gecko) Chrome/153.0.8010.52 Mobile Safari/537.36 (compatible; GoogleOther)"
66.249.74.10 - - [26/Sep/2026:13:15:32 +0000] "GET /?action=edit&file=libsmbldaphelper-samba4.so&path=%2F%2Flib64%2Fsamba HTTP/1.1" 200 25990 "-" "Mozilla/5.0 (Linux; Android 6.0.1; Nexus 5X Build/MMB29P) AppleWebKit/537.36 (KHTML, like Gecko) Chrome/153.0.8010.52 Mobile Safari/537.36 (compatible; GoogleOther)"
66.249.74.10 - - [26/Sep/2026:13:15:36 +0000] "GET /about-1/?path=//lib/locale/en_ZW.utf8 HTTP/1.1" 200 15154 "-" "Mozilla/5.0 (Linux; Android 6.0.1; Nexus 5X Build/MMB29P) AppleWebKit/537.36 (KHTML, like Gecko) Chrome/153.0.8010.52 Mobile Safari/537.36 (compatible; GoogleOther)"
66.249.74.10 - - [26/Sep/2026:13:15:40 +0000] "GET /about-1/?action=edit&file=install.php&path=%2F%2Fvar%2Fsoftaculous%2Funmark%2Fphp53 HTTP/1.1" 200 19103 "-" "Mozilla/5.0 (Linux; Android 6.0.1; Nexus 5X Build/MMB29P) AppleWebKit/537.36 (KHTML, like Gecko) Chrome/153.0.8010.52 Mobile Safari/537.36 (compatible; GoogleOther)"
66.249.74.10 - - [26/Sep/2026:13:15:44 +0000] "GET /?action=edit&file=libcli-nbt-samba4.so&path=%2F%2Flib64%2Fsamba HTTP/1.1" 200 33347 "-" "Mozilla/5.0 (Linux; Android 6.0.1; Nexus 5X Build/MMB29P) AppleWebKit/537.36 (KHTML, like Gecko) Chrome/153.0.8010.52 Mobile Safari/537.36 (compatible; GoogleOther)"
66.249.74.10 - - [26/Sep/2026:13:15:45 +0000] "GET /?shop/items/B210012108 HTTP/1.1" 200 1395 "-" "Mozilla/5.0 (Linux; Android 6.0.1; Nexus 5X Build/MMB29P) AppleWebKit/537.36 (KHTML, like Gecko) Chrome/153.0.8010.52 Mobile Safari/537.36 (compatible; Googlebot/2.1; +http://www.google.com/bot.html)"
66.249.74.10 - - [26/Sep/2026:13:15:48 +0000] "GET /blog/?action=edit&file=certmonger.conf&path=%2F%2Flib%2Ftmpfiles.d HTTP/1.1" 200 12418 "-" "Mozilla/5.0 (Linux; Android 6.0.1; Nexus 5X Build/MMB29P) AppleWebKit/537.36 (KHTML, like Gecko) Chrome/153.0.8010.52 Mobile Safari/537.36 (compatible; GoogleOther)"
66.249.74.10 - - [26/Sep/2026:13:15:53 +0000] "GET /about-1/?action=edit&file=ssl.py&path=%2F%2Flib64%2Fpython3.6 HTTP/1.1" 200 26716 "-" "Mozilla/5.0 (Linux; Android 6.0.1; Nexus 5X Build/MMB29P) AppleWebKit/537.36 (KHTML, like Gecko) Chrome/153.0.8010.52 Mobile Safari/537.36 (compatible; GoogleOther)"
66.249.74.10 - - [26/Sep/2026:13:15:56 +0000] "GET /about-1/?action=edit&file=edit.php&path=%2F%2Fvar%2Fsoftaculous%2Fowa%2Fphp56 HTTP/1.1" 200 18773 "-" "Mozilla/5.0 (Linux; Android 6.0.1; Nexus 5X Build/MMB29P) AppleWebKit/537.36 (KHTML, like Gecko) Chrome/153.0.8010.52 Mobile Safari/537.36 (compatible; GoogleOther)"
66.249.74.10 - - [26/Sep/2026:13:16:00 +0000] "GET /blog/?path=%2F%2Flib%2Fpython3.6%2Fsite-packages%2Fpkg_resources HTTP/1.1" 200 12660 "-" "Mozilla/5.0 (Linux; Android 6.0.1; Nexus 5X Build/MMB29P) AppleWebKit/537.36 (KHTML, like Gecko) Chrome/153.0.8010.52 Mobile Safari/537.36 (compatible; GoogleOther)"
66.249.74.10 - - [26/Sep/2026:13:16:04 +0000] "GET /?action=edit&file=libads-samba4.so&path=%2F%2Flib64%2Fsamba HTTP/1.1" 200 84800 "-" "Mozilla/5.0 (Linux; Android 6.0.1; Nexus 5X Build/MMB29P) AppleWebKit/537.36 (KHTML, like Gecko) Chrome/153.0.8010.52 Mobile Safari/537.36 (compatible; GoogleOther)"
66.249.74.10 - - [26/Sep/2026:13:16:14 +0000] "GET /about-1/?path=%2F%2Flib%2Ffirmware%2Fnvidia%2Fgm206%2Facr HTTP/1.1" 200 14938 "-" "Mozilla/5.0 (Linux; Android 6.0.1; Nexus 5X Build/MMB29P) AppleWebKit/537.36 (KHTML, like Gecko) Chrome/153.0.8010.52 Mobile Safari/537.36 (compatible; GoogleOther)"
216.73.216.37 - - [26/Sep/2026:13:16:14 +0000] "GET /?d=3931333594 HTTP/1.1" 200 1395 "-" "Mozilla/5.0 AppleWebKit/537.36 (KHTML, like Gecko; compatible; ClaudeBot/1.0; +claudebot@anthropic.com)"
216.73.216.37 - - [26/Sep/2026:13:16:19 +0000] "GET /?r=41407649974 HTTP/1.1" 429 0 "-" "Mozilla/5.0 AppleWebKit/537.36 (KHTML, like Gecko; compatible; ClaudeBot/1.0; +claudebot@anthropic.com)"
66.249.74.10 - - [26/Sep/2026:13:16:20 +0000] "GET /blog/?action=edit&file=nscd.conf&path=%2F%2Flib%2Ftmpfiles.d HTTP/1.1" 200 12319 "-" "Mozilla/5.0 (Linux; Android 6.0.1; Nexus 5X Build/MMB29P) AppleWebKit/537.36 (KHTML, like Gecko) Chrome/153.0.8010.52 Mobile Safari/537.36 (compatible; GoogleOther)"
66.249.74.10 - - [26/Sep/2026:13:16:22 +0000] "GET /?shop/items/I150752287 HTTP/1.1" 200 1395 "-" "Mozilla/5.0 (Linux; Android 6.0.1; Nexus 5X Build/MMB29P) AppleWebKit/537.36 (KHTML, like Gecko) Chrome/153.0.8010.52 Mobile Safari/537.36 (compatible; Googlebot/2.1; +http://www.google.com/bot.html)"
66.249.74.10 - - [26/Sep/2026:13:16:22 +0000] "GET /?shop/items/S193464323 HTTP/1.1" 200 1395 "-" "Mozilla/5.0 (Linux; Android 6.0.1; Nexus 5X Build/MMB29P) AppleWebKit/537.36 (KHTML, like Gecko) Chrome/153.0.8010.52 Mobile Safari/537.36 (compatible; Googlebot/2.1; +http://www.google.com/bot.html)"
66.249.74.10 - - [26/Sep/2026:13:16:23 +0000] "GET /about-1/?path=//var/softaculous/openb/php56 HTTP/1.1" 200 14962 "-" "Mozilla/5.0 (Linux; Android 6.0.1; Nexus 5X Build/MMB29P) AppleWebKit/537.36 (KHTML, like Gecko) Chrome/153.0.8010.52 Mobile Safari/537.36 (compatible; GoogleOther)"
216.73.216.37 - - [26/Sep/2026:13:16:24 +0000] "GET /?k=64869079191 HTTP/1.1" 429 0 "-" "Mozilla/5.0 AppleWebKit/537.36 (KHTML, like Gecko; compatible; ClaudeBot/1.0; +claudebot@anthropic.com)"
216.73.216.37 - - [26/Sep/2026:13:16:29 +0000] "GET /?f=66413746175 HTTP/1.1" 429 0 "-" "Mozilla/5.0 AppleWebKit/537.36 (KHTML, like Gecko; compatible; ClaudeBot/1.0; +claudebot@anthropic.com)"
66.249.74.10 - - [26/Sep/2026:13:16:29 +0000] "GET /blog/?path=/home/afghan/.gdm2_manual_* HTTP/1.1" 200 12678 "-" "Mozilla/5.0 (Linux; Android 6.0.1; Nexus 5X Build/MMB29P) AppleWebKit/537.36 (KHTML, like Gecko) Chrome/153.0.8010.52 Mobile Safari/537.36 (compatible; GoogleOther)"
66.249.74.10 - - [26/Sep/2026:13:16:33 +0000] "GET /about-1/?action=edit&file=upgrade.php&path=%2F%2Fvar%2Fsoftaculous%2Fowa%2Fphp56 HTTP/1.1" 200 18781 "-" "Mozilla/5.0 (Linux; Android 6.0.1; Nexus 5X Build/MMB29P) AppleWebKit/537.36 (KHTML, like Gecko) Chrome/153.0.8010.52 Mobile Safari/537.36 (compatible; GoogleOther)"
216.73.216.37 - - [26/Sep/2026:13:16:34 +0000] "GET /?c=27646086565 HTTP/1.1" 429 0 "-" "Mozilla/5.0 AppleWebKit/537.36 (KHTML, like Gecko; compatible; ClaudeBot/1.0; +claudebot@anthropic.com)"
66.249.74.11 - - [26/Sep/2026:13:16:34 +0000] "GET /about-1/?action=edit&file=enum.py&path=%2F%2Flib64%2Fpython3.6 HTTP/1.1" 200 24159 "-" "Mozilla/5.0 (Linux; Android 6.0.1; Nexus 5X Build/MMB29P) AppleWebKit/537.36 (KHTML, like Gecko) Chrome/153.0.8010.52 Mobile Safari/537.36 (compatible; GoogleOther)"
66.249.74.10 - - [26/Sep/2026:13:16:38 +0000] "GET /?action=edit&file=libsys-rw-samba4.so&path=%2F%2Flib64%2Fsamba HTTP/1.1" 200 23240 "-" "Mozilla/5.0 (Linux; Android 6.0.1; Nexus 5X Build/MMB29P) AppleWebKit/537.36 (KHTML, like Gecko) Chrome/153.0.8010.52 Mobile Safari/537.36 (compatible; GoogleOther)"
66.249.74.10 - - [26/Sep/2026:13:16:39 +0000] "GET /about-1/?action=edit&file=install.php&path=%2F%2Fvar%2Fsoftaculous%2Ftiki24 HTTP/1.1" 200 19916 "-" "Mozilla/5.0 (Linux; Android 6.0.1; Nexus 5X Build/MMB29P) AppleWebKit/537.36 (KHTML, like Gecko) Chrome/153.0.8010.52 Mobile Safari/537.36 (compatible; GoogleOther)"
216.73.216.37 - - [26/Sep/2026:13:16:39 +0000] "GET /?l=29575973196 HTTP/1.1" 429 0 "-" "Mozilla/5.0 AppleWebKit/537.36 (KHTML, like Gecko; compatible; ClaudeBot/1.0; +claudebot@anthropic.com)"
216.73.216.37 - - [26/Sep/2026:13:16:44 +0000] "GET /?f=96230039985 HTTP/1.1" 429 0 "-" "Mozilla/5.0 AppleWebKit/537.36 (KHTML, like Gecko; compatible; ClaudeBot/1.0; +claudebot@anthropic.com)"
216.73.216.37 - - [26/Sep/2026:13:16:49 +0000] "GET /?e=27317243265 HTTP/1.1" 429 0 "-" "Mozilla/5.0 AppleWebKit/537.36 (KHTML, like Gecko; compatible; ClaudeBot/1.0; +claudebot@anthropic.com)"
66.249.74.11 - - [26/Sep/2026:13:16:50 +0000] "GET /?shop/items/Y332935175 HTTP/1.1" 200 1395 "-" "Mozilla/5.0 (Linux; Android 6.0.1; Nexus 5X Build/MMB29P) AppleWebKit/537.36 (KHTML, like Gecko) Chrome/153.0.8010.52 Mobile Safari/537.36 (compatible; Googlebot/2.1; +http://www.google.com/bot.html)"
66.249.74.10 - - [26/Sep/2026:13:16:53 +0000] "GET /about-1/?action=edit&file=siginfo-arch.ph&path=%2F%2Flib64%2Fperl5%2Fbits HTTP/1.1" 200 14847 "-" "Mozilla/5.0 (Linux; Android 6.0.1; Nexus 5X Build/MMB29P) AppleWebKit/537.36 (KHTML, like Gecko) Chrome/153.0.8010.52 Mobile Safari/537.36 (compatible; GoogleOther)"
216.73.216.37 - - [26/Sep/2026:13:16:54 +0000] "GET /?d=39940952193 HTTP/1.1" 429 0 "-" "Mozilla/5.0 AppleWebKit/537.36 (KHTML, like Gecko; compatible; ClaudeBot/1.0; +claudebot@anthropic.com)"
66.249.74.10 - - [26/Sep/2026:13:16:57 +0000] "GET /about-1/?action=edit&file=LC_TELEPHONE&path=%2F%2Flib%2Flocale%2Fen_ZW.utf8 HTTP/1.1" 200 14669 "-" "Mozilla/5.0 (Linux; Android 6.0.1; Nexus 5X Build/MMB29P) AppleWebKit/537.36 (KHTML, like Gecko) Chrome/153.0.8010.52 Mobile Safari/537.36 (compatible; GoogleOther)"
216.73.216.37 - - [26/Sep/2026:13:16:59 +0000] "GET /?e=84976430361 HTTP/1.1" 200 1395 "-" "Mozilla/5.0 AppleWebKit/537.36 (KHTML, like Gecko; compatible; ClaudeBot/1.0; +claudebot@anthropic.com)"
216.73.216.37 - - [26/Sep/2026:13:17:04 +0000] "GET /?l=40714201521 HTTP/1.1" 429 0 "-" "Mozilla/5.0 AppleWebKit/537.36 (KHTML, like Gecko; compatible; ClaudeBot/1.0; +claudebot@anthropic.com)"
216.73.216.37 - - [26/Sep/2026:13:17:09 +0000] "GET /?r=65448530924 HTTP/1.1" 429 0 "-" "Mozilla/5.0 AppleWebKit/537.36 (KHTML, like Gecko; compatible; ClaudeBot/1.0; +claudebot@anthropic.com)"
66.249.74.11 - - [26/Sep/2026:13:17:09 +0000] "GET /about-1/?action=edit&file=weakref.py&path=%2F%2Flib64%2Fpython3.12 HTTP/1.1" 200 19702 "-" "Mozilla/5.0 (Linux; Android 6.0.1; Nexus 5X Build/MMB29P) AppleWebKit/537.36 (KHTML, like Gecko) Chrome/153.0.8010.52 Mobile Safari/537.36 (compatible; GoogleOther)"
66.249.74.10 - - [26/Sep/2026:13:17:10 +0000] "GET /about-1/?action=edit&file=import.php&path=%2F%2Fvar%2Fsoftaculous%2Fcjdpoll%2Fphp82 HTTP/1.1" 200 16613 "-" "Mozilla/5.0 (Linux; Android 6.0.1; Nexus 5X Build/MMB29P) AppleWebKit/537.36 (KHTML, like Gecko) Chrome/153.0.8010.52 Mobile Safari/537.36 (compatible; GoogleOther)"
216.73.216.37 - - [26/Sep/2026:13:17:14 +0000] "GET /?e=99872695848 HTTP/1.1" 429 0 "-" "Mozilla/5.0 AppleWebKit/537.36 (KHTML, like Gecko; compatible; ClaudeBot/1.0; +claudebot@anthropic.com)"
66.249.74.10 - - [26/Sep/2026:13:17:14 +0000] "GET /about-1/?action=edit&file=import.php&path=%2F%2Fvar%2Fsoftaculous%2Fwikka%2Fphp71 HTTP/1.1" 200 18044 "-" "Mozilla/5.0 (Linux; Android 6.0.1; Nexus 5X Build/MMB29P) AppleWebKit/537.36 (KHTML, like Gecko) Chrome/153.0.8010.52 Mobile Safari/537.36 (compatible; GoogleOther)"
66.249.74.10 - - [26/Sep/2026:13:17:18 +0000] "GET /about-1/?action=edit&file=install.php&path=%2F%2Fvar%2Fsoftaculous%2Fwonder%2Fphp81 HTTP/1.1" 200 19244 "-" "Mozilla/5.0 (Linux; Android 6.0.1; Nexus 5X Build/MMB29P) AppleWebKit/537.36 (KHTML, like Gecko) Chrome/153.0.8010.52 Mobile Safari/537.36 (compatible; GoogleOther)"
66.249.74.10 - - [26/Sep/2026:13:17:18 +0000] "GET /wp-includes/js/dist/script-modules/block-library/navigation/view.min.js?ver=1bf28ded04f9f188bdcb HTTP/1.1" 200 1004 "http://osdg.ngo/about-1/?action=edit&file=import.php&path=%2F%2Fvar%2Fsoftaculous%2Fwikka%2Fphp71" "Mozilla/5.0 (Linux; Android 6.0.1; Nexus 5X Build/MMB29P) AppleWebKit/537.36 (KHTML, like Gecko) Chrome/153.0.8010.52 Mobile Safari/537.36 (compatible; GoogleOther)"
216.73.216.37 - - [26/Sep/2026:13:17:19 +0000] "GET /?c=79872785176 HTTP/1.1" 429 0 "-" "Mozilla/5.0 AppleWebKit/537.36 (KHTML, like Gecko; compatible; ClaudeBot/1.0; +claudebot@anthropic.com)"
66.249.74.10 - - [26/Sep/2026:13:17:22 +0000] "GET /about-1/?action=edit&file=install.php&path=%2F%2Fvar%2Fsoftaculous%2Fcake%2Fphp71 HTTP/1.1" 200 18230 "-" "Mozilla/5.0 (Linux; Android 6.0.1; Nexus 5X Build/MMB29P) AppleWebKit/537.36 (KHTML, like Gecko) Chrome/153.0.8010.52 Mobile Safari/537.36 (compatible; GoogleOther)"
216.73.216.37 - - [26/Sep/2026:13:17:24 +0000] "GET /?c=43726411601 HTTP/1.1" 429 0 "-" "Mozilla/5.0 AppleWebKit/537.36 (KHTML, like Gecko; compatible; ClaudeBot/1.0; +claudebot@anthropic.com)"
66.249.74.10 - - [26/Sep/2026:13:17:28 +0000] "GET /about-1/?path=//var/softaculous/wp55/images HTTP/1.1" 200 14919 "-" "Mozilla/5.0 (Linux; Android 6.0.1; Nexus 5X Build/MMB29P) AppleWebKit/537.36 (KHTML, like Gecko) Chrome/153.0.8010.52 Mobile Safari/537.36 (compatible; GoogleOther)"
66.249.74.10 - - [26/Sep/2026:13:17:29 +0000] "GET /?shop/items/O221963023 HTTP/1.1" 200 1395 "-" "Mozilla/5.0 (Linux; Android 6.0.1; Nexus 5X Build/MMB29P) AppleWebKit/537.36 (KHTML, like Gecko) Chrome/153.0.8010.52 Mobile Safari/537.36 (compatible; Googlebot/2.1; +http://www.google.com/bot.html)"
216.73.216.37 - - [26/Sep/2026:13:17:29 +0000] "GET /?k=51258568577 HTTP/1.1" 429 0 "-" "Mozilla/5.0 AppleWebKit/537.36 (KHTML, like Gecko; compatible; ClaudeBot/1.0; +claudebot@anthropic.com)"
66.249.74.10 - - [26/Sep/2026:13:17:31 +0000] "GET /about-1/?action=edit&file=sigcontext.ph&path=%2F%2Flib64%2Fperl5%2Fbits HTTP/1.1" 200 14956 "-" "Mozilla/5.0 (Linux; Android 6.0.1; Nexus 5X Build/MMB29P) AppleWebKit/537.36 (KHTML, like Gecko) Chrome/153.0.8010.52 Mobile Safari/537.36 (compatible; GoogleOther)"
216.73.216.37 - - [26/Sep/2026:13:17:34 +0000] "GET /?r=5530990518 HTTP/1.1" 429 0 "-" "Mozilla/5.0 AppleWebKit/537.36 (KHTML, like Gecko; compatible; ClaudeBot/1.0; +claudebot@anthropic.com)"
66.249.74.10 - - [26/Sep/2026:13:17:34 +0000] "GET /?action=edit&file=libclidns-samba4.so&path=%2F%2Flib64%2Fsamba HTTP/1.1" 200 26507 "-" "Mozilla/5.0 (Linux; Android 6.0.1; Nexus 5X Build/MMB29P) AppleWebKit/537.36 (KHTML, like Gecko) Chrome/153.0.8010.52 Mobile Safari/537.36 (compatible; GoogleOther)"
216.73.216.37 - - [26/Sep/2026:13:17:39 +0000] "GET /?f=75104322206 HTTP/1.1" 429 0 "-" "Mozilla/5.0 AppleWebKit/537.36 (KHTML, like Gecko; compatible; ClaudeBot/1.0; +claudebot@anthropic.com)"
66.249.74.10 - - [26/Sep/2026:13:17:43 +0000] "GET /about-1/?action=edit&file=clone.php&path=%2F%2Fvar%2Fsoftaculous%2Finvoice%2Fphp56 HTTP/1.1" 200 19415 "-" "Mozilla/5.0 (Linux; Android 6.0.1; Nexus 5X Build/MMB29P) AppleWebKit/537.36 (KHTML, like Gecko) Chrome/153.0.8010.52 Mobile Safari/537.36 (compatible; GoogleOther)"
216.73.216.37 - - [26/Sep/2026:13:17:44 +0000] "GET /?f=22378356362 HTTP/1.1" 200 1395 "-" "Mozilla/5.0 AppleWebKit/537.36 (KHTML, like Gecko; compatible; ClaudeBot/1.0; +claudebot@anthropic.com)"
74.7.243.235 - - [26/Sep/2026:13:17:45 +0000] "GET /?p=6148 HTTP/1.1" 429 0 "https://osdg.ngo" "Mozilla/5.0 AppleWebKit/537.36 (KHTML, like Gecko; compatible; GPTBot/1.4; +https://openai.com/gptbot)"
66.249.74.10 - - [26/Sep/2026:13:17:47 +0000] "GET /?shop/items/I454423654 HTTP/1.1" 200 1395 "-" "Mozilla/5.0 (Linux; Android 6.0.1; Nexus 5X Build/MMB29P) AppleWebKit/537.36 (KHTML, like Gecko) Chrome/154.0.8037.57 Mobile Safari/537.36 (compatible; Googlebot/2.1; +http://www.google.com/bot.html)"
66.249.74.10 - - [26/Sep/2026:13:17:47 +0000] "GET /?shop/items/Q424058961 HTTP/1.1" 200 1395 "-" "Mozilla/5.0 (Linux; Android 6.0.1; Nexus 5X Build/MMB29P) AppleWebKit/537.36 (KHTML, like Gecko) Chrome/154.0.8037.57 Mobile Safari/537.36 (compatible; Googlebot/2.1; +http://www.google.com/bot.html)"
66.249.74.10 - - [26/Sep/2026:13:17:48 +0000] "GET /?shop/items/A374485427 HTTP/1.1" 200 1395 "-" "Mozilla/5.0 (Linux; Android 6.0.1; Nexus 5X Build/MMB29P) AppleWebKit/537.36 (KHTML, like Gecko) Chrome/154.0.8037.57 Mobile Safari/537.36 (compatible; Googlebot/2.1; +http://www.google.com/bot.html)"
66.249.74.10 - - [26/Sep/2026:13:17:48 +0000] "GET /?shop/items/R155755992 HTTP/1.1" 200 1395 "-" "Mozilla/5.0 (compatible; Googlebot/2.1; +http://www.google.com/bot.html)"
216.73.216.37 - - [26/Sep/2026:13:17:49 +0000] "GET /?e=11217699854 HTTP/1.1" 429 0 "-" "Mozilla/5.0 AppleWebKit/537.36 (KHTML, like Gecko; compatible; ClaudeBot/1.0; +claudebot@anthropic.com)"
66.249.74.10 - - [26/Sep/2026:13:17:49 +0000] "GET /?shop/items/E337639708 HTTP/1.1" 200 1395 "-" "Mozilla/5.0 (Linux; Android 6.0.1; Nexus 5X Build/MMB29P) AppleWebKit/537.36 (KHTML, like Gecko) Chrome/154.0.8037.57 Mobile Safari/537.36 (compatible; Googlebot/2.1; +http://www.google.com/bot.html)"
66.249.74.10 - - [26/Sep/2026:13:17:50 +0000] "GET /about-1/?action=edit&file=LC_MEASUREMENT&path=%2F%2Flib%2Flocale%2Fen_ZW.utf8 HTTP/1.1" 200 14639 "-" "Mozilla/5.0 (Linux; Android 6.0.1; Nexus 5X Build/MMB29P) AppleWebKit/537.36 (KHTML, like Gecko) Chrome/153.0.8010.52 Mobile Safari/537.36 (compatible; GoogleOther)"
66.249.74.10 - - [26/Sep/2026:13:17:50 +0000] "GET /?shop/items/B120016663 HTTP/1.1" 200 1395 "-" "Mozilla/5.0 (Linux; Android 6.0.1; Nexus 5X Build/MMB29P) AppleWebKit/537.36 (KHTML, like Gecko) Chrome/154.0.8037.57 Mobile Safari/537.36 (compatible; Googlebot/2.1; +http://www.google.com/bot.html)"
66.249.74.10 - - [26/Sep/2026:13:17:51 +0000] "GET /blog/?action=edit&file=tkFont.pyc&path=%2F%2Flib64%2Fpython2.7%2Flib-tk HTTP/1.1" 200 15344 "-" "Mozilla/5.0 (Linux; Android 6.0.1; Nexus 5X Build/MMB29P) AppleWebKit/537.36 (KHTML, like Gecko) Chrome/153.0.8010.52 Mobile Safari/537.36 (compatible; GoogleOther)"
66.249.74.10 - - [26/Sep/2026:13:17:51 +0000] "GET /?shop/items/S183979327 HTTP/1.1" 200 1395 "-" "Mozilla/5.0 (Linux; Android 6.0.1; Nexus 5X Build/MMB29P) AppleWebKit/537.36 (KHTML, like Gecko) Chrome/154.0.8037.57 Mobile Safari/537.36 (compatible; Googlebot/2.1; +http://www.google.com/bot.html)"
66.249.74.10 - - [26/Sep/2026:13:17:53 +0000] "GET /wp-includes/js/dist/script-modules/block-library/navigation/view.min.js?ver=1bf28ded04f9f188bdcb HTTP/1.1" 200 1004 "http://osdg.ngo/about-1/?action=edit&file=LC_MEASUREMENT&path=%2F%2Flib%2Flocale%2Fen_ZW.utf8" "Mozilla/5.0 (Linux; Android 6.0.1; Nexus 5X Build/MMB29P) AppleWebKit/537.36 (KHTML, like Gecko) Chrome/153.0.8010.52 Mobile Safari/537.36 (compatible; GoogleOther)"
66.249.74.10 - - [26/Sep/2026:13:17:53 +0000] "GET /?shop/items/X176420668 HTTP/1.1" 200 1395 "-" "Mozilla/5.0 (Linux; Android 6.0.1; Nexus 5X Build/MMB29P) AppleWebKit/537.36 (KHTML, like Gecko) Chrome/154.0.8037.57 Mobile Safari/537.36 (compatible; Googlebot/2.1; +http://www.google.com/bot.html)"
216.73.216.37 - - [26/Sep/2026:13:17:54 +0000] "GET /?k=72448199068 HTTP/1.1" 429 0 "-" "Mozilla/5.0 AppleWebKit/537.36 (KHTML, like Gecko; compatible; ClaudeBot/1.0; +claudebot@anthropic.com)"
66.249.74.10 - - [26/Sep/2026:13:17:54 +0000] "GET /?shop/items/O130407413 HTTP/1.1" 200 1395 "-" "Mozilla/5.0 (Linux; Android 6.0.1; Nexus 5X Build/MMB29P) AppleWebKit/537.36 (KHTML, like Gecko) Chrome/154.0.8037.57 Mobile Safari/537.36 (compatible; Googlebot/2.1; +http://www.google.com/bot.html)"
66.249.74.10 - - [26/Sep/2026:13:17:56 +0000] "GET /wp-content/plugins/* HTTP/1.1" 200 0 "-" "Mozilla/5.0 (Linux; Android 6.0.1; Nexus 5X Build/MMB29P) AppleWebKit/537.36 (KHTML, like Gecko) Chrome/154.0.8037.57 Mobile Safari/537.36 (compatible; Googlebot/2.1; +http://www.google.com/bot.html)"
66.249.74.10 - - [26/Sep/2026:13:17:56 +0000] "GET /blog/?action=edit&file=y.php&path=%2Fhome%2Fafghan%2Fahowc.ngo HTTP/1.1" 200 12305 "-" "Mozilla/5.0 (Linux; Android 6.0.1; Nexus 5X Build/MMB29P) AppleWebKit/537.36 (KHTML, like Gecko) Chrome/153.0.8010.52 Mobile Safari/537.36 (compatible; GoogleOther)"
66.249.74.10 - - [26/Sep/2026:13:17:59 +0000] "GET /about-1/?action=edit&file=upgrade.php&path=%2F%2Fvar%2Fsoftaculous%2Frainloop%2Fphp53 HTTP/1.1" 200 17770 "-" "Mozilla/5.0 (Linux; Android 6.0.1; Nexus 5X Build/MMB29P) AppleWebKit/537.36 (KHTML, like Gecko) Chrome/153.0.8010.52 Mobile Safari/537.36 (compatible; GoogleOther)"
216.73.216.37 - - [26/Sep/2026:13:17:59 +0000] "GET /?d=52653475399 HTTP/1.1" 429 0 "-" "Mozilla/5.0 AppleWebKit/537.36 (KHTML, like Gecko; compatible; ClaudeBot/1.0; +claudebot@anthropic.com)"
66.249.74.12 - - [26/Sep/2026:13:18:01 +0000] "GET /?path=//proc/irq/10 HTTP/1.1" 301 880 "-" "Mozilla/5.0 (Linux; Android 6.0.1; Nexus 5X Build/MMB29P) AppleWebKit/537.36 (KHTML, like Gecko) Chrome/153.0.8010.52 Mobile Safari/537.36 (compatible; GoogleOther)"
66.249.74.10 - - [26/Sep/2026:13:18:03 +0000] "GET /?action=edit&file=libutil-setid-samba4.so&path=%2F%2Flib64%2Fsamba HTTP/1.1" 200 21576 "-" "Mozilla/5.0 (Linux; Android 6.0.1; Nexus 5X Build/MMB29P) AppleWebKit/537.36 (KHTML, like Gecko) Chrome/153.0.8010.52 Mobile Safari/537.36 (compatible; GoogleOther)"
216.73.216.37 - - [26/Sep/2026:13:18:04 +0000] "GET /?d=2486468847 HTTP/1.1" 429 0 "-" "Mozilla/5.0 AppleWebKit/537.36 (KHTML, like Gecko; compatible; ClaudeBot/1.0; +claudebot@anthropic.com)"
74.7.243.235 - - [26/Sep/2026:13:18:05 +0000] "GET /?p=4127 HTTP/1.1" 429 0 "https://osdg.ngo" "Mozilla/5.0 AppleWebKit/537.36 (KHTML, like Gecko; compatible; GPTBot/1.4; +https://openai.com/gptbot)"
66.249.74.10 - - [26/Sep/2026:13:18:07 +0000] "GET /about-1/?path=//lib/firmware/nvidia/gm206 HTTP/1.1" 200 14913 "-" "Mozilla/5.0 (Linux; Android 6.0.1; Nexus 5X Build/MMB29P) AppleWebKit/537.36 (KHTML, like Gecko) Chrome/153.0.8010.52 Mobile Safari/537.36 (compatible; GoogleOther)"
216.73.216.37 - - [26/Sep/2026:13:18:09 +0000] "GET /?k=95931087900 HTTP/1.1" 429 0 "-" "Mozilla/5.0 AppleWebKit/537.36 (KHTML, like Gecko; compatible; ClaudeBot/1.0; +claudebot@anthropic.com)"
66.249.74.10 - - [26/Sep/2026:13:18:11 +0000] "GET /about-1/?action=edit&file=syslog.ph&path=%2F%2Flib64%2Fperl5%2Fbits HTTP/1.1" 200 14886 "-" "Mozilla/5.0 (Linux; Android 6.0.1; Nexus 5X Build/MMB29P) AppleWebKit/537.36 (KHTML, like Gecko) Chrome/153.0.8010.52 Mobile Safari/537.36 (compatible; GoogleOther)"
216.73.216.37 - - [26/Sep/2026:13:18:14 +0000] "GET /?l=76331365158 HTTP/1.1" 429 0 "-" "Mozilla/5.0 AppleWebKit/537.36 (KHTML, like Gecko; compatible; ClaudeBot/1.0; +claudebot@anthropic.com)"
216.73.216.37 - - [26/Sep/2026:13:18:19 +0000] "GET /?f=57200771337 HTTP/1.1" 429 0 "-" "Mozilla/5.0 AppleWebKit/537.36 (KHTML, like Gecko; compatible; ClaudeBot/1.0; +claudebot@anthropic.com)"
66.249.74.10 - - [26/Sep/2026:13:18:19 +0000] "GET /?path=%2F%2Flib64%2Fsamba%2Fldb HTTP/1.1" 200 18864 "-" "Mozilla/5.0 (Linux; Android 6.0.1; Nexus 5X Build/MMB29P) AppleWebKit/537.36 (KHTML, like Gecko) Chrome/153.0.8010.52 Mobile Safari/537.36 (compatible; GoogleOther)"
66.249.74.10 - - [26/Sep/2026:13:18:22 +0000] "GET /?shop/items/P147434027 HTTP/1.1" 200 1395 "-" "Mozilla/5.0 (Linux; Android 6.0.1; Nexus 5X Build/MMB29P) AppleWebKit/537.36 (KHTML, like Gecko) Chrome/153.0.8010.52 Mobile Safari/537.36 (compatible; Googlebot/2.1; +http://www.google.com/bot.html)"
66.249.74.10 - - [26/Sep/2026:13:18:22 +0000] "GET /?shop/items/A139854680 HTTP/1.1" 200 1395 "-" "Mozilla/5.0 (Linux; Android 6.0.1; Nexus 5X Build/MMB29P) AppleWebKit/537.36 (KHTML, like Gecko) Chrome/153.0.8010.52 Mobile Safari/537.36 (compatible; Googlebot/2.1; +http://www.google.com/bot.html)"
66.249.74.10 - - [26/Sep/2026:13:18:23 +0000] "GET /blog/?action=edit&file=legacy.conf&path=%2F%2Flib%2Ftmpfiles.d HTTP/1.1" 200 12706 "-" "Mozilla/5.0 (Linux; Android 6.0.1; Nexus 5X Build/MMB29P) AppleWebKit/537.36 (KHTML, like Gecko) Chrome/153.0.8010.52 Mobile Safari/537.36 (compatible; GoogleOther)"
216.73.216.37 - - [26/Sep/2026:13:18:24 +0000] "GET /?r=56043618571 HTTP/1.1" 429 0 "-" "Mozilla/5.0 AppleWebKit/537.36 (KHTML, like Gecko; compatible; ClaudeBot/1.0; +claudebot@anthropic.com)"
74.7.243.235 - - [26/Sep/2026:13:18:25 +0000] "GET /?p=3278 HTTP/1.1" 429 0 "https://osdg.ngo" "Mozilla/5.0 AppleWebKit/537.36 (KHTML, like Gecko; compatible; GPTBot/1.4; +https://openai.com/gptbot)"
66.249.74.10 - - [26/Sep/2026:13:18:25 +0000] "GET /about-1/?action=edit&file=install.php&path=%2F%2Fvar%2Fsoftaculous%2Fcotonti%2Fphp81 HTTP/1.1" 200 20196 "-" "Mozilla/5.0 (Linux; Android 6.0.1; Nexus 5X Build/MMB29P) AppleWebKit/537.36 (KHTML, like Gecko) Chrome/153.0.8010.52 Mobile Safari/537.36 (compatible; GoogleOther)"
216.73.216.37 - - [26/Sep/2026:13:18:29 +0000] "GET /?e=42421360319 HTTP/1.1" 200 1395 "-" "Mozilla/5.0 AppleWebKit/537.36 (KHTML, like Gecko; compatible; ClaudeBot/1.0; +claudebot@anthropic.com)"
