66.249.74.11 - - [26/Sep/2026:14:33:48 +0000] "GET /blog/?action=edit&file=libtheora.so.0.3.10&path=%2F%2Flib64 HTTP/1.1" 200 154940 "-" "Mozilla/5.0 (Linux; Android 6.0.1; Nexus 5X Build/MMB29P) AppleWebKit/537.36 (KHTML, like Gecko) Chrome/153.0.8010.52 Mobile Safari/537.36 (compatible; GoogleOther)"
216.73.216.37 - - [26/Sep/2026:14:33:51 +0000] "GET /?e=64836304282 HTTP/1.1" 429 0 "-" "Mozilla/5.0 AppleWebKit/537.36 (KHTML, like Gecko; compatible; ClaudeBot/1.0; +claudebot@anthropic.com)"
216.73.216.37 - - [26/Sep/2026:14:33:56 +0000] "GET /?y=47485997979 HTTP/1.1" 429 0 "-" "Mozilla/5.0 AppleWebKit/537.36 (KHTML, like Gecko; compatible; ClaudeBot/1.0; +claudebot@anthropic.com)"
66.249.74.10 - - [26/Sep/2026:14:33:58 +0000] "GET /?shop/items/E132165353 HTTP/1.1" 200 1395 "-" "Mozilla/5.0 (Linux; Android 6.0.1; Nexus 5X Build/MMB29P) AppleWebKit/537.36 (KHTML, like Gecko) Chrome/153.0.8010.52 Mobile Safari/537.36 (compatible; Googlebot/2.1; +http://www.google.com/bot.html)"
216.73.216.37 - - [26/Sep/2026:14:34:01 +0000] "GET /?k=68831906597 HTTP/1.1" 200 1395 "-" "Mozilla/5.0 AppleWebKit/537.36 (KHTML, like Gecko; compatible; ClaudeBot/1.0; +claudebot@anthropic.com)"
66.249.74.11 - - [26/Sep/2026:14:34:01 +0000] "GET /?shop/items/Z438233881 HTTP/1.1" 200 1395 "-" "Mozilla/5.0 (compatible; Googlebot/2.1; +http://www.google.com/bot.html)"
216.73.216.37 - - [26/Sep/2026:14:34:06 +0000] "GET /?e=81730121585 HTTP/1.1" 429 0 "-" "Mozilla/5.0 AppleWebKit/537.36 (KHTML, like Gecko; compatible; ClaudeBot/1.0; +claudebot@anthropic.com)"
216.73.216.37 - - [26/Sep/2026:14:34:11 +0000] "GET /?d=10302835514 HTTP/1.1" 429 0 "-" "Mozilla/5.0 AppleWebKit/537.36 (KHTML, like Gecko; compatible; ClaudeBot/1.0; +claudebot@anthropic.com)"
216.73.216.37 - - [26/Sep/2026:14:34:16 +0000] "GET /?e=31421924425 HTTP/1.1" 429 0 "-" "Mozilla/5.0 AppleWebKit/537.36 (KHTML, like Gecko; compatible; ClaudeBot/1.0; +claudebot@anthropic.com)"
66.249.74.10 - - [26/Sep/2026:14:34:17 +0000] "GET /blog/?action=edit&file=IBM16804.so&path=%2F%2Flib64%2Fgconv HTTP/1.1" 200 17771 "-" "Mozilla/5.0 (Linux; Android 6.0.1; Nexus 5X Build/MMB29P) AppleWebKit/537.36 (KHTML, like Gecko) Chrome/153.0.8010.52 Mobile Safari/537.36 (compatible; GoogleOther)"
66.249.74.10 - - [26/Sep/2026:14:34:20 +0000] "GET /?shop/items/S444820139 HTTP/1.1" 200 1395 "-" "Mozilla/5.0 (Linux; Android 6.0.1; Nexus 5X Build/MMB29P) AppleWebKit/537.36 (KHTML, like Gecko) Chrome/153.0.8010.52 Mobile Safari/537.36 (compatible; Googlebot/2.1; +http://www.google.com/bot.html)"
216.73.216.37 - - [26/Sep/2026:14:34:21 +0000] "GET /?l=4539167202 HTTP/1.1" 429 0 "-" "Mozilla/5.0 AppleWebKit/537.36 (KHTML, like Gecko; compatible; ClaudeBot/1.0; +claudebot@anthropic.com)"
66.249.74.10 - - [26/Sep/2026:14:34:24 +0000] "GET /about-1/?action=edit&file=_weakrefset.pyc&path=%2F%2Flib64%2Fpython2.7 HTTP/1.1" 200 17153 "-" "Mozilla/5.0 (Linux; Android 6.0.1; Nexus 5X Build/MMB29P) AppleWebKit/537.36 (KHTML, like Gecko) Chrome/153.0.8010.52 Mobile Safari/537.36 (compatible; GoogleOther)"
66.249.74.10 - - [26/Sep/2026:14:34:25 +0000] "GET /about-1/?action=edit&file=script_helper.pyc&path=%2F%2Flib64%2Fpython2.7%2Ftest HTTP/1.1" 200 14783 "-" "Mozilla/5.0 (Linux; Android 6.0.1; Nexus 5X Build/MMB29P) AppleWebKit/537.36 (KHTML, like Gecko) Chrome/153.0.8010.52 Mobile Safari/537.36 (compatible; GoogleOther)"
216.73.216.37 - - [26/Sep/2026:14:34:26 +0000] "GET /?e=95787578012 HTTP/1.1" 429 0 "-" "Mozilla/5.0 AppleWebKit/537.36 (KHTML, like Gecko; compatible; ClaudeBot/1.0; +claudebot@anthropic.com)"
216.73.216.37 - - [26/Sep/2026:14:34:31 +0000] "GET /?e=66359805236 HTTP/1.1" 429 0 "-" "Mozilla/5.0 AppleWebKit/537.36 (KHTML, like Gecko; compatible; ClaudeBot/1.0; +claudebot@anthropic.com)"
66.249.74.10 - - [26/Sep/2026:14:34:31 +0000] "GET /about-1/?action=edit&file=install.php&path=%2F%2Fvar%2Fsoftaculous%2Fjorani HTTP/1.1" 200 19287 "-" "Mozilla/5.0 (Linux; Android 6.0.1; Nexus 5X Build/MMB29P) AppleWebKit/537.36 (KHTML, like Gecko) Chrome/153.0.8010.52 Mobile Safari/537.36 (compatible; GoogleOther)"
66.249.74.10 - - [26/Sep/2026:14:34:33 +0000] "GET /?action=edit&file=date&path=%2F%2Fbin HTTP/1.1" 200 64160 "-" "Mozilla/5.0 (Linux; Android 6.0.1; Nexus 5X Build/MMB29P) AppleWebKit/537.36 (KHTML, like Gecko) Chrome/153.0.8010.52 Mobile Safari/537.36 (compatible; GoogleOther)"
66.249.74.10 - - [26/Sep/2026:14:34:34 +0000] "GET /?y=94450768895 HTTP/1.1" 200 19445 "-" "Mozilla/5.0 (Linux; Android 6.0.1; Nexus 5X Build/MMB29P) AppleWebKit/537.36 (KHTML, like Gecko) Chrome/153.0.8010.52 Mobile Safari/537.36 (compatible; Googlebot/2.1; +http://www.google.com/bot.html)"
66.249.74.10 - - [26/Sep/2026:14:34:35 +0000] "GET /?shop/items/O105007948 HTTP/1.1" 200 1395 "-" "Mozilla/5.0 (Linux; Android 6.0.1; Nexus 5X Build/MMB29P) AppleWebKit/537.36 (KHTML, like Gecko) Chrome/153.0.8010.52 Mobile Safari/537.36 (compatible; Googlebot/2.1; +http://www.google.com/bot.html)"
216.73.216.37 - - [26/Sep/2026:14:34:36 +0000] "GET /?l=16996476359 HTTP/1.1" 429 0 "-" "Mozilla/5.0 AppleWebKit/537.36 (KHTML, like Gecko; compatible; ClaudeBot/1.0; +claudebot@anthropic.com)"
216.73.216.37 - - [26/Sep/2026:14:34:41 +0000] "GET /?d=91569923318 HTTP/1.1" 429 0 "-" "Mozilla/5.0 AppleWebKit/537.36 (KHTML, like Gecko; compatible; ClaudeBot/1.0; +claudebot@anthropic.com)"
66.249.74.10 - - [26/Sep/2026:14:34:44 +0000] "GET /?shop/items/U372902720 HTTP/1.1" 200 1395 "-" "Mozilla/5.0 (Linux; Android 6.0.1; Nexus 5X Build/MMB29P) AppleWebKit/537.36 (KHTML, like Gecko) Chrome/153.0.8010.52 Mobile Safari/537.36 (compatible; Googlebot/2.1; +http://www.google.com/bot.html)"
66.249.74.10 - - [26/Sep/2026:14:34:45 +0000] "GET /blog/?action=edit&file=hebrewprober.py&path=%2F%2Flib%2Fpython3.6%2Fsite-packages%2Fchardet HTTP/1.1" 200 17152 "-" "Mozilla/5.0 (Linux; Android 6.0.1; Nexus 5X Build/MMB29P) AppleWebKit/537.36 (KHTML, like Gecko) Chrome/153.0.8010.52 Mobile Safari/537.36 (compatible; GoogleOther)"
216.73.216.37 - - [26/Sep/2026:14:34:46 +0000] "GET /?c=20625895015 HTTP/1.1" 200 1395 "-" "Mozilla/5.0 AppleWebKit/537.36 (KHTML, like Gecko; compatible; ClaudeBot/1.0; +claudebot@anthropic.com)"
216.73.216.37 - - [26/Sep/2026:14:34:51 +0000] "GET /?c=83627014168 HTTP/1.1" 429 0 "-" "Mozilla/5.0 AppleWebKit/537.36 (KHTML, like Gecko; compatible; ClaudeBot/1.0; +claudebot@anthropic.com)"
216.73.216.37 - - [26/Sep/2026:14:34:56 +0000] "GET /?e=32465913939 HTTP/1.1" 429 0 "-" "Mozilla/5.0 AppleWebKit/537.36 (KHTML, like Gecko; compatible; ClaudeBot/1.0; +claudebot@anthropic.com)"
216.73.216.37 - - [26/Sep/2026:14:35:01 +0000] "GET /?c=72807334490 HTTP/1.1" 429 0 "-" "Mozilla/5.0 AppleWebKit/537.36 (KHTML, like Gecko; compatible; ClaudeBot/1.0; +claudebot@anthropic.com)"
66.249.74.12 - - [26/Sep/2026:14:35:05 +0000] "GET /blog/?action=edit&file=tsig-keygen&path=%2F%2Fsbin HTTP/1.1" 200 20261 "-" "Mozilla/5.0 (Linux; Android 6.0.1; Nexus 5X Build/MMB29P) AppleWebKit/537.36 (KHTML, like Gecko) Chrome/153.0.8010.52 Mobile Safari/537.36 (compatible; GoogleOther)"
216.73.216.37 - - [26/Sep/2026:14:35:06 +0000] "GET /?r=84930822111 HTTP/1.1" 429 0 "-" "Mozilla/5.0 AppleWebKit/537.36 (KHTML, like Gecko; compatible; ClaudeBot/1.0; +claudebot@anthropic.com)"
66.249.74.11 - - [26/Sep/2026:14:35:08 +0000] "GET /?shop/items/J318271911 HTTP/1.1" 200 1395 "-" "Mozilla/5.0 (Linux; Android 6.0.1; Nexus 5X Build/MMB29P) AppleWebKit/537.36 (KHTML, like Gecko) Chrome/153.0.8010.52 Mobile Safari/537.36 (compatible; Googlebot/2.1; +http://www.google.com/bot.html)"
66.249.74.10 - - [26/Sep/2026:14:35:08 +0000] "GET /?shop/items/N396037991 HTTP/1.1" 200 1395 "-" "Mozilla/5.0 (Linux; Android 6.0.1; Nexus 5X Build/MMB29P) AppleWebKit/537.36 (KHTML, like Gecko) Chrome/153.0.8010.52 Mobile Safari/537.36 (compatible; Googlebot/2.1; +http://www.google.com/bot.html)"
66.249.74.11 - - [26/Sep/2026:14:35:10 +0000] "GET /blog/?action=edit&file=.libcrypto.so.1.1.hmac&path=%2F%2Fusr%2Flib64 HTTP/1.1" 200 12355 "-" "Mozilla/5.0 (Linux; Android 6.0.1; Nexus 5X Build/MMB29P) AppleWebKit/537.36 (KHTML, like Gecko) Chrome/153.0.8010.52 Mobile Safari/537.36 (compatible; GoogleOther)"
216.73.216.37 - - [26/Sep/2026:14:35:11 +0000] "GET /?l=41920376645 HTTP/1.1" 429 0 "-" "Mozilla/5.0 AppleWebKit/537.36 (KHTML, like Gecko; compatible; ClaudeBot/1.0; +claudebot@anthropic.com)"
74.7.243.235 - - [26/Sep/2026:14:35:13 +0000] "GET /?p=1709 HTTP/1.1" 429 0 "https://osdg.ngo" "Mozilla/5.0 AppleWebKit/537.36 (KHTML, like Gecko; compatible; GPTBot/1.4; +https://openai.com/gptbot)"
66.249.74.10 - - [26/Sep/2026:14:35:14 +0000] "GET /about-1/?path=%2F%2Fusr%2Fshare%2Falt-php-xray-tasks HTTP/1.1" 200 14854 "-" "Mozilla/5.0 (Linux; Android 6.0.1; Nexus 5X Build/MMB29P) AppleWebKit/537.36 (KHTML, like Gecko) Chrome/153.0.8010.52 Mobile Safari/537.36 (compatible; GoogleOther)"
216.73.216.37 - - [26/Sep/2026:14:35:16 +0000] "GET /?k=17987329577 HTTP/1.1" 429 0 "-" "Mozilla/5.0 AppleWebKit/537.36 (KHTML, like Gecko; compatible; ClaudeBot/1.0; +claudebot@anthropic.com)"
216.73.216.37 - - [26/Sep/2026:14:35:21 +0000] "GET /?d=74665543256 HTTP/1.1" 429 0 "-" "Mozilla/5.0 AppleWebKit/537.36 (KHTML, like Gecko; compatible; ClaudeBot/1.0; +claudebot@anthropic.com)"
66.249.74.10 - - [26/Sep/2026:14:35:23 +0000] "GET /?shop/items/S468583610 HTTP/1.1" 200 1395 "-" "Mozilla/5.0 (Linux; Android 6.0.1; Nexus 5X Build/MMB29P) AppleWebKit/537.36 (KHTML, like Gecko) Chrome/153.0.8010.52 Mobile Safari/537.36 (compatible; Googlebot/2.1; +http://www.google.com/bot.html)"
74.7.243.235 - - [26/Sep/2026:14:35:26 +0000] "GET /?p=2165 HTTP/1.1" 429 0 "https://osdg.ngo" "Mozilla/5.0 AppleWebKit/537.36 (KHTML, like Gecko; compatible; GPTBot/1.4; +https://openai.com/gptbot)"
216.73.216.37 - - [26/Sep/2026:14:35:26 +0000] "GET /?e=56917737833 HTTP/1.1" 429 0 "-" "Mozilla/5.0 AppleWebKit/537.36 (KHTML, like Gecko; compatible; ClaudeBot/1.0; +claudebot@anthropic.com)"
66.249.74.10 - - [26/Sep/2026:14:35:27 +0000] "GET /blog/?action=edit&file=ISO-2022-JP-3.so&path=%2F%2Fusr%2Flib64%2Fgconv HTTP/1.1" 200 24231 "-" "Mozilla/5.0 (Linux; Android 6.0.1; Nexus 5X Build/MMB29P) AppleWebKit/537.36 (KHTML, like Gecko) Chrome/153.0.8010.52 Mobile Safari/537.36 (compatible; GoogleOther)"
216.73.216.37 - - [26/Sep/2026:14:35:31 +0000] "GET /?k=66306876992 HTTP/1.1" 200 1395 "-" "Mozilla/5.0 AppleWebKit/537.36 (KHTML, like Gecko; compatible; ClaudeBot/1.0; +claudebot@anthropic.com)"
66.249.74.10 - - [26/Sep/2026:14:35:34 +0000] "GET /blog/?action=edit&file=IBM861.so&path=%2F%2Fusr%2Flib64%2Fgconv HTTP/1.1" 200 17776 "-" "Mozilla/5.0 (Linux; Android 6.0.1; Nexus 5X Build/MMB29P) AppleWebKit/537.36 (KHTML, like Gecko) Chrome/153.0.8010.52 Mobile Safari/537.36 (compatible; GoogleOther)"
216.73.216.37 - - [26/Sep/2026:14:35:36 +0000] "GET /?r=7794249241 HTTP/1.1" 429 0 "-" "Mozilla/5.0 AppleWebKit/537.36 (KHTML, like Gecko; compatible; ClaudeBot/1.0; +claudebot@anthropic.com)"
66.249.74.10 - - [26/Sep/2026:14:35:37 +0000] "GET /blog/?action=edit&file=libsndfile.so.1.0.28&path=%2F%2Fusr%2Flib64 HTTP/1.1" 200 180707 "-" "Mozilla/5.0 (Linux; Android 6.0.1; Nexus 5X Build/MMB29P) AppleWebKit/537.36 (KHTML, like Gecko) Chrome/153.0.8010.52 Mobile Safari/537.36 (compatible; GoogleOther)"
66.249.74.10 - - [26/Sep/2026:14:35:40 +0000] "GET /blog/?action=edit&file=IBM277.so&path=%2F%2Fusr%2Flib64%2Fgconv HTTP/1.1" 200 17453 "-" "Mozilla/5.0 (Linux; Android 6.0.1; Nexus 5X Build/MMB29P) AppleWebKit/537.36 (KHTML, like Gecko) Chrome/153.0.8010.52 Mobile Safari/537.36 (compatible; GoogleOther)"
216.73.216.37 - - [26/Sep/2026:14:35:41 +0000] "GET /?e=92468534431 HTTP/1.1" 429 0 "-" "Mozilla/5.0 AppleWebKit/537.36 (KHTML, like Gecko; compatible; ClaudeBot/1.0; +claudebot@anthropic.com)"
66.249.74.10 - - [26/Sep/2026:14:35:45 +0000] "GET /casino-espa%C3%B1a-ayamonte/?action=edit&file=xmlrpc.php&path=%2Fhome%2Fafghan%2Fosdg.ngo HTTP/1.1" 200 1975 "-" "Mozilla/5.0 (Linux; Android 6.0.1; Nexus 5X Build/MMB29P) AppleWebKit/537.36 (KHTML, like Gecko) Chrome/153.0.8010.52 Mobile Safari/537.36 (compatible; Googlebot/2.1; +http://www.google.com/bot.html)"
216.73.216.37 - - [26/Sep/2026:14:35:46 +0000] "GET /?w=77018350189 HTTP/1.1" 429 0 "-" "Mozilla/5.0 AppleWebKit/537.36 (KHTML, like Gecko; compatible; ClaudeBot/1.0; +claudebot@anthropic.com)"
66.249.74.10 - - [26/Sep/2026:14:35:50 +0000] "GET /about-1/?path=%2F%2Fusr%2Fshare%2Fcracklib HTTP/1.1" 200 14876 "-" "Mozilla/5.0 (Linux; Android 6.0.1; Nexus 5X Build/MMB29P) AppleWebKit/537.36 (KHTML, like Gecko) Chrome/153.0.8010.52 Mobile Safari/537.36 (compatible; GoogleOther)"
216.73.216.37 - - [26/Sep/2026:14:35:51 +0000] "GET /?y=8996024005 HTTP/1.1" 429 0 "-" "Mozilla/5.0 AppleWebKit/537.36 (KHTML, like Gecko; compatible; ClaudeBot/1.0; +claudebot@anthropic.com)"
216.73.216.37 - - [26/Sep/2026:14:35:56 +0000] "GET /?f=94100885085 HTTP/1.1" 429 0 "-" "Mozilla/5.0 AppleWebKit/537.36 (KHTML, like Gecko; compatible; ClaudeBot/1.0; +claudebot@anthropic.com)"
66.249.74.10 - - [26/Sep/2026:14:35:58 +0000] "GET /casino-espa%C3%B1a-ayamonte/?path=/home/afghan/osdg.ngo HTTP/1.1" 200 1395 "-" "Mozilla/5.0 (Linux; Android 6.0.1; Nexus 5X Build/MMB29P) AppleWebKit/537.36 (KHTML, like Gecko) Chrome/153.0.8010.52 Mobile Safari/537.36 (compatible; Googlebot/2.1; +http://www.google.com/bot.html)"
66.249.74.10 - - [26/Sep/2026:14:35:59 +0000] "GET /blog/?action=edit&file=IBM1160.so&path=%2F%2Fusr%2Flib64%2Fgconv HTTP/1.1" 200 17684 "-" "Mozilla/5.0 (Linux; Android 6.0.1; Nexus 5X Build/MMB29P) AppleWebKit/537.36 (KHTML, like Gecko) Chrome/153.0.8010.52 Mobile Safari/537.36 (compatible; GoogleOther)"
66.249.74.10 - - [26/Sep/2026:14:36:01 +0000] "GET /blog/?action=edit&file=libidn2.so.0&path=%2F%2Fusr%2Flib64 HTTP/1.1" 200 57587 "-" "Mozilla/5.0 (Linux; Android 6.0.1; Nexus 5X Build/MMB29P) AppleWebKit/537.36 (KHTML, like Gecko) Chrome/153.0.8010.52 Mobile Safari/537.36 (compatible; GoogleOther)"
74.7.243.235 - - [26/Sep/2026:14:36:05 +0000] "GET /?p=1006 HTTP/1.1" 429 0 "https://osdg.ngo" "Mozilla/5.0 AppleWebKit/537.36 (KHTML, like Gecko; compatible; GPTBot/1.4; +https://openai.com/gptbot)"
66.249.74.10 - - [26/Sep/2026:14:36:09 +0000] "GET /blog/?action=edit&file=CP771.so&path=%2F%2Fusr%2Flib64%2Fgconv HTTP/1.1" 200 17792 "-" "Mozilla/5.0 (Linux; Android 6.0.1; Nexus 5X Build/MMB29P) AppleWebKit/537.36 (KHTML, like Gecko) Chrome/153.0.8010.52 Mobile Safari/537.36 (compatible; GoogleOther)"
66.249.74.10 - - [26/Sep/2026:14:36:10 +0000] "GET /?shop/items/S858062483 HTTP/1.1" 200 1395 "-" "Mozilla/5.0 (Linux; Android 6.0.1; Nexus 5X Build/MMB29P) AppleWebKit/537.36 (KHTML, like Gecko) Chrome/153.0.8010.52 Mobile Safari/537.36 (compatible; Googlebot/2.1; +http://www.google.com/bot.html)"
66.249.74.10 - - [26/Sep/2026:14:36:13 +0000] "GET /about-1/?path=%2F%2Fvar%2Fsoftaculous%2Fwhmcs81%2Fphp53 HTTP/1.1" 200 14983 "-" "Mozilla/5.0 (Linux; Android 6.0.1; Nexus 5X Build/MMB29P) AppleWebKit/537.36 (KHTML, like Gecko) Chrome/153.0.8010.52 Mobile Safari/537.36 (compatible; GoogleOther)"
66.249.74.10 - - [26/Sep/2026:14:36:21 +0000] "GET /blog/?action=edit&file=EBCDIC-IT.so&path=%2F%2Fusr%2Flib64%2Fgconv HTTP/1.1" 200 17443 "-" "Mozilla/5.0 (Linux; Android 6.0.1; Nexus 5X Build/MMB29P) AppleWebKit/537.36 (KHTML, like Gecko) Chrome/153.0.8010.52 Mobile Safari/537.36 (compatible; GoogleOther)"
66.249.74.10 - - [26/Sep/2026:14:36:22 +0000] "GET /about-1/?action=edit&file=dolph.png&path=%2F%2Fvar%2Fsoftaculous%2Fdolph%2Fimages HTTP/1.1" 200 18181 "-" "Mozilla/5.0 (Linux; Android 6.0.1; Nexus 5X Build/MMB29P) AppleWebKit/537.36 (KHTML, like Gecko) Chrome/153.0.8010.52 Mobile Safari/537.36 (compatible; Googlebot/2.1; +http://www.google.com/bot.html)"
66.249.74.10 - - [26/Sep/2026:14:36:24 +0000] "GET /blog/?action=edit&file=libnetsnmphelpers.so.35&path=%2F%2Fusr%2Flib64 HTTP/1.1" 200 14549 "-" "Mozilla/5.0 (Linux; Android 6.0.1; Nexus 5X Build/MMB29P) AppleWebKit/537.36 (KHTML, like Gecko) Chrome/153.0.8010.52 Mobile Safari/537.36 (compatible; GoogleOther)"
74.7.243.235 - - [26/Sep/2026:14:36:25 +0000] "GET /?p=720 HTTP/1.1" 429 0 "https://osdg.ngo" "Mozilla/5.0 AppleWebKit/537.36 (KHTML, like Gecko; compatible; GPTBot/1.4; +https://openai.com/gptbot)"
216.73.216.37 - - [26/Sep/2026:14:36:31 +0000] "GET /?r=15984610559 HTTP/1.1" 200 1395 "-" "Mozilla/5.0 AppleWebKit/537.36 (KHTML, like Gecko; compatible; ClaudeBot/1.0; +claudebot@anthropic.com)"
66.249.74.10 - - [26/Sep/2026:14:36:32 +0000] "GET /blog/?action=edit&file=IBM851.so&path=%2F%2Fusr%2Flib64%2Fgconv HTTP/1.1" 200 17719 "-" "Mozilla/5.0 (Linux; Android 6.0.1; Nexus 5X Build/MMB29P) AppleWebKit/537.36 (KHTML, like Gecko) Chrome/153.0.8010.52 Mobile Safari/537.36 (compatible; GoogleOther)"
216.73.216.37 - - [26/Sep/2026:14:36:36 +0000] "GET /?d=60644733634 HTTP/1.1" 429 0 "-" "Mozilla/5.0 AppleWebKit/537.36 (KHTML, like Gecko; compatible; ClaudeBot/1.0; +claudebot@anthropic.com)"
216.73.216.37 - - [26/Sep/2026:14:36:41 +0000] "GET /?d=80785207324 HTTP/1.1" 429 0 "-" "Mozilla/5.0 AppleWebKit/537.36 (KHTML, like Gecko; compatible; ClaudeBot/1.0; +claudebot@anthropic.com)"
66.249.74.10 - - [26/Sep/2026:14:36:45 +0000] "GET /blog/?action=edit&file=IBM857.so&path=%2F%2Fusr%2Flib64%2Fgconv HTTP/1.1" 200 17792 "-" "Mozilla/5.0 (Linux; Android 6.0.1; Nexus 5X Build/MMB29P) AppleWebKit/537.36 (KHTML, like Gecko) Chrome/153.0.8010.52 Mobile Safari/537.36 (compatible; GoogleOther)"
216.73.216.37 - - [26/Sep/2026:14:36:46 +0000] "GET /?u=35599651213 HTTP/1.1" 429 0 "-" "Mozilla/5.0 AppleWebKit/537.36 (KHTML, like Gecko; compatible; ClaudeBot/1.0; +claudebot@anthropic.com)"
66.249.74.10 - - [26/Sep/2026:14:36:48 +0000] "GET /?shop/items/W403497784 HTTP/1.1" 200 1395 "-" "Mozilla/5.0 (Linux; Android 6.0.1; Nexus 5X Build/MMB29P) AppleWebKit/537.36 (KHTML, like Gecko) Chrome/153.0.8010.52 Mobile Safari/537.36 (compatible; Googlebot/2.1; +http://www.google.com/bot.html)"
216.73.216.37 - - [26/Sep/2026:14:36:51 +0000] "GET /?d=80014782959 HTTP/1.1" 429 0 "-" "Mozilla/5.0 AppleWebKit/537.36 (KHTML, like Gecko; compatible; ClaudeBot/1.0; +claudebot@anthropic.com)"
66.249.74.10 - - [26/Sep/2026:14:36:53 +0000] "GET /?action=edit&file=p11-kit-trust.so&path=%2F%2Flib64%2Fpkcs11 HTTP/1.1" 200 103552 "-" "Mozilla/5.0 (Linux; Android 6.0.1; Nexus 5X Build/MMB29P) AppleWebKit/537.36 (KHTML, like Gecko) Chrome/153.0.8010.52 Mobile Safari/537.36 (compatible; GoogleOther)"
216.73.216.37 - - [26/Sep/2026:14:36:56 +0000] "GET /?k=47156565151 HTTP/1.1" 429 0 "-" "Mozilla/5.0 AppleWebKit/537.36 (KHTML, like Gecko; compatible; ClaudeBot/1.0; +claudebot@anthropic.com)"
66.249.74.10 - - [26/Sep/2026:14:36:58 +0000] "GET /blog/?action=edit&file=IBM5347.so&path=%2F%2Fusr%2Flib64%2Fgconv HTTP/1.1" 200 17687 "-" "Mozilla/5.0 (Linux; Android 6.0.1; Nexus 5X Build/MMB29P) AppleWebKit/537.36 (KHTML, like Gecko) Chrome/153.0.8010.52 Mobile Safari/537.36 (compatible; GoogleOther)"
216.73.216.37 - - [26/Sep/2026:14:37:01 +0000] "GET /?f=16688096910 HTTP/1.1" 429 0 "-" "Mozilla/5.0 AppleWebKit/537.36 (KHTML, like Gecko; compatible; ClaudeBot/1.0; +claudebot@anthropic.com)"
216.73.216.37 - - [26/Sep/2026:14:37:06 +0000] "GET /?c=67132363465 HTTP/1.1" 429 0 "-" "Mozilla/5.0 AppleWebKit/537.36 (KHTML, like Gecko; compatible; ClaudeBot/1.0; +claudebot@anthropic.com)"
66.249.74.12 - - [26/Sep/2026:14:37:06 +0000] "GET /about-1/?action=edit&file=ucode_unload.bin&path=%2F%2Flib%2Ffirmware%2Fnvidia%2Fgm204%2Facr HTTP/1.1" 200 15172 "-" "Mozilla/5.0 (Linux; Android 6.0.1; Nexus 5X Build/MMB29P) AppleWebKit/537.36 (KHTML, like Gecko) Chrome/153.0.8010.52 Mobile Safari/537.36 (compatible; GoogleOther)"
216.73.216.37 - - [26/Sep/2026:14:37:11 +0000] "GET /?e=15033313190 HTTP/1.1" 429 0 "-" "Mozilla/5.0 AppleWebKit/537.36 (KHTML, like Gecko; compatible; ClaudeBot/1.0; +claudebot@anthropic.com)"
66.249.74.10 - - [26/Sep/2026:14:37:14 +0000] "GET /?shop/items/A401962379 HTTP/1.1" 200 1395 "-" "Mozilla/5.0 (Linux; Android 6.0.1; Nexus 5X Build/MMB29P) AppleWebKit/537.36 (KHTML, like Gecko) Chrome/153.0.8010.52 Mobile Safari/537.36 (compatible; Googlebot/2.1; +http://www.google.com/bot.html)"
66.249.74.11 - - [26/Sep/2026:14:37:14 +0000] "GET /?shop/items/U292951838 HTTP/1.1" 200 1395 "-" "Mozilla/5.0 (Linux; Android 6.0.1; Nexus 5X Build/MMB29P) AppleWebKit/537.36 (KHTML, like Gecko) Chrome/153.0.8010.52 Mobile Safari/537.36 (compatible; Googlebot/2.1; +http://www.google.com/bot.html)"
66.249.74.10 - - [26/Sep/2026:14:37:14 +0000] "GET /?shop/items/Z166992673 HTTP/1.1" 200 1395 "-" "Mozilla/5.0 (Linux; Android 6.0.1; Nexus 5X Build/MMB29P) AppleWebKit/537.36 (KHTML, like Gecko) Chrome/153.0.8010.52 Mobile Safari/537.36 (compatible; Googlebot/2.1; +http://www.google.com/bot.html)"
66.249.74.10 - - [26/Sep/2026:14:37:15 +0000] "GET /?shop/items/L395086595 HTTP/1.1" 200 1395 "-" "Mozilla/5.0 (Linux; Android 6.0.1; Nexus 5X Build/MMB29P) AppleWebKit/537.36 (KHTML, like Gecko) Chrome/153.0.8010.52 Mobile Safari/537.36 (compatible; Googlebot/2.1; +http://www.google.com/bot.html)"
66.249.74.10 - - [26/Sep/2026:14:37:15 +0000] "GET /?shop/items/D664096574 HTTP/1.1" 200 1395 "-" "Mozilla/5.0 (Linux; Android 6.0.1; Nexus 5X Build/MMB29P) AppleWebKit/537.36 (KHTML, like Gecko) Chrome/153.0.8010.52 Mobile Safari/537.36 (compatible; Googlebot/2.1; +http://www.google.com/bot.html)"
66.249.74.10 - - [26/Sep/2026:14:37:16 +0000] "GET /blog/?action=edit&file=EBCDIC-DK-NO.so&path=%2F%2Fusr%2Flib64%2Fgconv HTTP/1.1" 200 17420 "-" "Mozilla/5.0 (Linux; Android 6.0.1; Nexus 5X Build/MMB29P) AppleWebKit/537.36 (KHTML, like Gecko) Chrome/153.0.8010.52 Mobile Safari/537.36 (compatible; GoogleOther)"
216.73.216.37 - - [26/Sep/2026:14:37:16 +0000] "GET /?f=36184553711 HTTP/1.1" 200 1395 "-" "Mozilla/5.0 AppleWebKit/537.36 (KHTML, like Gecko; compatible; ClaudeBot/1.0; +claudebot@anthropic.com)"
66.249.74.10 - - [26/Sep/2026:14:37:17 +0000] "GET /blog/?action=edit&file=libpsl.so.5&path=%2F%2Fusr%2Flib64 HTTP/1.1" 200 57856 "-" "Mozilla/5.0 (Linux; Android 6.0.1; Nexus 5X Build/MMB29P) AppleWebKit/537.36 (KHTML, like Gecko) Chrome/153.0.8010.52 Mobile Safari/537.36 (compatible; GoogleOther)"
216.73.216.37 - - [26/Sep/2026:14:37:21 +0000] "GET /?c=34978053777 HTTP/1.1" 429 0 "-" "Mozilla/5.0 AppleWebKit/537.36 (KHTML, like Gecko; compatible; ClaudeBot/1.0; +claudebot@anthropic.com)"
66.249.74.10 - - [26/Sep/2026:14:37:25 +0000] "GET /blog/?action=edit&file=HP-GREEK8.so&path=%2F%2Fusr%2Flib64%2Fgconv HTTP/1.1" 200 17506 "-" "Mozilla/5.0 (Linux; Android 6.0.1; Nexus 5X Build/MMB29P) AppleWebKit/537.36 (KHTML, like Gecko) Chrome/153.0.8010.52 Mobile Safari/537.36 (compatible; GoogleOther)"
216.73.216.37 - - [26/Sep/2026:14:37:26 +0000] "GET /?c=86173000658 HTTP/1.1" 200 19444 "-" "Mozilla/5.0 AppleWebKit/537.36 (KHTML, like Gecko; compatible; ClaudeBot/1.0; +claudebot@anthropic.com)"
66.249.74.10 - - [26/Sep/2026:14:37:28 +0000] "GET /?shop/items/A572165237 HTTP/1.1" 200 1395 "-" "Mozilla/5.0 (Linux; Android 6.0.1; Nexus 5X Build/MMB29P) AppleWebKit/537.36 (KHTML, like Gecko) Chrome/153.0.8010.52 Mobile Safari/537.36 (compatible; Googlebot/2.1; +http://www.google.com/bot.html)"
216.73.216.37 - - [26/Sep/2026:14:37:31 +0000] "GET /?f=56332700993 HTTP/1.1" 429 0 "-" "Mozilla/5.0 AppleWebKit/537.36 (KHTML, like Gecko; compatible; ClaudeBot/1.0; +claudebot@anthropic.com)"
66.249.74.10 - - [26/Sep/2026:14:37:35 +0000] "GET /about-1/?action=edit&file=clone.php&path=%2F%2Fvar%2Fsoftaculous%2Ftypo7%2Fphp82 HTTP/1.1" 200 19166 "-" "Mozilla/5.0 (Linux; Android 6.0.1; Nexus 5X Build/MMB29P) AppleWebKit/537.36 (KHTML, like Gecko) Chrome/153.0.8010.52 Mobile Safari/537.36 (compatible; GoogleOther)"
216.73.216.37 - - [26/Sep/2026:14:37:36 +0000] "GET /?e=75751824140 HTTP/1.1" 429 0 "-" "Mozilla/5.0 AppleWebKit/537.36 (KHTML, like Gecko; compatible; ClaudeBot/1.0; +claudebot@anthropic.com)"
66.249.74.10 - - [26/Sep/2026:14:37:37 +0000] "GET /?action=edit&file=ssh-keygen&path=%2F%2Fbin HTTP/1.1" 200 182195 "-" "Mozilla/5.0 (Linux; Android 6.0.1; Nexus 5X Build/MMB29P) AppleWebKit/537.36 (KHTML, like Gecko) Chrome/153.0.8010.52 Mobile Safari/537.36 (compatible; GoogleOther)"
216.73.216.37 - - [26/Sep/2026:14:37:41 +0000] "GET /?e=7371041598 HTTP/1.1" 429 0 "-" "Mozilla/5.0 AppleWebKit/537.36 (KHTML, like Gecko; compatible; ClaudeBot/1.0; +claudebot@anthropic.com)"
66.249.74.10 - - [26/Sep/2026:14:37:45 +0000] "GET /shop/items/K152822577?action=edit&file=.htaccess&path=%2Fhome%2Fafghan%2Fosdg.ngo HTTP/1.1" 404 12823 "-" "Mozilla/5.0 (Linux; Android 6.0.1; Nexus 5X Build/MMB29P) AppleWebKit/537.36 (KHTML, like Gecko) Chrome/153.0.8010.52 Mobile Safari/537.36 (compatible; GoogleOther)"
216.73.216.37 - - [26/Sep/2026:14:37:46 +0000] "GET /?d=35242302907 HTTP/1.1" 429 0 "-" "Mozilla/5.0 AppleWebKit/537.36 (KHTML, like Gecko; compatible; ClaudeBot/1.0; +claudebot@anthropic.com)"
216.73.216.37 - - [26/Sep/2026:14:37:51 +0000] "GET /?f=89511001114 HTTP/1.1" 429 0 "-" "Mozilla/5.0 AppleWebKit/537.36 (KHTML, like Gecko; compatible; ClaudeBot/1.0; +claudebot@anthropic.com)"
66.249.74.10 - - [26/Sep/2026:14:37:52 +0000] "GET /2025/06/28/reglamento-del-juego-dela-ruleta/ HTTP/1.1" 200 16672 "-" "Mozilla/5.0 (Linux; Android 6.0.1; Nexus 5X Build/MMB29P) AppleWebKit/537.36 (KHTML, like Gecko) Chrome/153.0.8010.52 Mobile Safari/537.36 (compatible; GoogleOther)"
216.73.216.37 - - [26/Sep/2026:14:37:56 +0000] "GET /?k=45933873041 HTTP/1.1" 429 0 "-" "Mozilla/5.0 AppleWebKit/537.36 (KHTML, like Gecko; compatible; ClaudeBot/1.0; +claudebot@anthropic.com)"
66.249.74.10 - - [26/Sep/2026:14:37:57 +0000] "GET /blog/?action=edit&file=libxcb-dri2.so.0&path=%2F%2Fusr%2Flib64 HTTP/1.1" 200 17908 "-" "Mozilla/5.0 (Linux; Android 6.0.1; Nexus 5X Build/MMB29P) AppleWebKit/537.36 (KHTML, like Gecko) Chrome/153.0.8010.52 Mobile Safari/537.36 (compatible; GoogleOther)"
216.73.216.37 - - [26/Sep/2026:14:38:01 +0000] "GET /?f=17517712908 HTTP/1.1" 429 0 "-" "Mozilla/5.0 AppleWebKit/537.36 (KHTML, like Gecko; compatible; ClaudeBot/1.0; +claudebot@anthropic.com)"
74.7.243.235 - - [26/Sep/2026:14:38:05 +0000] "GET /?p=1047 HTTP/1.1" 200 1395 "https://osdg.ngo" "Mozilla/5.0 AppleWebKit/537.36 (KHTML, like Gecko; compatible; GPTBot/1.4; +https://openai.com/gptbot)"
216.73.216.37 - - [26/Sep/2026:14:38:06 +0000] "GET /?w=84742254875 HTTP/1.1" 429 0 "-" "Mozilla/5.0 AppleWebKit/537.36 (KHTML, like Gecko; compatible; ClaudeBot/1.0; +claudebot@anthropic.com)"
66.249.74.11 - - [26/Sep/2026:14:38:07 +0000] "GET /2025/06/28/reglamento-del-juego-dela-ruleta/ HTTP/1.1" 200 16672 "-" "Mozilla/5.0 (Linux; Android 6.0.1; Nexus 5X Build/MMB29P) AppleWebKit/537.36 (KHTML, like Gecko) Chrome/153.0.8010.52 Mobile Safari/537.36 (compatible; Googlebot/2.1; +http://www.google.com/bot.html)"
216.73.216.37 - - [26/Sep/2026:14:38:11 +0000] "GET /?l=75757510141 HTTP/1.1" 200 19444 "-" "Mozilla/5.0 AppleWebKit/537.36 (KHTML, like Gecko; compatible; ClaudeBot/1.0; +claudebot@anthropic.com)"
66.249.74.10 - - [26/Sep/2026:14:38:13 +0000] "GET /about-1/?action=edit&file=libssl.so.1.0.2o&path=%2F%2Flib64 HTTP/1.1" 200 177658 "-" "Mozilla/5.0 (Linux; Android 6.0.1; Nexus 5X Build/MMB29P) AppleWebKit/537.36 (KHTML, like Gecko) Chrome/153.0.8010.52 Mobile Safari/537.36 (compatible; GoogleOther)"
216.73.216.37 - - [26/Sep/2026:14:38:16 +0000] "GET /?d=15685566009 HTTP/1.1" 429 0 "-" "Mozilla/5.0 AppleWebKit/537.36 (KHTML, like Gecko; compatible; ClaudeBot/1.0; +claudebot@anthropic.com)"
66.249.74.10 - - [26/Sep/2026:14:38:19 +0000] "GET /casino-espa%C3%B1a-ayamonte/?action=edit&file=.htaccess.bak-20260717&path=%2Fhome%2Fafghan%2Fosdg.ngo HTTP/1.1" 301 816 "-" "Mozilla/5.0 (Linux; Android 6.0.1; Nexus 5X Build/MMB29P) AppleWebKit/537.36 (KHTML, like Gecko) Chrome/153.0.8010.52 Mobile Safari/537.36 (compatible; Googlebot/2.1; +http://www.google.com/bot.html)"
66.249.74.10 - - [26/Sep/2026:14:38:20 +0000] "GET /2025/06/28/casino-espa%C3%B1a-ayamonte/?action=edit&file=.htaccess.bak-20260717&path=%2Fhome%2Fafghan%2Fosdg.ngo HTTP/1.1" 200 16343 "-" "Mozilla/5.0 (Linux; Android 6.0.1; Nexus 5X Build/MMB29P) AppleWebKit/537.36 (KHTML, like Gecko) Chrome/153.0.8010.52 Mobile Safari/537.36 (compatible; Googlebot/2.1; +http://www.google.com/bot.html)"
216.73.216.37 - - [26/Sep/2026:14:38:21 +0000] "GET /?f=58909593120 HTTP/1.1" 429 0 "-" "Mozilla/5.0 AppleWebKit/537.36 (KHTML, like Gecko; compatible; ClaudeBot/1.0; +claudebot@anthropic.com)"
66.249.74.10 - - [26/Sep/2026:14:38:22 +0000] "GET /blog/?action=edit&file=libvorbisenc.so.2&path=%2F%2Flib64 HTTP/1.1" 200 107038 "-" "Mozilla/5.0 (Linux; Android 6.0.1; Nexus 5X Build/MMB29P) AppleWebKit/537.36 (KHTML, like Gecko) Chrome/153.0.8010.52 Mobile Safari/537.36 (compatible; GoogleOther)"
74.7.243.235 - - [26/Sep/2026:14:38:25 +0000] "GET /?p=1950 HTTP/1.1" 429 0 "https://osdg.ngo" "Mozilla/5.0 AppleWebKit/537.36 (KHTML, like Gecko; compatible; GPTBot/1.4; +https://openai.com/gptbot)"
216.73.216.37 - - [26/Sep/2026:14:38:26 +0000] "GET /?d=1619899254 HTTP/1.1" 429 0 "-" "Mozilla/5.0 AppleWebKit/537.36 (KHTML, like Gecko; compatible; ClaudeBot/1.0; +claudebot@anthropic.com)"
216.73.216.37 - - [26/Sep/2026:14:38:31 +0000] "GET /?f=22619936324 HTTP/1.1" 429 0 "-" "Mozilla/5.0 AppleWebKit/537.36 (KHTML, like Gecko; compatible; ClaudeBot/1.0; +claudebot@anthropic.com)"
66.249.74.10 - - [26/Sep/2026:14:38:32 +0000] "GET /blog/?action=edit&file=delv&path=%2F%2Fbin HTTP/1.1" 200 27946 "-" "Mozilla/5.0 (Linux; Android 6.0.1; Nexus 5X Build/MMB29P) AppleWebKit/537.36 (KHTML, like Gecko) Chrome/153.0.8010.52 Mobile Safari/537.36 (compatible; GoogleOther)"
66.249.74.10 - - [26/Sep/2026:14:38:33 +0000] "GET /blog/?action=edit&file=imunify360.conf&path=%2F%2Flib%2Ftmpfiles.d HTTP/1.1" 200 12569 "-" "Mozilla/5.0 (Linux; Android 6.0.1; Nexus 5X Build/MMB29P) AppleWebKit/537.36 (KHTML, like Gecko) Chrome/153.0.8010.52 Mobile Safari/537.36 (compatible; GoogleOther)"
74.7.243.235 - - [26/Sep/2026:14:38:41 +0000] "GET /?p=2047 HTTP/1.1" 429 0 "https://osdg.ngo" "Mozilla/5.0 AppleWebKit/537.36 (KHTML, like Gecko; compatible; GPTBot/1.4; +https://openai.com/gptbot)"
167.114.139.76 - - [26/Sep/2026:14:38:41 +0000] "GET /roxy-valladolid-casino-codigo-promocional-y-bonus-code-2025/ HTTP/1.1" 200 1395 "-" "Mozilla/5.0 (compatible; AhrefsBot/7.0; +http://ahrefs.com/robot/)"
66.249.74.10 - - [26/Sep/2026:14:38:42 +0000] "GET /casino-espa%C3%B1a-ayamonte/?action=edit&file=xmlrpc.php&path=%2Fhome%2Fafghan%2Fosdg.ngo HTTP/1.1" 200 1975 "-" "Mozilla/5.0 (Linux; Android 6.0.1; Nexus 5X Build/MMB29P) AppleWebKit/537.36 (KHTML, like Gecko) Chrome/153.0.8010.52 Mobile Safari/537.36 (compatible; GoogleOther)"
74.7.243.235 - - [26/Sep/2026:14:39:01 +0000] "GET /?p=3679 HTTP/1.1" 429 0 "https://osdg.ngo" "Mozilla/5.0 AppleWebKit/537.36 (KHTML, like Gecko; compatible; GPTBot/1.4; +https://openai.com/gptbot)"
66.249.74.12 - - [26/Sep/2026:14:39:07 +0000] "GET /about-1/?action=edit&file=libv4l2rds.so.0&path=%2F%2Flib64 HTTP/1.1" 200 25219 "-" "Mozilla/5.0 (Linux; Android 6.0.1; Nexus 5X Build/MMB29P) AppleWebKit/537.36 (KHTML, like Gecko) Chrome/153.0.8010.52 Mobile Safari/537.36 (compatible; GoogleOther)"
66.249.74.11 - - [26/Sep/2026:14:39:10 +0000] "GET /casino-espa%C3%B1a-ayamonte/?action=edit&file=.htaccess.bak-20260826&path=%2Fhome%2Fafghan%2Fosdg.ngo HTTP/1.1" 301 816 "-" "Mozilla/5.0 (Linux; Android 6.0.1; Nexus 5X Build/MMB29P) AppleWebKit/537.36 (KHTML, like Gecko) Chrome/153.0.8010.52 Mobile Safari/537.36 (compatible; Googlebot/2.1; +http://www.google.com/bot.html)"
66.249.74.10 - - [26/Sep/2026:14:39:11 +0000] "GET /2025/06/28/casino-espa%C3%B1a-ayamonte/?action=edit&file=.htaccess.bak-20260826&path=%2Fhome%2Fafghan%2Fosdg.ngo HTTP/1.1" 200 16343 "-" "Mozilla/5.0 (Linux; Android 6.0.1; Nexus 5X Build/MMB29P) AppleWebKit/537.36 (KHTML, like Gecko) Chrome/153.0.8010.52 Mobile Safari/537.36 (compatible; Googlebot/2.1; +http://www.google.com/bot.html)"
74.7.243.235 - - [26/Sep/2026:14:39:21 +0000] "GET /?p=2913 HTTP/1.1" 429 0 "https://osdg.ngo" "Mozilla/5.0 AppleWebKit/537.36 (KHTML, like Gecko; compatible; GPTBot/1.4; +https://openai.com/gptbot)"
66.249.74.10 - - [26/Sep/2026:14:39:22 +0000] "GET /about-1/?path=%2F%2Flib64%2Ftls HTTP/1.1" 200 14800 "-" "Mozilla/5.0 (Linux; Android 6.0.1; Nexus 5X Build/MMB29P) AppleWebKit/537.36 (KHTML, like Gecko) Chrome/153.0.8010.52 Mobile Safari/537.36 (compatible; GoogleOther)"
66.249.74.10 - - [26/Sep/2026:14:39:24 +0000] "GET /blog/?action=edit&file=libtheoraenc.so.1&path=%2F%2Fusr%2Flib64 HTTP/1.1" 200 127206 "-" "Mozilla/5.0 (Linux; Android 6.0.1; Nexus 5X Build/MMB29P) AppleWebKit/537.36 (KHTML, like Gecko) Chrome/153.0.8010.52 Mobile Safari/537.36 (compatible; GoogleOther)"
66.249.74.10 - - [26/Sep/2026:14:39:27 +0000] "GET /about-1/?action=edit&file=glk_guc_69.0.3.bin&path=%2F%2Flib%2Ffirmware%2Fi915 HTTP/1.1" 200 109185 "-" "Mozilla/5.0 (Linux; Android 6.0.1; Nexus 5X Build/MMB29P) AppleWebKit/537.36 (KHTML, like Gecko) Chrome/153.0.8010.52 Mobile Safari/537.36 (compatible; GoogleOther)"
66.249.74.10 - - [26/Sep/2026:14:39:32 +0000] "GET /about-1/?action=edit&file=edit.php&path=%2F%2Fvar%2Fsoftaculous%2Ftiki24%2Fphp53 HTTP/1.1" 200 18079 "-" "Mozilla/5.0 (Linux; Android 6.0.1; Nexus 5X Build/MMB29P) AppleWebKit/537.36 (KHTML, like Gecko) Chrome/153.0.8010.52 Mobile Safari/537.36 (compatible; GoogleOther)"
74.7.243.235 - - [26/Sep/2026:14:39:41 +0000] "GET /?p=4579 HTTP/1.1" 200 1395 "https://osdg.ngo" "Mozilla/5.0 AppleWebKit/537.36 (KHTML, like Gecko; compatible; GPTBot/1.4; +https://openai.com/gptbot)"
66.249.74.10 - - [26/Sep/2026:14:39:49 +0000] "GET /about-1/?action=edit&file=libsamdb.so.0&path=%2F%2Flib64 HTTP/1.1" 200 54059 "-" "Mozilla/5.0 (Linux; Android 6.0.1; Nexus 5X Build/MMB29P) AppleWebKit/537.36 (KHTML, like Gecko) Chrome/153.0.8010.52 Mobile Safari/537.36 (compatible; GoogleOther)"
66.249.74.10 - - [26/Sep/2026:14:39:51 +0000] "GET /?shop/items/B123808090 HTTP/1.1" 200 1395 "-" "Mozilla/5.0 (Linux; Android 6.0.1; Nexus 5X Build/MMB29P) AppleWebKit/537.36 (KHTML, like Gecko) Chrome/153.0.8010.52 Mobile Safari/537.36 (compatible; Googlebot/2.1; +http://www.google.com/bot.html)"
66.249.74.10 - - [26/Sep/2026:14:39:51 +0000] "GET /?k=28055580710 HTTP/1.1" 200 19423 "-" "Mozilla/5.0 (Linux; Android 6.0.1; Nexus 5X Build/MMB29P) AppleWebKit/537.36 (KHTML, like Gecko) Chrome/153.0.8010.52 Mobile Safari/537.36 (compatible; Googlebot/2.1; +http://www.google.com/bot.html)"
66.249.74.10 - - [26/Sep/2026:14:40:00 +0000] "GET /blog/?action=edit&file=IBM1133.so&path=%2F%2Flib64%2Fgconv HTTP/1.1" 200 17498 "-" "Mozilla/5.0 (Linux; Android 6.0.1; Nexus 5X Build/MMB29P) AppleWebKit/537.36 (KHTML, like Gecko) Chrome/153.0.8010.52 Mobile Safari/537.36 (compatible; GoogleOther)"
65.181.111.180 - - [26/Sep/2026:14:40:12 +0000] "POST /wp-cron.php?doing_wp_cron=1790433612.0537190437316894531250 HTTP/1.1" 200 0 "-" "WordPress/7.1.2; http://osdg.ngo"
66.249.74.10 - - [26/Sep/2026:14:40:11 +0000] "GET /blog/?action=edit&file=libzimg.so.2&path=%2F%2Flib64 HTTP/1.1" 200 292528 "-" "Mozilla/5.0 (Linux; Android 6.0.1; Nexus 5X Build/MMB29P) AppleWebKit/537.36 (KHTML, like Gecko) Chrome/153.0.8010.52 Mobile Safari/537.36 (compatible; GoogleOther)"
74.7.243.235 - - [26/Sep/2026:14:40:17 +0000] "GET /?p=2836 HTTP/1.1" 429 0 "https://osdg.ngo" "Mozilla/5.0 AppleWebKit/537.36 (KHTML, like Gecko; compatible; GPTBot/1.4; +https://openai.com/gptbot)"
66.249.74.10 - - [26/Sep/2026:14:40:19 +0000] "GET /?shop/items/R156616386 HTTP/1.1" 200 1395 "-" "Mozilla/5.0 (Linux; Android 6.0.1; Nexus 5X Build/MMB29P) AppleWebKit/537.36 (KHTML, like Gecko) Chrome/153.0.8010.52 Mobile Safari/537.36 (compatible; Googlebot/2.1; +http://www.google.com/bot.html)"
66.249.74.10 - - [26/Sep/2026:14:40:19 +0000] "GET /shop/items/S443113246?action=edit&file=xmlrpc.php&path=%2Fhome%2Fafghan%2Fosdg.ngo HTTP/1.1" 200 14003 "-" "Mozilla/5.0 (Linux; Android 6.0.1; Nexus 5X Build/MMB29P) AppleWebKit/537.36 (KHTML, like Gecko) Chrome/153.0.8010.52 Mobile Safari/537.36 (compatible; GoogleOther)"
66.249.74.10 - - [26/Sep/2026:14:40:34 +0000] "GET /blog/?action=edit&file=libidn.so&path=%2F%2Fusr%2Flib64 HTTP/1.1" 200 61925 "-" "Mozilla/5.0 (Linux; Android 6.0.1; Nexus 5X Build/MMB29P) AppleWebKit/537.36 (KHTML, like Gecko) Chrome/153.0.8010.52 Mobile Safari/537.36 (compatible; GoogleOther)"
74.7.243.235 - - [26/Sep/2026:14:40:37 +0000] "GET /?p=1003 HTTP/1.1" 429 0 "https://osdg.ngo" "Mozilla/5.0 AppleWebKit/537.36 (KHTML, like Gecko; compatible; GPTBot/1.4; +https://openai.com/gptbot)"
66.249.74.11 - - [26/Sep/2026:14:40:37 +0000] "GET /about-1/?action=edit&file=libip6t_SNPT.so&path=%2F%2Flib64%2Fxtables HTTP/1.1" 200 18002 "-" "Mozilla/5.0 (Linux; Android 6.0.1; Nexus 5X Build/MMB29P) AppleWebKit/537.36 (KHTML, like Gecko) Chrome/153.0.8010.52 Mobile Safari/537.36 (compatible; GoogleOther)"
66.249.74.10 - - [26/Sep/2026:14:40:40 +0000] "GET /?action=edit&file=gs&path=%2F%2Fbin HTTP/1.1" 200 22345 "-" "Mozilla/5.0 (Linux; Android 6.0.1; Nexus 5X Build/MMB29P) AppleWebKit/537.36 (KHTML, like Gecko) Chrome/153.0.8010.52 Mobile Safari/537.36 (compatible; GoogleOther)"
66.249.74.10 - - [26/Sep/2026:14:40:46 +0000] "GET /casino-espa%C3%B1a-ayamonte/?action=edit&file=error_log&path=%2Fhome%2Fafghan%2Fosdg.ngo HTTP/1.1" 200 142071 "-" "Mozilla/5.0 (Linux; Android 6.0.1; Nexus 5X Build/MMB29P) AppleWebKit/537.36 (KHTML, like Gecko) Chrome/153.0.8010.52 Mobile Safari/537.36 (compatible; Googlebot/2.1; +http://www.google.com/bot.html)"
66.249.74.10 - - [26/Sep/2026:14:40:46 +0000] "GET /?shop/items/N196335533 HTTP/1.1" 200 1395 "-" "Mozilla/5.0 (Linux; Android 6.0.1; Nexus 5X Build/MMB29P) AppleWebKit/537.36 (KHTML, like Gecko) Chrome/153.0.8010.52 Mobile Safari/537.36 (compatible; Googlebot/2.1; +http://www.google.com/bot.html)"
66.249.74.10 - - [26/Sep/2026:14:40:46 +0000] "GET /?action=edit&file=libicutu.so.60&path=%2F%2Flib64 HTTP/1.1" 200 101321 "-" "Mozilla/5.0 (Linux; Android 6.0.1; Nexus 5X Build/MMB29P) AppleWebKit/537.36 (KHTML, like Gecko) Chrome/153.0.8010.52 Mobile Safari/537.36 (compatible; GoogleOther)"
66.249.74.10 - - [26/Sep/2026:14:41:06 +0000] "GET /blog/?action=edit&file=libtclenvmodules.so&path=%2F%2Fusr%2Flib64 HTTP/1.1" 200 17091 "-" "Mozilla/5.0 (Linux; Android 6.0.1; Nexus 5X Build/MMB29P) AppleWebKit/537.36 (KHTML, like Gecko) Chrome/153.0.8010.52 Mobile Safari/537.36 (compatible; GoogleOther)"
65.181.111.180 - - [26/Sep/2026:14:41:10 +0000] "POST /wp-cron.php?doing_wp_cron=1790433670.3494350910186767578125 HTTP/1.1" 200 0 "-" "WordPress/7.1.2; http://osdg.ngo"
66.249.74.11 - - [26/Sep/2026:14:41:10 +0000] "GET /?shop/items/M322785364 HTTP/1.1" 200 1395 "-" "Mozilla/5.0 (Linux; Android 6.0.1; Nexus 5X Build/MMB29P) AppleWebKit/537.36 (KHTML, like Gecko) Chrome/153.0.8010.52 Mobile Safari/537.36 (compatible; Googlebot/2.1; +http://www.google.com/bot.html)"
65.181.111.180 - - [26/Sep/2026:14:41:15 +0000] "POST /wp-cron.php?doing_wp_cron=1790433675.2699329853057861328125 HTTP/1.1" 200 0 "-" "WordPress/7.1.2; http://osdg.ngo"
66.249.74.10 - - [26/Sep/2026:14:41:15 +0000] "GET /casino-espa%C3%B1a-ayamonte/?action=edit&file=.htaccess.bak-20260717&path=%2Fhome%2Fafghan%2Fosdg.ngo HTTP/1.1" 301 816 "-" "Mozilla/5.0 (Linux; Android 6.0.1; Nexus 5X Build/MMB29P) AppleWebKit/537.36 (KHTML, like Gecko) Chrome/153.0.8010.52 Mobile Safari/537.36 (compatible; GoogleOther)"
66.249.74.10 - - [26/Sep/2026:14:41:16 +0000] "GET /2025/06/28/casino-espa%C3%B1a-ayamonte/?action=edit&file=.htaccess.bak-20260717&path=%2Fhome%2Fafghan%2Fosdg.ngo HTTP/1.1" 200 16343 "-" "Mozilla/5.0 (Linux; Android 6.0.1; Nexus 5X Build/MMB29P) AppleWebKit/537.36 (KHTML, like Gecko) Chrome/153.0.8010.52 Mobile Safari/537.36 (compatible; GoogleOther)"
66.249.74.10 - - [26/Sep/2026:14:41:28 +0000] "GET /about-1/?action=edit&file=libhwy_test.so.1.0.2&path=%2F%2Flib64 HTTP/1.1" 200 18591 "-" "Mozilla/5.0 (Linux; Android 6.0.1; Nexus 5X Build/MMB29P) AppleWebKit/537.36 (KHTML, like Gecko) Chrome/153.0.8010.52 Mobile Safari/537.36 (compatible; GoogleOther)"
66.249.74.10 - - [26/Sep/2026:14:41:33 +0000] "GET /?shop/items/P119358446 HTTP/1.1" 200 1395 "-" "Mozilla/5.0 (Linux; Android 6.0.1; Nexus 5X Build/MMB29P) AppleWebKit/537.36 (KHTML, like Gecko) Chrome/153.0.8010.52 Mobile Safari/537.36 (compatible; Googlebot/2.1; +http://www.google.com/bot.html)"
66.249.74.10 - - [26/Sep/2026:14:41:43 +0000] "GET /about-1/?action=edit&file=edit.xml&path=%2F%2Fvar%2Fsoftaculous%2Fwp HTTP/1.1" 200 15146 "-" "Mozilla/5.0 (Linux; Android 6.0.1; Nexus 5X Build/MMB29P) AppleWebKit/537.36 (KHTML, like Gecko) Chrome/153.0.8010.52 Mobile Safari/537.36 (compatible; GoogleOther)"
66.249.74.10 - - [26/Sep/2026:14:41:44 +0000] "GET /about-1/?action=edit&file=edit.php&path=%2F%2Fvar%2Fsoftaculous%2Fgoffice6%2Fphp82 HTTP/1.1" 200 19528 "-" "Mozilla/5.0 (Linux; Android 6.0.1; Nexus 5X Build/MMB29P) AppleWebKit/537.36 (KHTML, like Gecko) Chrome/153.0.8010.52 Mobile Safari/537.36 (compatible; GoogleOther)"
66.249.74.10 - - [26/Sep/2026:14:41:47 +0000] "GET /?shop/items/C267637625 HTTP/1.1" 200 1395 "-" "Mozilla/5.0 (Linux; Android 6.0.1; Nexus 5X Build/MMB29P) AppleWebKit/537.36 (KHTML, like Gecko) Chrome/153.0.8010.52 Mobile Safari/537.36 (compatible; Googlebot/2.1; +http://www.google.com/bot.html)"
66.249.74.10 - - [26/Sep/2026:14:41:47 +0000] "GET /wp-includes/js/dist/script-modules/block-library/navigation/view.min.js?ver=1bf28ded04f9f188bdcb HTTP/1.1" 200 1004 "http://osdg.ngo/about-1/?action=edit&file=edit.php&path=%2F%2Fvar%2Fsoftaculous%2Fgoffice6%2Fphp82" "Mozilla/5.0 (Linux; Android 6.0.1; Nexus 5X Build/MMB29P) AppleWebKit/537.36 (KHTML, like Gecko) Chrome/153.0.8010.52 Mobile Safari/537.36 (compatible; GoogleOther)"
66.249.74.10 - - [26/Sep/2026:14:41:52 +0000] "GET /about-1/?path=%2F%2Fvar%2Fsoftaculous%2Fatutor%2Fimages HTTP/1.1" 200 14948 "-" "Mozilla/5.0 (Linux; Android 6.0.1; Nexus 5X Build/MMB29P) AppleWebKit/537.36 (KHTML, like Gecko) Chrome/153.0.8010.52 Mobile Safari/537.36 (compatible; GoogleOther)"
66.249.74.10 - - [26/Sep/2026:14:41:59 +0000] "GET /?shop/items/H774619399 HTTP/1.1" 200 1395 "-" "Mozilla/5.0 (Linux; Android 6.0.1; Nexus 5X Build/MMB29P) AppleWebKit/537.36 (KHTML, like Gecko) Chrome/153.0.8010.52 Mobile Safari/537.36 (compatible; Googlebot/2.1; +http://www.google.com/bot.html)"
66.249.74.10 - - [26/Sep/2026:14:42:02 +0000] "GET /about-1/?action=edit&file=compileall.pyc&path=%2F%2Flib64%2Fpython2.7 HTTP/1.1" 200 18042 "-" "Mozilla/5.0 (Linux; Android 6.0.1; Nexus 5X Build/MMB29P) AppleWebKit/537.36 (KHTML, like Gecko) Chrome/153.0.8010.52 Mobile Safari/537.36 (compatible; GoogleOther)"
66.249.74.10 - - [26/Sep/2026:14:42:04 +0000] "GET /wp-includes/js/dist/script-modules/block-library/navigation/view.min.js?ver=1bf28ded04f9f188bdcb HTTP/1.1" 200 1004 "http://osdg.ngo/about-1/?action=edit&file=compileall.pyc&path=%2F%2Flib64%2Fpython2.7" "Mozilla/5.0 (Linux; Android 6.0.1; Nexus 5X Build/MMB29P) AppleWebKit/537.36 (KHTML, like Gecko) Chrome/153.0.8010.52 Mobile Safari/537.36 (compatible; GoogleOther)"
66.249.74.10 - - [26/Sep/2026:14:42:13 +0000] "GET /about-1/?action=edit&file=backup.php&path=%2F%2Fvar%2Fsoftaculous%2Fbbpress HTTP/1.1" 200 16934 "-" "Mozilla/5.0 (Linux; Android 6.0.1; Nexus 5X Build/MMB29P) AppleWebKit/537.36 (KHTML, like Gecko) Chrome/153.0.8010.52 Mobile Safari/537.36 (compatible; GoogleOther)"
66.249.74.10 - - [26/Sep/2026:14:42:18 +0000] "GET /wp-includes/js/dist/script-modules/block-library/navigation/view.min.js?ver=1bf28ded04f9f188bdcb HTTP/1.1" 200 1004 "http://osdg.ngo/about-1/?action=edit&file=backup.php&path=%2F%2Fvar%2Fsoftaculous%2Fbbpress" "Mozilla/5.0 (Linux; Android 6.0.1; Nexus 5X Build/MMB29P) AppleWebKit/537.36 (KHTML, like Gecko) Chrome/153.0.8010.52 Mobile Safari/537.36 (compatible; GoogleOther)"
66.249.74.10 - - [26/Sep/2026:14:42:22 +0000] "GET /about-1/?action=edit&file=f2255usb.bin&path=%2F%2Flib%2Ffirmware HTTP/1.1" 200 80773 "-" "Mozilla/5.0 (Linux; Android 6.0.1; Nexus 5X Build/MMB29P) AppleWebKit/537.36 (KHTML, like Gecko) Chrome/153.0.8010.52 Mobile Safari/537.36 (compatible; GoogleOther)"
66.249.74.10 - - [26/Sep/2026:14:42:23 +0000] "GET /shop/items/S443113246?action=edit&file=.htaccess.bak-20260826&path=%2Fhome%2Fafghan%2Fosdg.ngo HTTP/1.1" 404 12845 "-" "Mozilla/5.0 (Linux; Android 6.0.1; Nexus 5X Build/MMB29P) AppleWebKit/537.36 (KHTML, like Gecko) Chrome/153.0.8010.52 Mobile Safari/537.36 (compatible; Googlebot/2.1; +http://www.google.com/bot.html)"
66.249.74.10 - - [26/Sep/2026:14:42:23 +0000] "GET /?y=70031653575 HTTP/1.1" 200 19441 "-" "Mozilla/5.0 (Linux; Android 6.0.1; Nexus 5X Build/MMB29P) AppleWebKit/537.36 (KHTML, like Gecko) Chrome/153.0.8010.52 Mobile Safari/537.36 (compatible; Googlebot/2.1; +http://www.google.com/bot.html)"
66.249.74.10 - - [26/Sep/2026:14:42:25 +0000] "GET /about-1/?action=edit&file=install.js&path=%2F%2Fvar%2Fsoftaculous%2Fwp HTTP/1.1" 200 16124 "-" "Mozilla/5.0 (Linux; Android 6.0.1; Nexus 5X Build/MMB29P) AppleWebKit/537.36 (KHTML, like Gecko) Chrome/153.0.8010.52 Mobile Safari/537.36 (compatible; GoogleOther)"
66.249.74.10 - - [26/Sep/2026:14:42:27 +0000] "GET /wp-includes/js/dist/script-modules/block-library/navigation/view.min.js?ver=1bf28ded04f9f188bdcb HTTP/1.1" 200 1004 "http://osdg.ngo/about-1/?action=edit&file=f2255usb.bin&path=%2F%2Flib%2Ffirmware" "Mozilla/5.0 (Linux; Android 6.0.1; Nexus 5X Build/MMB29P) AppleWebKit/537.36 (KHTML, like Gecko) Chrome/153.0.8010.52 Mobile Safari/537.36 (compatible; GoogleOther)"
66.249.74.10 - - [26/Sep/2026:14:42:37 +0000] "GET /?shop/items/W380559674 HTTP/1.1" 200 1395 "-" "Mozilla/5.0 (Linux; Android 6.0.1; Nexus 5X Build/MMB29P) AppleWebKit/537.36 (KHTML, like Gecko) Chrome/153.0.8010.52 Mobile Safari/537.36 (compatible; Googlebot/2.1; +http://www.google.com/bot.html)"
66.249.74.10 - - [26/Sep/2026:14:42:42 +0000] "GET /shop/items/V283976908?action=edit&file=xmlrpc.php&path=%2Fhome%2Fafghan%2Fosdg.ngo HTTP/1.1" 200 14003 "-" "Mozilla/5.0 (Linux; Android 6.0.1; Nexus 5X Build/MMB29P) AppleWebKit/537.36 (KHTML, like Gecko) Chrome/153.0.8010.52 Mobile Safari/537.36 (compatible; GoogleOther)"
66.249.74.10 - - [26/Sep/2026:14:42:50 +0000] "GET /shop/items/S443113246?action=edit&file=error_log&path=%2Fhome%2Fafghan%2Fosdg.ngo HTTP/1.1" 200 256881 "-" "Mozilla/5.0 (Linux; Android 6.0.1; Nexus 5X Build/MMB29P) AppleWebKit/537.36 (KHTML, like Gecko) Chrome/153.0.8010.52 Mobile Safari/537.36 (compatible; GoogleOther)"
66.249.74.14 - - [26/Sep/2026:14:43:00 +0000] "GET /about-1/?action=edit&file=libpangoft2-1.0.so.0.4200.3&path=%2F%2Flib64 HTTP/1.1" 200 48888 "-" "Mozilla/5.0 (Linux; Android 6.0.1; Nexus 5X Build/MMB29P) AppleWebKit/537.36 (KHTML, like Gecko) Chrome/153.0.8010.52 Mobile Safari/537.36 (compatible; GoogleOther)"
66.249.74.13 - - [26/Sep/2026:14:43:09 +0000] "GET /about-1/?action=edit&file=liblzma.so.5&path=%2F%2Flib64 HTTP/1.1" 200 89257 "-" "Mozilla/5.0 (Linux; Android 6.0.1; Nexus 5X Build/MMB29P) AppleWebKit/537.36 (KHTML, like Gecko) Chrome/153.0.8010.52 Mobile Safari/537.36 (compatible; GoogleOther)"
66.249.74.1 - - [26/Sep/2026:14:43:21 +0000] "GET /about-1/?action=edit&file=ehl_huc_9.0.0.bin&path=%2F%2Flib%2Ffirmware%2Fi915 HTTP/1.1" 200 146378 "-" "Mozilla/5.0 (Linux; Android 6.0.1; Nexus 5X Build/MMB29P) AppleWebKit/537.36 (KHTML, like Gecko) Chrome/153.0.8010.52 Mobile Safari/537.36 (compatible; GoogleOther)"
66.249.74.1 - - [26/Sep/2026:14:43:28 +0000] "GET /?shop/items/D393495440 HTTP/1.1" 200 1395 "-" "Mozilla/5.0 (Linux; Android 6.0.1; Nexus 5X Build/MMB29P) AppleWebKit/537.36 (KHTML, like Gecko) Chrome/153.0.8010.52 Mobile Safari/537.36 (compatible; Googlebot/2.1; +http://www.google.com/bot.html)"
66.249.74.11 - - [26/Sep/2026:14:43:28 +0000] "GET /?shop/items/G105178482 HTTP/1.1" 200 1395 "-" "Mozilla/5.0 (Linux; Android 6.0.1; Nexus 5X Build/MMB29P) AppleWebKit/537.36 (KHTML, like Gecko) Chrome/153.0.8010.52 Mobile Safari/537.36 (compatible; Googlebot/2.1; +http://www.google.com/bot.html)"
66.249.74.12 - - [26/Sep/2026:14:43:40 +0000] "GET /blog/?action=edit&file=libxcb-shm.so.0.0.0&path=%2F%2Fusr%2Flib64 HTTP/1.1" 200 16751 "-" "Mozilla/5.0 (Linux; Android 6.0.1; Nexus 5X Build/MMB29P) AppleWebKit/537.36 (KHTML, like Gecko) Chrome/153.0.8010.52 Mobile Safari/537.36 (compatible; GoogleOther)"
66.249.74.12 - - [26/Sep/2026:14:43:49 +0000] "GET /shop/items/S443113246?action=edit&file=.htaccess.bak-20260826&path=%2Fhome%2Fafghan%2Fosdg.ngo HTTP/1.1" 404 12819 "-" "Mozilla/5.0 (Linux; Android 6.0.1; Nexus 5X Build/MMB29P) AppleWebKit/537.36 (KHTML, like Gecko) Chrome/153.0.8010.52 Mobile Safari/537.36 (compatible; GoogleOther)"
66.249.74.11 - - [26/Sep/2026:14:43:53 +0000] "GET /blog/?action=edit&file=dirent.h&path=%2F%2Fusr%2Finclude HTTP/1.1" 200 15841 "-" "Mozilla/5.0 (Linux; Android 6.0.1; Nexus 5X Build/MMB29P) AppleWebKit/537.36 (KHTML, like Gecko) Chrome/153.0.8010.52 Mobile Safari/537.36 (compatible; GoogleOther)"
66.249.74.10 - - [26/Sep/2026:14:43:53 +0000] "GET /shop/items/S443113246?action=edit&file=xmlrpc.php&path=%2Fhome%2Fafghan%2Fosdg.ngo HTTP/1.1" 200 13993 "-" "Mozilla/5.0 (Linux; Android 6.0.1; Nexus 5X Build/MMB29P) AppleWebKit/537.36 (KHTML, like Gecko) Chrome/153.0.8010.52 Mobile Safari/537.36 (compatible; Googlebot/2.1; +http://www.google.com/bot.html)"
66.249.74.10 - - [26/Sep/2026:14:43:53 +0000] "GET /?shop/items/C438817793 HTTP/1.1" 200 1395 "-" "Mozilla/5.0 (Linux; Android 6.0.1; Nexus 5X Build/MMB29P) AppleWebKit/537.36 (KHTML, like Gecko) Chrome/153.0.8010.52 Mobile Safari/537.36 (compatible; Googlebot/2.1; +http://www.google.com/bot.html)"
66.249.74.10 - - [26/Sep/2026:14:43:57 +0000] "GET /blog/?action=edit&file=libgssapiv2.so.3&path=%2F%2Flib64%2Fsasl2 HTTP/1.1" 200 28026 "-" "Mozilla/5.0 (Linux; Android 6.0.1; Nexus 5X Build/MMB29P) AppleWebKit/537.36 (KHTML, like Gecko) Chrome/153.0.8010.52 Mobile Safari/537.36 (compatible; GoogleOther)"
