66.249.74.10 - - [26/Sep/2026:14:19:39 +0000] "GET /blog/?action=edit&file=libjbig.so.2.1&path=%2F%2Fusr%2Flib64 HTTP/1.1" 200 33465 "-" "Mozilla/5.0 (Linux; Android 6.0.1; Nexus 5X Build/MMB29P) AppleWebKit/537.36 (KHTML, like Gecko) Chrome/153.0.8010.52 Mobile Safari/537.36 (compatible; GoogleOther)"
66.249.74.10 - - [26/Sep/2026:14:19:46 +0000] "GET /?shop/items/E850871249 HTTP/1.1" 200 1394 "-" "Mozilla/5.0 (Linux; Android 6.0.1; Nexus 5X Build/MMB29P) AppleWebKit/537.36 (KHTML, like Gecko) Chrome/153.0.8010.52 Mobile Safari/537.36 (compatible; Googlebot/2.1; +http://www.google.com/bot.html)"
66.249.74.10 - - [26/Sep/2026:14:19:46 +0000] "GET /?shop/items/J922270591 HTTP/1.1" 200 1394 "-" "Mozilla/5.0 (Linux; Android 6.0.1; Nexus 5X Build/MMB29P) AppleWebKit/537.36 (KHTML, like Gecko) Chrome/153.0.8010.52 Mobile Safari/537.36 (compatible; Googlebot/2.1; +http://www.google.com/bot.html)"
66.249.74.10 - - [26/Sep/2026:14:19:51 +0000] "GET /about-1/?action=edit&file=PasswordHash.php&path=%2F%2Fvar%2Fsoftaculous%2Fqdpm HTTP/1.1" 200 17164 "-" "Mozilla/5.0 (Linux; Android 6.0.1; Nexus 5X Build/MMB29P) AppleWebKit/537.36 (KHTML, like Gecko) Chrome/153.0.8010.52 Mobile Safari/537.36 (compatible; GoogleOther)"
66.249.69.139 - - [26/Sep/2026:14:20:07 +0000] "GET /about-1/?action=edit&file=clone.php&path=%2F%2Fvar%2Fsoftaculous%2Fprojeqtor HTTP/1.1" 200 19319 "-" "Mozilla/5.0 (Linux; Android 6.0.1; Nexus 5X Build/MMB29P) AppleWebKit/537.36 (KHTML, like Gecko) Chrome/153.0.8010.52 Mobile Safari/537.36 (compatible; GoogleOther)"
66.249.74.10 - - [26/Sep/2026:14:20:11 +0000] "GET /?shop/items/V353493827 HTTP/1.1" 200 1394 "-" "Mozilla/5.0 (Linux; Android 6.0.1; Nexus 5X Build/MMB29P) AppleWebKit/537.36 (KHTML, like Gecko) Chrome/153.0.8010.52 Mobile Safari/537.36 (compatible; Googlebot/2.1; +http://www.google.com/bot.html)"
66.249.74.10 - - [26/Sep/2026:14:20:12 +0000] "GET /blog/?action=edit&file=libgudev-1.0.so.0.2.0&path=%2F%2Fusr%2Flib64 HTTP/1.1" 200 24868 "-" "Mozilla/5.0 (Linux; Android 6.0.1; Nexus 5X Build/MMB29P) AppleWebKit/537.36 (KHTML, like Gecko) Chrome/153.0.8010.52 Mobile Safari/537.36 (compatible; GoogleOther)"
66.249.74.10 - - [26/Sep/2026:14:20:14 +0000] "GET /blog/?action=edit&file=vimrc&path=%2F%2Fetc HTTP/1.1" 200 13330 "-" "Mozilla/5.0 (Linux; Android 6.0.1; Nexus 5X Build/MMB29P) AppleWebKit/537.36 (KHTML, like Gecko) Chrome/153.0.8010.52 Mobile Safari/537.36 (compatible; GoogleOther)"
66.249.74.10 - - [26/Sep/2026:14:20:23 +0000] "GET /?shop/items/S353839172 HTTP/1.1" 200 1394 "-" "Mozilla/5.0 (Linux; Android 6.0.1; Nexus 5X Build/MMB29P) AppleWebKit/537.36 (KHTML, like Gecko) Chrome/153.0.8010.52 Mobile Safari/537.36 (compatible; Googlebot/2.1; +http://www.google.com/bot.html)"
66.249.74.10 - - [26/Sep/2026:14:20:24 +0000] "GET /?shop/items/Z960107792 HTTP/1.1" 200 1394 "-" "Mozilla/5.0 (Linux; Android 6.0.1; Nexus 5X Build/MMB29P) AppleWebKit/537.36 (KHTML, like Gecko) Chrome/153.0.8010.52 Mobile Safari/537.36 (compatible; Googlebot/2.1; +http://www.google.com/bot.html)"
66.249.74.10 - - [26/Sep/2026:14:20:24 +0000] "GET /?action=edit&file=libblas.so.3&path=%2F%2Flib64 HTTP/1.1" 200 157161 "-" "Mozilla/5.0 (Linux; Android 6.0.1; Nexus 5X Build/MMB29P) AppleWebKit/537.36 (KHTML, like Gecko) Chrome/153.0.8010.52 Mobile Safari/537.36 (compatible; GoogleOther)"
66.249.74.10 - - [26/Sep/2026:14:20:34 +0000] "GET /about-1/?action=edit&file=base_subprocess.py&path=%2F%2Flib64%2Fpython3.8%2Fasyncio HTTP/1.1" 200 16988 "-" "Mozilla/5.0 (Linux; Android 6.0.1; Nexus 5X Build/MMB29P) AppleWebKit/537.36 (KHTML, like Gecko) Chrome/153.0.8010.52 Mobile Safari/537.36 (compatible; GoogleOther)"
66.249.74.10 - - [26/Sep/2026:14:20:38 +0000] "GET /shop/items/K152822577 HTTP/1.1" 200 13428 "-" "Mozilla/5.0 (Linux; Android 6.0.1; Nexus 5X Build/MMB29P) AppleWebKit/537.36 (KHTML, like Gecko) Chrome/153.0.8010.52 Mobile Safari/537.36 (compatible; Googlebot/2.1; +http://www.google.com/bot.html)"
66.249.74.10 - - [26/Sep/2026:14:20:38 +0000] "GET /?shop/items/H231976441 HTTP/1.1" 200 1394 "-" "Mozilla/5.0 (Linux; Android 6.0.1; Nexus 5X Build/MMB29P) AppleWebKit/537.36 (KHTML, like Gecko) Chrome/153.0.8010.52 Mobile Safari/537.36 (compatible; Googlebot/2.1; +http://www.google.com/bot.html)"
66.249.74.10 - - [26/Sep/2026:14:20:45 +0000] "GET /blog/?action=edit&file=webbrowser.pyc&path=%2F%2Flib64%2Fpython2.7 HTTP/1.1" 200 19904 "-" "Mozilla/5.0 (Linux; Android 6.0.1; Nexus 5X Build/MMB29P) AppleWebKit/537.36 (KHTML, like Gecko) Chrome/153.0.8010.52 Mobile Safari/537.36 (compatible; GoogleOther)"
66.249.74.10 - - [26/Sep/2026:14:20:54 +0000] "GET /about-1/?action=edit&file=extend.php&path=%2F%2Fvar%2Fsoftaculous%2Fkrayin%2Fphp81 HTTP/1.1" 200 21688 "-" "Mozilla/5.0 (Linux; Android 6.0.1; Nexus 5X Build/MMB29P) AppleWebKit/537.36 (KHTML, like Gecko) Chrome/153.0.8010.52 Mobile Safari/537.36 (compatible; GoogleOther)"
66.249.74.10 - - [26/Sep/2026:14:21:04 +0000] "GET /?shop/items/F170844576 HTTP/1.1" 200 1394 "-" "Mozilla/5.0 (Linux; Android 6.0.1; Nexus 5X Build/MMB29P) AppleWebKit/537.36 (KHTML, like Gecko) Chrome/153.0.8010.52 Mobile Safari/537.36 (compatible; Googlebot/2.1; +http://www.google.com/bot.html)"
66.249.74.10 - - [26/Sep/2026:14:21:16 +0000] "GET /?shop/items/P186364556 HTTP/1.1" 200 1394 "-" "Mozilla/5.0 (Linux; Android 6.0.1; Nexus 5X Build/MMB29P) AppleWebKit/537.36 (KHTML, like Gecko) Chrome/153.0.8010.52 Mobile Safari/537.36 (compatible; Googlebot/2.1; +http://www.google.com/bot.html)"
66.249.74.10 - - [26/Sep/2026:14:21:22 +0000] "GET /blog/?action=edit&file=librrd.so.8&path=%2F%2Fusr%2Flib64 HTTP/1.1" 200 160605 "-" "Mozilla/5.0 (Linux; Android 6.0.1; Nexus 5X Build/MMB29P) AppleWebKit/537.36 (KHTML, like Gecko) Chrome/153.0.8010.52 Mobile Safari/537.36 (compatible; GoogleOther)"
66.249.74.10 - - [26/Sep/2026:14:21:28 +0000] "GET /blog/?action=edit&file=libgfortran.so.5&path=%2F%2Fusr%2Flib64 HTTP/1.1" 200 733672 "-" "Mozilla/5.0 (Linux; Android 6.0.1; Nexus 5X Build/MMB29P) AppleWebKit/537.36 (KHTML, like Gecko) Chrome/153.0.8010.52 Mobile Safari/537.36 (compatible; GoogleOther)"
66.249.74.10 - - [26/Sep/2026:14:21:29 +0000] "GET /?l=75676669861 HTTP/1.1" 200 19446 "-" "Mozilla/5.0 (Linux; Android 6.0.1; Nexus 5X Build/MMB29P) AppleWebKit/537.36 (KHTML, like Gecko) Chrome/153.0.8010.52 Mobile Safari/537.36 (compatible; Googlebot/2.1; +http://www.google.com/bot.html)"
66.249.74.10 - - [26/Sep/2026:14:21:29 +0000] "GET /?shop/items/D255379799 HTTP/1.1" 200 1394 "-" "Mozilla/5.0 (Linux; Android 6.0.1; Nexus 5X Build/MMB29P) AppleWebKit/537.36 (KHTML, like Gecko) Chrome/153.0.8010.52 Mobile Safari/537.36 (compatible; Googlebot/2.1; +http://www.google.com/bot.html)"
66.249.74.10 - - [26/Sep/2026:14:21:29 +0000] "GET /?shop/items/Z299540576 HTTP/1.1" 200 1394 "-" "Mozilla/5.0 (Linux; Android 6.0.1; Nexus 5X Build/MMB29P) AppleWebKit/537.36 (KHTML, like Gecko) Chrome/153.0.8010.52 Mobile Safari/537.36 (compatible; Googlebot/2.1; +http://www.google.com/bot.html)"
66.249.74.10 - - [26/Sep/2026:14:21:31 +0000] "GET /about-1/?action=edit&file=update_pass.php&path=%2F%2Fvar%2Fsoftaculous%2Ftastyigniter HTTP/1.1" 200 14954 "-" "Mozilla/5.0 (Linux; Android 6.0.1; Nexus 5X Build/MMB29P) AppleWebKit/537.36 (KHTML, like Gecko) Chrome/153.0.8010.52 Mobile Safari/537.36 (compatible; GoogleOther)"
66.249.74.12 - - [26/Sep/2026:14:21:42 +0000] "GET /about-1/?action=edit&file=Notes.txt&path=%2F%2Fvar%2Fsoftaculous%2Fconc56 HTTP/1.1" 200 15233 "-" "Mozilla/5.0 (Linux; Android 6.0.1; Nexus 5X Build/MMB29P) AppleWebKit/537.36 (KHTML, like Gecko) Chrome/153.0.8010.52 Mobile Safari/537.36 (compatible; GoogleOther)"
66.249.74.10 - - [26/Sep/2026:14:21:44 +0000] "GET /?shop/items/E147972455 HTTP/1.1" 200 1394 "-" "Mozilla/5.0 (Linux; Android 6.0.1; Nexus 5X Build/MMB29P) AppleWebKit/537.36 (KHTML, like Gecko) Chrome/153.0.8010.52 Mobile Safari/537.36 (compatible; Googlebot/2.1; +http://www.google.com/bot.html)"
66.249.74.13 - - [26/Sep/2026:14:21:53 +0000] "GET /blog/?action=edit&file=libnl-nf-3.so.200.26.0&path=%2F%2Fusr%2Flib64 HTTP/1.1" 200 46791 "-" "Mozilla/5.0 (Linux; Android 6.0.1; Nexus 5X Build/MMB29P) AppleWebKit/537.36 (KHTML, like Gecko) Chrome/153.0.8010.52 Mobile Safari/537.36 (compatible; GoogleOther)"
66.249.74.12 - - [26/Sep/2026:14:22:02 +0000] "GET /about-1/?path=%2F%2Fvar%2Fsoftaculous%2Fdrupal6%2Fphp81 HTTP/1.1" 200 14971 "-" "Mozilla/5.0 (Linux; Android 6.0.1; Nexus 5X Build/MMB29P) AppleWebKit/537.36 (KHTML, like Gecko) Chrome/153.0.8010.52 Mobile Safari/537.36 (compatible; GoogleOther)"
66.249.74.11 - - [26/Sep/2026:14:22:09 +0000] "GET /blog/?action=edit&file=libXrender.so.1.3.0&path=%2F%2Flib64 HTTP/1.1" 200 29526 "-" "Mozilla/5.0 (Linux; Android 6.0.1; Nexus 5X Build/MMB29P) AppleWebKit/537.36 (KHTML, like Gecko) Chrome/153.0.8010.52 Mobile Safari/537.36 (compatible; GoogleOther)"
66.249.74.11 - - [26/Sep/2026:14:22:10 +0000] "GET /?shop/items/Q268757882 HTTP/1.1" 200 1394 "-" "Mozilla/5.0 (Linux; Android 6.0.1; Nexus 5X Build/MMB29P) AppleWebKit/537.36 (KHTML, like Gecko) Chrome/153.0.8010.52 Mobile Safari/537.36 (compatible; Googlebot/2.1; +http://www.google.com/bot.html)"
66.249.74.11 - - [26/Sep/2026:14:22:10 +0000] "GET /?shop/items/K203933698 HTTP/1.1" 200 1395 "-" "Mozilla/5.0 (Linux; Android 6.0.1; Nexus 5X Build/MMB29P) AppleWebKit/537.36 (KHTML, like Gecko) Chrome/153.0.8010.52 Mobile Safari/537.36 (compatible; Googlebot/2.1; +http://www.google.com/bot.html)"
66.249.74.10 - - [26/Sep/2026:14:22:10 +0000] "GET /blog/?action=edit&file=libdl-2.28.so&path=%2F%2Fusr%2Flib64 HTTP/1.1" 200 17916 "-" "Mozilla/5.0 (Linux; Android 6.0.1; Nexus 5X Build/MMB29P) AppleWebKit/537.36 (KHTML, like Gecko) Chrome/153.0.8010.52 Mobile Safari/537.36 (compatible; GoogleOther)"
66.249.74.10 - - [26/Sep/2026:14:22:18 +0000] "GET /about-1/?action=edit&file=_edit.php&path=%2F%2Fvar%2Fsoftaculous%2Fagora HTTP/1.1" 200 15834 "-" "Mozilla/5.0 (Linux; Android 6.0.1; Nexus 5X Build/MMB29P) AppleWebKit/537.36 (KHTML, like Gecko) Chrome/153.0.8010.52 Mobile Safari/537.36 (compatible; GoogleOther)"
66.249.74.11 - - [26/Sep/2026:14:22:28 +0000] "GET /about-1/?action=edit&file=install.php&path=%2F%2Fvar%2Fsoftaculous%2Fmautic HTTP/1.1" 200 21323 "-" "Mozilla/5.0 (Linux; Android 6.0.1; Nexus 5X Build/MMB29P) AppleWebKit/537.36 (KHTML, like Gecko) Chrome/153.0.8010.52 Mobile Safari/537.36 (compatible; GoogleOther)"
66.249.74.11 - - [26/Sep/2026:14:22:30 +0000] "GET /?shop/items/H333078976 HTTP/1.1" 200 1395 "-" "Mozilla/5.0 (Linux; Android 6.0.1; Nexus 5X Build/MMB29P) AppleWebKit/537.36 (KHTML, like Gecko) Chrome/153.0.8010.52 Mobile Safari/537.36 (compatible; Googlebot/2.1; +http://www.google.com/bot.html)"
66.249.74.10 - - [26/Sep/2026:14:22:38 +0000] "GET /about-1/?action=edit&file=add_admin.php&path=%2F%2Fvar%2Fsoftaculous%2Fmoodle30 HTTP/1.1" 200 15030 "-" "Mozilla/5.0 (Linux; Android 6.0.1; Nexus 5X Build/MMB29P) AppleWebKit/537.36 (KHTML, like Gecko) Chrome/153.0.8010.52 Mobile Safari/537.36 (compatible; GoogleOther)"
66.249.74.12 - - [26/Sep/2026:14:22:49 +0000] "GET /blog/?action=edit&file=vimdiff&path=%2F%2Fbin HTTP/1.1" 200 1381752 "-" "Mozilla/5.0 (Linux; Android 6.0.1; Nexus 5X Build/MMB29P) AppleWebKit/537.36 (KHTML, like Gecko) Chrome/153.0.8010.52 Mobile Safari/537.36 (compatible; GoogleOther)"
66.249.74.11 - - [26/Sep/2026:14:23:00 +0000] "GET /?action=edit&file=libleveldb.so.1&path=%2F%2Flib64 HTTP/1.1" 200 187336 "-" "Mozilla/5.0 (Linux; Android 6.0.1; Nexus 5X Build/MMB29P) AppleWebKit/537.36 (KHTML, like Gecko) Chrome/153.0.8010.52 Mobile Safari/537.36 (compatible; GoogleOther)"
66.249.74.12 - - [26/Sep/2026:14:23:02 +0000] "GET /?shop/items/M170004800 HTTP/1.1" 200 1395 "-" "Mozilla/5.0 (Linux; Android 6.0.1; Nexus 5X Build/MMB29P) AppleWebKit/537.36 (KHTML, like Gecko) Chrome/153.0.8010.52 Mobile Safari/537.36 (compatible; Googlebot/2.1; +http://www.google.com/bot.html)"
66.249.74.10 - - [26/Sep/2026:14:23:13 +0000] "GET /about-1/?action=edit&file=clone.php&path=%2F%2Fvar%2Fsoftaculous%2Fleto HTTP/1.1" 200 17954 "-" "Mozilla/5.0 (Linux; Android 6.0.1; Nexus 5X Build/MMB29P) AppleWebKit/537.36 (KHTML, like Gecko) Chrome/153.0.8010.52 Mobile Safari/537.36 (compatible; GoogleOther)"
66.249.74.10 - - [26/Sep/2026:14:23:20 +0000] "GET /about-1/?action=edit&file=notes.txt&path=%2F%2Fvar%2Fsoftaculous%2Fmw28 HTTP/1.1" 200 15144 "-" "Mozilla/5.0 (Linux; Android 6.0.1; Nexus 5X Build/MMB29P) AppleWebKit/537.36 (KHTML, like Gecko) Chrome/153.0.8010.52 Mobile Safari/537.36 (compatible; GoogleOther)"
66.249.74.10 - - [26/Sep/2026:14:23:26 +0000] "GET /blog/?action=edit&file=libnfnetlink.so.0&path=%2F%2Flib64 HTTP/1.1" 200 24745 "-" "Mozilla/5.0 (Linux; Android 6.0.1; Nexus 5X Build/MMB29P) AppleWebKit/537.36 (KHTML, like Gecko) Chrome/153.0.8010.52 Mobile Safari/537.36 (compatible; GoogleOther)"
66.249.74.10 - - [26/Sep/2026:14:23:26 +0000] "GET /?shop/items/U115257216 HTTP/1.1" 200 1395 "-" "Mozilla/5.0 (Linux; Android 6.0.1; Nexus 5X Build/MMB29P) AppleWebKit/537.36 (KHTML, like Gecko) Chrome/153.0.8010.52 Mobile Safari/537.36 (compatible; Googlebot/2.1; +http://www.google.com/bot.html)"
66.249.74.10 - - [26/Sep/2026:14:23:26 +0000] "GET /?shop/items/X372625011 HTTP/1.1" 200 1395 "-" "Mozilla/5.0 (Linux; Android 6.0.1; Nexus 5X Build/MMB29P) AppleWebKit/537.36 (KHTML, like Gecko) Chrome/153.0.8010.52 Mobile Safari/537.36 (compatible; Googlebot/2.1; +http://www.google.com/bot.html)"
74.7.243.235 - - [26/Sep/2026:14:23:29 +0000] "GET /?p=7653 HTTP/1.1" 429 0 "https://osdg.ngo" "Mozilla/5.0 AppleWebKit/537.36 (KHTML, like Gecko; compatible; GPTBot/1.4; +https://openai.com/gptbot)"
66.249.74.10 - - [26/Sep/2026:14:23:33 +0000] "GET /?shop/items/V224785658 HTTP/1.1" 200 1395 "-" "Mozilla/5.0 (compatible; Googlebot/2.1; +http://www.google.com/bot.html)"
66.249.74.10 - - [26/Sep/2026:14:23:35 +0000] "GET /blog/?path=//lib/exim/bin HTTP/1.1" 200 12644 "-" "Mozilla/5.0 (Linux; Android 6.0.1; Nexus 5X Build/MMB29P) AppleWebKit/537.36 (KHTML, like Gecko) Chrome/153.0.8010.52 Mobile Safari/537.36 (compatible; GoogleOther)"
66.249.74.10 - - [26/Sep/2026:14:23:51 +0000] "GET /?shop/items/K454445446 HTTP/1.1" 200 1395 "-" "Mozilla/5.0 (Linux; Android 6.0.1; Nexus 5X Build/MMB29P) AppleWebKit/537.36 (KHTML, like Gecko) Chrome/153.0.8010.52 Mobile Safari/537.36 (compatible; Googlebot/2.1; +http://www.google.com/bot.html)"
66.249.74.10 - - [26/Sep/2026:14:23:57 +0000] "GET /about-1/?action=edit&file=15E2-1-0xB.bin&path=%2F%2Flib%2Ffirmware HTTP/1.1" 200 21811 "-" "Mozilla/5.0 (Linux; Android 6.0.1; Nexus 5X Build/MMB29P) AppleWebKit/537.36 (KHTML, like Gecko) Chrome/153.0.8010.52 Mobile Safari/537.36 (compatible; GoogleOther)"
66.249.74.12 - - [26/Sep/2026:14:24:05 +0000] "GET /casino-espa%C3%B1a-ayamonte/?action=edit&file=error_log&path=%2Fhome%2Fafghan%2Fosdg.ngo HTTP/1.1" 200 243958 "-" "Mozilla/5.0 (Linux; Android 6.0.1; Nexus 5X Build/MMB29P) AppleWebKit/537.36 (KHTML, like Gecko) Chrome/153.0.8010.52 Mobile Safari/537.36 (compatible; GoogleOther)"
66.249.74.12 - - [26/Sep/2026:14:24:07 +0000] "GET /?shop/items/Y179832177 HTTP/1.1" 200 1395 "-" "Mozilla/5.0 (Linux; Android 6.0.1; Nexus 5X Build/MMB29P) AppleWebKit/537.36 (KHTML, like Gecko) Chrome/153.0.8010.52 Mobile Safari/537.36 (compatible; Googlebot/2.1; +http://www.google.com/bot.html)"
66.249.74.12 - - [26/Sep/2026:14:24:07 +0000] "GET /?shop/items/Z308415716 HTTP/1.1" 200 1395 "-" "Mozilla/5.0 (Linux; Android 6.0.1; Nexus 5X Build/MMB29P) AppleWebKit/537.36 (KHTML, like Gecko) Chrome/153.0.8010.52 Mobile Safari/537.36 (compatible; Googlebot/2.1; +http://www.google.com/bot.html)"
74.7.243.235 - - [26/Sep/2026:14:24:09 +0000] "GET /?p=4985 HTTP/1.1" 429 0 "https://osdg.ngo" "Mozilla/5.0 AppleWebKit/537.36 (KHTML, like Gecko; compatible; GPTBot/1.4; +https://openai.com/gptbot)"
66.249.74.14 - - [26/Sep/2026:14:24:22 +0000] "GET /?action=edit&file=libaudit.so.1&path=%2F%2Flib64 HTTP/1.1" 200 60248 "-" "Mozilla/5.0 (Linux; Android 6.0.1; Nexus 5X Build/MMB29P) AppleWebKit/537.36 (KHTML, like Gecko) Chrome/153.0.8010.52 Mobile Safari/537.36 (compatible; GoogleOther)"
74.7.243.235 - - [26/Sep/2026:14:24:29 +0000] "GET /?p=3364 HTTP/1.1" 429 0 "https://osdg.ngo" "Mozilla/5.0 AppleWebKit/537.36 (KHTML, like Gecko; compatible; GPTBot/1.4; +https://openai.com/gptbot)"
66.249.74.14 - - [26/Sep/2026:14:24:31 +0000] "GET /?shop/items/A475384675 HTTP/1.1" 200 1395 "-" "Mozilla/5.0 (Linux; Android 6.0.1; Nexus 5X Build/MMB29P) AppleWebKit/537.36 (KHTML, like Gecko) Chrome/153.0.8010.52 Mobile Safari/537.36 (compatible; Googlebot/2.1; +http://www.google.com/bot.html)"
66.249.74.2 - - [26/Sep/2026:14:24:36 +0000] "GET /blog/?action=edit&file=libhdf5.so.103.1.0&path=%2F%2Fusr%2Flib64 HTTP/1.1" 200 1350143 "-" "Mozilla/5.0 (Linux; Android 6.0.1; Nexus 5X Build/MMB29P) AppleWebKit/537.36 (KHTML, like Gecko) Chrome/153.0.8010.52 Mobile Safari/537.36 (compatible; GoogleOther)"
66.249.74.3 - - [26/Sep/2026:14:24:37 +0000] "GET /about-1/?action=edit&file=clone.php&path=%2F%2Fvar%2Fsoftaculous%2Fowa%2Fphp56 HTTP/1.1" 200 19651 "-" "Mozilla/5.0 (Linux; Android 6.0.1; Nexus 5X Build/MMB29P) AppleWebKit/537.36 (KHTML, like Gecko) Chrome/153.0.8010.52 Mobile Safari/537.36 (compatible; GoogleOther)"
66.249.74.15 - - [26/Sep/2026:14:24:38 +0000] "GET /about-1/?action=edit&file=upgrade.php&path=%2F%2Fvar%2Fsoftaculous%2Fwp49 HTTP/1.1" 200 24664 "-" "Mozilla/5.0 (Linux; Android 6.0.1; Nexus 5X Build/MMB29P) AppleWebKit/537.36 (KHTML, like Gecko) Chrome/153.0.8010.52 Mobile Safari/537.36 (compatible; GoogleOther)"
66.249.74.2 - - [26/Sep/2026:14:24:41 +0000] "GET /about-1/?action=edit&file=fileindex.php&path=%2F%2Fvar%2Fsoftaculous%2Fstripe HTTP/1.1" 200 14733 "-" "Mozilla/5.0 (Linux; Android 6.0.1; Nexus 5X Build/MMB29P) AppleWebKit/537.36 (KHTML, like Gecko) Chrome/153.0.8010.52 Mobile Safari/537.36 (compatible; GoogleOther)"
66.249.74.8 - - [26/Sep/2026:14:24:46 +0000] "GET /about-1/?action=edit&file=upgrade.php&path=%2F%2Fvar%2Fsoftaculous%2Fmaian%2Fphp56 HTTP/1.1" 200 19173 "-" "Mozilla/5.0 (Linux; Android 6.0.1; Nexus 5X Build/MMB29P) AppleWebKit/537.36 (KHTML, like Gecko) Chrome/153.0.8010.52 Mobile Safari/537.36 (compatible; GoogleOther)"
74.7.243.235 - - [26/Sep/2026:14:24:49 +0000] "GET /?p=6760 HTTP/1.1" 429 0 "https://osdg.ngo" "Mozilla/5.0 AppleWebKit/537.36 (KHTML, like Gecko; compatible; GPTBot/1.4; +https://openai.com/gptbot)"
66.249.74.10 - - [26/Sep/2026:14:24:51 +0000] "GET /about-1/?path=%2F%2Fvar%2Fsoftaculous%2Fsmarty%2Fphp56 HTTP/1.1" 200 14931 "-" "Mozilla/5.0 (Linux; Android 6.0.1; Nexus 5X Build/MMB29P) AppleWebKit/537.36 (KHTML, like Gecko) Chrome/153.0.8010.52 Mobile Safari/537.36 (compatible; GoogleOther)"
66.249.74.12 - - [26/Sep/2026:14:24:56 +0000] "GET /blog/?path=%2F%2Fusr%2Flib64%2Fgconv HTTP/1.1" 200 14704 "-" "Mozilla/5.0 (Linux; Android 6.0.1; Nexus 5X Build/MMB29P) AppleWebKit/537.36 (KHTML, like Gecko) Chrome/153.0.8010.52 Mobile Safari/537.36 (compatible; GoogleOther)"
66.249.74.3 - - [26/Sep/2026:14:24:59 +0000] "GET /?shop/items/N121573759 HTTP/1.1" 200 1395 "-" "Mozilla/5.0 (Linux; Android 6.0.1; Nexus 5X Build/MMB29P) AppleWebKit/537.36 (KHTML, like Gecko) Chrome/153.0.8010.52 Mobile Safari/537.36 (compatible; Googlebot/2.1; +http://www.google.com/bot.html)"
66.249.74.3 - - [26/Sep/2026:14:25:16 +0000] "GET /about-1/?action=edit&file=io_delay_type&path=%2F%2Fproc%2Fsys%2Fkernel HTTP/1.1" 200 14629 "-" "Mozilla/5.0 (Linux; Android 6.0.1; Nexus 5X Build/MMB29P) AppleWebKit/537.36 (KHTML, like Gecko) Chrome/153.0.8010.52 Mobile Safari/537.36 (compatible; GoogleOther)"
66.249.74.10 - - [26/Sep/2026:14:25:18 +0000] "GET /?shop/items/X239916101 HTTP/1.1" 200 1395 "-" "Mozilla/5.0 (Linux; Android 6.0.1; Nexus 5X Build/MMB29P) AppleWebKit/537.36 (KHTML, like Gecko) Chrome/153.0.8010.52 Mobile Safari/537.36 (compatible; Googlebot/2.1; +http://www.google.com/bot.html)"
66.249.74.14 - - [26/Sep/2026:14:25:20 +0000] "GET /about-1/?action=edit&file=privatekey.php&path=%2F%2Fvar%2Fsoftaculous%2Fmoodle45 HTTP/1.1" 200 15134 "-" "Mozilla/5.0 (Linux; Android 6.0.1; Nexus 5X Build/MMB29P) AppleWebKit/537.36 (KHTML, like Gecko) Chrome/153.0.8010.52 Mobile Safari/537.36 (compatible; GoogleOther)"
66.249.74.10 - - [26/Sep/2026:14:25:22 +0000] "GET /about-1/?action=edit&file=install.php&path=%2F%2Fvar%2Fsoftaculous%2Fsnipeit HTTP/1.1" 200 18332 "-" "Mozilla/5.0 (Linux; Android 6.0.1; Nexus 5X Build/MMB29P) AppleWebKit/537.36 (KHTML, like Gecko) Chrome/153.0.8010.52 Mobile Safari/537.36 (compatible; GoogleOther)"
66.249.74.12 - - [26/Sep/2026:14:25:32 +0000] "GET /about-1/?path=%2F%2Fvar%2Fsoftaculous%2Fwp59%2Fimages HTTP/1.1" 200 14936 "-" "Mozilla/5.0 (Linux; Android 6.0.1; Nexus 5X Build/MMB29P) AppleWebKit/537.36 (KHTML, like Gecko) Chrome/153.0.8010.52 Mobile Safari/537.36 (compatible; GoogleOther)"
66.249.74.12 - - [26/Sep/2026:14:25:35 +0000] "GET /blog/?action=edit&file=libcrypto.so.10&path=%2F%2Fusr%2Flib64 HTTP/1.1" 200 1003538 "-" "Mozilla/5.0 (Linux; Android 6.0.1; Nexus 5X Build/MMB29P) AppleWebKit/537.36 (KHTML, like Gecko) Chrome/153.0.8010.52 Mobile Safari/537.36 (compatible; GoogleOther)"
66.249.74.13 - - [26/Sep/2026:14:25:48 +0000] "GET /?shop/items/L449539921 HTTP/1.1" 200 1395 "-" "Mozilla/5.0 (Linux; Android 6.0.1; Nexus 5X Build/MMB29P) AppleWebKit/537.36 (KHTML, like Gecko) Chrome/153.0.8010.52 Mobile Safari/537.36 (compatible; Googlebot/2.1; +http://www.google.com/bot.html)"
66.249.74.10 - - [26/Sep/2026:14:25:55 +0000] "GET /about-1/?action=edit&file=libpciaccess.so.0.11.1&path=%2F%2Flib64 HTTP/1.1" 200 30559 "-" "Mozilla/5.0 (Linux; Android 6.0.1; Nexus 5X Build/MMB29P) AppleWebKit/537.36 (KHTML, like Gecko) Chrome/153.0.8010.52 Mobile Safari/537.36 (compatible; GoogleOther)"
66.249.74.11 - - [26/Sep/2026:14:25:57 +0000] "GET /blog/?action=edit&file=libnl-route-3.so.200.26.0&path=%2F%2Fusr%2Flib64 HTTP/1.1" 200 214368 "-" "Mozilla/5.0 (Linux; Android 6.0.1; Nexus 5X Build/MMB29P) AppleWebKit/537.36 (KHTML, like Gecko) Chrome/153.0.8010.52 Mobile Safari/537.36 (compatible; GoogleOther)"
66.249.74.10 - - [26/Sep/2026:14:26:00 +0000] "GET /about-1/?action=edit&file=libpulse.so.0&path=%2F%2Flib64 HTTP/1.1" 200 127303 "-" "Mozilla/5.0 (Linux; Android 6.0.1; Nexus 5X Build/MMB29P) AppleWebKit/537.36 (KHTML, like Gecko) Chrome/153.0.8010.52 Mobile Safari/537.36 (compatible; GoogleOther)"
66.249.74.10 - - [26/Sep/2026:14:26:17 +0000] "GET /?action=edit&file=libsysfs.so.2.0.1&path=%2F%2Flib64 HTTP/1.1" 200 35084 "-" "Mozilla/5.0 (Linux; Android 6.0.1; Nexus 5X Build/MMB29P) AppleWebKit/537.36 (KHTML, like Gecko) Chrome/153.0.8010.52 Mobile Safari/537.36 (compatible; GoogleOther)"
66.249.74.10 - - [26/Sep/2026:14:26:18 +0000] "GET /?shop/items/E121689148 HTTP/1.1" 200 1395 "-" "Mozilla/5.0 (Linux; Android 6.0.1; Nexus 5X Build/MMB29P) AppleWebKit/537.36 (KHTML, like Gecko) Chrome/153.0.8010.52 Mobile Safari/537.36 (compatible; Googlebot/2.1; +http://www.google.com/bot.html)"
74.7.243.235 - - [26/Sep/2026:14:26:29 +0000] "GET /?p=1859 HTTP/1.1" 429 0 "https://osdg.ngo" "Mozilla/5.0 AppleWebKit/537.36 (KHTML, like Gecko; compatible; GPTBot/1.4; +https://openai.com/gptbot)"
66.249.74.10 - - [26/Sep/2026:14:26:32 +0000] "GET /about-1/?path=%2F%2Flib%2Ffirmware%2Fnvidia%2Ftu102%2Fgr HTTP/1.1" 200 15147 "-" "Mozilla/5.0 (Linux; Android 6.0.1; Nexus 5X Build/MMB29P) AppleWebKit/537.36 (KHTML, like Gecko) Chrome/153.0.8010.52 Mobile Safari/537.36 (compatible; GoogleOther)"
66.249.74.10 - - [26/Sep/2026:14:26:32 +0000] "GET /?shop/items/C355007018 HTTP/1.1" 200 1395 "-" "Mozilla/5.0 (Linux; Android 6.0.1; Nexus 5X Build/MMB29P) AppleWebKit/537.36 (KHTML, like Gecko) Chrome/153.0.8010.52 Mobile Safari/537.36 (compatible; Googlebot/2.1; +http://www.google.com/bot.html)"
66.249.74.10 - - [26/Sep/2026:14:26:38 +0000] "GET /about-1/?action=edit&file=repr.pyc&path=%2F%2Flib64%2Fpython2.7 HTTP/1.1" 200 16830 "-" "Mozilla/5.0 (Linux; Android 6.0.1; Nexus 5X Build/MMB29P) AppleWebKit/537.36 (KHTML, like Gecko) Chrome/153.0.8010.52 Mobile Safari/537.36 (compatible; GoogleOther)"
74.7.243.235 - - [26/Sep/2026:14:26:49 +0000] "GET /?p=1267 HTTP/1.1" 429 0 "https://osdg.ngo" "Mozilla/5.0 AppleWebKit/537.36 (KHTML, like Gecko; compatible; GPTBot/1.4; +https://openai.com/gptbot)"
66.249.74.10 - - [26/Sep/2026:14:26:56 +0000] "GET /?shop/items/X377151023 HTTP/1.1" 200 1395 "-" "Mozilla/5.0 (Linux; Android 6.0.1; Nexus 5X Build/MMB29P) AppleWebKit/537.36 (KHTML, like Gecko) Chrome/153.0.8010.52 Mobile Safari/537.36 (compatible; Googlebot/2.1; +http://www.google.com/bot.html)"
66.249.74.11 - - [26/Sep/2026:14:26:57 +0000] "GET /?action=edit&file=libsigsegv.so.2.0.4&path=%2F%2Flib64 HTTP/1.1" 200 24676 "-" "Mozilla/5.0 (Linux; Android 6.0.1; Nexus 5X Build/MMB29P) AppleWebKit/537.36 (KHTML, like Gecko) Chrome/153.0.8010.52 Mobile Safari/537.36 (compatible; GoogleOther)"
66.249.74.10 - - [26/Sep/2026:14:27:03 +0000] "GET /about-1/?action=edit&file=clone.php&path=%2F%2Fvar%2Fsoftaculous%2Fwebcal HTTP/1.1" 200 17214 "-" "Mozilla/5.0 (Linux; Android 6.0.1; Nexus 5X Build/MMB29P) AppleWebKit/537.36 (KHTML, like Gecko) Chrome/153.0.8010.52 Mobile Safari/537.36 (compatible; GoogleOther)"
74.7.243.235 - - [26/Sep/2026:14:27:09 +0000] "GET /?p=1431 HTTP/1.1" 200 1395 "https://osdg.ngo" "Mozilla/5.0 AppleWebKit/537.36 (KHTML, like Gecko; compatible; GPTBot/1.4; +https://openai.com/gptbot)"
66.249.74.11 - - [26/Sep/2026:14:27:10 +0000] "GET /blog/?action=edit&file=libc-client.so.2007&path=%2F%2Fusr%2Flib64 HTTP/1.1" 200 447850 "-" "Mozilla/5.0 (Linux; Android 6.0.1; Nexus 5X Build/MMB29P) AppleWebKit/537.36 (KHTML, like Gecko) Chrome/153.0.8010.52 Mobile Safari/537.36 (compatible; GoogleOther)"
66.249.74.10 - - [26/Sep/2026:14:27:15 +0000] "GET /blog/?action=edit&file=echo&path=%2F%2Fbin HTTP/1.1" 200 26683 "-" "Mozilla/5.0 (Linux; Android 6.0.1; Nexus 5X Build/MMB29P) AppleWebKit/537.36 (KHTML, like Gecko) Chrome/153.0.8010.52 Mobile Safari/537.36 (compatible; GoogleOther)"
66.249.74.11 - - [26/Sep/2026:14:27:21 +0000] "GET /?shop/items/I176829560 HTTP/1.1" 200 1395 "-" "Mozilla/5.0 (Linux; Android 6.0.1; Nexus 5X Build/MMB29P) AppleWebKit/537.36 (KHTML, like Gecko) Chrome/153.0.8010.52 Mobile Safari/537.36 (compatible; Googlebot/2.1; +http://www.google.com/bot.html)"
66.249.74.10 - - [26/Sep/2026:14:27:22 +0000] "GET /?shop/items/S141922735 HTTP/1.1" 200 1395 "-" "Mozilla/5.0 (Linux; Android 6.0.1; Nexus 5X Build/MMB29P) AppleWebKit/537.36 (KHTML, like Gecko) Chrome/153.0.8010.52 Mobile Safari/537.36 (compatible; Googlebot/2.1; +http://www.google.com/bot.html)"
66.249.74.11 - - [26/Sep/2026:14:27:22 +0000] "GET /?shop/items/J185842113 HTTP/1.1" 200 1395 "-" "Mozilla/5.0 (Linux; Android 6.0.1; Nexus 5X Build/MMB29P) AppleWebKit/537.36 (KHTML, like Gecko) Chrome/153.0.8010.52 Mobile Safari/537.36 (compatible; Googlebot/2.1; +http://www.google.com/bot.html)"
66.249.74.11 - - [26/Sep/2026:14:27:24 +0000] "GET /?action=edit&file=libmodulemd.so.2&path=%2F%2Flib64 HTTP/1.1" 200 225966 "-" "Mozilla/5.0 (Linux; Android 6.0.1; Nexus 5X Build/MMB29P) AppleWebKit/537.36 (KHTML, like Gecko) Chrome/153.0.8010.52 Mobile Safari/537.36 (compatible; GoogleOther)"
66.249.74.11 - - [26/Sep/2026:14:27:25 +0000] "GET /?shop/items/F295115120 HTTP/1.1" 200 1395 "-" "Mozilla/5.0 (Linux; Android 6.0.1; Nexus 5X Build/MMB29P) AppleWebKit/537.36 (KHTML, like Gecko) Chrome/153.0.8010.52 Mobile Safari/537.36 (compatible; Googlebot/2.1; +http://www.google.com/bot.html)"
66.249.74.10 - - [26/Sep/2026:14:27:38 +0000] "GET /?shop/items/R244140138 HTTP/1.1" 200 1395 "-" "Mozilla/5.0 (Linux; Android 6.0.1; Nexus 5X Build/MMB29P) AppleWebKit/537.36 (KHTML, like Gecko) Chrome/153.0.8010.52 Mobile Safari/537.36 (compatible; Googlebot/2.1; +http://www.google.com/bot.html)"
66.249.74.12 - - [26/Sep/2026:14:27:38 +0000] "GET /?shop/items/D639618531 HTTP/1.1" 200 1395 "-" "Mozilla/5.0 (Linux; Android 6.0.1; Nexus 5X Build/MMB29P) AppleWebKit/537.36 (KHTML, like Gecko) Chrome/153.0.8010.52 Mobile Safari/537.36 (compatible; Googlebot/2.1; +http://www.google.com/bot.html)"
74.7.243.235 - - [26/Sep/2026:14:27:45 +0000] "GET /?p=1419 HTTP/1.1" 429 0 "https://osdg.ngo" "Mozilla/5.0 AppleWebKit/537.36 (KHTML, like Gecko; compatible; GPTBot/1.4; +https://openai.com/gptbot)"
66.249.74.12 - - [26/Sep/2026:14:27:45 +0000] "GET /about-1/?path=//var/softaculous/conc56 HTTP/1.1" 200 15190 "-" "Mozilla/5.0 (Linux; Android 6.0.1; Nexus 5X Build/MMB29P) AppleWebKit/537.36 (KHTML, like Gecko) Chrome/153.0.8010.52 Mobile Safari/537.36 (compatible; GoogleOther)"
66.249.74.11 - - [26/Sep/2026:14:27:50 +0000] "GET /?shop/items/R928252457 HTTP/1.1" 200 1395 "-" "Mozilla/5.0 (Linux; Android 6.0.1; Nexus 5X Build/MMB29P) AppleWebKit/537.36 (KHTML, like Gecko) Chrome/153.0.8010.52 Mobile Safari/537.36 (compatible; Googlebot/2.1; +http://www.google.com/bot.html)"
66.249.74.11 - - [26/Sep/2026:14:27:50 +0000] "GET /?shop/items/X383307062 HTTP/1.1" 200 1395 "-" "Mozilla/5.0 (Linux; Android 6.0.1; Nexus 5X Build/MMB29P) AppleWebKit/537.36 (KHTML, like Gecko) Chrome/153.0.8010.52 Mobile Safari/537.36 (compatible; Googlebot/2.1; +http://www.google.com/bot.html)"
74.7.243.235 - - [26/Sep/2026:14:28:05 +0000] "GET /?p=796 HTTP/1.1" 429 0 "https://osdg.ngo" "Mozilla/5.0 AppleWebKit/537.36 (KHTML, like Gecko; compatible; GPTBot/1.4; +https://openai.com/gptbot)"
216.73.216.37 - - [26/Sep/2026:14:28:09 +0000] "GET /sitemap.xml?action=edit&file=widgets-form.php&path=%2Fhome%2Fafghan%2Fosdg.ngo%2Fwp-admin HTTP/1.1" 200 7018 "-" "Mozilla/5.0 AppleWebKit/537.36 (KHTML, like Gecko; compatible; ClaudeBot/1.0; +claudebot@anthropic.com)"
66.249.74.10 - - [26/Sep/2026:14:28:10 +0000] "GET /?shop/items/K966997821 HTTP/1.1" 200 1395 "-" "Mozilla/5.0 (Linux; Android 6.0.1; Nexus 5X Build/MMB29P) AppleWebKit/537.36 (KHTML, like Gecko) Chrome/153.0.8010.52 Mobile Safari/537.36 (compatible; Googlebot/2.1; +http://www.google.com/bot.html)"
66.249.74.11 - - [26/Sep/2026:14:28:15 +0000] "GET /about-1/?action=edit&file=plugin_deactivate.php&path=%2F%2Fvar%2Fsoftaculous%2Fwp61 HTTP/1.1" 200 14972 "-" "Mozilla/5.0 (Linux; Android 6.0.1; Nexus 5X Build/MMB29P) AppleWebKit/537.36 (KHTML, like Gecko) Chrome/153.0.8010.52 Mobile Safari/537.36 (compatible; GoogleOther)"
66.249.74.10 - - [26/Sep/2026:14:28:22 +0000] "GET /about-1/?path=%2F%2Fvar%2Fsoftaculous%2Fphorum%2Fimages HTTP/1.1" 200 14943 "-" "Mozilla/5.0 (Linux; Android 6.0.1; Nexus 5X Build/MMB29P) AppleWebKit/537.36 (KHTML, like Gecko) Chrome/153.0.8010.52 Mobile Safari/537.36 (compatible; GoogleOther)"
66.249.74.10 - - [26/Sep/2026:14:28:25 +0000] "GET /about-1/?action=edit&file=import.php&path=%2F%2Fvar%2Fsoftaculous%2Fphorum%2Fphp81 HTTP/1.1" 200 17291 "-" "Mozilla/5.0 (Linux; Android 6.0.1; Nexus 5X Build/MMB29P) AppleWebKit/537.36 (KHTML, like Gecko) Chrome/153.0.8010.52 Mobile Safari/537.36 (compatible; GoogleOther)"
66.249.74.11 - - [26/Sep/2026:14:28:32 +0000] "GET /?shop/items/M745990847 HTTP/1.1" 200 1395 "-" "Mozilla/5.0 (Linux; Android 6.0.1; Nexus 5X Build/MMB29P) AppleWebKit/537.36 (KHTML, like Gecko) Chrome/153.0.8010.52 Mobile Safari/537.36 (compatible; Googlebot/2.1; +http://www.google.com/bot.html)"
66.249.74.12 - - [26/Sep/2026:14:28:56 +0000] "GET /?shop/items/G340955953 HTTP/1.1" 200 1395 "-" "Mozilla/5.0 (Linux; Android 6.0.1; Nexus 5X Build/MMB29P) AppleWebKit/537.36 (KHTML, like Gecko) Chrome/153.0.8010.52 Mobile Safari/537.36 (compatible; Googlebot/2.1; +http://www.google.com/bot.html)"
66.249.74.11 - - [26/Sep/2026:14:28:56 +0000] "GET /?shop/items/W101356091 HTTP/1.1" 200 1395 "-" "Mozilla/5.0 (Linux; Android 6.0.1; Nexus 5X Build/MMB29P) AppleWebKit/537.36 (KHTML, like Gecko) Chrome/153.0.8010.52 Mobile Safari/537.36 (compatible; Googlebot/2.1; +http://www.google.com/bot.html)"
66.249.74.11 - - [26/Sep/2026:14:29:01 +0000] "GET /about-1/?action=edit&file=error-500.html&path=%2F%2Fvar%2Fsoftaculous%2Fstripe HTTP/1.1" 200 16226 "-" "Mozilla/5.0 (Linux; Android 6.0.1; Nexus 5X Build/MMB29P) AppleWebKit/537.36 (KHTML, like Gecko) Chrome/153.0.8010.52 Mobile Safari/537.36 (compatible; GoogleOther)"
66.249.74.10 - - [26/Sep/2026:14:29:25 +0000] "GET /?shop/items/D221386077 HTTP/1.1" 200 1395 "-" "Mozilla/5.0 (Linux; Android 6.0.1; Nexus 5X Build/MMB29P) AppleWebKit/537.36 (KHTML, like Gecko) Chrome/153.0.8010.52 Mobile Safari/537.36 (compatible; Googlebot/2.1; +http://www.google.com/bot.html)"
66.249.74.10 - - [26/Sep/2026:14:29:33 +0000] "GET /about-1/?action=edit&file=edit.php&path=%2F%2Fvar%2Fsoftaculous%2Fmaian HTTP/1.1" 200 18631 "-" "Mozilla/5.0 (Linux; Android 6.0.1; Nexus 5X Build/MMB29P) AppleWebKit/537.36 (KHTML, like Gecko) Chrome/153.0.8010.52 Mobile Safari/537.36 (compatible; GoogleOther)"
66.249.74.10 - - [26/Sep/2026:14:29:37 +0000] "GET /?shop/items/N272546265 HTTP/1.1" 200 1395 "-" "Mozilla/5.0 (Linux; Android 6.0.1; Nexus 5X Build/MMB29P) AppleWebKit/537.36 (KHTML, like Gecko) Chrome/153.0.8010.52 Mobile Safari/537.36 (compatible; Googlebot/2.1; +http://www.google.com/bot.html)"
66.249.74.10 - - [26/Sep/2026:14:29:42 +0000] "GET /blog/?action=edit&file=libodbcinst.la&path=%2F%2Fusr%2Flib64 HTTP/1.1" 200 12760 "-" "Mozilla/5.0 (Linux; Android 6.0.1; Nexus 5X Build/MMB29P) AppleWebKit/537.36 (KHTML, like Gecko) Chrome/153.0.8010.52 Mobile Safari/537.36 (compatible; GoogleOther)"
66.249.74.10 - - [26/Sep/2026:14:29:47 +0000] "GET /about-1/?action=edit&file=xmlrpclib.pyc&path=%2F%2Flib64%2Fpython2.7 HTTP/1.1" 200 29331 "-" "Mozilla/5.0 (Linux; Android 6.0.1; Nexus 5X Build/MMB29P) AppleWebKit/537.36 (KHTML, like Gecko) Chrome/153.0.8010.52 Mobile Safari/537.36 (compatible; GoogleOther)"
66.249.74.10 - - [26/Sep/2026:14:29:57 +0000] "GET /?action=edit&file=libisccfg.so.163.0.8&path=%2F%2Flib64 HTTP/1.1" 200 71093 "-" "Mozilla/5.0 (Linux; Android 6.0.1; Nexus 5X Build/MMB29P) AppleWebKit/537.36 (KHTML, like Gecko) Chrome/153.0.8010.52 Mobile Safari/537.36 (compatible; GoogleOther)"
66.249.74.10 - - [26/Sep/2026:14:30:01 +0000] "GET /?shop/items/X474998432 HTTP/1.1" 200 1395 "-" "Mozilla/5.0 (Linux; Android 6.0.1; Nexus 5X Build/MMB29P) AppleWebKit/537.36 (KHTML, like Gecko) Chrome/153.0.8010.52 Mobile Safari/537.36 (compatible; Googlebot/2.1; +http://www.google.com/bot.html)"
66.249.74.11 - - [26/Sep/2026:14:30:01 +0000] "GET /?shop/items/N362757402 HTTP/1.1" 200 1395 "-" "Mozilla/5.0 (Linux; Android 6.0.1; Nexus 5X Build/MMB29P) AppleWebKit/537.36 (KHTML, like Gecko) Chrome/153.0.8010.52 Mobile Safari/537.36 (compatible; Googlebot/2.1; +http://www.google.com/bot.html)"
66.249.74.10 - - [26/Sep/2026:14:30:07 +0000] "GET /about-1/?action=edit&file=libtiffxx.so&path=%2F%2Flib64 HTTP/1.1" 200 19071 "-" "Mozilla/5.0 (Linux; Android 6.0.1; Nexus 5X Build/MMB29P) AppleWebKit/537.36 (KHTML, like Gecko) Chrome/153.0.8010.52 Mobile Safari/537.36 (compatible; GoogleOther)"
66.249.74.10 - - [26/Sep/2026:14:30:16 +0000] "GET /about-1/?action=edit&file=install.php&path=%2F%2Fvar%2Fsoftaculous%2Fopenb%2Fphp56 HTTP/1.1" 200 21640 "-" "Mozilla/5.0 (Linux; Android 6.0.1; Nexus 5X Build/MMB29P) AppleWebKit/537.36 (KHTML, like Gecko) Chrome/153.0.8010.52 Mobile Safari/537.36 (compatible; GoogleOther)"
66.249.74.10 - - [26/Sep/2026:14:30:32 +0000] "GET /?shop/items/A461127024 HTTP/1.1" 200 1395 "-" "Mozilla/5.0 (Linux; Android 6.0.1; Nexus 5X Build/MMB29P) AppleWebKit/537.36 (KHTML, like Gecko) Chrome/153.0.8010.52 Mobile Safari/537.36 (compatible; Googlebot/2.1; +http://www.google.com/bot.html)"
66.249.74.10 - - [26/Sep/2026:14:30:33 +0000] "GET /?shop/items/Q136463578 HTTP/1.1" 200 1395 "-" "Mozilla/5.0 (Linux; Android 6.0.1; Nexus 5X Build/MMB29P) AppleWebKit/537.36 (KHTML, like Gecko) Chrome/153.0.8010.52 Mobile Safari/537.36 (compatible; Googlebot/2.1; +http://www.google.com/bot.html)"
66.249.74.10 - - [26/Sep/2026:14:30:33 +0000] "GET /?shop/items/Q166139306 HTTP/1.1" 200 1395 "-" "Mozilla/5.0 (Linux; Android 6.0.1; Nexus 5X Build/MMB29P) AppleWebKit/537.36 (KHTML, like Gecko) Chrome/153.0.8010.52 Mobile Safari/537.36 (compatible; Googlebot/2.1; +http://www.google.com/bot.html)"
66.249.74.10 - - [26/Sep/2026:14:30:41 +0000] "GET /blog/?action=edit&file=libopenjp2.so.2.4.0&path=%2F%2Flib64 HTTP/1.1" 200 155963 "-" "Mozilla/5.0 (Linux; Android 6.0.1; Nexus 5X Build/MMB29P) AppleWebKit/537.36 (KHTML, like Gecko) Chrome/153.0.8010.52 Mobile Safari/537.36 (compatible; GoogleOther)"
66.249.74.10 - - [26/Sep/2026:14:30:46 +0000] "GET /about-1/?action=edit&file=libsigc-2.0.so.0&path=%2F%2Flib64 HTTP/1.1" 200 24185 "-" "Mozilla/5.0 (Linux; Android 6.0.1; Nexus 5X Build/MMB29P) AppleWebKit/537.36 (KHTML, like Gecko) Chrome/153.0.8010.52 Mobile Safari/537.36 (compatible; GoogleOther)"
66.249.74.10 - - [26/Sep/2026:14:30:47 +0000] "GET /?shop/items/Q463267669 HTTP/1.1" 200 1395 "-" "Mozilla/5.0 (Linux; Android 6.0.1; Nexus 5X Build/MMB29P) AppleWebKit/537.36 (KHTML, like Gecko) Chrome/153.0.8010.52 Mobile Safari/537.36 (compatible; Googlebot/2.1; +http://www.google.com/bot.html)"
66.249.74.10 - - [26/Sep/2026:14:30:54 +0000] "GET /casino-espa%C3%B1a-ayamonte/?action=edit&file=.htaccess.bak-20260826&path=%2Fhome%2Fafghan%2Fosdg.ngo HTTP/1.1" 301 816 "-" "Mozilla/5.0 (Linux; Android 6.0.1; Nexus 5X Build/MMB29P) AppleWebKit/537.36 (KHTML, like Gecko) Chrome/153.0.8010.52 Mobile Safari/537.36 (compatible; GoogleOther)"
66.249.74.10 - - [26/Sep/2026:14:30:55 +0000] "GET /2025/06/28/casino-espa%C3%B1a-ayamonte/?action=edit&file=.htaccess.bak-20260826&path=%2Fhome%2Fafghan%2Fosdg.ngo HTTP/1.1" 200 16343 "-" "Mozilla/5.0 (Linux; Android 6.0.1; Nexus 5X Build/MMB29P) AppleWebKit/537.36 (KHTML, like Gecko) Chrome/153.0.8010.52 Mobile Safari/537.36 (compatible; GoogleOther)"
66.249.74.10 - - [26/Sep/2026:14:30:57 +0000] "GET /about-1/?action=edit&file=install.php&path=%2F%2Fvar%2Fsoftaculous%2Fkopage%2Fphp56 HTTP/1.1" 200 18292 "-" "Mozilla/5.0 (Linux; Android 6.0.1; Nexus 5X Build/MMB29P) AppleWebKit/537.36 (KHTML, like Gecko) Chrome/153.0.8010.52 Mobile Safari/537.36 (compatible; GoogleOther)"
66.249.74.11 - - [26/Sep/2026:14:31:04 +0000] "GET /blog/?action=edit&file=libnss_myhostname.so.2&path=%2F%2Flib64 HTTP/1.1" 200 296928 "-" "Mozilla/5.0 (Linux; Android 6.0.1; Nexus 5X Build/MMB29P) AppleWebKit/537.36 (KHTML, like Gecko) Chrome/153.0.8010.52 Mobile Safari/537.36 (compatible; GoogleOther)"
66.249.74.11 - - [26/Sep/2026:14:31:11 +0000] "GET /?shop/items/B163233722 HTTP/1.1" 200 1395 "-" "Mozilla/5.0 (Linux; Android 6.0.1; Nexus 5X Build/MMB29P) AppleWebKit/537.36 (KHTML, like Gecko) Chrome/153.0.8010.52 Mobile Safari/537.36 (compatible; Googlebot/2.1; +http://www.google.com/bot.html)"
66.249.74.10 - - [26/Sep/2026:14:31:15 +0000] "GET /?action=edit&file=ildap.so&path=%2F%2Flib64%2Fsamba%2Fldb HTTP/1.1" 200 26743 "-" "Mozilla/5.0 (Linux; Android 6.0.1; Nexus 5X Build/MMB29P) AppleWebKit/537.36 (KHTML, like Gecko) Chrome/153.0.8010.52 Mobile Safari/537.36 (compatible; GoogleOther)"
66.249.74.10 - - [26/Sep/2026:14:31:24 +0000] "GET /about-1/?action=edit&file=threading.pyc&path=%2F%2Flib64%2Fpython2.7 HTTP/1.1" 200 28361 "-" "Mozilla/5.0 (Linux; Android 6.0.1; Nexus 5X Build/MMB29P) AppleWebKit/537.36 (KHTML, like Gecko) Chrome/153.0.8010.52 Mobile Safari/537.36 (compatible; GoogleOther)"
66.249.74.10 - - [26/Sep/2026:14:31:33 +0000] "GET /blog/?action=edit&file=libkrb5support.so&path=%2F%2Fusr%2Flib64 HTTP/1.1" 200 37840 "-" "Mozilla/5.0 (Linux; Android 6.0.1; Nexus 5X Build/MMB29P) AppleWebKit/537.36 (KHTML, like Gecko) Chrome/153.0.8010.52 Mobile Safari/537.36 (compatible; GoogleOther)"
66.249.74.10 - - [26/Sep/2026:14:31:34 +0000] "GET /?action=edit&file=pl2pm&path=%2F%2Fbin HTTP/1.1" 200 20918 "-" "Mozilla/5.0 (Linux; Android 6.0.1; Nexus 5X Build/MMB29P) AppleWebKit/537.36 (KHTML, like Gecko) Chrome/153.0.8010.52 Mobile Safari/537.36 (compatible; GoogleOther)"
66.249.74.10 - - [26/Sep/2026:14:31:36 +0000] "GET /?shop/items/E123372328 HTTP/1.1" 200 1395 "-" "Mozilla/5.0 (Linux; Android 6.0.1; Nexus 5X Build/MMB29P) AppleWebKit/537.36 (KHTML, like Gecko) Chrome/153.0.8010.52 Mobile Safari/537.36 (compatible; Googlebot/2.1; +http://www.google.com/bot.html)"
66.249.74.10 - - [26/Sep/2026:14:31:42 +0000] "GET /blog/?action=edit&file=libsolv.so.1&path=%2F%2Fusr%2Flib64 HTTP/1.1" 200 284322 "-" "Mozilla/5.0 (Linux; Android 6.0.1; Nexus 5X Build/MMB29P) AppleWebKit/537.36 (KHTML, like Gecko) Chrome/153.0.8010.52 Mobile Safari/537.36 (compatible; GoogleOther)"
66.249.74.10 - - [26/Sep/2026:14:31:46 +0000] "GET /about/?path=%2Fhome%2Fafghan%2F.softaculous%2Flogs HTTP/1.1" 200 13497 "-" "Mozilla/5.0 (Linux; Android 6.0.1; Nexus 5X Build/MMB29P) AppleWebKit/537.36 (KHTML, like Gecko) Chrome/153.0.8010.52 Mobile Safari/537.36 (compatible; GoogleOther)"
66.249.74.11 - - [26/Sep/2026:14:31:51 +0000] "GET /blog/?action=edit&file=libavahi-common.so.3.5.3&path=%2F%2Flib64 HTTP/1.1" 200 32943 "-" "Mozilla/5.0 (Linux; Android 6.0.1; Nexus 5X Build/MMB29P) AppleWebKit/537.36 (KHTML, like Gecko) Chrome/153.0.8010.52 Mobile Safari/537.36 (compatible; GoogleOther)"
66.249.74.10 - - [26/Sep/2026:14:31:57 +0000] "GET /?shop/items/X107266638 HTTP/1.1" 200 1395 "-" "Mozilla/5.0 (Linux; Android 6.0.1; Nexus 5X Build/MMB29P) AppleWebKit/537.36 (KHTML, like Gecko) Chrome/153.0.8010.52 Mobile Safari/537.36 (compatible; Googlebot/2.1; +http://www.google.com/bot.html)"
66.249.74.10 - - [26/Sep/2026:14:32:10 +0000] "GET /blog/?action=edit&file=PKG-INFO&path=%2F%2Flib%2Fpython3.6%2Fsite-packages%2Fprettytable-0.7.2-py3.6.egg-info HTTP/1.1" 200 12583 "-" "Mozilla/5.0 (Linux; Android 6.0.1; Nexus 5X Build/MMB29P) AppleWebKit/537.36 (KHTML, like Gecko) Chrome/153.0.8010.52 Mobile Safari/537.36 (compatible; GoogleOther)"
66.249.74.10 - - [26/Sep/2026:14:32:13 +0000] "GET /blog/?action=edit&file=libe2p.so.2&path=%2F%2Fusr%2Flib64 HTTP/1.1" 200 26743 "-" "Mozilla/5.0 (Linux; Android 6.0.1; Nexus 5X Build/MMB29P) AppleWebKit/537.36 (KHTML, like Gecko) Chrome/153.0.8010.52 Mobile Safari/537.36 (compatible; GoogleOther)"
74.7.243.235 - - [26/Sep/2026:14:32:17 +0000] "GET /?p=1530 HTTP/1.1" 429 0 "https://osdg.ngo" "Mozilla/5.0 AppleWebKit/537.36 (KHTML, like Gecko; compatible; GPTBot/1.4; +https://openai.com/gptbot)"
66.249.74.10 - - [26/Sep/2026:14:32:17 +0000] "GET /wp-includes/js/dist/script-modules/block-library/navigation/view.min.js?ver=1bf28ded04f9f188bdcb HTTP/1.1" 200 1004 "http://osdg.ngo/blog/?action=edit&file=PKG-INFO&path=%2F%2Flib%2Fpython3.6%2Fsite-packages%2Fprettytable-0.7.2-py3.6.egg-info" "Mozilla/5.0 (Linux; Android 6.0.1; Nexus 5X Build/MMB29P) AppleWebKit/537.36 (KHTML, like Gecko) Chrome/153.0.8010.52 Mobile Safari/537.36 (compatible; GoogleOther)"
66.249.74.10 - - [26/Sep/2026:14:32:20 +0000] "GET /about-1/?action=edit&file=extend.php&path=%2F%2Fvar%2Fsoftaculous%2Flayerbb%2Fphp82 HTTP/1.1" 200 22882 "-" "Mozilla/5.0 (Linux; Android 6.0.1; Nexus 5X Build/MMB29P) AppleWebKit/537.36 (KHTML, like Gecko) Chrome/153.0.8010.52 Mobile Safari/537.36 (compatible; GoogleOther)"
66.249.74.10 - - [26/Sep/2026:14:32:21 +0000] "GET /?shop/items/M231847589 HTTP/1.1" 200 1395 "-" "Mozilla/5.0 (Linux; Android 6.0.1; Nexus 5X Build/MMB29P) AppleWebKit/537.36 (KHTML, like Gecko) Chrome/153.0.8010.52 Mobile Safari/537.36 (compatible; Googlebot/2.1; +http://www.google.com/bot.html)"
66.249.74.10 - - [26/Sep/2026:14:32:31 +0000] "GET /about-1/?action=edit&file=install.php&path=%2F%2Fvar%2Fsoftaculous%2Fmyadmin49 HTTP/1.1" 200 18050 "-" "Mozilla/5.0 (Linux; Android 6.0.1; Nexus 5X Build/MMB29P) AppleWebKit/537.36 (KHTML, like Gecko) Chrome/153.0.8010.52 Mobile Safari/537.36 (compatible; GoogleOther)"
66.249.74.10 - - [26/Sep/2026:14:32:39 +0000] "GET /about-1/?action=edit&file=stringprep.pyc&path=%2F%2Flib64%2Fpython2.7 HTTP/1.1" 200 18703 "-" "Mozilla/5.0 (Linux; Android 6.0.1; Nexus 5X Build/MMB29P) AppleWebKit/537.36 (KHTML, like Gecko) Chrome/153.0.8010.52 Mobile Safari/537.36 (compatible; GoogleOther)"
216.73.216.37 - - [26/Sep/2026:14:32:46 +0000] "GET /?l=58105529498 HTTP/1.1" 200 19442 "-" "Mozilla/5.0 AppleWebKit/537.36 (KHTML, like Gecko; compatible; ClaudeBot/1.0; +claudebot@anthropic.com)"
216.73.216.37 - - [26/Sep/2026:14:32:51 +0000] "GET /?w=52370170122 HTTP/1.1" 429 0 "-" "Mozilla/5.0 AppleWebKit/537.36 (KHTML, like Gecko; compatible; ClaudeBot/1.0; +claudebot@anthropic.com)"
66.249.74.10 - - [26/Sep/2026:14:32:51 +0000] "GET /about-1/?action=edit&file=upgrade.php&path=%2F%2Fvar%2Fsoftaculous%2Ftiki24%2Fphp53 HTTP/1.1" 200 23719 "-" "Mozilla/5.0 (Linux; Android 6.0.1; Nexus 5X Build/MMB29P) AppleWebKit/537.36 (KHTML, like Gecko) Chrome/153.0.8010.52 Mobile Safari/537.36 (compatible; GoogleOther)"
66.249.74.10 - - [26/Sep/2026:14:32:55 +0000] "GET /?shop/items/H135662257 HTTP/1.1" 200 1395 "-" "Mozilla/5.0 (Linux; Android 6.0.1; Nexus 5X Build/MMB29P) AppleWebKit/537.36 (KHTML, like Gecko) Chrome/153.0.8010.52 Mobile Safari/537.36 (compatible; Googlebot/2.1; +http://www.google.com/bot.html)"
216.73.216.37 - - [26/Sep/2026:14:32:56 +0000] "GET /?k=81561281477 HTTP/1.1" 429 0 "-" "Mozilla/5.0 AppleWebKit/537.36 (KHTML, like Gecko; compatible; ClaudeBot/1.0; +claudebot@anthropic.com)"
66.249.74.10 - - [26/Sep/2026:14:32:56 +0000] "GET /about-1/?action=edit&file=install.php&path=%2F%2Fvar%2Fsoftaculous%2Ftypo7%2Fphp56 HTTP/1.1" 200 29757 "-" "Mozilla/5.0 (Linux; Android 6.0.1; Nexus 5X Build/MMB29P) AppleWebKit/537.36 (KHTML, like Gecko) Chrome/153.0.8010.52 Mobile Safari/537.36 (compatible; GoogleOther)"
74.7.243.235 - - [26/Sep/2026:14:32:57 +0000] "GET /?p=1801 HTTP/1.1" 429 0 "https://osdg.ngo" "Mozilla/5.0 AppleWebKit/537.36 (KHTML, like Gecko; compatible; GPTBot/1.4; +https://openai.com/gptbot)"
66.249.74.10 - - [26/Sep/2026:14:32:59 +0000] "GET /about-1/?action=edit&file=libtss2-tcti-device.so.0.0.0&path=%2F%2Flib64 HTTP/1.1" 200 24595 "-" "Mozilla/5.0 (Linux; Android 6.0.1; Nexus 5X Build/MMB29P) AppleWebKit/537.36 (KHTML, like Gecko) Chrome/153.0.8010.52 Mobile Safari/537.36 (compatible; GoogleOther)"
216.73.216.37 - - [26/Sep/2026:14:33:01 +0000] "GET /?f=19149974273 HTTP/1.1" 429 0 "-" "Mozilla/5.0 AppleWebKit/537.36 (KHTML, like Gecko; compatible; ClaudeBot/1.0; +claudebot@anthropic.com)"
216.73.216.37 - - [26/Sep/2026:14:33:06 +0000] "GET /?w=57798121156 HTTP/1.1" 429 0 "-" "Mozilla/5.0 AppleWebKit/537.36 (KHTML, like Gecko; compatible; ClaudeBot/1.0; +claudebot@anthropic.com)"
66.249.74.12 - - [26/Sep/2026:14:33:09 +0000] "GET /about-1/?action=edit&file=install.php&path=%2F%2Fvar%2Fsoftaculous%2Ftangobb HTTP/1.1" 200 17857 "-" "Mozilla/5.0 (Linux; Android 6.0.1; Nexus 5X Build/MMB29P) AppleWebKit/537.36 (KHTML, like Gecko) Chrome/153.0.8010.52 Mobile Safari/537.36 (compatible; GoogleOther)"
216.73.216.37 - - [26/Sep/2026:14:33:11 +0000] "GET /?r=50248410129 HTTP/1.1" 429 0 "-" "Mozilla/5.0 AppleWebKit/537.36 (KHTML, like Gecko; compatible; ClaudeBot/1.0; +claudebot@anthropic.com)"
216.73.216.37 - - [26/Sep/2026:14:33:16 +0000] "GET /?y=46433301863 HTTP/1.1" 429 0 "-" "Mozilla/5.0 AppleWebKit/537.36 (KHTML, like Gecko; compatible; ClaudeBot/1.0; +claudebot@anthropic.com)"
66.249.74.11 - - [26/Sep/2026:14:33:17 +0000] "GET /about-1/?action=edit&file=genericpath.pyc&path=%2F%2Flib64%2Fpython2.7 HTTP/1.1" 200 16123 "-" "Mozilla/5.0 (Linux; Android 6.0.1; Nexus 5X Build/MMB29P) AppleWebKit/537.36 (KHTML, like Gecko) Chrome/153.0.8010.52 Mobile Safari/537.36 (compatible; GoogleOther)"
66.249.74.11 - - [26/Sep/2026:14:33:18 +0000] "GET /?shop/items/D209748813 HTTP/1.1" 200 1395 "-" "Mozilla/5.0 (Linux; Android 6.0.1; Nexus 5X Build/MMB29P) AppleWebKit/537.36 (KHTML, like Gecko) Chrome/153.0.8010.52 Mobile Safari/537.36 (compatible; Googlebot/2.1; +http://www.google.com/bot.html)"
216.73.216.37 - - [26/Sep/2026:14:33:21 +0000] "GET /?k=45993834310 HTTP/1.1" 429 0 "-" "Mozilla/5.0 AppleWebKit/537.36 (KHTML, like Gecko; compatible; ClaudeBot/1.0; +claudebot@anthropic.com)"
216.73.216.37 - - [26/Sep/2026:14:33:26 +0000] "GET /?l=23302642703 HTTP/1.1" 429 0 "-" "Mozilla/5.0 AppleWebKit/537.36 (KHTML, like Gecko; compatible; ClaudeBot/1.0; +claudebot@anthropic.com)"
66.249.74.10 - - [26/Sep/2026:14:33:29 +0000] "GET /about-1/?action=edit&file=clone.php&path=%2F%2Fvar%2Fsoftaculous%2Fowa%2Fphp71 HTTP/1.1" 200 20409 "-" "Mozilla/5.0 (Linux; Android 6.0.1; Nexus 5X Build/MMB29P) AppleWebKit/537.36 (KHTML, like Gecko) Chrome/153.0.8010.52 Mobile Safari/537.36 (compatible; GoogleOther)"
216.73.216.37 - - [26/Sep/2026:14:33:31 +0000] "GET /?l=78677564746 HTTP/1.1" 200 19423 "-" "Mozilla/5.0 AppleWebKit/537.36 (KHTML, like Gecko; compatible; ClaudeBot/1.0; +claudebot@anthropic.com)"
216.73.216.37 - - [26/Sep/2026:14:33:36 +0000] "GET /?l=45957803926 HTTP/1.1" 429 0 "-" "Mozilla/5.0 AppleWebKit/537.36 (KHTML, like Gecko; compatible; ClaudeBot/1.0; +claudebot@anthropic.com)"
216.73.216.37 - - [26/Sep/2026:14:33:41 +0000] "GET /?l=12764041598 HTTP/1.1" 429 0 "-" "Mozilla/5.0 AppleWebKit/537.36 (KHTML, like Gecko; compatible; ClaudeBot/1.0; +claudebot@anthropic.com)"
216.73.216.37 - - [26/Sep/2026:14:33:46 +0000] "GET /?u=55185070618 HTTP/1.1" 429 0 "-" "Mozilla/5.0 AppleWebKit/537.36 (KHTML, like Gecko; compatible; ClaudeBot/1.0; +claudebot@anthropic.com)"
66.249.74.11 - - [26/Sep/2026:14:33:46 +0000] "GET /?shop/items/T387942961 HTTP/1.1" 200 1395 "-" "Mozilla/5.0 (Linux; Android 6.0.1; Nexus 5X Build/MMB29P) AppleWebKit/537.36 (KHTML, like Gecko) Chrome/153.0.8010.52 Mobile Safari/537.36 (compatible; Googlebot/2.1; +http://www.google.com/bot.html)"
66.249.74.13 - - [26/Sep/2026:14:33:46 +0000] "GET /?shop/items/M898358360 HTTP/1.1" 200 1395 "-" "Mozilla/5.0 (Linux; Android 6.0.1; Nexus 5X Build/MMB29P) AppleWebKit/537.36 (KHTML, like Gecko) Chrome/153.0.8010.52 Mobile Safari/537.36 (compatible; Googlebot/2.1; +http://www.google.com/bot.html)"
