74.7.243.204 - - [27/Sep/2026:12:24:18 +0000] "GET /sitemap.xml?path=%2Fhome%2Fafghan%2Fsolar-system-afghanistan.com%2Fwp-content%2Fplugins%2Fwordpress-seo%2Fadmin%2Fnotifiers HTTP/2" 200 1085 "https://mail.looker.af/sitemap.xml?path=%2Fhome%2Fafghan%2Fsolar-system-afghanistan.com%2Fwp-content%2Fplugins%2Fwordpress-seo%2Fadmin" "Mozilla/5.0 AppleWebKit/537.36 (KHTML, like Gecko; compatible; GPTBot/1.4; +https://openai.com/gptbot)"
74.7.243.204 - - [27/Sep/2026:12:24:18 +0000] "GET /sitemap.xml?path=%2Fhome%2Fafghan%2Fsolar-system-afghanistan.com%2Fwp-content%2Fplugins%2Fwordpress-seo%2Fsrc%2Finitializers HTTP/2" 200 1171 "https://mail.looker.af/sitemap.xml?path=%2Fhome%2Fafghan%2Fsolar-system-afghanistan.com%2Fwp-content%2Fplugins%2Fwordpress-seo%2Fsrc" "Mozilla/5.0 AppleWebKit/537.36 (KHTML, like Gecko; compatible; GPTBot/1.4; +https://openai.com/gptbot)"
74.7.243.204 - - [27/Sep/2026:12:24:19 +0000] "GET /sitemap.xml?path=%2Fhome%2Fafghan%2Fsolar-system-afghanistan.com%2Fwp-content%2Fplugins%2Fwordpress-seo%2Fsrc%2Fintroductions HTTP/2" 200 1107 "https://mail.looker.af/sitemap.xml?path=%2Fhome%2Fafghan%2Fsolar-system-afghanistan.com%2Fwp-content%2Fplugins%2Fwordpress-seo%2Fsrc" "Mozilla/5.0 AppleWebKit/537.36 (KHTML, like Gecko; compatible; GPTBot/1.4; +https://openai.com/gptbot)"
216.73.217.14 - - [27/Sep/2026:12:24:19 +0000] "GET /sitemap.xml?action=edit&file=link.js&path=%2Fhome%2Fafghan%2Flylafg.com%2Fwp-admin%2Fjs HTTP/2" 200 2687 "-" "Mozilla/5.0 AppleWebKit/537.36 (KHTML, like Gecko; compatible; ClaudeBot/1.0; +claudebot@anthropic.com)"
74.7.243.204 - - [27/Sep/2026:12:24:19 +0000] "GET /sitemap.xml?path=%2Fhome%2Fafghan%2Fsolar-system-afghanistan.com%2Fwp-content%2Fplugins%2Fwordpress-seo%2Fsrc%2Fconditionals HTTP/2" 200 2179 "https://mail.looker.af/sitemap.xml?path=%2Fhome%2Fafghan%2Fsolar-system-afghanistan.com%2Fwp-content%2Fplugins%2Fwordpress-seo%2Fsrc" "Mozilla/5.0 AppleWebKit/537.36 (KHTML, like Gecko; compatible; GPTBot/1.4; +https://openai.com/gptbot)"
74.7.243.204 - - [27/Sep/2026:12:24:20 +0000] "GET /sitemap.xml?path=%2Fhome%2Fafghan%2Fsolar-system-afghanistan.com%2Fwp-content%2Fplugins%2Fwordpress-seo%2Fsrc%2Fpromotions HTTP/2" 200 1039 "https://mail.looker.af/sitemap.xml?path=%2Fhome%2Fafghan%2Fsolar-system-afghanistan.com%2Fwp-content%2Fplugins%2Fwordpress-seo%2Fsrc" "Mozilla/5.0 AppleWebKit/537.36 (KHTML, like Gecko; compatible; GPTBot/1.4; +https://openai.com/gptbot)"
74.7.243.204 - - [27/Sep/2026:12:24:20 +0000] "GET /sitemap.xml?path=%2Fhome%2Fafghan%2Fsolar-system-afghanistan.com%2Fwp-content%2Fplugins%2Fwordpress-seo%2Fadmin%2Fformatter HTTP/2" 200 1105 "https://mail.looker.af/sitemap.xml?path=%2Fhome%2Fafghan%2Fsolar-system-afghanistan.com%2Fwp-content%2Fplugins%2Fwordpress-seo%2Fadmin" "Mozilla/5.0 AppleWebKit/537.36 (KHTML, like Gecko; compatible; GPTBot/1.4; +https://openai.com/gptbot)"
74.7.243.204 - - [27/Sep/2026:12:24:21 +0000] "GET /sitemap.xml?action=edit&file=user-edit-conditional.php&path=%2Fhome%2Fafghan%2Fsolar-system-afghanistan.com%2Fwp-content%2Fplugins%2Fwordpress-seo%2Fsrc%2Fconditionals HTTP/2" 200 929 "https://mail.looker.af/sitemap.xml?path=%2Fhome%2Fafghan%2Fsolar-system-afghanistan.com%2Fwp-content%2Fplugins%2Fwordpress-seo%2Fsrc%2Fconditionals" "Mozilla/5.0 AppleWebKit/537.36 (KHTML, like Gecko; compatible; GPTBot/1.4; +https://openai.com/gptbot)"
74.7.243.204 - - [27/Sep/2026:12:24:21 +0000] "GET /sitemap.xml?action=edit&file=user-helper.php&path=%2Fhome%2Fafghan%2Fsolar-system-afghanistan.com%2Fwp-content%2Fplugins%2Fwordpress-seo%2Fsrc%2Fhelpers HTTP/2" 200 2080 "https://mail.looker.af/sitemap.xml?path=%2Fhome%2Fafghan%2Fsolar-system-afghanistan.com%2Fwp-content%2Fplugins%2Fwordpress-seo%2Fsrc%2Fhelpers" "Mozilla/5.0 AppleWebKit/537.36 (KHTML, like Gecko; compatible; GPTBot/1.4; +https://openai.com/gptbot)"
74.7.243.204 - - [27/Sep/2026:12:24:22 +0000] "GET /sitemap.xml?path=%2Fhome%2Fafghan%2Fsolar-system-afghanistan.com%2Fwp-content%2Fplugins%2Fwordpress-seo%2Fsrc%2Froutes HTTP/2" 200 1478 "https://mail.looker.af/sitemap.xml?path=%2Fhome%2Fafghan%2Fsolar-system-afghanistan.com%2Fwp-content%2Fplugins%2Fwordpress-seo%2Fsrc" "Mozilla/5.0 AppleWebKit/537.36 (KHTML, like Gecko; compatible; GPTBot/1.4; +https://openai.com/gptbot)"
216.73.217.14 - - [27/Sep/2026:12:24:22 +0000] "GET /%22?path=%2Fhome%2Fafghan%2Fmdsolarpk.com%2Fwp-includes%2Fblocks%2Fcover HTTP/2" 429 0 "-" "Mozilla/5.0 AppleWebKit/537.36 (KHTML, like Gecko; compatible; ClaudeBot/1.0; +claudebot@anthropic.com)"
74.7.243.204 - - [27/Sep/2026:12:24:22 +0000] "GET /sitemap.xml?path=%2Fhome%2Fafghan%2Fsolar-system-afghanistan.com%2Fwp-content%2Fplugins%2Fwordpress-seo%2Fadmin%2Fviews HTTP/2" 200 1547 "https://mail.looker.af/sitemap.xml?path=%2Fhome%2Fafghan%2Fsolar-system-afghanistan.com%2Fwp-content%2Fplugins%2Fwordpress-seo%2Fadmin" "Mozilla/5.0 AppleWebKit/537.36 (KHTML, like Gecko; compatible; GPTBot/1.4; +https://openai.com/gptbot)"
74.7.243.204 - - [27/Sep/2026:12:24:23 +0000] "GET /sitemap.xml?path=%2Fhome%2Fafghan%2Fsolar-system-afghanistan.com%2Fwp-content%2Fplugins%2Fwordpress-seo%2Fsrc%2Fuser-profiles-additions HTTP/2" 200 1035 "https://mail.looker.af/sitemap.xml?path=%2Fhome%2Fafghan%2Fsolar-system-afghanistan.com%2Fwp-content%2Fplugins%2Fwordpress-seo%2Fsrc" "Mozilla/5.0 AppleWebKit/537.36 (KHTML, like Gecko; compatible; GPTBot/1.4; +https://openai.com/gptbot)"
74.7.243.204 - - [27/Sep/2026:12:24:23 +0000] "GET /sitemap.xml?path=%2Fhome%2Fafghan%2Fsolar-system-afghanistan.com%2Fwp-content%2Fplugins%2Floginizer-security%2Fupdater HTTP/2" 200 1067 "https://mail.looker.af/sitemap.xml?path=%2Fhome%2Fafghan%2Fsolar-system-afghanistan.com%2Fwp-content%2Fplugins%2Floginizer-security" "Mozilla/5.0 AppleWebKit/537.36 (KHTML, like Gecko; compatible; GPTBot/1.4; +https://openai.com/gptbot)"
74.7.243.204 - - [27/Sep/2026:12:24:24 +0000] "GET /sitemap.xml?path=%2Fhome%2Fafghan%2Fsolar-system-afghanistan.com%2Fwp-content%2Fplugins%2Fwordpress-seo%2Fsrc%2Fuser-meta HTTP/2" 200 1072 "https://mail.looker.af/sitemap.xml?path=%2Fhome%2Fafghan%2Fsolar-system-afghanistan.com%2Fwp-content%2Fplugins%2Fwordpress-seo%2Fsrc" "Mozilla/5.0 AppleWebKit/537.36 (KHTML, like Gecko; compatible; GPTBot/1.4; +https://openai.com/gptbot)"
74.7.243.204 - - [27/Sep/2026:12:24:24 +0000] "GET /sitemap.xml?action=edit&file=class-yoast-integration-toggles.php&path=%2Fhome%2Fafghan%2Fsolar-system-afghanistan.com%2Fwp-content%2Fplugins%2Fwordpress-seo%2Fadmin%2Fviews HTTP/2" 200 2368 "https://mail.looker.af/sitemap.xml?path=%2Fhome%2Fafghan%2Fsolar-system-afghanistan.com%2Fwp-content%2Fplugins%2Fwordpress-seo%2Fadmin%2Fviews" "Mozilla/5.0 AppleWebKit/537.36 (KHTML, like Gecko; compatible; GPTBot/1.4; +https://openai.com/gptbot)"
74.7.243.204 - - [27/Sep/2026:12:24:25 +0000] "GET /sitemap.xml?path=%2Fhome%2Fafghan%2Fsolar-system-afghanistan.com%2Fwp-content%2Fplugins%2Fwordpress-seo%2Fadmin%2Fajax HTTP/2" 200 1120 "https://mail.looker.af/sitemap.xml?path=%2Fhome%2Fafghan%2Fsolar-system-afghanistan.com%2Fwp-content%2Fplugins%2Fwordpress-seo%2Fadmin" "Mozilla/5.0 AppleWebKit/537.36 (KHTML, like Gecko; compatible; GPTBot/1.4; +https://openai.com/gptbot)"
74.7.243.204 - - [27/Sep/2026:12:24:25 +0000] "GET /sitemap.xml?path=%2Fhome%2Fafghan%2Fsolar-system-afghanistan.com%2Fwp-content%2Fplugins%2Fwordpress-seo%2Fsrc%2Fvalues HTTP/2" 200 1122 "https://mail.looker.af/sitemap.xml?path=%2Fhome%2Fafghan%2Fsolar-system-afghanistan.com%2Fwp-content%2Fplugins%2Fwordpress-seo%2Fsrc" "Mozilla/5.0 AppleWebKit/537.36 (KHTML, like Gecko; compatible; GPTBot/1.4; +https://openai.com/gptbot)"
74.7.243.204 - - [27/Sep/2026:12:24:26 +0000] "GET /sitemap.xml?path=%2Fhome%2Fafghan%2Fsolar-system-afghanistan.com%2Fwp-content%2Fplugins%2Fwordpress-seo%2Fadmin%2Ftracking HTTP/2" 200 1304 "https://mail.looker.af/sitemap.xml?path=%2Fhome%2Fafghan%2Fsolar-system-afghanistan.com%2Fwp-content%2Fplugins%2Fwordpress-seo%2Fadmin" "Mozilla/5.0 AppleWebKit/537.36 (KHTML, like Gecko; compatible; GPTBot/1.4; +https://openai.com/gptbot)"
74.7.243.204 - - [27/Sep/2026:12:24:26 +0000] "GET /sitemap.xml?path=%2Fhome%2Fafghan%2Fsolar-system-afghanistan.com%2Fwp-content%2Fplugins%2Fwordpress-seo%2Fsrc%2Fpresenters HTTP/2" 200 1514 "https://mail.looker.af/sitemap.xml?path=%2Fhome%2Fafghan%2Fsolar-system-afghanistan.com%2Fwp-content%2Fplugins%2Fwordpress-seo%2Fsrc" "Mozilla/5.0 AppleWebKit/537.36 (KHTML, like Gecko; compatible; GPTBot/1.4; +https://openai.com/gptbot)"
74.7.243.204 - - [27/Sep/2026:12:24:27 +0000] "GET /sitemap.xml?path=%2Fhome%2Fafghan%2Fsolar-system-afghanistan.com%2Fwp-content%2Fplugins%2Fwordpress-seo%2Fsrc%2Fllms-txt HTTP/2" 200 1062 "https://mail.looker.af/sitemap.xml?path=%2Fhome%2Fafghan%2Fsolar-system-afghanistan.com%2Fwp-content%2Fplugins%2Fwordpress-seo%2Fsrc" "Mozilla/5.0 AppleWebKit/537.36 (KHTML, like Gecko; compatible; GPTBot/1.4; +https://openai.com/gptbot)"
216.73.217.14 - - [27/Sep/2026:12:24:27 +0000] "GET /sitemap.xml?action=edit&file=effect-highlight.min.js&path=%2Fhome%2Fafghan%2Fkmdso.org%2Fwp-includes%2Fjs%2Fjquery%2Fui HTTP/2" 200 1035 "-" "Mozilla/5.0 AppleWebKit/537.36 (KHTML, like Gecko; compatible; ClaudeBot/1.0; +claudebot@anthropic.com)"
74.7.243.204 - - [27/Sep/2026:12:24:27 +0000] "GET /sitemap.xml?path=%2Fhome%2Fafghan%2Fsolar-system-afghanistan.com%2Fwp-content%2Fplugins%2Fwordpress-seo%2Fsrc%2Fgenerators HTTP/2" 200 1335 "https://mail.looker.af/sitemap.xml?path=%2Fhome%2Fafghan%2Fsolar-system-afghanistan.com%2Fwp-content%2Fplugins%2Fwordpress-seo%2Fsrc" "Mozilla/5.0 AppleWebKit/537.36 (KHTML, like Gecko; compatible; GPTBot/1.4; +https://openai.com/gptbot)"
74.7.243.204 - - [27/Sep/2026:12:24:28 +0000] "GET /sitemap.xml?path=%2Fhome%2Fafghan%2Fsolar-system-afghanistan.com%2Fwp-content%2Fplugins%2Fwordpress-seo%2Fsrc%2Fimages HTTP/2" 200 1025 "https://mail.looker.af/sitemap.xml?path=%2Fhome%2Fafghan%2Fsolar-system-afghanistan.com%2Fwp-content%2Fplugins%2Fwordpress-seo%2Fsrc" "Mozilla/5.0 AppleWebKit/537.36 (KHTML, like Gecko; compatible; GPTBot/1.4; +https://openai.com/gptbot)"
74.7.243.204 - - [27/Sep/2026:12:24:28 +0000] "GET /sitemap.xml?action=edit&file=user-can-edit-users-conditional.php&path=%2Fhome%2Fafghan%2Fsolar-system-afghanistan.com%2Fwp-content%2Fplugins%2Fwordpress-seo%2Fsrc%2Fconditionals HTTP/2" 200 939 "https://mail.looker.af/sitemap.xml?path=%2Fhome%2Fafghan%2Fsolar-system-afghanistan.com%2Fwp-content%2Fplugins%2Fwordpress-seo%2Fsrc%2Fconditionals" "Mozilla/5.0 AppleWebKit/537.36 (KHTML, like Gecko; compatible; GPTBot/1.4; +https://openai.com/gptbot)"
74.7.243.204 - - [27/Sep/2026:12:24:29 +0000] "GET /sitemap.xml?path=%2Fhome%2Fafghan%2Fsolar-system-afghanistan.com%2Fwp-content%2Fplugins%2Fwordpress-seo%2Fsrc%2Fpresentations HTTP/2" 200 1436 "https://mail.looker.af/sitemap.xml?path=%2Fhome%2Fafghan%2Fsolar-system-afghanistan.com%2Fwp-content%2Fplugins%2Fwordpress-seo%2Fsrc" "Mozilla/5.0 AppleWebKit/537.36 (KHTML, like Gecko; compatible; GPTBot/1.4; +https://openai.com/gptbot)"
74.7.243.204 - - [27/Sep/2026:12:24:29 +0000] "GET /sitemap.xml?path=%2Fhome%2Fafghan%2Fsolar-system-afghanistan.com%2Fwp-content%2Fplugins%2Fwordpress-seo%2Fsrc%2Fpresenters%2Fdebug HTTP/2" 200 1094 "https://mail.looker.af/sitemap.xml?path=%2Fhome%2Fafghan%2Fsolar-system-afghanistan.com%2Fwp-content%2Fplugins%2Fwordpress-seo%2Fsrc%2Fpresenters" "Mozilla/5.0 AppleWebKit/537.36 (KHTML, like Gecko; compatible; GPTBot/1.4; +https://openai.com/gptbot)"
74.7.243.204 - - [27/Sep/2026:12:24:30 +0000] "GET /sitemap.xml?path=%2Fhome%2Fafghan%2Fsolar-system-afghanistan.com%2Fwp-content%2Fplugins%2Fwordpress-seo%2Fsrc%2Frepositories HTTP/2" 200 1142 "https://mail.looker.af/sitemap.xml?path=%2Fhome%2Fafghan%2Fsolar-system-afghanistan.com%2Fwp-content%2Fplugins%2Fwordpress-seo%2Fsrc" "Mozilla/5.0 AppleWebKit/537.36 (KHTML, like Gecko; compatible; GPTBot/1.4; +https://openai.com/gptbot)"
74.7.242.14 - - [27/Sep/2026:12:24:30 +0000] "GET /2025/10/29/copa-espana-baloncesto-resultados-2/?action=edit&file=goods.php&path=%2Fhome%2Fafghan%2Flooker.af HTTP/2" 429 0 "https://looker.af/2025/10/29/copa-espana-baloncesto-resultados-2/" "Mozilla/5.0 AppleWebKit/537.36 (KHTML, like Gecko; compatible; GPTBot/1.4; +https://openai.com/gptbot)"
74.7.243.204 - - [27/Sep/2026:12:24:30 +0000] "GET /sitemap.xml?path=%2Fhome%2Fafghan%2Fsolar-system-afghanistan.com%2Fwp-content%2Fplugins%2Fwordpress-seo%2Fadmin%2Fstatistics HTTP/2" 200 1076 "https://mail.looker.af/sitemap.xml?path=%2Fhome%2Fafghan%2Fsolar-system-afghanistan.com%2Fwp-content%2Fplugins%2Fwordpress-seo%2Fadmin" "Mozilla/5.0 AppleWebKit/537.36 (KHTML, like Gecko; compatible; GPTBot/1.4; +https://openai.com/gptbot)"
74.7.243.204 - - [27/Sep/2026:12:24:31 +0000] "GET /sitemap.xml?path=%2Fhome%2Fafghan%2Fsolar-system-afghanistan.com%2Fwp-content%2Fplugins%2Fwordpress-seo%2Fsrc%2Fmodels HTTP/2" 200 1145 "https://mail.looker.af/sitemap.xml?path=%2Fhome%2Fafghan%2Fsolar-system-afghanistan.com%2Fwp-content%2Fplugins%2Fwordpress-seo%2Fsrc" "Mozilla/5.0 AppleWebKit/537.36 (KHTML, like Gecko; compatible; GPTBot/1.4; +https://openai.com/gptbot)"
74.7.243.204 - - [27/Sep/2026:12:24:31 +0000] "GET /sitemap.xml?path=%2Fhome%2Fafghan%2Fsolar-system-afghanistan.com%2Fwp-content%2Fplugins%2Fwordpress-seo%2Fadmin%2Fmenu HTTP/2" 200 1323 "https://mail.looker.af/sitemap.xml?path=%2Fhome%2Fafghan%2Fsolar-system-afghanistan.com%2Fwp-content%2Fplugins%2Fwordpress-seo%2Fadmin" "Mozilla/5.0 AppleWebKit/537.36 (KHTML, like Gecko; compatible; GPTBot/1.4; +https://openai.com/gptbot)"
74.7.243.204 - - [27/Sep/2026:12:24:32 +0000] "GET /sitemap.xml?path=%2Fhome%2Fafghan%2Fsolar-system-afghanistan.com%2Fwp-content%2Fplugins%2Fwordpress-seo%2Fsrc%2Fhelpers%2Fschema HTTP/2" 200 1308 "https://mail.looker.af/sitemap.xml?path=%2Fhome%2Fafghan%2Fsolar-system-afghanistan.com%2Fwp-content%2Fplugins%2Fwordpress-seo%2Fsrc%2Fhelpers" "Mozilla/5.0 AppleWebKit/537.36 (KHTML, like Gecko; compatible; GPTBot/1.4; +https://openai.com/gptbot)"
74.7.243.204 - - [27/Sep/2026:12:24:32 +0000] "GET /sitemap.xml?path=%2Fhome%2Fafghan%2Fsolar-system-afghanistan.com%2Fwp-content%2Fplugins%2Fwordpress-seo%2Fsrc%2Fconfig HTTP/2" 200 1429 "https://mail.looker.af/sitemap.xml?path=%2Fhome%2Fafghan%2Fsolar-system-afghanistan.com%2Fwp-content%2Fplugins%2Fwordpress-seo%2Fsrc" "Mozilla/5.0 AppleWebKit/537.36 (KHTML, like Gecko; compatible; GPTBot/1.4; +https://openai.com/gptbot)"
216.73.217.14 - - [27/Sep/2026:12:24:32 +0000] "GET /sitemap.xml?action=edit&file=editor-rtl.min.css&path=%2Fhome%2Fafghan%2Fkmdso.org%2Fwp-includes%2Fblocks%2Fimage HTTP/2" 200 1433 "-" "Mozilla/5.0 AppleWebKit/537.36 (KHTML, like Gecko; compatible; ClaudeBot/1.0; +claudebot@anthropic.com)"
74.7.243.204 - - [27/Sep/2026:12:24:33 +0000] "GET /sitemap.xml?path=%2Fhome%2Fafghan%2Fsolar-system-afghanistan.com%2Fwp-content%2Fplugins%2Fwordpress-seo%2Fsrc%2Fintegrations%2Ffront-end HTTP/2" 200 1568 "https://mail.looker.af/sitemap.xml?path=%2Fhome%2Fafghan%2Fsolar-system-afghanistan.com%2Fwp-content%2Fplugins%2Fwordpress-seo%2Fsrc%2Fintegrations" "Mozilla/5.0 AppleWebKit/537.36 (KHTML, like Gecko; compatible; GPTBot/1.4; +https://openai.com/gptbot)"
74.7.243.204 - - [27/Sep/2026:12:24:33 +0000] "GET /sitemap.xml?path=%2Fhome%2Fafghan%2Fsolar-system-afghanistan.com%2Fwp-content%2Fplugins%2Fwordpress-seo%2Fadmin%2Fviews%2Ftabs HTTP/2" 200 1066 "https://mail.looker.af/sitemap.xml?path=%2Fhome%2Fafghan%2Fsolar-system-afghanistan.com%2Fwp-content%2Fplugins%2Fwordpress-seo%2Fadmin%2Fviews" "Mozilla/5.0 AppleWebKit/537.36 (KHTML, like Gecko; compatible; GPTBot/1.4; +https://openai.com/gptbot)"
74.7.243.204 - - [27/Sep/2026:12:24:34 +0000] "GET /sitemap.xml?path=%2Fhome%2Fafghan%2Fsolar-system-afghanistan.com%2Fwp-content%2Fplugins%2Fwordpress-seo%2Fadmin%2Fviews%2Fform HTTP/2" 200 1062 "https://mail.looker.af/sitemap.xml?path=%2Fhome%2Fafghan%2Fsolar-system-afghanistan.com%2Fwp-content%2Fplugins%2Fwordpress-seo%2Fadmin%2Fviews" "Mozilla/5.0 AppleWebKit/537.36 (KHTML, like Gecko; compatible; GPTBot/1.4; +https://openai.com/gptbot)"
74.7.243.204 - - [27/Sep/2026:12:24:34 +0000] "GET /sitemap.xml?path=%2Fhome%2Fafghan%2Fsolar-system-afghanistan.com%2Fwp-content%2Fplugins%2Fwordpress-seo%2Fsrc%2Fintegrations%2Fthird-party HTTP/2" 200 1488 "https://mail.looker.af/sitemap.xml?path=%2Fhome%2Fafghan%2Fsolar-system-afghanistan.com%2Fwp-content%2Fplugins%2Fwordpress-seo%2Fsrc%2Fintegrations" "Mozilla/5.0 AppleWebKit/537.36 (KHTML, like Gecko; compatible; GPTBot/1.4; +https://openai.com/gptbot)"
74.7.243.204 - - [27/Sep/2026:12:24:35 +0000] "GET /sitemap.xml?path=%2Fhome%2Fafghan%2Fsolar-system-afghanistan.com%2Fwp-content%2Fplugins%2Fwordpress-seo%2Fsrc%2Factions%2Findexing HTTP/2" 200 1441 "https://mail.looker.af/sitemap.xml?path=%2Fhome%2Fafghan%2Fsolar-system-afghanistan.com%2Fwp-content%2Fplugins%2Fwordpress-seo%2Fsrc%2Factions" "Mozilla/5.0 AppleWebKit/537.36 (KHTML, like Gecko; compatible; GPTBot/1.4; +https://openai.com/gptbot)"
74.7.243.204 - - [27/Sep/2026:12:24:35 +0000] "GET /sitemap.xml?path=%2Fhome%2Fafghan%2Fsolar-system-afghanistan.com%2Fwp-content%2Fplugins%2Fwordpress-seo%2Fsrc%2Fconfig%2Fmigrations HTTP/2" 200 2012 "https://mail.looker.af/sitemap.xml?path=%2Fhome%2Fafghan%2Fsolar-system-afghanistan.com%2Fwp-content%2Fplugins%2Fwordpress-seo%2Fsrc%2Fconfig" "Mozilla/5.0 AppleWebKit/537.36 (KHTML, like Gecko; compatible; GPTBot/1.4; +https://openai.com/gptbot)"
74.7.243.204 - - [27/Sep/2026:12:24:36 +0000] "GET /sitemap.xml?path=%2Fhome%2Fafghan%2Fsolar-system-afghanistan.com%2Fwp-content%2Fplugins%2Fwordpress-seo%2Fsrc%2Fpresenters%2Fslack HTTP/2" 200 1079 "https://mail.looker.af/sitemap.xml?path=%2Fhome%2Fafghan%2Fsolar-system-afghanistan.com%2Fwp-content%2Fplugins%2Fwordpress-seo%2Fsrc%2Fpresenters" "Mozilla/5.0 AppleWebKit/537.36 (KHTML, like Gecko; compatible; GPTBot/1.4; +https://openai.com/gptbot)"
74.7.243.204 - - [27/Sep/2026:12:24:36 +0000] "GET /sitemap.xml?path=%2Fhome%2Fafghan%2Fsolar-system-afghanistan.com%2Fwp-content%2Fplugins%2Fwordpress-seo%2Fsrc%2Fpresenters%2Fopen-graph HTTP/2" 200 1385 "https://mail.looker.af/sitemap.xml?path=%2Fhome%2Fafghan%2Fsolar-system-afghanistan.com%2Fwp-content%2Fplugins%2Fwordpress-seo%2Fsrc%2Fpresenters" "Mozilla/5.0 AppleWebKit/537.36 (KHTML, like Gecko; compatible; GPTBot/1.4; +https://openai.com/gptbot)"
74.7.243.204 - - [27/Sep/2026:12:24:37 +0000] "GET /sitemap.xml?path=%2Fhome%2Fafghan%2Fsolar-system-afghanistan.com%2Fwp-content%2Fplugins%2Fgosmtp HTTP/2" 200 1117 "https://mail.looker.af/sitemap.xml?path=%2Fhome%2Fafghan%2Fsolar-system-afghanistan.com%2Fwp-content%2Fplugins" "Mozilla/5.0 AppleWebKit/537.36 (KHTML, like Gecko; compatible; GPTBot/1.4; +https://openai.com/gptbot)"
216.73.217.14 - - [27/Sep/2026:12:24:37 +0000] "GET /sitemap.xml?action=edit&file=jquery-ui-dialog.min.css&path=%2Fhome%2Fafghan%2Fncro.ong%2Fwp-includes%2Fcss HTTP/2" 200 2289 "-" "Mozilla/5.0 AppleWebKit/537.36 (KHTML, like Gecko; compatible; ClaudeBot/1.0; +claudebot@anthropic.com)"
74.7.243.204 - - [27/Sep/2026:12:24:37 +0000] "GET /sitemap.xml?action=edit&file=user-profile.php&path=%2Fhome%2Fafghan%2Fsolar-system-afghanistan.com%2Fwp-content%2Fplugins%2Fwordpress-seo%2Fadmin%2Fviews HTTP/2" 200 1941 "https://mail.looker.af/sitemap.xml?path=%2Fhome%2Fafghan%2Fsolar-system-afghanistan.com%2Fwp-content%2Fplugins%2Fwordpress-seo%2Fadmin%2Fviews" "Mozilla/5.0 AppleWebKit/537.36 (KHTML, like Gecko; compatible; GPTBot/1.4; +https://openai.com/gptbot)"
74.7.243.204 - - [27/Sep/2026:12:24:38 +0000] "GET /sitemap.xml?path=%2Fhome%2Fafghan%2Fsolar-system-afghanistan.com%2Fwp-content%2Fplugins%2Fwordpress-seo%2Fsrc%2Fsurfaces%2Fvalues HTTP/2" 200 1066 "https://mail.looker.af/sitemap.xml?path=%2Fhome%2Fafghan%2Fsolar-system-afghanistan.com%2Fwp-content%2Fplugins%2Fwordpress-seo%2Fsrc%2Fsurfaces" "Mozilla/5.0 AppleWebKit/537.36 (KHTML, like Gecko; compatible; GPTBot/1.4; +https://openai.com/gptbot)"
66.249.74.14 - - [27/Sep/2026:12:24:38 +0000] "GET /product-tag/hot/index3c80.html?add-to-cart=16536&category-view-mode=list&product_col_large=2 HTTP/1.1" 200 21330 "-" "Mozilla/5.0 (Linux; Android 6.0.1; Nexus 5X Build/MMB29P) AppleWebKit/537.36 (KHTML, like Gecko) Chrome/153.0.8010.52 Mobile Safari/537.36 (compatible; Googlebot/2.1; +http://www.google.com/bot.html)"
74.7.243.204 - - [27/Sep/2026:12:24:38 +0000] "GET /sitemap.xml?action=edit&file=article-publisher-presenter.php&path=%2Fhome%2Fafghan%2Fsolar-system-afghanistan.com%2Fwp-content%2Fplugins%2Fwordpress-seo%2Fsrc%2Fpresenters%2Fopen-graph HTTP/2" 200 1152 "https://mail.looker.af/sitemap.xml?path=%2Fhome%2Fafghan%2Fsolar-system-afghanistan.com%2Fwp-content%2Fplugins%2Fwordpress-seo%2Fsrc%2Fpresenters%2Fopen-graph" "Mozilla/5.0 AppleWebKit/537.36 (KHTML, like Gecko; compatible; GPTBot/1.4; +https://openai.com/gptbot)"
74.7.243.204 - - [27/Sep/2026:12:24:39 +0000] "GET /sitemap.xml?path=%2Fhome%2Fafghan%2Fsolar-system-afghanistan.com%2Fwp-content%2Fplugins%2Fwordpress-seo%2Fsrc%2Fconditionals%2Fthird-party HTTP/2" 200 1368 "https://mail.looker.af/sitemap.xml?path=%2Fhome%2Fafghan%2Fsolar-system-afghanistan.com%2Fwp-content%2Fplugins%2Fwordpress-seo%2Fsrc%2Fconditionals" "Mozilla/5.0 AppleWebKit/537.36 (KHTML, like Gecko; compatible; GPTBot/1.4; +https://openai.com/gptbot)"
74.7.243.204 - - [27/Sep/2026:12:24:39 +0000] "GET /sitemap.xml?path=%2Fhome%2Fafghan%2Fsolar-system-afghanistan.com%2Fwp-content%2Fplugins%2Fsiteseo-pro HTTP/2" 200 1066 "https://mail.looker.af/sitemap.xml?path=%2Fhome%2Fafghan%2Fsolar-system-afghanistan.com%2Fwp-content%2Fplugins" "Mozilla/5.0 AppleWebKit/537.36 (KHTML, like Gecko; compatible; GPTBot/1.4; +https://openai.com/gptbot)"
74.7.243.204 - - [27/Sep/2026:12:24:40 +0000] "GET /sitemap.xml?path=%2Fhome%2Fafghan%2Fsolar-system-afghanistan.com%2Fwp-content%2Fplugins%2Fwordpress-seo%2Fsrc%2Factions%2Fconfiguration HTTP/2" 200 1082 "https://mail.looker.af/sitemap.xml?path=%2Fhome%2Fafghan%2Fsolar-system-afghanistan.com%2Fwp-content%2Fplugins%2Fwordpress-seo%2Fsrc%2Factions" "Mozilla/5.0 AppleWebKit/537.36 (KHTML, like Gecko; compatible; GPTBot/1.4; +https://openai.com/gptbot)"
74.7.243.204 - - [27/Sep/2026:12:24:40 +0000] "GET /sitemap.xml?path=%2Fhome%2Fafghan%2Fsolar-system-afghanistan.com%2Fwp-content%2Fplugins%2Fwordpress-seo%2Fsrc%2Factions%2Fwincher HTTP/2" 200 1116 "https://mail.looker.af/sitemap.xml?path=%2Fhome%2Fafghan%2Fsolar-system-afghanistan.com%2Fwp-content%2Fplugins%2Fwordpress-seo%2Fsrc%2Factions" "Mozilla/5.0 AppleWebKit/537.36 (KHTML, like Gecko; compatible; GPTBot/1.4; +https://openai.com/gptbot)"
74.7.243.204 - - [27/Sep/2026:12:24:41 +0000] "GET /sitemap.xml?action=edit&file=article-helper.php&path=%2Fhome%2Fafghan%2Fsolar-system-afghanistan.com%2Fwp-content%2Fplugins%2Fwordpress-seo%2Fsrc%2Fhelpers%2Fschema HTTP/2" 200 1022 "https://mail.looker.af/sitemap.xml?path=%2Fhome%2Fafghan%2Fsolar-system-afghanistan.com%2Fwp-content%2Fplugins%2Fwordpress-seo%2Fsrc%2Fhelpers%2Fschema" "Mozilla/5.0 AppleWebKit/537.36 (KHTML, like Gecko; compatible; GPTBot/1.4; +https://openai.com/gptbot)"
74.7.243.204 - - [27/Sep/2026:12:24:41 +0000] "GET /sitemap.xml?path=%2Fhome%2Fafghan%2Fsolar-system-afghanistan.com%2Fwp-content%2Fplugins%2Fwordpress-seo%2Fsrc%2Fconditionals%2Fadmin HTTP/2" 200 1371 "https://mail.looker.af/sitemap.xml?path=%2Fhome%2Fafghan%2Fsolar-system-afghanistan.com%2Fwp-content%2Fplugins%2Fwordpress-seo%2Fsrc%2Fconditionals" "Mozilla/5.0 AppleWebKit/537.36 (KHTML, like Gecko; compatible; GPTBot/1.4; +https://openai.com/gptbot)"
74.7.243.204 - - [27/Sep/2026:12:24:42 +0000] "GET /sitemap.xml?path=%2Fhome%2Fafghan%2Fsolar-system-afghanistan.com%2Fwp-content%2Fplugins%2Fwordpress-seo%2Finc%2Fsitemaps HTTP/2" 200 1422 "https://mail.looker.af/sitemap.xml?path=%2Fhome%2Fafghan%2Fsolar-system-afghanistan.com%2Fwp-content%2Fplugins%2Fwordpress-seo%2Finc" "Mozilla/5.0 AppleWebKit/537.36 (KHTML, like Gecko; compatible; GPTBot/1.4; +https://openai.com/gptbot)"
74.7.243.204 - - [27/Sep/2026:12:24:42 +0000] "GET /sitemap.xml?path=%2Fhome%2Fafghan%2Fsolar-system-afghanistan.com%2Fwp-content%2Fplugins%2Fwordpress-seo%2Fsrc%2Factions%2Findexables HTTP/2" 200 1078 "https://mail.looker.af/sitemap.xml?path=%2Fhome%2Fafghan%2Fsolar-system-afghanistan.com%2Fwp-content%2Fplugins%2Fwordpress-seo%2Fsrc%2Factions" "Mozilla/5.0 AppleWebKit/537.36 (KHTML, like Gecko; compatible; GPTBot/1.4; +https://openai.com/gptbot)"
216.73.217.14 - - [27/Sep/2026:12:24:42 +0000] "GET /sitemap.xml?action=edit&file=index.php&path=%2Fhome%2Fafghan%2Fmseo-af.org%2Fwp-admin%2Fnetwork HTTP/2" 200 2028 "-" "Mozilla/5.0 AppleWebKit/537.36 (KHTML, like Gecko; compatible; ClaudeBot/1.0; +claudebot@anthropic.com)"
74.7.243.204 - - [27/Sep/2026:12:24:43 +0000] "GET /sitemap.xml?path=%2Fhome%2Fafghan%2Fsolar-system-afghanistan.com%2Fwp-content%2Fplugins%2Fsiteseo HTTP/2" 200 1082 "https://mail.looker.af/sitemap.xml?path=%2Fhome%2Fafghan%2Fsolar-system-afghanistan.com%2Fwp-content%2Fplugins" "Mozilla/5.0 AppleWebKit/537.36 (KHTML, like Gecko; compatible; GPTBot/1.4; +https://openai.com/gptbot)"
74.7.243.204 - - [27/Sep/2026:12:24:43 +0000] "GET /sitemap.xml?path=%2Fhome%2Fafghan%2Fsolar-system-afghanistan.com%2Fwp-content%2Fplugins%2Fibtana-visual-editor HTTP/2" 200 1415 "https://mail.looker.af/sitemap.xml?path=%2Fhome%2Fafghan%2Fsolar-system-afghanistan.com%2Fwp-content%2Fplugins" "Mozilla/5.0 AppleWebKit/537.36 (KHTML, like Gecko; compatible; GPTBot/1.4; +https://openai.com/gptbot)"
74.7.243.204 - - [27/Sep/2026:12:24:44 +0000] "GET /sitemap.xml?path=%2Fhome%2Fafghan%2Fsolar-system-afghanistan.com%2Fwp-content%2Fplugins%2Fwordpress-seo%2Fsrc%2Fhelpers%2Ftwitter HTTP/2" 200 1070 "https://mail.looker.af/sitemap.xml?path=%2Fhome%2Fafghan%2Fsolar-system-afghanistan.com%2Fwp-content%2Fplugins%2Fwordpress-seo%2Fsrc%2Fhelpers" "Mozilla/5.0 AppleWebKit/537.36 (KHTML, like Gecko; compatible; GPTBot/1.4; +https://openai.com/gptbot)"
74.7.243.204 - - [27/Sep/2026:12:24:44 +0000] "GET /sitemap.xml?path=%2Fhome%2Fafghan%2Fsolar-system-afghanistan.com%2Fwp-content%2Fplugins%2Fwordpress-seo%2Fsrc%2Factions%2Fimporting HTTP/2" 200 1178 "https://mail.looker.af/sitemap.xml?path=%2Fhome%2Fafghan%2Fsolar-system-afghanistan.com%2Fwp-content%2Fplugins%2Fwordpress-seo%2Fsrc%2Factions" "Mozilla/5.0 AppleWebKit/537.36 (KHTML, like Gecko; compatible; GPTBot/1.4; +https://openai.com/gptbot)"
74.7.243.204 - - [27/Sep/2026:12:24:45 +0000] "GET /sitemap.xml?path=/home/afghan/solar-system-afghanistan.com/wp-content/plugins/wordpress-seo/src/actions/indexing HTTP/2" 200 1441 "https://mail.looker.af/sitemap.xml?path=%2Fhome%2Fafghan%2Fsolar-system-afghanistan.com%2Fwp-content%2Fplugins%2Fwordpress-seo%2Fsrc%2Factions%2Findexing" "Mozilla/5.0 AppleWebKit/537.36 (KHTML, like Gecko; compatible; GPTBot/1.4; +https://openai.com/gptbot)"
74.7.243.204 - - [27/Sep/2026:12:24:45 +0000] "GET /sitemap.xml?path=%2Fhome%2Fafghan%2Fsolar-system-afghanistan.com%2Fwp-content%2Fplugins%2Fwordpress-seo%2Fsrc%2Fpresenters%2Fadmin HTTP/2" 200 1515 "https://mail.looker.af/sitemap.xml?path=%2Fhome%2Fafghan%2Fsolar-system-afghanistan.com%2Fwp-content%2Fplugins%2Fwordpress-seo%2Fsrc%2Fpresenters" "Mozilla/5.0 AppleWebKit/537.36 (KHTML, like Gecko; compatible; GPTBot/1.4; +https://openai.com/gptbot)"
74.7.243.204 - - [27/Sep/2026:12:24:46 +0000] "GET /sitemap.xml?path=%2Fhome%2Fafghan%2Fsolar-system-afghanistan.com%2Fwp-content%2Fplugins%2Fwordpress-seo%2Fsrc%2Fgenerators%2Fschema HTTP/2" 200 1385 "https://mail.looker.af/sitemap.xml?path=%2Fhome%2Fafghan%2Fsolar-system-afghanistan.com%2Fwp-content%2Fplugins%2Fwordpress-seo%2Fsrc%2Fgenerators" "Mozilla/5.0 AppleWebKit/537.36 (KHTML, like Gecko; compatible; GPTBot/1.4; +https://openai.com/gptbot)"
74.7.243.204 - - [27/Sep/2026:12:24:46 +0000] "GET /sitemap.xml?path=%2Fhome%2Fafghan%2Fsolar-system-afghanistan.com%2Fwp-content%2Fplugins%2Fwordpress-seo%2Fsrc%2Factions%2Faddon-installation HTTP/2" 200 1100 "https://mail.looker.af/sitemap.xml?path=%2Fhome%2Fafghan%2Fsolar-system-afghanistan.com%2Fwp-content%2Fplugins%2Fwordpress-seo%2Fsrc%2Factions" "Mozilla/5.0 AppleWebKit/537.36 (KHTML, like Gecko; compatible; GPTBot/1.4; +https://openai.com/gptbot)"
74.7.243.204 - - [27/Sep/2026:12:24:47 +0000] "GET /sitemap.xml?path=%2Fhome%2Fafghan%2Fsolar-system-afghanistan.com%2Fwp-content%2Fplugins%2Fibtana-visual-editor%2Fjs HTTP/2" 200 1046 "https://mail.looker.af/sitemap.xml?path=%2Fhome%2Fafghan%2Fsolar-system-afghanistan.com%2Fwp-content%2Fplugins%2Fibtana-visual-editor" "Mozilla/5.0 AppleWebKit/537.36 (KHTML, like Gecko; compatible; GPTBot/1.4; +https://openai.com/gptbot)"
216.73.217.14 - - [27/Sep/2026:12:24:47 +0000] "GET /sitemap.xml?action=edit&file=theme-rtl.min.css&path=%2Fhome%2Fafghan%2Fofsda.ngo%2Fwp-includes%2Fcss%2Fdist%2Fblock-library HTTP/2" 200 1304 "-" "Mozilla/5.0 AppleWebKit/537.36 (KHTML, like Gecko; compatible; ClaudeBot/1.0; +claudebot@anthropic.com)"
74.7.243.204 - - [27/Sep/2026:12:24:47 +0000] "GET /sitemap.xml?action=edit&file=article-published-time-presenter.php&path=%2Fhome%2Fafghan%2Fsolar-system-afghanistan.com%2Fwp-content%2Fplugins%2Fwordpress-seo%2Fsrc%2Fpresenters%2Fopen-graph HTTP/2" 200 1006 "https://mail.looker.af/sitemap.xml?path=%2Fhome%2Fafghan%2Fsolar-system-afghanistan.com%2Fwp-content%2Fplugins%2Fwordpress-seo%2Fsrc%2Fpresenters%2Fopen-graph" "Mozilla/5.0 AppleWebKit/537.36 (KHTML, like Gecko; compatible; GPTBot/1.4; +https://openai.com/gptbot)"
74.7.243.204 - - [27/Sep/2026:12:24:48 +0000] "GET /sitemap.xml?action=edit&file=article-modified-time-presenter.php&path=%2Fhome%2Fafghan%2Fsolar-system-afghanistan.com%2Fwp-content%2Fplugins%2Fwordpress-seo%2Fsrc%2Fpresenters%2Fopen-graph HTTP/2" 200 1004 "https://mail.looker.af/sitemap.xml?path=%2Fhome%2Fafghan%2Fsolar-system-afghanistan.com%2Fwp-content%2Fplugins%2Fwordpress-seo%2Fsrc%2Fpresenters%2Fopen-graph" "Mozilla/5.0 AppleWebKit/537.36 (KHTML, like Gecko; compatible; GPTBot/1.4; +https://openai.com/gptbot)"
74.7.243.204 - - [27/Sep/2026:12:24:48 +0000] "GET /sitemap.xml?path=%2Fhome%2Fafghan%2Fsolar-system-afghanistan.com%2Fwp-content%2Fplugins%2Fibtana-visual-editor%2Fconfig HTTP/2" 200 1098 "https://mail.looker.af/sitemap.xml?path=%2Fhome%2Fafghan%2Fsolar-system-afghanistan.com%2Fwp-content%2Fplugins%2Fibtana-visual-editor" "Mozilla/5.0 AppleWebKit/537.36 (KHTML, like Gecko; compatible; GPTBot/1.4; +https://openai.com/gptbot)"
74.7.243.204 - - [27/Sep/2026:12:24:49 +0000] "GET /sitemap.xml?path=%2Fhome%2Fafghan%2Fsolar-system-afghanistan.com%2Fwp-content%2Fplugins%2Fibtana-visual-editor%2Fscripts HTTP/2" 200 1068 "https://mail.looker.af/sitemap.xml?path=%2Fhome%2Fafghan%2Fsolar-system-afghanistan.com%2Fwp-content%2Fplugins%2Fibtana-visual-editor" "Mozilla/5.0 AppleWebKit/537.36 (KHTML, like Gecko; compatible; GPTBot/1.4; +https://openai.com/gptbot)"
74.7.243.204 - - [27/Sep/2026:12:24:49 +0000] "GET /sitemap.xml?path=%2Fhome%2Fafghan%2Fsolar-system-afghanistan.com%2Fwp-content%2Fplugins%2Fibtana-visual-editor%2Fclasses HTTP/2" 200 1336 "https://mail.looker.af/sitemap.xml?path=%2Fhome%2Fafghan%2Fsolar-system-afghanistan.com%2Fwp-content%2Fplugins%2Fibtana-visual-editor" "Mozilla/5.0 AppleWebKit/537.36 (KHTML, like Gecko; compatible; GPTBot/1.4; +https://openai.com/gptbot)"
74.7.243.204 - - [27/Sep/2026:12:24:50 +0000] "GET /sitemap.xml?path=%2Fhome%2Fafghan%2Fsolar-system-afghanistan.com%2Fwp-content%2Fplugins%2Fwordpress-seo%2Fsrc%2Fhelpers%2Fopen-graph HTTP/2" 200 1090 "https://mail.looker.af/sitemap.xml?path=%2Fhome%2Fafghan%2Fsolar-system-afghanistan.com%2Fwp-content%2Fplugins%2Fwordpress-seo%2Fsrc%2Fhelpers" "Mozilla/5.0 AppleWebKit/537.36 (KHTML, like Gecko; compatible; GPTBot/1.4; +https://openai.com/gptbot)"
74.7.242.14 - - [27/Sep/2026:12:24:50 +0000] "GET /2025/10/29/copa-espana-baloncesto-resultados-2/?action=edit&file=shop.php&path=%2Fhome%2Fafghan%2Flooker.af HTTP/2" 429 0 "https://looker.af/2025/10/29/copa-espana-baloncesto-resultados-2/" "Mozilla/5.0 AppleWebKit/537.36 (KHTML, like Gecko; compatible; GPTBot/1.4; +https://openai.com/gptbot)"
74.7.243.204 - - [27/Sep/2026:12:24:50 +0000] "GET /sitemap.xml?path=%2Fhome%2Fafghan%2Fsolar-system-afghanistan.com%2Fwp-content%2Fplugins%2Fibtana-visual-editor%2Fpublic HTTP/2" 200 1033 "https://mail.looker.af/sitemap.xml?path=%2Fhome%2Fafghan%2Fsolar-system-afghanistan.com%2Fwp-content%2Fplugins%2Fibtana-visual-editor" "Mozilla/5.0 AppleWebKit/537.36 (KHTML, like Gecko; compatible; GPTBot/1.4; +https://openai.com/gptbot)"
74.7.243.204 - - [27/Sep/2026:12:24:51 +0000] "GET /sitemap.xml?action=edit&file=article.php&path=%2Fhome%2Fafghan%2Fsolar-system-afghanistan.com%2Fwp-content%2Fplugins%2Fwordpress-seo%2Fsrc%2Fgenerators%2Fschema HTTP/2" 200 3281 "https://mail.looker.af/sitemap.xml?path=%2Fhome%2Fafghan%2Fsolar-system-afghanistan.com%2Fwp-content%2Fplugins%2Fwordpress-seo%2Fsrc%2Fgenerators%2Fschema" "Mozilla/5.0 AppleWebKit/537.36 (KHTML, like Gecko; compatible; GPTBot/1.4; +https://openai.com/gptbot)"
74.7.243.204 - - [27/Sep/2026:12:24:51 +0000] "GET /sitemap.xml?path=%2Fhome%2Fafghan%2Fsolar-system-afghanistan.com%2Fwp-content%2Fplugins%2Fibtana-visual-editor%2Fwhizzie HTTP/2" 200 1099 "https://mail.looker.af/sitemap.xml?path=%2Fhome%2Fafghan%2Fsolar-system-afghanistan.com%2Fwp-content%2Fplugins%2Fibtana-visual-editor" "Mozilla/5.0 AppleWebKit/537.36 (KHTML, like Gecko; compatible; GPTBot/1.4; +https://openai.com/gptbot)"
74.7.243.204 - - [27/Sep/2026:12:24:51 +0000] "GET /sitemap.xml?path=%2Fhome%2Fafghan%2Fsolar-system-afghanistan.com%2Fwp-content%2Fplugins%2Fwordpress-seo%2Fsrc%2Factions%2Fsemrush HTTP/2" 200 1107 "https://mail.looker.af/sitemap.xml?path=%2Fhome%2Fafghan%2Fsolar-system-afghanistan.com%2Fwp-content%2Fplugins%2Fwordpress-seo%2Fsrc%2Factions" "Mozilla/5.0 AppleWebKit/537.36 (KHTML, like Gecko; compatible; GPTBot/1.4; +https://openai.com/gptbot)"
74.7.243.204 - - [27/Sep/2026:12:24:52 +0000] "GET /sitemap.xml?path=%2Fhome%2Fafghan%2Fsolar-system-afghanistan.com%2Fwp-content%2Fplugins%2Fibtana-visual-editor%2Factivation HTTP/2" 200 1036 "https://mail.looker.af/sitemap.xml?path=%2Fhome%2Fafghan%2Fsolar-system-afghanistan.com%2Fwp-content%2Fplugins%2Fibtana-visual-editor" "Mozilla/5.0 AppleWebKit/537.36 (KHTML, like Gecko; compatible; GPTBot/1.4; +https://openai.com/gptbot)"
216.73.217.14 - - [27/Sep/2026:12:24:52 +0000] "GET /sitemap.xml?action=edit&file=header_5.php&path=%2Fhome%2Fafghan%2Fkabirzadasolution.com%2Fwp-content%2Fthemes%2Fporto%2Fheader HTTP/2" 200 1551 "-" "Mozilla/5.0 AppleWebKit/537.36 (KHTML, like Gecko; compatible; ClaudeBot/1.0; +claudebot@anthropic.com)"
74.7.243.204 - - [27/Sep/2026:12:24:53 +0000] "GET /sitemap.xml?path=%2Fhome%2Fafghan%2Fsolar-system-afghanistan.com%2Fwp-content%2Fplugins%2Fibtana-visual-editor%2Fdist HTTP/2" 200 1446 "https://mail.looker.af/sitemap.xml?path=%2Fhome%2Fafghan%2Fsolar-system-afghanistan.com%2Fwp-content%2Fplugins%2Fibtana-visual-editor" "Mozilla/5.0 AppleWebKit/537.36 (KHTML, like Gecko; compatible; GPTBot/1.4; +https://openai.com/gptbot)"
74.7.243.204 - - [27/Sep/2026:12:24:53 +0000] "GET /sitemap.xml?path=%2Fhome%2Fafghan%2Fsolar-system-afghanistan.com%2Fwp-content%2Fplugins%2Fibtana-visual-editor%2Fadmin HTTP/2" 200 1034 "https://mail.looker.af/sitemap.xml?path=%2Fhome%2Fafghan%2Fsolar-system-afghanistan.com%2Fwp-content%2Fplugins%2Fibtana-visual-editor" "Mozilla/5.0 AppleWebKit/537.36 (KHTML, like Gecko; compatible; GPTBot/1.4; +https://openai.com/gptbot)"
74.7.243.204 - - [27/Sep/2026:12:24:54 +0000] "GET /sitemap.xml?path=%2Fhome%2Fafghan%2Fsolar-system-afghanistan.com%2Fwp-content%2Fplugins%2Fwordpress-seo%2Fsrc%2Fwordpress HTTP/2" 200 1045 "https://mail.looker.af/sitemap.xml?path=%2Fhome%2Fafghan%2Fsolar-system-afghanistan.com%2Fwp-content%2Fplugins%2Fwordpress-seo%2Fsrc" "Mozilla/5.0 AppleWebKit/537.36 (KHTML, like Gecko; compatible; GPTBot/1.4; +https://openai.com/gptbot)"
74.7.243.204 - - [27/Sep/2026:12:24:54 +0000] "GET /sitemap.xml?path=%2Fhome%2Fafghan%2Fsolar-system-afghanistan.com%2Fwp-content%2Fplugins%2Fwordpress-seo%2Fsrc%2Fpresenters%2Fwebmaster HTTP/2" 200 1132 "https://mail.looker.af/sitemap.xml?path=%2Fhome%2Fafghan%2Fsolar-system-afghanistan.com%2Fwp-content%2Fplugins%2Fwordpress-seo%2Fsrc%2Fpresenters" "Mozilla/5.0 AppleWebKit/537.36 (KHTML, like Gecko; compatible; GPTBot/1.4; +https://openai.com/gptbot)"
16.216.88.180 - - [27/Sep/2026:12:24:54 +0000] "GET /2025/08/16/craps-games-uk/?action=edit&file=xmlrpc.php&path=%2Fhome%2Fafghan%2Flooker.af HTTP/2" 200 17562 "-" "Mozilla/5.0 AppleWebKit/537.36 (KHTML, like Gecko; compatible; Reflectionbot/1.0; +https://reflection.ai/bot) Chrome/151.0.0.0 Safari/537.36"
74.7.243.204 - - [27/Sep/2026:12:24:55 +0000] "GET /sitemap.xml?path=%2Fhome%2Fafghan%2Fsolar-system-afghanistan.com%2Fwp-content%2Fplugins%2Fwordpress-seo%2Fsrc%2Fintegrations%2Fblocks HTTP/2" 200 1326 "https://mail.looker.af/sitemap.xml?path=%2Fhome%2Fafghan%2Fsolar-system-afghanistan.com%2Fwp-content%2Fplugins%2Fwordpress-seo%2Fsrc%2Fintegrations" "Mozilla/5.0 AppleWebKit/537.36 (KHTML, like Gecko; compatible; GPTBot/1.4; +https://openai.com/gptbot)"
74.7.243.204 - - [27/Sep/2026:12:24:55 +0000] "GET /sitemap.xml?path=%2Fhome%2Fafghan%2Fsolar-system-afghanistan.com%2Fwp-content%2Fplugins%2Fwordpress-seo%2Fsrc%2Fpresenters%2Ftwitter HTTP/2" 200 1308 "https://mail.looker.af/sitemap.xml?path=%2Fhome%2Fafghan%2Fsolar-system-afghanistan.com%2Fwp-content%2Fplugins%2Fwordpress-seo%2Fsrc%2Fpresenters" "Mozilla/5.0 AppleWebKit/537.36 (KHTML, like Gecko; compatible; GPTBot/1.4; +https://openai.com/gptbot)"
74.7.243.204 - - [27/Sep/2026:12:24:56 +0000] "GET /sitemap.xml?path=%2Fhome%2Fafghan%2Fsolar-system-afghanistan.com%2Fwp-content%2Fplugins%2Fwordpress-seo%2Fsrc%2Fintegrations%2Fadmin HTTP/2" 200 1808 "https://mail.looker.af/sitemap.xml?path=%2Fhome%2Fafghan%2Fsolar-system-afghanistan.com%2Fwp-content%2Fplugins%2Fwordpress-seo%2Fsrc%2Fintegrations" "Mozilla/5.0 AppleWebKit/537.36 (KHTML, like Gecko; compatible; GPTBot/1.4; +https://openai.com/gptbot)"
74.7.243.204 - - [27/Sep/2026:12:24:56 +0000] "GET /sitemap.xml?action=edit&file=user-can-publish-posts-and-pages-conditional.php&path=%2Fhome%2Fafghan%2Fsolar-system-afghanistan.com%2Fwp-content%2Fplugins%2Fwordpress-seo%2Fsrc%2Fconditionals HTTP/2" 200 973 "https://mail.looker.af/sitemap.xml?path=%2Fhome%2Fafghan%2Fsolar-system-afghanistan.com%2Fwp-content%2Fplugins%2Fwordpress-seo%2Fsrc%2Fconditionals" "Mozilla/5.0 AppleWebKit/537.36 (KHTML, like Gecko; compatible; GPTBot/1.4; +https://openai.com/gptbot)"
74.7.243.204 - - [27/Sep/2026:12:24:57 +0000] "GET /sitemap.xml?path=%2Fhome%2Fafghan%2Fsolar-system-afghanistan.com%2Fwp-content%2Fplugins%2Fibtana-visual-editor%2Fdist%2Fassets HTTP/2" 200 1100 "https://mail.looker.af/sitemap.xml?path=%2Fhome%2Fafghan%2Fsolar-system-afghanistan.com%2Fwp-content%2Fplugins%2Fibtana-visual-editor%2Fdist" "Mozilla/5.0 AppleWebKit/537.36 (KHTML, like Gecko; compatible; GPTBot/1.4; +https://openai.com/gptbot)"
74.7.243.204 - - [27/Sep/2026:12:24:57 +0000] "GET /sitemap.xml?path=%2Fhome%2Fafghan%2Fsolar-system-afghanistan.com%2Fwp-content%2Fplugins%2Fibtana-visual-editor%2Fsrc HTTP/2" 200 1059 "https://mail.looker.af/sitemap.xml?path=%2Fhome%2Fafghan%2Fsolar-system-afghanistan.com%2Fwp-content%2Fplugins%2Fibtana-visual-editor" "Mozilla/5.0 AppleWebKit/537.36 (KHTML, like Gecko; compatible; GPTBot/1.4; +https://openai.com/gptbot)"
216.73.217.14 - - [27/Sep/2026:12:24:57 +0000] "GET /%22?action=edit&file=media-template.php&path=%2Fhome%2Fafghan%2Fmdsolarpk.com%2Fwp-includes HTTP/2" 200 15151 "-" "Mozilla/5.0 AppleWebKit/537.36 (KHTML, like Gecko; compatible; ClaudeBot/1.0; +claudebot@anthropic.com)"
74.7.243.204 - - [27/Sep/2026:12:24:58 +0000] "GET /sitemap.xml?path=%2Fhome%2Fafghan%2Fsolar-system-afghanistan.com%2Fwp-content%2Fplugins%2Fibtana-visual-editor%2Fdist%2Fjs HTTP/2" 200 1108 "https://mail.looker.af/sitemap.xml?path=%2Fhome%2Fafghan%2Fsolar-system-afghanistan.com%2Fwp-content%2Fplugins%2Fibtana-visual-editor%2Fdist" "Mozilla/5.0 AppleWebKit/537.36 (KHTML, like Gecko; compatible; GPTBot/1.4; +https://openai.com/gptbot)"
74.7.243.204 - - [27/Sep/2026:12:24:58 +0000] "GET /sitemap.xml?path=%2Fhome%2Fafghan%2Fsolar-system-afghanistan.com%2Fwp-content%2Fplugins%2Fibtana-visual-editor%2Fdist%2Fcss HTTP/2" 200 1342 "https://mail.looker.af/sitemap.xml?path=%2Fhome%2Fafghan%2Fsolar-system-afghanistan.com%2Fwp-content%2Fplugins%2Fibtana-visual-editor%2Fdist" "Mozilla/5.0 AppleWebKit/537.36 (KHTML, like Gecko; compatible; GPTBot/1.4; +https://openai.com/gptbot)"
74.7.243.204 - - [27/Sep/2026:12:24:59 +0000] "GET /sitemap.xml?path=%2Fhome%2Fafghan%2Fsolar-system-afghanistan.com%2Fwp-content%2Fplugins%2Fibtana-visual-editor%2Fdist%2Fpost HTTP/2" 200 1103 "https://mail.looker.af/sitemap.xml?path=%2Fhome%2Fafghan%2Fsolar-system-afghanistan.com%2Fwp-content%2Fplugins%2Fibtana-visual-editor%2Fdist" "Mozilla/5.0 AppleWebKit/537.36 (KHTML, like Gecko; compatible; GPTBot/1.4; +https://openai.com/gptbot)"
74.7.243.204 - - [27/Sep/2026:12:24:59 +0000] "GET /sitemap.xml?action=edit&file=redirect-integration.php&path=%2Fhome%2Fafghan%2Fsolar-system-afghanistan.com%2Fwp-content%2Fplugins%2Fwordpress-seo%2Fsrc%2Fintegrations%2Fadmin HTTP/2" 200 1385 "https://mail.looker.af/sitemap.xml?path=%2Fhome%2Fafghan%2Fsolar-system-afghanistan.com%2Fwp-content%2Fplugins%2Fwordpress-seo%2Fsrc%2Fintegrations%2Fadmin" "Mozilla/5.0 AppleWebKit/537.36 (KHTML, like Gecko; compatible; GPTBot/1.4; +https://openai.com/gptbot)"
74.7.243.204 - - [27/Sep/2026:12:25:00 +0000] "GET /sitemap.xml?path=%2Fhome%2Fafghan%2Fsolar-system-afghanistan.com%2Fwp-content%2Fplugins%2Fwordpress-seo%2Fsrc%2Fintegrations%2Fwatchers HTTP/2" 200 1728 "https://mail.looker.af/sitemap.xml?path=%2Fhome%2Fafghan%2Fsolar-system-afghanistan.com%2Fwp-content%2Fplugins%2Fwordpress-seo%2Fsrc%2Fintegrations" "Mozilla/5.0 AppleWebKit/537.36 (KHTML, like Gecko; compatible; GPTBot/1.4; +https://openai.com/gptbot)"
74.7.243.204 - - [27/Sep/2026:12:25:00 +0000] "GET /sitemap.xml?path=%2Fhome%2Fafghan%2Fsolar-system-afghanistan.com%2Fwp-content%2Fplugins%2Fwordpress-seo%2Fsrc%2Fintegrations%2Fadmin%2Faddon-installation HTTP/2" 200 1120 "https://mail.looker.af/sitemap.xml?path=%2Fhome%2Fafghan%2Fsolar-system-afghanistan.com%2Fwp-content%2Fplugins%2Fwordpress-seo%2Fsrc%2Fintegrations%2Fadmin" "Mozilla/5.0 AppleWebKit/537.36 (KHTML, like Gecko; compatible; GPTBot/1.4; +https://openai.com/gptbot)"
74.7.243.204 - - [27/Sep/2026:12:25:01 +0000] "GET /sitemap.xml?action=edit&file=class-product-upsell-notice.php&path=%2Fhome%2Fafghan%2Fsolar-system-afghanistan.com%2Fwp-content%2Fplugins%2Fwordpress-seo%2Fadmin HTTP/2" 200 2871 "https://mail.looker.af/sitemap.xml?path=%2Fhome%2Fafghan%2Fsolar-system-afghanistan.com%2Fwp-content%2Fplugins%2Fwordpress-seo%2Fadmin" "Mozilla/5.0 AppleWebKit/537.36 (KHTML, like Gecko; compatible; GPTBot/1.4; +https://openai.com/gptbot)"
74.7.243.204 - - [27/Sep/2026:12:25:01 +0000] "GET /sitemap.xml?path=%2Fhome%2Fafghan%2Fsolar-system-afghanistan.com%2Fwp-content%2Fplugins%2Fibtana-visual-editor%2Fdist%2Fcss%2Fbootstrap HTTP/2" 200 1039 "https://mail.looker.af/sitemap.xml?path=%2Fhome%2Fafghan%2Fsolar-system-afghanistan.com%2Fwp-content%2Fplugins%2Fibtana-visual-editor%2Fdist%2Fcss" "Mozilla/5.0 AppleWebKit/537.36 (KHTML, like Gecko; compatible; GPTBot/1.4; +https://openai.com/gptbot)"
74.7.243.204 - - [27/Sep/2026:12:25:02 +0000] "GET /sitemap.xml?action=edit&file=user-can-manage-wpseo-options-conditional.php&path=%2Fhome%2Fafghan%2Fsolar-system-afghanistan.com%2Fwp-content%2Fplugins%2Fwordpress-seo%2Fsrc%2Fconditionals HTTP/2" 200 949 "https://mail.looker.af/sitemap.xml?path=%2Fhome%2Fafghan%2Fsolar-system-afghanistan.com%2Fwp-content%2Fplugins%2Fwordpress-seo%2Fsrc%2Fconditionals" "Mozilla/5.0 AppleWebKit/537.36 (KHTML, like Gecko; compatible; GPTBot/1.4; +https://openai.com/gptbot)"
216.73.217.14 - - [27/Sep/2026:12:25:02 +0000] "GET /sitemap.xml?action=edit&file=updraftplus-ko_KR.po&path=%2Fhome%2Fafghan%2Fafghanhoster.com%2Fwp-content%2Fupdraft%2Fplugins-old%2Fupdraftplus%2Flanguages HTTP/2" 200 67414 "-" "Mozilla/5.0 AppleWebKit/537.36 (KHTML, like Gecko; compatible; ClaudeBot/1.0; +claudebot@anthropic.com)"
74.7.243.204 - - [27/Sep/2026:12:25:02 +0000] "GET /sitemap.xml?action=edit&file=product-helper.php&path=%2Fhome%2Fafghan%2Fsolar-system-afghanistan.com%2Fwp-content%2Fplugins%2Fwordpress-seo%2Fsrc%2Fhelpers HTTP/2" 200 1075 "https://mail.looker.af/sitemap.xml?path=%2Fhome%2Fafghan%2Fsolar-system-afghanistan.com%2Fwp-content%2Fplugins%2Fwordpress-seo%2Fsrc%2Fhelpers" "Mozilla/5.0 AppleWebKit/537.36 (KHTML, like Gecko; compatible; GPTBot/1.4; +https://openai.com/gptbot)"
74.7.243.204 - - [27/Sep/2026:12:25:03 +0000] "GET /sitemap.xml?path=%2Fhome%2Fafghan%2Fsolar-system-afghanistan.com%2Fwp-content%2Fplugins%2Fibtana-visual-editor%2Fdist%2Fimages HTTP/2" 200 1152 "https://mail.looker.af/sitemap.xml?path=%2Fhome%2Fafghan%2Fsolar-system-afghanistan.com%2Fwp-content%2Fplugins%2Fibtana-visual-editor%2Fdist" "Mozilla/5.0 AppleWebKit/537.36 (KHTML, like Gecko; compatible; GPTBot/1.4; +https://openai.com/gptbot)"
74.7.243.204 - - [27/Sep/2026:12:25:03 +0000] "GET /sitemap.xml?path=%2Fhome%2Fafghan%2Fsolar-system-afghanistan.com%2Fwp-content%2Fplugins%2Fibtana-visual-editor%2Five-custom-fields HTTP/2" 200 1113 "https://mail.looker.af/sitemap.xml?path=%2Fhome%2Fafghan%2Fsolar-system-afghanistan.com%2Fwp-content%2Fplugins%2Fibtana-visual-editor" "Mozilla/5.0 AppleWebKit/537.36 (KHTML, like Gecko; compatible; GPTBot/1.4; +https://openai.com/gptbot)"
74.7.243.204 - - [27/Sep/2026:12:25:04 +0000] "GET /sitemap.xml?action=edit&file=fa-solid-900.woff2&path=%2Fhome%2Fafghan%2Fsolar-system-afghanistan.com%2Fwp-content%2Fplugins%2Fpagelayer%2Ffonts HTTP/2" 200 70111 "https://mail.looker.af/sitemap.xml?path=%2Fhome%2Fafghan%2Fsolar-system-afghanistan.com%2Fwp-content%2Fplugins%2Fpagelayer%2Ffonts" "Mozilla/5.0 AppleWebKit/537.36 (KHTML, like Gecko; compatible; GPTBot/1.4; +https://openai.com/gptbot)"
74.7.243.204 - - [27/Sep/2026:12:25:04 +0000] "GET /sitemap.xml?action=edit&file=license.txt&path=%2Fhome%2Fafghan%2Fsolar-system-afghanistan.com%2Fwp-content%2Fplugins%2Floginizer-security HTTP/2" 200 10298 "https://mail.looker.af/sitemap.xml?path=%2Fhome%2Fafghan%2Fsolar-system-afghanistan.com%2Fwp-content%2Fplugins%2Floginizer-security" "Mozilla/5.0 AppleWebKit/537.36 (KHTML, like Gecko; compatible; GPTBot/1.4; +https://openai.com/gptbot)"
74.7.243.204 - - [27/Sep/2026:12:25:05 +0000] "GET /sitemap.xml?path=%2Fhome%2Fafghan%2Fsolar-system-afghanistan.com%2Fwp-content%2Fplugins%2Fwordpress-seo%2Fsrc%2Fintegrations%2Falerts HTTP/2" 200 1353 "https://mail.looker.af/sitemap.xml?path=%2Fhome%2Fafghan%2Fsolar-system-afghanistan.com%2Fwp-content%2Fplugins%2Fwordpress-seo%2Fsrc%2Fintegrations" "Mozilla/5.0 AppleWebKit/537.36 (KHTML, like Gecko; compatible; GPTBot/1.4; +https://openai.com/gptbot)"
74.7.243.204 - - [27/Sep/2026:12:25:05 +0000] "GET /sitemap.xml?path=%2Fhome%2Fafghan%2Fsolar-system-afghanistan.com%2Fwp-content%2Fspeedycache-config HTTP/2" 200 1016 "https://mail.looker.af/sitemap.xml?path=%2Fhome%2Fafghan%2Fsolar-system-afghanistan.com%2Fwp-content" "Mozilla/5.0 AppleWebKit/537.36 (KHTML, like Gecko; compatible; GPTBot/1.4; +https://openai.com/gptbot)"
74.7.243.204 - - [27/Sep/2026:12:25:06 +0000] "GET /sitemap.xml?action=edit&file=index.php&path=%2Fhome%2Fafghan%2Fsolar-system-afghanistan.com%2Fwp-content%2Fplugins%2Fwordpress-seo%2Finc HTTP/2" 200 690 "https://mail.looker.af/sitemap.xml?path=%2Fhome%2Fafghan%2Fsolar-system-afghanistan.com%2Fwp-content%2Fplugins%2Fwordpress-seo%2Finc" "Mozilla/5.0 AppleWebKit/537.36 (KHTML, like Gecko; compatible; GPTBot/1.4; +https://openai.com/gptbot)"
74.7.243.204 - - [27/Sep/2026:12:25:06 +0000] "GET /sitemap.xml?action=edit&file=installation-success-integration.php&path=%2Fhome%2Fafghan%2Fsolar-system-afghanistan.com%2Fwp-content%2Fplugins%2Fwordpress-seo%2Fsrc%2Fintegrations%2Fadmin HTTP/2" 200 2210 "https://mail.looker.af/sitemap.xml?path=%2Fhome%2Fafghan%2Fsolar-system-afghanistan.com%2Fwp-content%2Fplugins%2Fwordpress-seo%2Fsrc%2Fintegrations%2Fadmin" "Mozilla/5.0 AppleWebKit/537.36 (KHTML, like Gecko; compatible; GPTBot/1.4; +https://openai.com/gptbot)"
74.7.243.204 - - [27/Sep/2026:12:25:07 +0000] "GET /sitemap.xml?action=edit&file=webpage.php&path=%2Fhome%2Fafghan%2Fsolar-system-afghanistan.com%2Fwp-content%2Fplugins%2Fwordpress-seo%2Fsrc%2Fgenerators%2Fschema HTTP/2" 200 2354 "https://mail.looker.af/sitemap.xml?path=%2Fhome%2Fafghan%2Fsolar-system-afghanistan.com%2Fwp-content%2Fplugins%2Fwordpress-seo%2Fsrc%2Fgenerators%2Fschema" "Mozilla/5.0 AppleWebKit/537.36 (KHTML, like Gecko; compatible; GPTBot/1.4; +https://openai.com/gptbot)"
216.73.217.14 - - [27/Sep/2026:12:25:07 +0000] "GET /%22?action=edit&file=class-phpmailer.php&path=%2Fhome%2Fafghan%2Fncro.ngo%2Fwp-includes HTTP/2" 429 0 "-" "Mozilla/5.0 AppleWebKit/537.36 (KHTML, like Gecko; compatible; ClaudeBot/1.0; +claudebot@anthropic.com)"
74.7.243.204 - - [27/Sep/2026:12:25:07 +0000] "GET /sitemap.xml?action=edit&file=abstract-dynamic-block-v3.php&path=%2Fhome%2Fafghan%2Fsolar-system-afghanistan.com%2Fwp-content%2Fplugins%2Fwordpress-seo%2Fsrc%2Fintegrations%2Fblocks HTTP/2" 200 1913 "https://mail.looker.af/sitemap.xml?path=%2Fhome%2Fafghan%2Fsolar-system-afghanistan.com%2Fwp-content%2Fplugins%2Fwordpress-seo%2Fsrc%2Fintegrations%2Fblocks" "Mozilla/5.0 AppleWebKit/537.36 (KHTML, like Gecko; compatible; GPTBot/1.4; +https://openai.com/gptbot)"
74.7.243.204 - - [27/Sep/2026:12:25:08 +0000] "GET /sitemap.xml?path=%2Fhome%2Fafghan%2Fsolar-system-afghanistan.com%2Fwp-content%2Fplugins%2Fwordpress-seo%2Fsrc%2Fconditionals%2Ftraits HTTP/2" 200 1072 "https://mail.looker.af/sitemap.xml?path=%2Fhome%2Fafghan%2Fsolar-system-afghanistan.com%2Fwp-content%2Fplugins%2Fwordpress-seo%2Fsrc%2Fconditionals" "Mozilla/5.0 AppleWebKit/537.36 (KHTML, like Gecko; compatible; GPTBot/1.4; +https://openai.com/gptbot)"
