74.7.243.204 - - [27/Sep/2026:12:14:14 +0000] "GET /sitemap.xml?action=edit&file=content-404.php&path=%2Fhome%2Fafghan%2Fkabirzadasolution.com%2Fwp-content%2Fthemes%2Fastra%2Ftemplate-parts HTTP/2" 200 877 "https://mail.looker.af/sitemap.xml?path=%2Fhome%2Fafghan%2Fkabirzadasolution.com%2Fwp-content%2Fthemes%2Fastra%2Ftemplate-parts" "Mozilla/5.0 AppleWebKit/537.36 (KHTML, like Gecko; compatible; GPTBot/1.4; +https://openai.com/gptbot)"
74.7.243.204 - - [27/Sep/2026:12:14:14 +0000] "GET /sitemap.xml?action=edit&file=tabs.min.js&path=%2Fhome%2Fafghan%2Fkabirzadasolution.com%2Fwp-content%2Fthemes%2Fxstore%2Fjs%2Fmodules HTTP/2" 200 2148 "https://mail.looker.af/sitemap.xml?path=%2Fhome%2Fafghan%2Fkabirzadasolution.com%2Fwp-content%2Fthemes%2Fxstore%2Fjs%2Fmodules" "Mozilla/5.0 AppleWebKit/537.36 (KHTML, like Gecko; compatible; GPTBot/1.4; +https://openai.com/gptbot)"
216.73.217.14 - - [27/Sep/2026:12:14:15 +0000] "GET /sitemap.xml?action=edit&file=assistant-product-purchased.webp&path=%2Fhome%2Fafghan%2Fnrrsso.org%2Fwp-content%2Fplugins%2Fjetpack%2Fimages%2Frecommendations HTTP/2" 200 25334 "-" "Mozilla/5.0 AppleWebKit/537.36 (KHTML, like Gecko; compatible; ClaudeBot/1.0; +claudebot@anthropic.com)"
74.7.243.204 - - [27/Sep/2026:12:14:15 +0000] "GET /sitemap.xml?action=edit&file=index.html&path=%2Fhome%2Fafghan%2Fkabirzadasolution.com%2Fwp-content%2Fuploads%2Fwc-logs HTTP/2" 200 660 "https://mail.looker.af/sitemap.xml?path=%2Fhome%2Fafghan%2Fkabirzadasolution.com%2Fwp-content%2Fuploads%2Fwc-logs" "Mozilla/5.0 AppleWebKit/537.36 (KHTML, like Gecko; compatible; GPTBot/1.4; +https://openai.com/gptbot)"
74.7.243.204 - - [27/Sep/2026:12:14:15 +0000] "GET /sitemap.xml?action=edit&file=license.txt&path=%2Fhome%2Fafghan%2Flylafg.com%2Ftest%2Fwp-content%2Fupdraft%2Fplugins-old%2Floginizer HTTP/2" 200 10298 "https://mail.looker.af/sitemap.xml?path=%2Fhome%2Fafghan%2Flylafg.com%2Ftest%2Fwp-content%2Fupdraft%2Fplugins-old%2Floginizer" "Mozilla/5.0 AppleWebKit/537.36 (KHTML, like Gecko; compatible; GPTBot/1.4; +https://openai.com/gptbot)"
74.7.243.204 - - [27/Sep/2026:12:14:16 +0000] "GET /sitemap.xml?path=%2Fhome%2Fafghan%2Fwww%2Fwp-includes%2Fcss%2Fdist%2Fcustomize-widgets HTTP/2" 200 1052 "https://mail.looker.af/sitemap.xml?path=%2Fhome%2Fafghan%2Fwww%2Fwp-includes%2Fcss%2Fdist" "Mozilla/5.0 AppleWebKit/537.36 (KHTML, like Gecko; compatible; GPTBot/1.4; +https://openai.com/gptbot)"
74.7.243.204 - - [27/Sep/2026:12:14:16 +0000] "GET /sitemap.xml?path=%2Fhome%2Fafghan%2Fwww%2Fwp-includes%2Fcss%2Fdist%2Fedit-post HTTP/2" 200 1101 "https://mail.looker.af/sitemap.xml?path=%2Fhome%2Fafghan%2Fwww%2Fwp-includes%2Fcss%2Fdist" "Mozilla/5.0 AppleWebKit/537.36 (KHTML, like Gecko; compatible; GPTBot/1.4; +https://openai.com/gptbot)"
74.7.243.204 - - [27/Sep/2026:12:14:17 +0000] "GET /sitemap.xml?path=%2Fhome%2Fafghan%2Fwww%2Fwp-includes%2Fcss%2Fdist%2Fformat-library HTTP/2" 200 1046 "https://mail.looker.af/sitemap.xml?path=%2Fhome%2Fafghan%2Fwww%2Fwp-includes%2Fcss%2Fdist" "Mozilla/5.0 AppleWebKit/537.36 (KHTML, like Gecko; compatible; GPTBot/1.4; +https://openai.com/gptbot)"
74.7.243.204 - - [27/Sep/2026:12:14:17 +0000] "GET /sitemap.xml?path=%2Fhome%2Fafghan%2Fwww%2Fwp-includes%2Fcss%2Fdist%2Fblock-library HTTP/2" 200 1518 "https://mail.looker.af/sitemap.xml?path=%2Fhome%2Fafghan%2Fwww%2Fwp-includes%2Fcss%2Fdist" "Mozilla/5.0 AppleWebKit/537.36 (KHTML, like Gecko; compatible; GPTBot/1.4; +https://openai.com/gptbot)"
74.7.243.204 - - [27/Sep/2026:12:14:18 +0000] "GET /sitemap.xml?path=%2Fhome%2Fafghan%2Fwww%2Fwp-includes%2Fcss%2Fdist%2Fedit-site HTTP/2" 200 1102 "https://mail.looker.af/sitemap.xml?path=%2Fhome%2Fafghan%2Fwww%2Fwp-includes%2Fcss%2Fdist" "Mozilla/5.0 AppleWebKit/537.36 (KHTML, like Gecko; compatible; GPTBot/1.4; +https://openai.com/gptbot)"
74.7.243.204 - - [27/Sep/2026:12:14:18 +0000] "GET /sitemap.xml?action=edit&file=effect-blind.js&path=%2Fhome%2Fafghan%2Fkmdso.org%2Fwp-includes%2Fjs%2Fjquery%2Fui HTTP/2" 200 1386 "https://mail.looker.af/sitemap.xml?path=%2Fhome%2Fafghan%2Fkmdso.org%2Fwp-includes%2Fjs%2Fjquery%2Fui" "Mozilla/5.0 AppleWebKit/537.36 (KHTML, like Gecko; compatible; GPTBot/1.4; +https://openai.com/gptbot)"
74.7.243.204 - - [27/Sep/2026:12:14:19 +0000] "GET /sitemap.xml?path=%2Fhome%2Fafghan%2Fwww%2Fwp-includes%2Fcss%2Fdist%2Freusable-blocks HTTP/2" 200 1042 "https://mail.looker.af/sitemap.xml?path=%2Fhome%2Fafghan%2Fwww%2Fwp-includes%2Fcss%2Fdist" "Mozilla/5.0 AppleWebKit/537.36 (KHTML, like Gecko; compatible; GPTBot/1.4; +https://openai.com/gptbot)"
74.7.243.204 - - [27/Sep/2026:12:14:19 +0000] "GET /sitemap.xml?action=edit&file=support.png&path=%2Fhome%2Fafghan%2Fnrrsso.org%2Fwp-content%2Fplugins%2Fupdraftplus%2Fimages%2Fnotices HTTP/2" 200 4180 "https://mail.looker.af/sitemap.xml?path=%2Fhome%2Fafghan%2Fnrrsso.org%2Fwp-content%2Fplugins%2Fupdraftplus%2Fimages%2Fnotices" "Mozilla/5.0 AppleWebKit/537.36 (KHTML, like Gecko; compatible; GPTBot/1.4; +https://openai.com/gptbot)"
216.73.217.14 - - [27/Sep/2026:12:14:20 +0000] "GET /sitemap.xml?action=edit&file=sftp.png&path=%2Fhome%2Fafghan%2Fncro.ngo%2Fwp-content%2Fplugins%2Fupdraftplus%2Fimages%2Fonboarding HTTP/2" 200 1175 "-" "Mozilla/5.0 AppleWebKit/537.36 (KHTML, like Gecko; compatible; ClaudeBot/1.0; +claudebot@anthropic.com)"
74.7.243.204 - - [27/Sep/2026:12:14:20 +0000] "GET /sitemap.xml?path=%2Fhome%2Fafghan%2Fwww%2Fwp-includes%2Fcss%2Fdist%2Fadmin-ui HTTP/2" 200 1042 "https://mail.looker.af/sitemap.xml?path=%2Fhome%2Fafghan%2Fwww%2Fwp-includes%2Fcss%2Fdist" "Mozilla/5.0 AppleWebKit/537.36 (KHTML, like Gecko; compatible; GPTBot/1.4; +https://openai.com/gptbot)"
74.7.242.14 - - [27/Sep/2026:12:14:20 +0000] "GET /wp-json/wp/v2/posts/1834 HTTP/2" 404 1251 "https://looker.af/2026/05/08/formacion-apuestas-deportivas-quien-gana/?action=edit&file=index5757.html&path=%2Fhome%2Fafghan%2Flooker.af" "Mozilla/5.0 AppleWebKit/537.36 (KHTML, like Gecko; compatible; GPTBot/1.4; +https://openai.com/gptbot)"
74.7.243.204 - - [27/Sep/2026:12:14:20 +0000] "GET /sitemap.xml?action=edit&file=editor-elements.min.css&path=%2Fhome%2Fafghan%2Fwww%2Fwp-includes%2Fcss%2Fdist%2Fblock-library HTTP/2" 200 703 "https://mail.looker.af/sitemap.xml?path=%2Fhome%2Fafghan%2Fwww%2Fwp-includes%2Fcss%2Fdist%2Fblock-library" "Mozilla/5.0 AppleWebKit/537.36 (KHTML, like Gecko; compatible; GPTBot/1.4; +https://openai.com/gptbot)"
74.7.243.204 - - [27/Sep/2026:12:14:21 +0000] "GET /sitemap.xml?action=edit&file=effect-highlight.js&path=%2Fhome%2Fafghan%2Fodsad.org%2Fwp-includes%2Fjs%2Fjquery%2Fui HTTP/2" 200 1255 "https://mail.looker.af/sitemap.xml?path=%2Fhome%2Fafghan%2Fodsad.org%2Fwp-includes%2Fjs%2Fjquery%2Fui" "Mozilla/5.0 AppleWebKit/537.36 (KHTML, like Gecko; compatible; GPTBot/1.4; +https://openai.com/gptbot)"
74.7.243.204 - - [27/Sep/2026:12:14:21 +0000] "GET /sitemap.xml?action=edit&file=common.min.css&path=%2Fhome%2Fafghan%2Fwww%2Fwp-includes%2Fcss%2Fdist%2Fblock-library HTTP/2" 200 1864 "https://mail.looker.af/sitemap.xml?path=%2Fhome%2Fafghan%2Fwww%2Fwp-includes%2Fcss%2Fdist%2Fblock-library" "Mozilla/5.0 AppleWebKit/537.36 (KHTML, like Gecko; compatible; GPTBot/1.4; +https://openai.com/gptbot)"
185.191.171.19 - - [27/Sep/2026:12:14:21 +0000] "GET /category/uncategorized/page/59/ HTTP/1.1" 200 37519 "-" "Mozilla/5.0 (compatible; SemrushBot/7~bl; +http://www.semrush.com/bot.html)"
74.7.243.204 - - [27/Sep/2026:12:14:22 +0000] "GET /sitemap.xml?path=%2Fhome%2Fafghan%2Fwww%2Fwp-includes%2Fcss%2Fdist%2Fwidgets HTTP/2" 200 1041 "https://mail.looker.af/sitemap.xml?path=%2Fhome%2Fafghan%2Fwww%2Fwp-includes%2Fcss%2Fdist" "Mozilla/5.0 AppleWebKit/537.36 (KHTML, like Gecko; compatible; GPTBot/1.4; +https://openai.com/gptbot)"
74.7.243.204 - - [27/Sep/2026:12:14:22 +0000] "GET /sitemap.xml?path=%2Fhome%2Fafghan%2Fwww%2Fwp-includes%2Fcss%2Fdist%2Fnux HTTP/2" 200 1038 "https://mail.looker.af/sitemap.xml?path=%2Fhome%2Fafghan%2Fwww%2Fwp-includes%2Fcss%2Fdist" "Mozilla/5.0 AppleWebKit/537.36 (KHTML, like Gecko; compatible; GPTBot/1.4; +https://openai.com/gptbot)"
74.7.243.204 - - [27/Sep/2026:12:14:23 +0000] "GET /sitemap.xml?path=%2Fhome%2Fafghan%2Fwww%2Fwp-includes%2Fcss%2Fdist%2Fblock-directory HTTP/2" 200 1042 "https://mail.looker.af/sitemap.xml?path=%2Fhome%2Fafghan%2Fwww%2Fwp-includes%2Fcss%2Fdist" "Mozilla/5.0 AppleWebKit/537.36 (KHTML, like Gecko; compatible; GPTBot/1.4; +https://openai.com/gptbot)"
74.7.243.204 - - [27/Sep/2026:12:14:23 +0000] "GET /sitemap.xml?path=%2Fhome%2Fafghan%2Fwww%2Fwp-includes%2Fcss%2Fdist%2Fbase-styles HTTP/2" 200 1050 "https://mail.looker.af/sitemap.xml?path=%2Fhome%2Fafghan%2Fwww%2Fwp-includes%2Fcss%2Fdist" "Mozilla/5.0 AppleWebKit/537.36 (KHTML, like Gecko; compatible; GPTBot/1.4; +https://openai.com/gptbot)"
74.7.243.204 - - [27/Sep/2026:12:14:24 +0000] "GET /sitemap.xml?path=%2Fhome%2Fafghan%2Fwww%2Fwp-includes%2Fcss%2Fdist%2Flist-reusable-blocks HTTP/2" 200 1052 "https://mail.looker.af/sitemap.xml?path=%2Fhome%2Fafghan%2Fwww%2Fwp-includes%2Fcss%2Fdist" "Mozilla/5.0 AppleWebKit/537.36 (KHTML, like Gecko; compatible; GPTBot/1.4; +https://openai.com/gptbot)"
74.7.243.204 - - [27/Sep/2026:12:14:24 +0000] "GET /sitemap.xml?path=%2Fhome%2Fafghan%2Fwww%2Fwp-includes%2Fcss%2Fdist%2Fpatterns HTTP/2" 200 1040 "https://mail.looker.af/sitemap.xml?path=%2Fhome%2Fafghan%2Fwww%2Fwp-includes%2Fcss%2Fdist" "Mozilla/5.0 AppleWebKit/537.36 (KHTML, like Gecko; compatible; GPTBot/1.4; +https://openai.com/gptbot)"
216.73.217.14 - - [27/Sep/2026:12:14:25 +0000] "GET /%22?action=edit&file=twemoji.js&path=%2Fhome%2Fafghan%2Fwww%2Fwp-includes%2Fjs HTTP/2" 429 0 "-" "Mozilla/5.0 AppleWebKit/537.36 (KHTML, like Gecko; compatible; ClaudeBot/1.0; +claudebot@anthropic.com)"
74.7.243.204 - - [27/Sep/2026:12:14:25 +0000] "GET /sitemap.xml?path=%2Fhome%2Fafghan%2Fwww%2Fwp-includes%2Fcss%2Fdist%2Fblock-editor HTTP/2" 200 1312 "https://mail.looker.af/sitemap.xml?path=%2Fhome%2Fafghan%2Fwww%2Fwp-includes%2Fcss%2Fdist" "Mozilla/5.0 AppleWebKit/537.36 (KHTML, like Gecko; compatible; GPTBot/1.4; +https://openai.com/gptbot)"
74.7.243.204 - - [27/Sep/2026:12:14:25 +0000] "GET /sitemap.xml?path=%2Fhome%2Fafghan%2Fwww%2Fwp-includes%2Fcss%2Fdist%2Fedit-widgets HTTP/2" 200 1048 "https://mail.looker.af/sitemap.xml?path=%2Fhome%2Fafghan%2Fwww%2Fwp-includes%2Fcss%2Fdist" "Mozilla/5.0 AppleWebKit/537.36 (KHTML, like Gecko; compatible; GPTBot/1.4; +https://openai.com/gptbot)"
74.7.243.204 - - [27/Sep/2026:12:14:26 +0000] "GET /sitemap.xml?action=edit&file=effect-pulsate.js&path=%2Fhome%2Fafghan%2Fnrrsso.org%2Fwp-includes%2Fjs%2Fjquery%2Fui HTTP/2" 200 1401 "https://mail.looker.af/sitemap.xml?path=%2Fhome%2Fafghan%2Fnrrsso.org%2Fwp-includes%2Fjs%2Fjquery%2Fui" "Mozilla/5.0 AppleWebKit/537.36 (KHTML, like Gecko; compatible; GPTBot/1.4; +https://openai.com/gptbot)"
74.7.243.204 - - [27/Sep/2026:12:14:26 +0000] "GET /sitemap.xml?action=edit&file=controlgroup.min.js&path=%2Fhome%2Fafghan%2Fodsad.org%2Fwp-includes%2Fjs%2Fjquery%2Fui HTTP/2" 200 2556 "https://mail.looker.af/sitemap.xml?path=%2Fhome%2Fafghan%2Fodsad.org%2Fwp-includes%2Fjs%2Fjquery%2Fui" "Mozilla/5.0 AppleWebKit/537.36 (KHTML, like Gecko; compatible; GPTBot/1.4; +https://openai.com/gptbot)"
74.7.243.204 - - [27/Sep/2026:12:14:27 +0000] "GET /sitemap.xml?action=edit&file=autocomplete.min.js&path=%2Fhome%2Fafghan%2Fodsad.org%2Fwp-includes%2Fjs%2Fjquery%2Fui HTTP/2" 200 3867 "https://mail.looker.af/sitemap.xml?path=%2Fhome%2Fafghan%2Fodsad.org%2Fwp-includes%2Fjs%2Fjquery%2Fui" "Mozilla/5.0 AppleWebKit/537.36 (KHTML, like Gecko; compatible; GPTBot/1.4; +https://openai.com/gptbot)"
74.7.243.204 - - [27/Sep/2026:12:14:27 +0000] "GET /sitemap.xml?action=edit&file=autocomplete.min.js&path=%2Fhome%2Fafghan%2Fkmdso.org%2Fwp-includes%2Fjs%2Fjquery%2Fui HTTP/2" 200 3867 "https://mail.looker.af/sitemap.xml?path=%2Fhome%2Fafghan%2Fkmdso.org%2Fwp-includes%2Fjs%2Fjquery%2Fui" "Mozilla/5.0 AppleWebKit/537.36 (KHTML, like Gecko; compatible; GPTBot/1.4; +https://openai.com/gptbot)"
74.7.243.204 - - [27/Sep/2026:12:14:28 +0000] "GET /sitemap.xml?path=%2Fhome%2Fafghan%2Fwww%2Fwp-includes%2Fcss%2Fdist%2Fcommands HTTP/2" 200 1038 "https://mail.looker.af/sitemap.xml?path=%2Fhome%2Fafghan%2Fwww%2Fwp-includes%2Fcss%2Fdist" "Mozilla/5.0 AppleWebKit/537.36 (KHTML, like Gecko; compatible; GPTBot/1.4; +https://openai.com/gptbot)"
74.7.242.14 - - [27/Sep/2026:12:14:29 +0000] "GET /wp-json/oembed/1.0/embed?format=xml&url=https%3A%2F%2Flooker.af%2F2026%2F05%2F08%2Fformacion-apuestas-deportivas-quien-gana%2F HTTP/2" 200 3284 "https://looker.af/2026/05/08/formacion-apuestas-deportivas-quien-gana/?action=edit&file=index5757.html&path=%2Fhome%2Fafghan%2Flooker.af" "Mozilla/5.0 AppleWebKit/537.36 (KHTML, like Gecko; compatible; GPTBot/1.4; +https://openai.com/gptbot)"
132.196.86.97 - - [27/Sep/2026:12:14:29 +0000] "GET /sitemap.xml?action=edit&file=selectable.min.js&path=%2Fhome%2Fafghan%2Fnrrsso.org%2Fwp-includes%2Fjs%2Fjquery%2Fui HTTP/2" 200 2307 "https://mail.looker.af/sitemap.xml?path=%2Fhome%2Fafghan%2Fnrrsso.org%2Fwp-includes%2Fjs%2Fjquery%2Fui" "Mozilla/5.0 AppleWebKit/537.36 (KHTML, like Gecko; compatible; GPTBot/1.4; +https://openai.com/gptbot)"
74.7.243.204 - - [27/Sep/2026:12:14:29 +0000] "GET /sitemap.xml?path=%2Fhome%2Fafghan%2Fwww%2Fwp-includes%2Fcss%2Fdist%2Fpreferences HTTP/2" 200 1046 "https://mail.looker.af/sitemap.xml?path=%2Fhome%2Fafghan%2Fwww%2Fwp-includes%2Fcss%2Fdist" "Mozilla/5.0 AppleWebKit/537.36 (KHTML, like Gecko; compatible; GPTBot/1.4; +https://openai.com/gptbot)"
216.73.217.14 - - [27/Sep/2026:12:14:30 +0000] "GET /sitemap.xml?action=edit&file=dovecot.list.index.log&path=%2Fhome%2Fafghan%2Fmail%2Fjack.ngo%2Ffarhad HTTP/2" 200 1670 "-" "Mozilla/5.0 AppleWebKit/537.36 (KHTML, like Gecko; compatible; ClaudeBot/1.0; +claudebot@anthropic.com)"
74.7.243.204 - - [27/Sep/2026:12:14:30 +0000] "GET /sitemap.xml?path=%2Fhome%2Fafghan%2Fwww%2Fwp-includes%2Fcss%2Fdist%2Feditor HTTP/2" 200 1045 "https://mail.looker.af/sitemap.xml?path=%2Fhome%2Fafghan%2Fwww%2Fwp-includes%2Fcss%2Fdist" "Mozilla/5.0 AppleWebKit/537.36 (KHTML, like Gecko; compatible; GPTBot/1.4; +https://openai.com/gptbot)"
88.253.45.126 - - [27/Sep/2026:12:14:30 +0000] "GET /product-category/makeup/index360e.html?orderby=date&category-view-mode=grid&product_col_large=3 HTTP/1.1" 200 22009 "https://www.looker.af/product-category/makeup/index8210.html?orderby=date&category-view-mode=list&product_col_large=3" "Mozilla/5.0 (Linux; Android 13; V2181) AppleWebKit/537.36 (KHTML, like Gecko) Chrome/140.0.5030.104 Mobile Safari/537.36"
74.7.243.204 - - [27/Sep/2026:12:14:30 +0000] "GET /sitemap.xml?path=%2Fhome%2Fafghan%2Fwww%2Fwp-includes%2Fcss%2Fdist%2Fcomponents HTTP/2" 200 1051 "https://mail.looker.af/sitemap.xml?path=%2Fhome%2Fafghan%2Fwww%2Fwp-includes%2Fcss%2Fdist" "Mozilla/5.0 AppleWebKit/537.36 (KHTML, like Gecko; compatible; GPTBot/1.4; +https://openai.com/gptbot)"
74.7.243.204 - - [27/Sep/2026:12:14:31 +0000] "GET /sitemap.xml?action=edit&file=effect-transfer.js&path=%2Fhome%2Fafghan%2Fpcwrff.org%2Fwp-includes%2Fjs%2Fjquery%2Fui HTTP/2" 200 1108 "https://mail.looker.af/sitemap.xml?path=%2Fhome%2Fafghan%2Fpcwrff.org%2Fwp-includes%2Fjs%2Fjquery%2Fui" "Mozilla/5.0 AppleWebKit/537.36 (KHTML, like Gecko; compatible; GPTBot/1.4; +https://openai.com/gptbot)"
74.7.243.204 - - [27/Sep/2026:12:14:31 +0000] "GET /sitemap.xml?action=edit&file=effect-transfer.js&path=%2Fhome%2Fafghan%2Fnrrsso.org%2Fwp-includes%2Fjs%2Fjquery%2Fui HTTP/2" 200 1108 "https://mail.looker.af/sitemap.xml?path=%2Fhome%2Fafghan%2Fnrrsso.org%2Fwp-includes%2Fjs%2Fjquery%2Fui" "Mozilla/5.0 AppleWebKit/537.36 (KHTML, like Gecko; compatible; GPTBot/1.4; +https://openai.com/gptbot)"
74.7.243.204 - - [27/Sep/2026:12:14:32 +0000] "GET /sitemap.xml?action=edit&file=effect-transfer.js&path=%2Fhome%2Fafghan%2Fodsad.org%2Fwp-includes%2Fjs%2Fjquery%2Fui HTTP/2" 200 1108 "https://mail.looker.af/sitemap.xml?path=%2Fhome%2Fafghan%2Fodsad.org%2Fwp-includes%2Fjs%2Fjquery%2Fui" "Mozilla/5.0 AppleWebKit/537.36 (KHTML, like Gecko; compatible; GPTBot/1.4; +https://openai.com/gptbot)"
74.7.243.204 - - [27/Sep/2026:12:14:32 +0000] "GET /sitemap.xml?action=edit&file=progressbar.min.js&path=%2Fhome%2Fafghan%2Fnrrsso.org%2Fwp-includes%2Fjs%2Fjquery%2Fui HTTP/2" 200 1788 "https://mail.looker.af/sitemap.xml?path=%2Fhome%2Fafghan%2Fnrrsso.org%2Fwp-includes%2Fjs%2Fjquery%2Fui" "Mozilla/5.0 AppleWebKit/537.36 (KHTML, like Gecko; compatible; GPTBot/1.4; +https://openai.com/gptbot)"
74.7.243.204 - - [27/Sep/2026:12:14:33 +0000] "GET /sitemap.xml?action=edit&file=autocomplete.min.js&path=%2Fhome%2Fafghan%2Fkrsso.org%2Fwp-includes%2Fjs%2Fjquery%2Fui HTTP/2" 200 3969 "https://mail.looker.af/sitemap.xml?path=%2Fhome%2Fafghan%2Fkrsso.org%2Fwp-includes%2Fjs%2Fjquery%2Fui" "Mozilla/5.0 AppleWebKit/537.36 (KHTML, like Gecko; compatible; GPTBot/1.4; +https://openai.com/gptbot)"
74.7.243.204 - - [27/Sep/2026:12:14:33 +0000] "GET /sitemap.xml?action=edit&file=Webmoney.svg&path=%2Fhome%2Fafghan%2Fkabirzadasolution.com%2Fwp-content%2Fthemes%2Fbetheme%2Fimages%2Fpayment-methods HTTP/2" 200 2606 "https://mail.looker.af/sitemap.xml?path=%2Fhome%2Fafghan%2Fkabirzadasolution.com%2Fwp-content%2Fthemes%2Fbetheme%2Fimages%2Fpayment-methods" "Mozilla/5.0 AppleWebKit/537.36 (KHTML, like Gecko; compatible; GPTBot/1.4; +https://openai.com/gptbot)"
74.7.243.204 - - [27/Sep/2026:12:14:34 +0000] "GET /sitemap.xml?action=edit&file=effect-explode.js&path=%2Fhome%2Fafghan%2Fpcwrff.org%2Fwp-includes%2Fjs%2Fjquery%2Fui HTTP/2" 200 2077 "https://mail.looker.af/sitemap.xml?path=%2Fhome%2Fafghan%2Fpcwrff.org%2Fwp-includes%2Fjs%2Fjquery%2Fui" "Mozilla/5.0 AppleWebKit/537.36 (KHTML, like Gecko; compatible; GPTBot/1.4; +https://openai.com/gptbot)"
74.7.243.204 - - [27/Sep/2026:12:14:34 +0000] "GET /sitemap.xml?action=edit&file=effect-transfer.js&path=%2Fhome%2Fafghan%2Fkrsso.org%2Fwp-includes%2Fjs%2Fjquery%2Fui HTTP/2" 200 1108 "https://mail.looker.af/sitemap.xml?path=%2Fhome%2Fafghan%2Fkrsso.org%2Fwp-includes%2Fjs%2Fjquery%2Fui" "Mozilla/5.0 AppleWebKit/537.36 (KHTML, like Gecko; compatible; GPTBot/1.4; +https://openai.com/gptbot)"
216.73.217.14 - - [27/Sep/2026:12:14:35 +0000] "GET /sitemap.xml?action=edit&file=about-header-privacy-rtl.svg&path=%2Fhome%2Fafghan%2Flylafg.com%2Fwp-admin%2Fimages HTTP/2" 200 1071 "-" "Mozilla/5.0 AppleWebKit/537.36 (KHTML, like Gecko; compatible; ClaudeBot/1.0; +claudebot@anthropic.com)"
74.7.243.204 - - [27/Sep/2026:12:14:35 +0000] "GET /sitemap.xml?action=edit&file=selectmenu.min.js&path=%2Fhome%2Fafghan%2Fpcwrff.org%2Fwp-includes%2Fjs%2Fjquery%2Fui HTTP/2" 200 4106 "https://mail.looker.af/sitemap.xml?path=%2Fhome%2Fafghan%2Fpcwrff.org%2Fwp-includes%2Fjs%2Fjquery%2Fui" "Mozilla/5.0 AppleWebKit/537.36 (KHTML, like Gecko; compatible; GPTBot/1.4; +https://openai.com/gptbot)"
74.7.243.204 - - [27/Sep/2026:12:14:35 +0000] "GET /sitemap.xml?action=edit&file=effect-explode.js&path=%2Fhome%2Fafghan%2Fnrrsso.org%2Fwp-includes%2Fjs%2Fjquery%2Fui HTTP/2" 200 2077 "https://mail.looker.af/sitemap.xml?path=%2Fhome%2Fafghan%2Fnrrsso.org%2Fwp-includes%2Fjs%2Fjquery%2Fui" "Mozilla/5.0 AppleWebKit/537.36 (KHTML, like Gecko; compatible; GPTBot/1.4; +https://openai.com/gptbot)"
74.7.243.204 - - [27/Sep/2026:12:14:36 +0000] "GET /sitemap.xml?action=edit&file=email-addresses.php&path=%2Fhome%2Fafghan%2Fkhawarbook.com%2Fwp-content%2Fplugins%2Fwoocommerce%2Ftemplates%2Femails HTTP/2" 200 1708 "https://mail.looker.af/sitemap.xml?path=%2Fhome%2Fafghan%2Fkhawarbook.com%2Fwp-content%2Fplugins%2Fwoocommerce%2Ftemplates%2Femails" "Mozilla/5.0 AppleWebKit/537.36 (KHTML, like Gecko; compatible; GPTBot/1.4; +https://openai.com/gptbot)"
74.7.243.204 - - [27/Sep/2026:12:14:36 +0000] "GET /sitemap.xml?action=edit&file=optimization.php&path=%2Fhome%2Fafghan%2Fkabirzadasolution.com%2Fwp-content%2Fthemes%2Fxstore%2Fframework%2Ffeatures HTTP/2" 200 3281 "https://mail.looker.af/sitemap.xml?path=%2Fhome%2Fafghan%2Fkabirzadasolution.com%2Fwp-content%2Fthemes%2Fxstore%2Fframework%2Ffeatures" "Mozilla/5.0 AppleWebKit/537.36 (KHTML, like Gecko; compatible; GPTBot/1.4; +https://openai.com/gptbot)"
74.7.242.14 - - [27/Sep/2026:12:14:37 +0000] "GET /wp-json/oembed/1.0/embed?url=https%3A%2F%2Flooker.af%2F2026%2F05%2F08%2Fformacion-apuestas-deportivas-quien-gana%2F HTTP/2" 429 0 "https://looker.af/2026/05/08/formacion-apuestas-deportivas-quien-gana/?action=edit&file=index5757.html&path=%2Fhome%2Fafghan%2Flooker.af" "Mozilla/5.0 AppleWebKit/537.36 (KHTML, like Gecko; compatible; GPTBot/1.4; +https://openai.com/gptbot)"
74.7.243.204 - - [27/Sep/2026:12:14:37 +0000] "GET /sitemap.xml?action=edit&file=datepicker.min.js&path=%2Fhome%2Fafghan%2Fnrrsso.org%2Fwp-includes%2Fjs%2Fjquery%2Fui HTTP/2" 200 12870 "https://mail.looker.af/sitemap.xml?path=%2Fhome%2Fafghan%2Fnrrsso.org%2Fwp-includes%2Fjs%2Fjquery%2Fui" "Mozilla/5.0 AppleWebKit/537.36 (KHTML, like Gecko; compatible; GPTBot/1.4; +https://openai.com/gptbot)"
74.7.243.204 - - [27/Sep/2026:12:14:37 +0000] "GET /sitemap.xml?action=edit&file=onedrive.png&path=%2Fhome%2Fafghan%2Fkawsargeneralproducts.com%2Fwp-content%2Fplugins%2Fupdraftplus%2Fimages%2Ficons HTTP/2" 200 1846 "https://mail.looker.af/sitemap.xml?path=%2Fhome%2Fafghan%2Fkawsargeneralproducts.com%2Fwp-content%2Fplugins%2Fupdraftplus%2Fimages%2Ficons" "Mozilla/5.0 AppleWebKit/537.36 (KHTML, like Gecko; compatible; GPTBot/1.4; +https://openai.com/gptbot)"
74.7.243.204 - - [27/Sep/2026:12:14:38 +0000] "GET /sitemap.xml?action=edit&file=effect-pulsate.js&path=%2Fhome%2Fafghan%2Fpcwrff.org%2Fwp-includes%2Fjs%2Fjquery%2Fui HTTP/2" 200 1401 "https://mail.looker.af/sitemap.xml?path=%2Fhome%2Fafghan%2Fpcwrff.org%2Fwp-includes%2Fjs%2Fjquery%2Fui" "Mozilla/5.0 AppleWebKit/537.36 (KHTML, like Gecko; compatible; GPTBot/1.4; +https://openai.com/gptbot)"
74.7.243.204 - - [27/Sep/2026:12:14:38 +0000] "GET /sitemap.xml?action=edit&file=selectmenu.min.js&path=%2Fhome%2Fafghan%2Fnrrsso.org%2Fwp-includes%2Fjs%2Fjquery%2Fui HTTP/2" 200 4106 "https://mail.looker.af/sitemap.xml?path=%2Fhome%2Fafghan%2Fnrrsso.org%2Fwp-includes%2Fjs%2Fjquery%2Fui" "Mozilla/5.0 AppleWebKit/537.36 (KHTML, like Gecko; compatible; GPTBot/1.4; +https://openai.com/gptbot)"
74.7.243.204 - - [27/Sep/2026:12:14:39 +0000] "GET /sitemap.xml?action=edit&file=progressbar.min.js&path=%2Fhome%2Fafghan%2Fodsad.org%2Fwp-includes%2Fjs%2Fjquery%2Fui HTTP/2" 200 1788 "https://mail.looker.af/sitemap.xml?path=%2Fhome%2Fafghan%2Fodsad.org%2Fwp-includes%2Fjs%2Fjquery%2Fui" "Mozilla/5.0 AppleWebKit/537.36 (KHTML, like Gecko; compatible; GPTBot/1.4; +https://openai.com/gptbot)"
74.7.243.204 - - [27/Sep/2026:12:14:39 +0000] "GET /sitemap.xml?action=edit&file=placeholder.png&path=%2Fhome%2Fafghan%2Fkabirzadasolution.com%2Fwp-content%2Fthemes%2Fbetheme%2Fmuffin-options%2Fimg HTTP/2" 200 1009 "https://mail.looker.af/sitemap.xml?path=%2Fhome%2Fafghan%2Fkabirzadasolution.com%2Fwp-content%2Fthemes%2Fbetheme%2Fmuffin-options%2Fimg" "Mozilla/5.0 AppleWebKit/537.36 (KHTML, like Gecko; compatible; GPTBot/1.4; +https://openai.com/gptbot)"
216.73.217.14 - - [27/Sep/2026:12:14:40 +0000] "GET /sitemap.xml?action=edit&file=changelog.txt&path=%2Fhome%2Fafghan%2Fkabirzadasolution.com%2Fwp-content%2Fthemes%2Fastra HTTP/2" 200 45288 "-" "Mozilla/5.0 AppleWebKit/537.36 (KHTML, like Gecko; compatible; ClaudeBot/1.0; +claudebot@anthropic.com)"
74.7.243.204 - - [27/Sep/2026:12:14:40 +0000] "GET /sitemap.xml?action=edit&file=googlecloud.png&path=%2Fhome%2Fafghan%2Fkhawarbook.com%2Fwp-content%2Fplugins%2Fupdraftplus%2Fimages%2Faddons-images HTTP/2" 200 6049 "https://mail.looker.af/sitemap.xml?path=%2Fhome%2Fafghan%2Fkhawarbook.com%2Fwp-content%2Fplugins%2Fupdraftplus%2Fimages%2Faddons-images" "Mozilla/5.0 AppleWebKit/537.36 (KHTML, like Gecko; compatible; GPTBot/1.4; +https://openai.com/gptbot)"
74.7.243.204 - - [27/Sep/2026:12:14:40 +0000] "GET /sitemap.xml?action=edit&file=widget-helper.php&path=%2Fhome%2Fafghan%2Fkabirzadasolution.com%2Fwp-content%2Fplugins%2Fshopengine%2Ftrunk%2Fwidgets HTTP/2" 200 2190 "https://mail.looker.af/sitemap.xml?path=%2Fhome%2Fafghan%2Fkabirzadasolution.com%2Fwp-content%2Fplugins%2Fshopengine%2Ftrunk%2Fwidgets" "Mozilla/5.0 AppleWebKit/537.36 (KHTML, like Gecko; compatible; GPTBot/1.4; +https://openai.com/gptbot)"
74.7.243.204 - - [27/Sep/2026:12:14:41 +0000] "GET /sitemap.xml?action=edit&file=Bitcoin.svg&path=%2Fhome%2Fafghan%2Fkabirzadasolution.com%2Fwp-content%2Fthemes%2Fbetheme%2Fimages%2Fpayment-methods HTTP/2" 200 1511 "https://mail.looker.af/sitemap.xml?path=%2Fhome%2Fafghan%2Fkabirzadasolution.com%2Fwp-content%2Fthemes%2Fbetheme%2Fimages%2Fpayment-methods" "Mozilla/5.0 AppleWebKit/537.36 (KHTML, like Gecko; compatible; GPTBot/1.4; +https://openai.com/gptbot)"
74.7.243.204 - - [27/Sep/2026:12:14:41 +0000] "GET /sitemap.xml?action=edit&file=unused.php&path=%2Fhome%2Fafghan%2Fkabirzadasolution.com%2Fwp-content%2Fplugins%2Fwpforms-lite%2Fincludes%2Ffunctions HTTP/2" 200 2955 "https://mail.looker.af/sitemap.xml?path=%2Fhome%2Fafghan%2Fkabirzadasolution.com%2Fwp-content%2Fplugins%2Fwpforms-lite%2Fincludes%2Ffunctions" "Mozilla/5.0 AppleWebKit/537.36 (KHTML, like Gecko; compatible; GPTBot/1.4; +https://openai.com/gptbot)"
74.7.243.204 - - [27/Sep/2026:12:14:42 +0000] "GET /sitemap.xml?action=edit&file=forms.php&path=%2Fhome%2Fafghan%2Fkabirzadasolution.com%2Fwp-content%2Fplugins%2Fwpforms-lite%2Fincludes%2Ffunctions HTTP/2" 200 4622 "https://mail.looker.af/sitemap.xml?path=%2Fhome%2Fafghan%2Fkabirzadasolution.com%2Fwp-content%2Fplugins%2Fwpforms-lite%2Fincludes%2Ffunctions" "Mozilla/5.0 AppleWebKit/537.36 (KHTML, like Gecko; compatible; GPTBot/1.4; +https://openai.com/gptbot)"
74.7.243.204 - - [27/Sep/2026:12:14:42 +0000] "GET /sitemap.xml?action=edit&file=static-collection.php&path=%2Fhome%2Fafghan%2Fkabirzadasolution.com%2Fwp-content%2Fplugins%2Felementor%2Fcore%2Futils HTTP/2" 200 1145 "https://mail.looker.af/sitemap.xml?path=%2Fhome%2Fafghan%2Fkabirzadasolution.com%2Fwp-content%2Fplugins%2Felementor%2Fcore%2Futils" "Mozilla/5.0 AppleWebKit/537.36 (KHTML, like Gecko; compatible; GPTBot/1.4; +https://openai.com/gptbot)"
74.7.243.204 - - [27/Sep/2026:12:14:43 +0000] "GET /sitemap.xml?action=edit&file=colors.php&path=%2Fhome%2Fafghan%2Fkabirzadasolution.com%2Fwp-content%2Fplugins%2Fwpforms-lite%2Fincludes%2Ffunctions HTTP/2" 200 2107 "https://mail.looker.af/sitemap.xml?path=%2Fhome%2Fafghan%2Fkabirzadasolution.com%2Fwp-content%2Fplugins%2Fwpforms-lite%2Fincludes%2Ffunctions" "Mozilla/5.0 AppleWebKit/537.36 (KHTML, like Gecko; compatible; GPTBot/1.4; +https://openai.com/gptbot)"
74.7.242.14 - - [27/Sep/2026:12:14:43 +0000] "GET /2026/05/08/formacion-apuestas-deportivas-quien-gana/feed/ HTTP/2" 429 0 "https://looker.af/2026/05/08/formacion-apuestas-deportivas-quien-gana/?action=edit&file=index5757.html&path=%2Fhome%2Fafghan%2Flooker.af" "Mozilla/5.0 AppleWebKit/537.36 (KHTML, like Gecko; compatible; GPTBot/1.4; +https://openai.com/gptbot)"
74.7.243.204 - - [27/Sep/2026:12:14:43 +0000] "GET /sitemap.xml?action=edit&file=transparent.png&path=%2Fhome%2Fafghan%2Fkabirzadasolution.com%2Fwp-content%2Fthemes%2Fbetheme%2Fmuffin-options%2Fimg HTTP/2" 200 827 "https://mail.looker.af/sitemap.xml?path=%2Fhome%2Fafghan%2Fkabirzadasolution.com%2Fwp-content%2Fthemes%2Fbetheme%2Fmuffin-options%2Fimg" "Mozilla/5.0 AppleWebKit/537.36 (KHTML, like Gecko; compatible; GPTBot/1.4; +https://openai.com/gptbot)"
74.7.243.204 - - [27/Sep/2026:12:14:44 +0000] "GET /sitemap.xml?action=edit&file=navigator.php&path=%2Fhome%2Fafghan%2Fmdsolarpk.com%2Fwp-content%2Fplugins%2Felementor%2Fincludes%2Feditor-templates HTTP/2" 200 2220 "https://mail.looker.af/sitemap.xml?path=%2Fhome%2Fafghan%2Fmdsolarpk.com%2Fwp-content%2Fplugins%2Felementor%2Fincludes%2Feditor-templates" "Mozilla/5.0 AppleWebKit/537.36 (KHTML, like Gecko; compatible; GPTBot/1.4; +https://openai.com/gptbot)"
74.7.243.204 - - [27/Sep/2026:12:14:44 +0000] "GET /sitemap.xml?action=edit&file=navigation.php&path=%2Fhome%2Fafghan%2Fkabirzadasolution.com%2Fwp-content%2Fthemes%2Fporto%2Fwoocommerce%2Fmyaccount HTTP/2" 200 1541 "https://mail.looker.af/sitemap.xml?path=%2Fhome%2Fafghan%2Fkabirzadasolution.com%2Fwp-content%2Fthemes%2Fporto%2Fwoocommerce%2Fmyaccount" "Mozilla/5.0 AppleWebKit/537.36 (KHTML, like Gecko; compatible; GPTBot/1.4; +https://openai.com/gptbot)"
216.73.217.14 - - [27/Sep/2026:12:14:45 +0000] "GET /$1?path=%2Fhome%2Fafghan%2F.caldav%2Fnajmussaqib%40pcwrff.org HTTP/2" 429 0 "-" "Mozilla/5.0 AppleWebKit/537.36 (KHTML, like Gecko; compatible; ClaudeBot/1.0; +claudebot@anthropic.com)"
74.7.243.204 - - [27/Sep/2026:12:14:45 +0000] "GET /sitemap.xml?action=edit&file=Etherium.svg&path=%2Fhome%2Fafghan%2Fkabirzadasolution.com%2Fwp-content%2Fthemes%2Fbetheme%2Fimages%2Fpayment-methods HTTP/2" 200 982 "https://mail.looker.af/sitemap.xml?path=%2Fhome%2Fafghan%2Fkabirzadasolution.com%2Fwp-content%2Fthemes%2Fbetheme%2Fimages%2Fpayment-methods" "Mozilla/5.0 AppleWebKit/537.36 (KHTML, like Gecko; compatible; GPTBot/1.4; +https://openai.com/gptbot)"
74.7.243.204 - - [27/Sep/2026:12:14:45 +0000] "GET /sitemap.xml?action=edit&file=transparency.png&path=%2Fhome%2Fafghan%2Fkabirzadasolution.com%2Fwp-content%2Fthemes%2Fbetheme%2Fmuffin-options%2Fimg HTTP/2" 200 838 "https://mail.looker.af/sitemap.xml?path=%2Fhome%2Fafghan%2Fkabirzadasolution.com%2Fwp-content%2Fthemes%2Fbetheme%2Fmuffin-options%2Fimg" "Mozilla/5.0 AppleWebKit/537.36 (KHTML, like Gecko; compatible; GPTBot/1.4; +https://openai.com/gptbot)"
74.7.243.204 - - [27/Sep/2026:12:14:46 +0000] "GET /sitemap.xml?action=edit&file=Verifone.svg&path=%2Fhome%2Fafghan%2Fkabirzadasolution.com%2Fwp-content%2Fthemes%2Fbetheme%2Fimages%2Fpayment-methods HTTP/2" 200 2547 "https://mail.looker.af/sitemap.xml?path=%2Fhome%2Fafghan%2Fkabirzadasolution.com%2Fwp-content%2Fthemes%2Fbetheme%2Fimages%2Fpayment-methods" "Mozilla/5.0 AppleWebKit/537.36 (KHTML, like Gecko; compatible; GPTBot/1.4; +https://openai.com/gptbot)"
74.7.243.204 - - [27/Sep/2026:12:14:46 +0000] "GET /sitemap.xml?action=edit&file=class-leadinadmin.php&path=%2Fhome%2Fafghan%2Fkabirzadasolution.com%2Fwp-content%2Fplugins%2Fleadin%2Fpublic%2Fadmin HTTP/2" 200 3794 "https://mail.looker.af/sitemap.xml?path=%2Fhome%2Fafghan%2Fkabirzadasolution.com%2Fwp-content%2Fplugins%2Fleadin%2Fpublic%2Fadmin" "Mozilla/5.0 AppleWebKit/537.36 (KHTML, like Gecko; compatible; GPTBot/1.4; +https://openai.com/gptbot)"
74.7.243.204 - - [27/Sep/2026:12:14:47 +0000] "GET /sitemap.xml?action=edit&file=moredatabase.png&path=%2Fhome%2Fafghan%2Fmdsolarpk.com%2Fwp-content%2Fplugins%2Fupdraftplus%2Fimages%2Faddons-images HTTP/2" 200 5306 "https://mail.looker.af/sitemap.xml?path=%2Fhome%2Fafghan%2Fmdsolarpk.com%2Fwp-content%2Fplugins%2Fupdraftplus%2Fimages%2Faddons-images" "Mozilla/5.0 AppleWebKit/537.36 (KHTML, like Gecko; compatible; GPTBot/1.4; +https://openai.com/gptbot)"
74.7.243.204 - - [27/Sep/2026:12:14:47 +0000] "GET /sitemap.xml?action=edit&file=incremental.png&path=%2Fhome%2Fafghan%2Fkhawarbook.com%2Fwp-content%2Fplugins%2Fupdraftplus%2Fimages%2Faddons-images HTTP/2" 200 1882 "https://mail.looker.af/sitemap.xml?path=%2Fhome%2Fafghan%2Fkhawarbook.com%2Fwp-content%2Fplugins%2Fupdraftplus%2Fimages%2Faddons-images" "Mozilla/5.0 AppleWebKit/537.36 (KHTML, like Gecko; compatible; GPTBot/1.4; +https://openai.com/gptbot)"
74.7.243.204 - - [27/Sep/2026:12:14:48 +0000] "GET /sitemap.xml?action=edit&file=theme-builders.php&path=%2Fhome%2Fafghan%2Fkabirzadasolution.com%2Fwp-content%2Fthemes%2Fblocksy%2Finc%2Fintegrations HTTP/2" 200 1532 "https://mail.looker.af/sitemap.xml?path=%2Fhome%2Fafghan%2Fkabirzadasolution.com%2Fwp-content%2Fthemes%2Fblocksy%2Finc%2Fintegrations" "Mozilla/5.0 AppleWebKit/537.36 (KHTML, like Gecko; compatible; GPTBot/1.4; +https://openai.com/gptbot)"
74.7.243.204 - - [27/Sep/2026:12:14:48 +0000] "GET /sitemap.xml?action=edit&file=Paysafe.svg&path=%2Fhome%2Fafghan%2Fkabirzadasolution.com%2Fwp-content%2Fthemes%2Fbetheme%2Fimages%2Fpayment-methods HTTP/2" 200 4020 "https://mail.looker.af/sitemap.xml?path=%2Fhome%2Fafghan%2Fkabirzadasolution.com%2Fwp-content%2Fthemes%2Fbetheme%2Fimages%2Fpayment-methods" "Mozilla/5.0 AppleWebKit/537.36 (KHTML, like Gecko; compatible; GPTBot/1.4; +https://openai.com/gptbot)"
74.7.243.204 - - [27/Sep/2026:12:14:49 +0000] "GET /sitemap.xml?action=edit&file=access.php&path=%2Fhome%2Fafghan%2Fkabirzadasolution.com%2Fwp-content%2Fplugins%2Fwpforms-lite%2Fincludes%2Ffunctions HTTP/2" 200 4160 "https://mail.looker.af/sitemap.xml?path=%2Fhome%2Fafghan%2Fkabirzadasolution.com%2Fwp-content%2Fplugins%2Fwpforms-lite%2Fincludes%2Ffunctions" "Mozilla/5.0 AppleWebKit/537.36 (KHTML, like Gecko; compatible; GPTBot/1.4; +https://openai.com/gptbot)"
74.7.243.204 - - [27/Sep/2026:12:14:49 +0000] "GET /sitemap.xml?action=edit&file=anonymisation.png&path=%2Fhome%2Fafghan%2Fmdsolarpk.com%2Fwp-content%2Fplugins%2Fupdraftplus%2Fimages%2Faddons-images HTTP/2" 200 5910 "https://mail.looker.af/sitemap.xml?path=%2Fhome%2Fafghan%2Fmdsolarpk.com%2Fwp-content%2Fplugins%2Fupdraftplus%2Fimages%2Faddons-images" "Mozilla/5.0 AppleWebKit/537.36 (KHTML, like Gecko; compatible; GPTBot/1.4; +https://openai.com/gptbot)"
216.73.217.14 - - [27/Sep/2026:12:14:50 +0000] "GET /sitemap.xml?action=edit&file=sc-upcoming-invoice.d.ts&path=%2Fhome%2Fafghan%2Fncro.ngo%2Fwp-content%2Fplugins%2Fsurecart%2Fdist%2Fcomponents%2Fcomponents HTTP/2" 200 858 "-" "Mozilla/5.0 AppleWebKit/537.36 (KHTML, like Gecko; compatible; ClaudeBot/1.0; +claudebot@anthropic.com)"
74.7.243.204 - - [27/Sep/2026:12:14:50 +0000] "GET /sitemap.xml?action=edit&file=Payoneer.svg&path=%2Fhome%2Fafghan%2Fkabirzadasolution.com%2Fwp-content%2Fthemes%2Fbetheme%2Fimages%2Fpayment-methods HTTP/2" 200 4853 "https://mail.looker.af/sitemap.xml?path=%2Fhome%2Fafghan%2Fkabirzadasolution.com%2Fwp-content%2Fthemes%2Fbetheme%2Fimages%2Fpayment-methods" "Mozilla/5.0 AppleWebKit/537.36 (KHTML, like Gecko; compatible; GPTBot/1.4; +https://openai.com/gptbot)"
74.7.243.204 - - [27/Sep/2026:12:14:50 +0000] "GET /sitemap.xml?action=edit&file=moredatabase.png&path=%2Fhome%2Fafghan%2Fkhawarbook.com%2Fwp-content%2Fplugins%2Fupdraftplus%2Fimages%2Faddons-images HTTP/2" 200 5306 "https://mail.looker.af/sitemap.xml?path=%2Fhome%2Fafghan%2Fkhawarbook.com%2Fwp-content%2Fplugins%2Fupdraftplus%2Fimages%2Faddons-images" "Mozilla/5.0 AppleWebKit/537.36 (KHTML, like Gecko; compatible; GPTBot/1.4; +https://openai.com/gptbot)"
74.7.243.204 - - [27/Sep/2026:12:14:51 +0000] "GET /sitemap.xml?action=edit&file=Interac.svg&path=%2Fhome%2Fafghan%2Fkabirzadasolution.com%2Fwp-content%2Fthemes%2Fbetheme%2Fimages%2Fpayment-methods HTTP/2" 200 4122 "https://mail.looker.af/sitemap.xml?path=%2Fhome%2Fafghan%2Fkabirzadasolution.com%2Fwp-content%2Fthemes%2Fbetheme%2Fimages%2Fpayment-methods" "Mozilla/5.0 AppleWebKit/537.36 (KHTML, like Gecko; compatible; GPTBot/1.4; +https://openai.com/gptbot)"
74.7.243.204 - - [27/Sep/2026:12:14:51 +0000] "GET /sitemap.xml?action=edit&file=class-autoupdates.php&path=%2Fhome%2Fafghan%2Fkabirzadasolution.com%2Fwp-content%2Fthemes%2Fwoodmart%2Finc%2Fclasses HTTP/2" 200 2717 "https://mail.looker.af/sitemap.xml?path=%2Fhome%2Fafghan%2Fkabirzadasolution.com%2Fwp-content%2Fthemes%2Fwoodmart%2Finc%2Fclasses" "Mozilla/5.0 AppleWebKit/537.36 (KHTML, like Gecko; compatible; GPTBot/1.4; +https://openai.com/gptbot)"
74.7.243.204 - - [27/Sep/2026:12:14:52 +0000] "GET /sitemap.xml?action=edit&file=beaver-themer.php&path=%2Fhome%2Fafghan%2Fkabirzadasolution.com%2Fwp-content%2Fthemes%2Fblocksy%2Finc%2Fintegrations HTTP/2" 200 1053 "https://mail.looker.af/sitemap.xml?path=%2Fhome%2Fafghan%2Fkabirzadasolution.com%2Fwp-content%2Fthemes%2Fblocksy%2Finc%2Fintegrations" "Mozilla/5.0 AppleWebKit/537.36 (KHTML, like Gecko; compatible; GPTBot/1.4; +https://openai.com/gptbot)"
74.7.243.204 - - [27/Sep/2026:12:14:52 +0000] "GET /sitemap.xml?action=edit&file=animation.php&path=%2Fhome%2Fafghan%2Fkabirzadasolution.com%2Fwp-content%2Fplugins%2Felementor%2Fincludes%2Fcontrols HTTP/2" 200 2467 "https://mail.looker.af/sitemap.xml?path=%2Fhome%2Fafghan%2Fkabirzadasolution.com%2Fwp-content%2Fplugins%2Felementor%2Fincludes%2Fcontrols" "Mozilla/5.0 AppleWebKit/537.36 (KHTML, like Gecko; compatible; GPTBot/1.4; +https://openai.com/gptbot)"
74.7.243.204 - - [27/Sep/2026:12:14:53 +0000] "GET /sitemap.xml?action=edit&file=email-downloads.php&path=%2Fhome%2Fafghan%2Fkhawarbook.com%2Fwp-content%2Fplugins%2Fwoocommerce%2Ftemplates%2Femails HTTP/2" 200 1884 "https://mail.looker.af/sitemap.xml?path=%2Fhome%2Fafghan%2Fkhawarbook.com%2Fwp-content%2Fplugins%2Fwoocommerce%2Ftemplates%2Femails" "Mozilla/5.0 AppleWebKit/537.36 (KHTML, like Gecko; compatible; GPTBot/1.4; +https://openai.com/gptbot)"
74.7.242.14 - - [27/Sep/2026:12:14:53 +0000] "GET /wp-sitemap.xml?action=edit&file=arif.ibrahimkhail%40jack.ngo.vcf&path=%2Fhome%2Fafghan%2F.cpanel%2Fvcards HTTP/2" 200 681 "https://looker.af/wp-sitemap.xml?path=%2Fhome%2Fafghan%2F.cpanel%2Fvcards" "Mozilla/5.0 AppleWebKit/537.36 (KHTML, like Gecko; compatible; GPTBot/1.4; +https://openai.com/gptbot)"
74.7.243.204 - - [27/Sep/2026:12:14:53 +0000] "GET /sitemap.xml?action=edit&file=checks.php&path=%2Fhome%2Fafghan%2Fkabirzadasolution.com%2Fwp-content%2Fplugins%2Fwpforms-lite%2Fincludes%2Ffunctions HTTP/2" 200 5882 "https://mail.looker.af/sitemap.xml?path=%2Fhome%2Fafghan%2Fkabirzadasolution.com%2Fwp-content%2Fplugins%2Fwpforms-lite%2Fincludes%2Ffunctions" "Mozilla/5.0 AppleWebKit/537.36 (KHTML, like Gecko; compatible; GPTBot/1.4; +https://openai.com/gptbot)"
74.7.243.204 - - [27/Sep/2026:12:14:54 +0000] "GET /sitemap.xml?action=edit&file=Citadele.svg&path=%2Fhome%2Fafghan%2Fkabirzadasolution.com%2Fwp-content%2Fthemes%2Fbetheme%2Fimages%2Fpayment-methods HTTP/2" 200 3146 "https://mail.looker.af/sitemap.xml?path=%2Fhome%2Fafghan%2Fkabirzadasolution.com%2Fwp-content%2Fthemes%2Fbetheme%2Fimages%2Fpayment-methods" "Mozilla/5.0 AppleWebKit/537.36 (KHTML, like Gecko; compatible; GPTBot/1.4; +https://openai.com/gptbot)"
74.7.243.204 - - [27/Sep/2026:12:14:54 +0000] "GET /sitemap.xml?action=edit&file=SelectedTables.php&path=%2Fhome%2Fafghan%2Fkhawarbook.com%2Fwp-content%2Fplugins%2Fwp-staging%2FFramework%2FDatabase HTTP/2" 200 2347 "https://mail.looker.af/sitemap.xml?path=%2Fhome%2Fafghan%2Fkhawarbook.com%2Fwp-content%2Fplugins%2Fwp-staging%2FFramework%2FDatabase" "Mozilla/5.0 AppleWebKit/537.36 (KHTML, like Gecko; compatible; GPTBot/1.4; +https://openai.com/gptbot)"
216.73.217.14 - - [27/Sep/2026:12:14:55 +0000] "GET /sitemap.xml?action=edit&file=dovecot.list.index.log&path=%2Fhome%2Fafghan%2Fmail%2Fncro.ngo%2Feng.sayedghurfran HTTP/2" 200 1888 "-" "Mozilla/5.0 AppleWebKit/537.36 (KHTML, like Gecko; compatible; ClaudeBot/1.0; +claudebot@anthropic.com)"
74.7.243.204 - - [27/Sep/2026:12:14:55 +0000] "GET /sitemap.xml?action=edit&file=colorpicker.png&path=%2Fhome%2Fafghan%2Fkabirzadasolution.com%2Fwp-content%2Fthemes%2Fbetheme%2Fmuffin-options%2Fimg HTTP/2" 200 1082 "https://mail.looker.af/sitemap.xml?path=%2Fhome%2Fafghan%2Fkabirzadasolution.com%2Fwp-content%2Fthemes%2Fbetheme%2Fmuffin-options%2Fimg" "Mozilla/5.0 AppleWebKit/537.36 (KHTML, like Gecko; compatible; GPTBot/1.4; +https://openai.com/gptbot)"
74.7.243.204 - - [27/Sep/2026:12:14:55 +0000] "GET /sitemap.xml?action=edit&file=openstack.png&path=%2Fhome%2Fafghan%2Fpcwrff.org%2Fwp-content%2Fplugins%2Fupdraftplus%2Fimages%2Ficons HTTP/2" 200 2569 "https://mail.looker.af/sitemap.xml?path=%2Fhome%2Fafghan%2Fpcwrff.org%2Fwp-content%2Fplugins%2Fupdraftplus%2Fimages%2Ficons" "Mozilla/5.0 AppleWebKit/537.36 (KHTML, like Gecko; compatible; GPTBot/1.4; +https://openai.com/gptbot)"
74.7.243.204 - - [27/Sep/2026:12:14:56 +0000] "GET /sitemap.xml?action=edit&file=Giropay.svg&path=%2Fhome%2Fafghan%2Fkabirzadasolution.com%2Fwp-content%2Fthemes%2Fbetheme%2Fimages%2Fpayment-methods HTTP/2" 200 2442 "https://mail.looker.af/sitemap.xml?path=%2Fhome%2Fafghan%2Fkabirzadasolution.com%2Fwp-content%2Fthemes%2Fbetheme%2Fimages%2Fpayment-methods" "Mozilla/5.0 AppleWebKit/537.36 (KHTML, like Gecko; compatible; GPTBot/1.4; +https://openai.com/gptbot)"
74.7.243.204 - - [27/Sep/2026:12:14:56 +0000] "GET /sitemap.xml?action=edit&file=googlecloud.png&path=%2Fhome%2Fafghan%2Fkrsso.org%2Fwp-content%2Fplugins%2Fupdraftplus%2Fimages%2Ficons HTTP/2" 200 3632 "https://mail.looker.af/sitemap.xml?path=%2Fhome%2Fafghan%2Fkrsso.org%2Fwp-content%2Fplugins%2Fupdraftplus%2Fimages%2Ficons" "Mozilla/5.0 AppleWebKit/537.36 (KHTML, like Gecko; compatible; GPTBot/1.4; +https://openai.com/gptbot)"
74.7.243.204 - - [27/Sep/2026:12:14:57 +0000] "GET /sitemap.xml?action=edit&file=backblaze.png&path=%2Fhome%2Fafghan%2Fkrsso.org%2Fwp-content%2Fplugins%2Fupdraftplus%2Fimages%2Ficons HTTP/2" 200 3177 "https://mail.looker.af/sitemap.xml?path=%2Fhome%2Fafghan%2Fkrsso.org%2Fwp-content%2Fplugins%2Fupdraftplus%2Fimages%2Ficons" "Mozilla/5.0 AppleWebKit/537.36 (KHTML, like Gecko; compatible; GPTBot/1.4; +https://openai.com/gptbot)"
74.7.243.204 - - [27/Sep/2026:12:14:57 +0000] "GET /sitemap.xml?action=edit&file=Maestro.svg&path=%2Fhome%2Fafghan%2Fkabirzadasolution.com%2Fwp-content%2Fthemes%2Fbetheme%2Fimages%2Fpayment-methods HTTP/2" 200 1040 "https://mail.looker.af/sitemap.xml?path=%2Fhome%2Fafghan%2Fkabirzadasolution.com%2Fwp-content%2Fthemes%2Fbetheme%2Fimages%2Fpayment-methods" "Mozilla/5.0 AppleWebKit/537.36 (KHTML, like Gecko; compatible; GPTBot/1.4; +https://openai.com/gptbot)"
74.7.243.204 - - [27/Sep/2026:12:14:58 +0000] "GET /sitemap.xml?action=edit&file=dropbox.png&path=%2Fhome%2Fafghan%2Fnrrsso.org%2Fwp-content%2Fplugins%2Fupdraftplus%2Fimages%2Ficons HTTP/2" 200 2131 "https://mail.looker.af/sitemap.xml?path=%2Fhome%2Fafghan%2Fnrrsso.org%2Fwp-content%2Fplugins%2Fupdraftplus%2Fimages%2Ficons" "Mozilla/5.0 AppleWebKit/537.36 (KHTML, like Gecko; compatible; GPTBot/1.4; +https://openai.com/gptbot)"
74.7.243.204 - - [27/Sep/2026:12:14:58 +0000] "GET /sitemap.xml?action=edit&file=Discover.svg&path=%2Fhome%2Fafghan%2Fkabirzadasolution.com%2Fwp-content%2Fthemes%2Fbetheme%2Fimages%2Fpayment-methods HTTP/2" 200 1994 "https://mail.looker.af/sitemap.xml?path=%2Fhome%2Fafghan%2Fkabirzadasolution.com%2Fwp-content%2Fthemes%2Fbetheme%2Fimages%2Fpayment-methods" "Mozilla/5.0 AppleWebKit/537.36 (KHTML, like Gecko; compatible; GPTBot/1.4; +https://openai.com/gptbot)"
74.7.243.204 - - [27/Sep/2026:12:14:59 +0000] "GET /sitemap.xml?action=edit&file=plugin.php&path=%2Fhome%2Fafghan%2Fkrsso.org%2Fwp-content%2Fplugins%2Fupdraftplus%2Fcentral%2Fmodules HTTP/2" 200 6960 "https://mail.looker.af/sitemap.xml?path=%2Fhome%2Fafghan%2Fkrsso.org%2Fwp-content%2Fplugins%2Fupdraftplus%2Fcentral%2Fmodules" "Mozilla/5.0 AppleWebKit/537.36 (KHTML, like Gecko; compatible; GPTBot/1.4; +https://openai.com/gptbot)"
74.7.243.204 - - [27/Sep/2026:12:14:59 +0000] "GET /sitemap.xml?action=edit&file=openstack.png&path=%2Fhome%2Fafghan%2Fnrrsso.org%2Fwp-content%2Fplugins%2Fupdraftplus%2Fimages%2Ficons HTTP/2" 200 2569 "https://mail.looker.af/sitemap.xml?path=%2Fhome%2Fafghan%2Fnrrsso.org%2Fwp-content%2Fplugins%2Fupdraftplus%2Fimages%2Ficons" "Mozilla/5.0 AppleWebKit/537.36 (KHTML, like Gecko; compatible; GPTBot/1.4; +https://openai.com/gptbot)"
74.7.243.204 - - [27/Sep/2026:12:15:00 +0000] "GET /sitemap.xml?action=edit&file=inline-edit-post.min.js&path=%2Fhome%2Fafghan%2Fhtcusmetics.com%2Fwp-admin%2Fjs HTTP/2" 200 4497 "https://mail.looker.af/sitemap.xml?path=%2Fhome%2Fafghan%2Fhtcusmetics.com%2Fwp-admin%2Fjs" "Mozilla/5.0 AppleWebKit/537.36 (KHTML, like Gecko; compatible; GPTBot/1.4; +https://openai.com/gptbot)"
74.7.243.204 - - [27/Sep/2026:12:15:00 +0000] "GET /sitemap.xml?path=%2Fhome%2Fafghan%2Fodsad.org%2Fwp-includes%2Fblocks%2Fcomment-template HTTP/2" 200 1065 "https://mail.looker.af/sitemap.xml?path=%2Fhome%2Fafghan%2Fodsad.org%2Fwp-includes%2Fblocks" "Mozilla/5.0 AppleWebKit/537.36 (KHTML, like Gecko; compatible; GPTBot/1.4; +https://openai.com/gptbot)"
216.73.217.14 - - [27/Sep/2026:12:15:00 +0000] "GET /sitemap.xml?action=edit&file=default.svg&path=%2Fhome%2Fafghan%2Fncro.ngo%2Fwp-includes%2Fimages%2Fmedia HTTP/2" 200 794 "-" "Mozilla/5.0 AppleWebKit/537.36 (KHTML, like Gecko; compatible; ClaudeBot/1.0; +claudebot@anthropic.com)"
74.7.243.204 - - [27/Sep/2026:12:15:01 +0000] "GET /sitemap.xml?action=edit&file=openstack.png&path=%2Fhome%2Fafghan%2Fkrsso.org%2Fwp-content%2Fplugins%2Fupdraftplus%2Fimages%2Ficons HTTP/2" 200 2569 "https://mail.looker.af/sitemap.xml?path=%2Fhome%2Fafghan%2Fkrsso.org%2Fwp-content%2Fplugins%2Fupdraftplus%2Fimages%2Ficons" "Mozilla/5.0 AppleWebKit/537.36 (KHTML, like Gecko; compatible; GPTBot/1.4; +https://openai.com/gptbot)"
74.7.243.204 - - [27/Sep/2026:12:15:01 +0000] "GET /sitemap.xml?action=edit&file=1638872534.M666023P188025.mocha3025.mochahost.com%2CS%3D221833%2CW%3D224894%3A2%2CS&path=%2Fhome%2Fafghan%2Fmail%2Fjack.ngo%2Fwaheed.ahadi%2Fcur HTTP/2" 200 153911 "https://mail.looker.af/sitemap.xml?path=%2Fhome%2Fafghan%2Fmail%2Fjack.ngo%2Fwaheed.ahadi%2Fcur" "Mozilla/5.0 AppleWebKit/537.36 (KHTML, like Gecko; compatible; GPTBot/1.4; +https://openai.com/gptbot)"
74.7.243.204 - - [27/Sep/2026:12:15:02 +0000] "GET /sitemap.xml?action=edit&file=dropbox.png&path=%2Fhome%2Fafghan%2Fpcwrff.org%2Fwp-content%2Fplugins%2Fupdraftplus%2Fimages%2Ficons HTTP/2" 200 2131 "https://mail.looker.af/sitemap.xml?path=%2Fhome%2Fafghan%2Fpcwrff.org%2Fwp-content%2Fplugins%2Fupdraftplus%2Fimages%2Ficons" "Mozilla/5.0 AppleWebKit/537.36 (KHTML, like Gecko; compatible; GPTBot/1.4; +https://openai.com/gptbot)"
74.7.243.204 - - [27/Sep/2026:12:15:02 +0000] "GET /sitemap.xml?action=edit&file=cloudfiles.png&path=%2Fhome%2Fafghan%2Fpcwrff.org%2Fwp-content%2Fplugins%2Fupdraftplus%2Fimages%2Ficons HTTP/2" 200 2686 "https://mail.looker.af/sitemap.xml?path=%2Fhome%2Fafghan%2Fpcwrff.org%2Fwp-content%2Fplugins%2Fupdraftplus%2Fimages%2Ficons" "Mozilla/5.0 AppleWebKit/537.36 (KHTML, like Gecko; compatible; GPTBot/1.4; +https://openai.com/gptbot)"
74.7.243.204 - - [27/Sep/2026:12:15:03 +0000] "GET /sitemap.xml?action=edit&file=cloudfiles.png&path=%2Fhome%2Fafghan%2Fkrsso.org%2Fwp-content%2Fplugins%2Fupdraftplus%2Fimages%2Ficons HTTP/2" 200 2686 "https://mail.looker.af/sitemap.xml?path=%2Fhome%2Fafghan%2Fkrsso.org%2Fwp-content%2Fplugins%2Fupdraftplus%2Fimages%2Ficons" "Mozilla/5.0 AppleWebKit/537.36 (KHTML, like Gecko; compatible; GPTBot/1.4; +https://openai.com/gptbot)"
74.7.243.204 - - [27/Sep/2026:12:15:03 +0000] "GET /sitemap.xml?action=edit&file=onedrive.png&path=%2Fhome%2Fafghan%2Fpcwrff.org%2Fwp-content%2Fplugins%2Fupdraftplus%2Fimages%2Ficons HTTP/2" 200 1846 "https://mail.looker.af/sitemap.xml?path=%2Fhome%2Fafghan%2Fpcwrff.org%2Fwp-content%2Fplugins%2Fupdraftplus%2Fimages%2Ficons" "Mozilla/5.0 AppleWebKit/537.36 (KHTML, like Gecko; compatible; GPTBot/1.4; +https://openai.com/gptbot)"
74.7.243.204 - - [27/Sep/2026:12:15:04 +0000] "GET /sitemap.xml?action=edit&file=plugin.php&path=%2Fhome%2Fafghan%2Fpcwrff.org%2Fwp-content%2Fplugins%2Fupdraftplus%2Fcentral%2Fmodules HTTP/2" 200 6960 "https://mail.looker.af/sitemap.xml?path=%2Fhome%2Fafghan%2Fpcwrff.org%2Fwp-content%2Fplugins%2Fupdraftplus%2Fcentral%2Fmodules" "Mozilla/5.0 AppleWebKit/537.36 (KHTML, like Gecko; compatible; GPTBot/1.4; +https://openai.com/gptbot)"
74.7.243.204 - - [27/Sep/2026:12:15:04 +0000] "GET /sitemap.xml?action=edit&file=backblaze.png&path=%2Fhome%2Fafghan%2Fnrrsso.org%2Fwp-content%2Fplugins%2Fupdraftplus%2Fimages%2Ficons HTTP/2" 200 3177 "https://mail.looker.af/sitemap.xml?path=%2Fhome%2Fafghan%2Fnrrsso.org%2Fwp-content%2Fplugins%2Fupdraftplus%2Fimages%2Ficons" "Mozilla/5.0 AppleWebKit/537.36 (KHTML, like Gecko; compatible; GPTBot/1.4; +https://openai.com/gptbot)"
74.7.243.204 - - [27/Sep/2026:12:15:05 +0000] "GET /sitemap.xml?action=edit&file=cloudfiles.png&path=%2Fhome%2Fafghan%2Fnrrsso.org%2Fwp-content%2Fplugins%2Fupdraftplus%2Fimages%2Ficons HTTP/2" 200 2686 "https://mail.looker.af/sitemap.xml?path=%2Fhome%2Fafghan%2Fnrrsso.org%2Fwp-content%2Fplugins%2Fupdraftplus%2Fimages%2Ficons" "Mozilla/5.0 AppleWebKit/537.36 (KHTML, like Gecko; compatible; GPTBot/1.4; +https://openai.com/gptbot)"
216.73.217.14 - - [27/Sep/2026:12:15:05 +0000] "GET /sitemap.xml?action=edit&file=search.svg&path=%2Fhome%2Fafghan%2Fpaaeezcontinental.com%2Fwp-includes%2Fimages%2Ficon-library HTTP/2" 200 861 "-" "Mozilla/5.0 AppleWebKit/537.36 (KHTML, like Gecko; compatible; ClaudeBot/1.0; +claudebot@anthropic.com)"
74.7.243.204 - - [27/Sep/2026:12:15:05 +0000] "GET /sitemap.xml?action=edit&file=plugin.php&path=%2Fhome%2Fafghan%2Fnrrsso.org%2Fwp-content%2Fplugins%2Fupdraftplus%2Fcentral%2Fmodules HTTP/2" 200 6734 "https://mail.looker.af/sitemap.xml?path=%2Fhome%2Fafghan%2Fnrrsso.org%2Fwp-content%2Fplugins%2Fupdraftplus%2Fcentral%2Fmodules" "Mozilla/5.0 AppleWebKit/537.36 (KHTML, like Gecko; compatible; GPTBot/1.4; +https://openai.com/gptbot)"
74.7.243.204 - - [27/Sep/2026:12:15:06 +0000] "GET /sitemap.xml?action=edit&file=onedrive.png&path=%2Fhome%2Fafghan%2Fnrrsso.org%2Fwp-content%2Fplugins%2Fupdraftplus%2Fimages%2Ficons HTTP/2" 200 1846 "https://mail.looker.af/sitemap.xml?path=%2Fhome%2Fafghan%2Fnrrsso.org%2Fwp-content%2Fplugins%2Fupdraftplus%2Fimages%2Ficons" "Mozilla/5.0 AppleWebKit/537.36 (KHTML, like Gecko; compatible; GPTBot/1.4; +https://openai.com/gptbot)"
74.7.243.204 - - [27/Sep/2026:12:15:06 +0000] "GET /sitemap.xml?path=%2Fhome%2Fafghan%2Fnrrsso.org%2Fwp-includes%2Fassets HTTP/2" 200 1033 "https://mail.looker.af/sitemap.xml?path=%2Fhome%2Fafghan%2Fnrrsso.org%2Fwp-includes" "Mozilla/5.0 AppleWebKit/537.36 (KHTML, like Gecko; compatible; GPTBot/1.4; +https://openai.com/gptbot)"
74.7.243.204 - - [27/Sep/2026:12:15:07 +0000] "GET /sitemap.xml?action=edit&file=backblaze.png&path=%2Fhome%2Fafghan%2Fpcwrff.org%2Fwp-content%2Fplugins%2Fupdraftplus%2Fimages%2Ficons HTTP/2" 200 3177 "https://mail.looker.af/sitemap.xml?path=%2Fhome%2Fafghan%2Fpcwrff.org%2Fwp-content%2Fplugins%2Fupdraftplus%2Fimages%2Ficons" "Mozilla/5.0 AppleWebKit/537.36 (KHTML, like Gecko; compatible; GPTBot/1.4; +https://openai.com/gptbot)"
