74.7.243.204 - - [27/Sep/2026:12:25:08 +0000] "GET /sitemap.xml?action=edit&file=website.php&path=%2Fhome%2Fafghan%2Fsolar-system-afghanistan.com%2Fwp-content%2Fplugins%2Fwordpress-seo%2Fsrc%2Fgenerators%2Fschema HTTP/2" 200 1897 "https://mail.looker.af/sitemap.xml?path=%2Fhome%2Fafghan%2Fsolar-system-afghanistan.com%2Fwp-content%2Fplugins%2Fwordpress-seo%2Fsrc%2Fgenerators%2Fschema" "Mozilla/5.0 AppleWebKit/537.36 (KHTML, like Gecko; compatible; GPTBot/1.4; +https://openai.com/gptbot)"
74.7.243.204 - - [27/Sep/2026:12:25:09 +0000] "GET /sitemap.xml?action=edit&file=prev.png&path=%2Fhome%2Fafghan%2Fsolar-system-afghanistan.com%2Fwp-content%2Fplugins%2Fpagelayer%2Fimages%2Fnivo-icons HTTP/2" 200 1741 "https://mail.looker.af/sitemap.xml?path=%2Fhome%2Fafghan%2Fsolar-system-afghanistan.com%2Fwp-content%2Fplugins%2Fpagelayer%2Fimages%2Fnivo-icons" "Mozilla/5.0 AppleWebKit/537.36 (KHTML, like Gecko; compatible; GPTBot/1.4; +https://openai.com/gptbot)"
74.7.243.204 - - [27/Sep/2026:12:25:09 +0000] "GET /sitemap.xml?action=edit&file=w3-total-cache.php&path=%2Fhome%2Fafghan%2Fsolar-system-afghanistan.com%2Fwp-content%2Fplugins%2Fwordpress-seo%2Fsrc%2Fintegrations%2Fthird-party HTTP/2" 200 1043 "https://mail.looker.af/sitemap.xml?path=%2Fhome%2Fafghan%2Fsolar-system-afghanistan.com%2Fwp-content%2Fplugins%2Fwordpress-seo%2Fsrc%2Fintegrations%2Fthird-party" "Mozilla/5.0 AppleWebKit/537.36 (KHTML, like Gecko; compatible; GPTBot/1.4; +https://openai.com/gptbot)"
74.7.243.204 - - [27/Sep/2026:12:25:10 +0000] "GET /sitemap.xml?action=edit&file=trustpilot-review-notification.php&path=%2Fhome%2Fafghan%2Fsolar-system-afghanistan.com%2Fwp-content%2Fplugins%2Fwordpress-seo%2Fsrc%2Fintegrations%2Falerts HTTP/2" 200 842 "https://mail.looker.af/sitemap.xml?path=%2Fhome%2Fafghan%2Fsolar-system-afghanistan.com%2Fwp-content%2Fplugins%2Fwordpress-seo%2Fsrc%2Fintegrations%2Falerts" "Mozilla/5.0 AppleWebKit/537.36 (KHTML, like Gecko; compatible; GPTBot/1.4; +https://openai.com/gptbot)"
74.7.242.14 - - [27/Sep/2026:12:25:10 +0000] "GET /2025/10/29/copa-espana-baloncesto-resultados-2/?path=%2Fhome%2Fafghan%2Flooker.af%2Fcart HTTP/2" 429 0 "https://looker.af/2025/10/29/copa-espana-baloncesto-resultados-2/" "Mozilla/5.0 AppleWebKit/537.36 (KHTML, like Gecko; compatible; GPTBot/1.4; +https://openai.com/gptbot)"
74.7.243.204 - - [27/Sep/2026:12:25:10 +0000] "GET /sitemap.xml?action=edit&file=should-index-links-conditional.php&path=%2Fhome%2Fafghan%2Fsolar-system-afghanistan.com%2Fwp-content%2Fplugins%2Fwordpress-seo%2Fsrc%2Fconditionals HTTP/2" 200 1070 "https://mail.looker.af/sitemap.xml?path=%2Fhome%2Fafghan%2Fsolar-system-afghanistan.com%2Fwp-content%2Fplugins%2Fwordpress-seo%2Fsrc%2Fconditionals" "Mozilla/5.0 AppleWebKit/537.36 (KHTML, like Gecko; compatible; GPTBot/1.4; +https://openai.com/gptbot)"
74.7.243.204 - - [27/Sep/2026:12:25:11 +0000] "GET /sitemap.xml?action=edit&file=fa-regular-400.woff2&path=%2Fhome%2Fafghan%2Fsolar-system-afghanistan.com%2Fwp-content%2Fplugins%2Fpagelayer%2Ffonts HTTP/2" 200 12875 "https://mail.looker.af/sitemap.xml?path=%2Fhome%2Fafghan%2Fsolar-system-afghanistan.com%2Fwp-content%2Fplugins%2Fpagelayer%2Ffonts" "Mozilla/5.0 AppleWebKit/537.36 (KHTML, like Gecko; compatible; GPTBot/1.4; +https://openai.com/gptbot)"
74.7.243.204 - - [27/Sep/2026:12:25:11 +0000] "GET /sitemap.xml?action=edit&file=user-profile-conditional.php&path=%2Fhome%2Fafghan%2Fsolar-system-afghanistan.com%2Fwp-content%2Fplugins%2Fwordpress-seo%2Fsrc%2Fconditionals HTTP/2" 200 966 "https://mail.looker.af/sitemap.xml?path=%2Fhome%2Fafghan%2Fsolar-system-afghanistan.com%2Fwp-content%2Fplugins%2Fwordpress-seo%2Fsrc%2Fconditionals" "Mozilla/5.0 AppleWebKit/537.36 (KHTML, like Gecko; compatible; GPTBot/1.4; +https://openai.com/gptbot)"
74.7.243.204 - - [27/Sep/2026:12:25:12 +0000] "GET /sitemap.xml?action=edit&file=black-friday-product-editor-checklist-notification.php&path=%2Fhome%2Fafghan%2Fsolar-system-afghanistan.com%2Fwp-content%2Fplugins%2Fwordpress-seo%2Fsrc%2Fintegrations%2Falerts HTTP/2" 200 915 "https://mail.looker.af/sitemap.xml?path=%2Fhome%2Fafghan%2Fsolar-system-afghanistan.com%2Fwp-content%2Fplugins%2Fwordpress-seo%2Fsrc%2Fintegrations%2Falerts" "Mozilla/5.0 AppleWebKit/537.36 (KHTML, like Gecko; compatible; GPTBot/1.4; +https://openai.com/gptbot)"
74.7.243.204 - - [27/Sep/2026:12:25:12 +0000] "GET /sitemap.xml?action=edit&file=index.php&path=%2Fhome%2Fafghan%2Fsolar-system-afghanistan.com%2Fwp-content%2Fplugins HTTP/2" 200 682 "https://mail.looker.af/sitemap.xml?path=%2Fhome%2Fafghan%2Fsolar-system-afghanistan.com%2Fwp-content%2Fplugins" "Mozilla/5.0 AppleWebKit/537.36 (KHTML, like Gecko; compatible; GPTBot/1.4; +https://openai.com/gptbot)"
216.73.217.14 - - [27/Sep/2026:12:25:12 +0000] "GET /sitemap.xml?action=edit&file=purchase-summary.php&path=%2Fhome%2Fafghan%2Fncro.ngo%2Fwp-content%2Fplugins%2Felementor-pro%2Fmodules%2Fwoocommerce%2Fwidgets HTTP/2" 200 6196 "-" "Mozilla/5.0 AppleWebKit/537.36 (KHTML, like Gecko; compatible; ClaudeBot/1.0; +claudebot@anthropic.com)"
74.7.243.204 - - [27/Sep/2026:12:25:13 +0000] "GET /sitemap.xml?action=edit&file=curve-top.svg&path=%2Fhome%2Fafghan%2Fsolar-system-afghanistan.com%2Fwp-content%2Fplugins%2Fpagelayer%2Fimages%2Fshapes HTTP/2" 200 802 "https://mail.looker.af/sitemap.xml?path=%2Fhome%2Fafghan%2Fsolar-system-afghanistan.com%2Fwp-content%2Fplugins%2Fpagelayer%2Fimages%2Fshapes" "Mozilla/5.0 AppleWebKit/537.36 (KHTML, like Gecko; compatible; GPTBot/1.4; +https://openai.com/gptbot)"
74.7.243.204 - - [27/Sep/2026:12:25:13 +0000] "GET /sitemap.xml?action=edit&file=prev%402x.png&path=%2Fhome%2Fafghan%2Fsolar-system-afghanistan.com%2Fwp-content%2Fplugins%2Fpagelayer%2Fimages%2Fnivo-icons HTTP/2" 200 2079 "https://mail.looker.af/sitemap.xml?path=%2Fhome%2Fafghan%2Fsolar-system-afghanistan.com%2Fwp-content%2Fplugins%2Fpagelayer%2Fimages%2Fnivo-icons" "Mozilla/5.0 AppleWebKit/537.36 (KHTML, like Gecko; compatible; GPTBot/1.4; +https://openai.com/gptbot)"
74.7.243.204 - - [27/Sep/2026:12:25:14 +0000] "GET /sitemap.xml?action=edit&file=get.php&path=%2Fhome%2Fafghan%2Fsolar-system-afghanistan.com%2Fwp-content%2Fplugins%2Fakismet%2Fviews HTTP/2" 200 1170 "https://mail.looker.af/sitemap.xml?path=%2Fhome%2Fafghan%2Fsolar-system-afghanistan.com%2Fwp-content%2Fplugins%2Fakismet%2Fviews" "Mozilla/5.0 AppleWebKit/537.36 (KHTML, like Gecko; compatible; GPTBot/1.4; +https://openai.com/gptbot)"
74.7.243.204 - - [27/Sep/2026:12:25:14 +0000] "GET /sitemap.xml?action=edit&file=fa-brands-400.woff2&path=%2Fhome%2Fafghan%2Fsolar-system-afghanistan.com%2Fwp-content%2Fplugins%2Fpagelayer%2Ffonts HTTP/2" 200 69454 "https://mail.looker.af/sitemap.xml?path=%2Fhome%2Fafghan%2Fsolar-system-afghanistan.com%2Fwp-content%2Fplugins%2Fpagelayer%2Ffonts" "Mozilla/5.0 AppleWebKit/537.36 (KHTML, like Gecko; compatible; GPTBot/1.4; +https://openai.com/gptbot)"
74.7.243.204 - - [27/Sep/2026:12:25:15 +0000] "GET /sitemap.xml?action=edit&file=loading%402x.gif&path=%2Fhome%2Fafghan%2Fsolar-system-afghanistan.com%2Fwp-content%2Fplugins%2Fpagelayer%2Fimages%2Fnivo-icons HTTP/2" 200 17096 "https://mail.looker.af/sitemap.xml?path=%2Fhome%2Fafghan%2Fsolar-system-afghanistan.com%2Fwp-content%2Fplugins%2Fpagelayer%2Fimages%2Fnivo-icons" "Mozilla/5.0 AppleWebKit/537.36 (KHTML, like Gecko; compatible; GPTBot/1.4; +https://openai.com/gptbot)"
74.7.243.204 - - [27/Sep/2026:12:25:15 +0000] "GET /sitemap.xml?action=edit&file=handle-404.php&path=%2Fhome%2Fafghan%2Fsolar-system-afghanistan.com%2Fwp-content%2Fplugins%2Fwordpress-seo%2Fsrc%2Fintegrations%2Ffront-end HTTP/2" 200 1804 "https://mail.looker.af/sitemap.xml?path=%2Fhome%2Fafghan%2Fsolar-system-afghanistan.com%2Fwp-content%2Fplugins%2Fwordpress-seo%2Fsrc%2Fintegrations%2Ffront-end" "Mozilla/5.0 AppleWebKit/537.36 (KHTML, like Gecko; compatible; GPTBot/1.4; +https://openai.com/gptbot)"
74.7.243.204 - - [27/Sep/2026:12:25:16 +0000] "GET /sitemap.xml?action=edit&file=fa-brands-400.eot&path=%2Fhome%2Fafghan%2Fsolar-system-afghanistan.com%2Fwp-content%2Fplugins%2Fpagelayer%2Ffonts HTTP/2" 200 135095 "https://mail.looker.af/sitemap.xml?path=%2Fhome%2Fafghan%2Fsolar-system-afghanistan.com%2Fwp-content%2Fplugins%2Fpagelayer%2Ffonts" "Mozilla/5.0 AppleWebKit/537.36 (KHTML, like Gecko; compatible; GPTBot/1.4; +https://openai.com/gptbot)"
74.7.243.204 - - [27/Sep/2026:12:25:16 +0000] "GET /sitemap.xml?action=edit&file=fa-brands-400.woff&path=%2Fhome%2Fafghan%2Fsolar-system-afghanistan.com%2Fwp-content%2Fplugins%2Fpagelayer%2Ffonts HTTP/2" 200 220303 "https://mail.looker.af/sitemap.xml?path=%2Fhome%2Fafghan%2Fsolar-system-afghanistan.com%2Fwp-content%2Fplugins%2Fpagelayer%2Ffonts" "Mozilla/5.0 AppleWebKit/537.36 (KHTML, like Gecko; compatible; GPTBot/1.4; +https://openai.com/gptbot)"
74.7.243.204 - - [27/Sep/2026:12:25:17 +0000] "GET /sitemap.xml?action=edit&file=arrow-top.svg&path=%2Fhome%2Fafghan%2Fsolar-system-afghanistan.com%2Fwp-content%2Fplugins%2Fpagelayer%2Fimages%2Fshapes HTTP/2" 200 798 "https://mail.looker.af/sitemap.xml?path=%2Fhome%2Fafghan%2Fsolar-system-afghanistan.com%2Fwp-content%2Fplugins%2Fpagelayer%2Fimages%2Fshapes" "Mozilla/5.0 AppleWebKit/537.36 (KHTML, like Gecko; compatible; GPTBot/1.4; +https://openai.com/gptbot)"
216.73.217.14 - - [27/Sep/2026:12:25:17 +0000] "GET /sitemap.xml?path=%2Fhome%2Fafghan%2Fmail%2Fjack.ngo%2Fmatloob%2F.Sent HTTP/2" 200 1094 "-" "Mozilla/5.0 AppleWebKit/537.36 (KHTML, like Gecko; compatible; ClaudeBot/1.0; +claudebot@anthropic.com)"
74.7.243.204 - - [27/Sep/2026:12:25:17 +0000] "GET /sitemap.xml?action=edit&file=fa-regular-400.svg&path=%2Fhome%2Fafghan%2Fsolar-system-afghanistan.com%2Fwp-content%2Fplugins%2Fpagelayer%2Ffonts HTTP/2" 200 37756 "https://mail.looker.af/sitemap.xml?path=%2Fhome%2Fafghan%2Fsolar-system-afghanistan.com%2Fwp-content%2Fplugins%2Fpagelayer%2Ffonts" "Mozilla/5.0 AppleWebKit/537.36 (KHTML, like Gecko; compatible; GPTBot/1.4; +https://openai.com/gptbot)"
74.7.243.204 - - [27/Sep/2026:12:25:18 +0000] "GET /sitemap.xml?action=edit&file=waves-top.svg&path=%2Fhome%2Fafghan%2Fsolar-system-afghanistan.com%2Fwp-content%2Fplugins%2Fpagelayer%2Fimages%2Fshapes HTTP/2" 200 976 "https://mail.looker.af/sitemap.xml?path=%2Fhome%2Fafghan%2Fsolar-system-afghanistan.com%2Fwp-content%2Fplugins%2Fpagelayer%2Fimages%2Fshapes" "Mozilla/5.0 AppleWebKit/537.36 (KHTML, like Gecko; compatible; GPTBot/1.4; +https://openai.com/gptbot)"
74.7.243.204 - - [27/Sep/2026:12:25:18 +0000] "GET /sitemap.xml?action=edit&file=close%402x.png&path=%2Fhome%2Fafghan%2Fsolar-system-afghanistan.com%2Fwp-content%2Fplugins%2Fpagelayer%2Fimages%2Fnivo-icons HTTP/2" 200 2048 "https://mail.looker.af/sitemap.xml?path=%2Fhome%2Fafghan%2Fsolar-system-afghanistan.com%2Fwp-content%2Fplugins%2Fpagelayer%2Fimages%2Fnivo-icons" "Mozilla/5.0 AppleWebKit/537.36 (KHTML, like Gecko; compatible; GPTBot/1.4; +https://openai.com/gptbot)"
74.7.243.204 - - [27/Sep/2026:12:25:19 +0000] "GET /sitemap.xml?action=edit&file=index.html&path=%2Fhome%2Fafghan%2Fsolar-system-afghanistan.com%2Fwp-content%2Fplugins%2Fbackuply HTTP/2" 200 660 "https://mail.looker.af/sitemap.xml?path=%2Fhome%2Fafghan%2Fsolar-system-afghanistan.com%2Fwp-content%2Fplugins%2Fbackuply" "Mozilla/5.0 AppleWebKit/537.36 (KHTML, like Gecko; compatible; GPTBot/1.4; +https://openai.com/gptbot)"
74.7.243.204 - - [27/Sep/2026:12:25:19 +0000] "GET /sitemap.xml?action=edit&file=main-image.php&path=%2Fhome%2Fafghan%2Fsolar-system-afghanistan.com%2Fwp-content%2Fplugins%2Fwordpress-seo%2Fsrc%2Fgenerators%2Fschema HTTP/2" 200 1173 "https://mail.looker.af/sitemap.xml?path=%2Fhome%2Fafghan%2Fsolar-system-afghanistan.com%2Fwp-content%2Fplugins%2Fwordpress-seo%2Fsrc%2Fgenerators%2Fschema" "Mozilla/5.0 AppleWebKit/537.36 (KHTML, like Gecko; compatible; GPTBot/1.4; +https://openai.com/gptbot)"
74.7.243.204 - - [27/Sep/2026:12:25:20 +0000] "GET /sitemap.xml?action=edit&file=html-helper.php&path=%2Fhome%2Fafghan%2Fsolar-system-afghanistan.com%2Fwp-content%2Fplugins%2Fwordpress-seo%2Fsrc%2Fhelpers%2Fschema HTTP/2" 200 1468 "https://mail.looker.af/sitemap.xml?path=%2Fhome%2Fafghan%2Fsolar-system-afghanistan.com%2Fwp-content%2Fplugins%2Fwordpress-seo%2Fsrc%2Fhelpers%2Fschema" "Mozilla/5.0 AppleWebKit/537.36 (KHTML, like Gecko; compatible; GPTBot/1.4; +https://openai.com/gptbot)"
74.7.243.204 - - [27/Sep/2026:12:25:20 +0000] "GET /sitemap.xml?action=edit&file=pen.js&path=%2Fhome%2Fafghan%2Fsolar-system-afghanistan.com%2Fwp-content%2Fplugins%2Fpagelayer%2Fjs HTTP/2" 200 9005 "https://mail.looker.af/sitemap.xml?path=%2Fhome%2Fafghan%2Fsolar-system-afghanistan.com%2Fwp-content%2Fplugins%2Fpagelayer%2Fjs" "Mozilla/5.0 AppleWebKit/537.36 (KHTML, like Gecko; compatible; GPTBot/1.4; +https://openai.com/gptbot)"
74.7.243.204 - - [27/Sep/2026:12:25:21 +0000] "GET /sitemap.xml?action=edit&file=index.php&path=%2Fhome%2Fafghan%2Fsolar-system-afghanistan.com%2Fwp-content%2Fplugins%2Fwordpress-seo%2Fimages HTTP/2" 200 690 "https://mail.looker.af/sitemap.xml?path=%2Fhome%2Fafghan%2Fsolar-system-afghanistan.com%2Fwp-content%2Fplugins%2Fwordpress-seo%2Fimages" "Mozilla/5.0 AppleWebKit/537.36 (KHTML, like Gecko; compatible; GPTBot/1.4; +https://openai.com/gptbot)"
74.7.243.204 - - [27/Sep/2026:12:25:21 +0000] "GET /sitemap.xml?action=edit&file=index.php&path=%2Fhome%2Fafghan%2Fsolar-system-afghanistan.com%2Fwp-content%2Fplugins%2Fwordpress-seo%2Fadmin HTTP/2" 200 690 "https://mail.looker.af/sitemap.xml?path=%2Fhome%2Fafghan%2Fsolar-system-afghanistan.com%2Fwp-content%2Fplugins%2Fwordpress-seo%2Fadmin" "Mozilla/5.0 AppleWebKit/537.36 (KHTML, like Gecko; compatible; GPTBot/1.4; +https://openai.com/gptbot)"
74.7.243.204 - - [27/Sep/2026:12:25:22 +0000] "GET /sitemap.xml?action=edit&file=breadcrumb.php&path=%2Fhome%2Fafghan%2Fsolar-system-afghanistan.com%2Fwp-content%2Fplugins%2Fwordpress-seo%2Fsrc%2Fgenerators%2Fschema HTTP/2" 200 2535 "https://mail.looker.af/sitemap.xml?path=%2Fhome%2Fafghan%2Fsolar-system-afghanistan.com%2Fwp-content%2Fplugins%2Fwordpress-seo%2Fsrc%2Fgenerators%2Fschema" "Mozilla/5.0 AppleWebKit/537.36 (KHTML, like Gecko; compatible; GPTBot/1.4; +https://openai.com/gptbot)"
216.73.217.14 - - [27/Sep/2026:12:25:22 +0000] "GET /sitemap.xml?action=edit&file=style.min.css&path=%2Fhome%2Fafghan%2Fpaaeezcontinental.com%2Fwp-includes%2Fcss%2Fdist%2Fblock-library HTTP/2" 200 20679 "-" "Mozilla/5.0 AppleWebKit/537.36 (KHTML, like Gecko; compatible; ClaudeBot/1.0; +claudebot@anthropic.com)"
74.7.243.204 - - [27/Sep/2026:12:25:22 +0000] "GET /sitemap.xml?action=edit&file=fa-brands-400.ttf&path=%2Fhome%2Fafghan%2Fsolar-system-afghanistan.com%2Fwp-content%2Fplugins%2Fpagelayer%2Ffonts HTTP/2" 200 94670 "https://mail.looker.af/sitemap.xml?path=%2Fhome%2Fafghan%2Fsolar-system-afghanistan.com%2Fwp-content%2Fplugins%2Fpagelayer%2Ffonts" "Mozilla/5.0 AppleWebKit/537.36 (KHTML, like Gecko; compatible; GPTBot/1.4; +https://openai.com/gptbot)"
74.7.243.204 - - [27/Sep/2026:12:25:23 +0000] "GET /sitemap.xml?action=edit&file=fa-brands-400.svg&path=%2Fhome%2Fafghan%2Fsolar-system-afghanistan.com%2Fwp-content%2Fplugins%2Fpagelayer%2Ffonts HTTP/2" 200 260687 "https://mail.looker.af/sitemap.xml?path=%2Fhome%2Fafghan%2Fsolar-system-afghanistan.com%2Fwp-content%2Fplugins%2Fpagelayer%2Ffonts" "Mozilla/5.0 AppleWebKit/537.36 (KHTML, like Gecko; compatible; GPTBot/1.4; +https://openai.com/gptbot)"
74.7.243.204 - - [27/Sep/2026:12:25:23 +0000] "GET /sitemap.xml?action=edit&file=fa-solid-900.eot&path=%2Fhome%2Fafghan%2Fsolar-system-afghanistan.com%2Fwp-content%2Fplugins%2Fpagelayer%2Ffonts HTTP/2" 200 104377 "https://mail.looker.af/sitemap.xml?path=%2Fhome%2Fafghan%2Fsolar-system-afghanistan.com%2Fwp-content%2Fplugins%2Fpagelayer%2Ffonts" "Mozilla/5.0 AppleWebKit/537.36 (KHTML, like Gecko; compatible; GPTBot/1.4; +https://openai.com/gptbot)"
74.7.243.204 - - [27/Sep/2026:12:25:24 +0000] "GET /sitemap.xml?action=edit&file=fa-solid-900.svg&path=%2Fhome%2Fafghan%2Fsolar-system-afghanistan.com%2Fwp-content%2Fplugins%2Fpagelayer%2Ffonts HTTP/2" 200 257202 "https://mail.looker.af/sitemap.xml?path=%2Fhome%2Fafghan%2Fsolar-system-afghanistan.com%2Fwp-content%2Fplugins%2Fpagelayer%2Ffonts" "Mozilla/5.0 AppleWebKit/537.36 (KHTML, like Gecko; compatible; GPTBot/1.4; +https://openai.com/gptbot)"
74.7.243.204 - - [27/Sep/2026:12:25:24 +0000] "GET /sitemap.xml?action=edit&file=class-admin-user-profile.php&path=%2Fhome%2Fafghan%2Fsolar-system-afghanistan.com%2Fwp-content%2Fplugins%2Fwordpress-seo%2Fadmin HTTP/2" 200 1792 "https://mail.looker.af/sitemap.xml?path=%2Fhome%2Fafghan%2Fsolar-system-afghanistan.com%2Fwp-content%2Fplugins%2Fwordpress-seo%2Fadmin" "Mozilla/5.0 AppleWebKit/537.36 (KHTML, like Gecko; compatible; GPTBot/1.4; +https://openai.com/gptbot)"
74.7.243.204 - - [27/Sep/2026:12:25:25 +0000] "GET /sitemap.xml?action=edit&file=fa-regular-400.ttf&path=%2Fhome%2Fafghan%2Fsolar-system-afghanistan.com%2Fwp-content%2Fplugins%2Fpagelayer%2Ffonts HTTP/2" 200 17904 "https://mail.looker.af/sitemap.xml?path=%2Fhome%2Fafghan%2Fsolar-system-afghanistan.com%2Fwp-content%2Fplugins%2Fpagelayer%2Ffonts" "Mozilla/5.0 AppleWebKit/537.36 (KHTML, like Gecko; compatible; GPTBot/1.4; +https://openai.com/gptbot)"
74.7.243.204 - - [27/Sep/2026:12:25:25 +0000] "GET /sitemap.xml?path=%2Fhome%2Fafghan%2Fsolar-system-afghanistan.com%2Fwp-content%2Fplugins%2Fwordpress-seo%2Fsrc%2Fcontent-type-visibility HTTP/2" 200 1047 "https://mail.looker.af/sitemap.xml?path=%2Fhome%2Fafghan%2Fsolar-system-afghanistan.com%2Fwp-content%2Fplugins%2Fwordpress-seo%2Fsrc" "Mozilla/5.0 AppleWebKit/537.36 (KHTML, like Gecko; compatible; GPTBot/1.4; +https://openai.com/gptbot)"
74.7.243.204 - - [27/Sep/2026:12:25:26 +0000] "GET /sitemap.xml?action=edit&file=fa-regular-400.eot&path=%2Fhome%2Fafghan%2Fsolar-system-afghanistan.com%2Fwp-content%2Fplugins%2Fpagelayer%2Ffonts HTTP/2" 200 17930 "https://mail.looker.af/sitemap.xml?path=%2Fhome%2Fafghan%2Fsolar-system-afghanistan.com%2Fwp-content%2Fplugins%2Fpagelayer%2Ffonts" "Mozilla/5.0 AppleWebKit/537.36 (KHTML, like Gecko; compatible; GPTBot/1.4; +https://openai.com/gptbot)"
74.7.243.204 - - [27/Sep/2026:12:25:26 +0000] "GET /sitemap.xml?action=edit&file=fa-solid-900.woff&path=%2Fhome%2Fafghan%2Fsolar-system-afghanistan.com%2Fwp-content%2Fplugins%2Fpagelayer%2Ffonts HTTP/2" 200 89969 "https://mail.looker.af/sitemap.xml?path=%2Fhome%2Fafghan%2Fsolar-system-afghanistan.com%2Fwp-content%2Fplugins%2Fpagelayer%2Ffonts" "Mozilla/5.0 AppleWebKit/537.36 (KHTML, like Gecko; compatible; GPTBot/1.4; +https://openai.com/gptbot)"
74.7.243.204 - - [27/Sep/2026:12:25:27 +0000] "GET /sitemap.xml?action=edit&file=index.php&path=%2Fhome%2Fafghan%2Fsolar-system-afghanistan.com%2Fwp-content%2Fplugins%2Fpagelayer%2Fimages HTTP/2" 200 683 "https://mail.looker.af/sitemap.xml?path=%2Fhome%2Fafghan%2Fsolar-system-afghanistan.com%2Fwp-content%2Fplugins%2Fpagelayer%2Fimages" "Mozilla/5.0 AppleWebKit/537.36 (KHTML, like Gecko; compatible; GPTBot/1.4; +https://openai.com/gptbot)"
216.73.217.14 - - [27/Sep/2026:12:25:27 +0000] "GET /%22?action=edit&file=class-wp-duotone.php&path=%2Fhome%2Fafghan%2Fpcwrff.org%2Fwp-includes HTTP/2" 429 0 "-" "Mozilla/5.0 AppleWebKit/537.36 (KHTML, like Gecko; compatible; ClaudeBot/1.0; +claudebot@anthropic.com)"
74.7.243.204 - - [27/Sep/2026:12:25:27 +0000] "GET /sitemap.xml?action=edit&file=next.png&path=%2Fhome%2Fafghan%2Fsolar-system-afghanistan.com%2Fwp-content%2Fplugins%2Fpagelayer%2Fimages%2Fnivo-icons HTTP/2" 200 1666 "https://mail.looker.af/sitemap.xml?path=%2Fhome%2Fafghan%2Fsolar-system-afghanistan.com%2Fwp-content%2Fplugins%2Fpagelayer%2Fimages%2Fnivo-icons" "Mozilla/5.0 AppleWebKit/537.36 (KHTML, like Gecko; compatible; GPTBot/1.4; +https://openai.com/gptbot)"
74.7.243.204 - - [27/Sep/2026:12:25:28 +0000] "GET /sitemap.xml?action=edit&file=tilt-top.svg&path=%2Fhome%2Fafghan%2Fsolar-system-afghanistan.com%2Fwp-content%2Fplugins%2Fpagelayer%2Fimages%2Fshapes HTTP/2" 200 793 "https://mail.looker.af/sitemap.xml?path=%2Fhome%2Fafghan%2Fsolar-system-afghanistan.com%2Fwp-content%2Fplugins%2Fpagelayer%2Fimages%2Fshapes" "Mozilla/5.0 AppleWebKit/537.36 (KHTML, like Gecko; compatible; GPTBot/1.4; +https://openai.com/gptbot)"
74.7.243.204 - - [27/Sep/2026:12:25:28 +0000] "GET /sitemap.xml?action=edit&file=person.php&path=%2Fhome%2Fafghan%2Fsolar-system-afghanistan.com%2Fwp-content%2Fplugins%2Fwordpress-seo%2Fsrc%2Fgenerators%2Fschema HTTP/2" 200 3613 "https://mail.looker.af/sitemap.xml?path=%2Fhome%2Fafghan%2Fsolar-system-afghanistan.com%2Fwp-content%2Fplugins%2Fwordpress-seo%2Fsrc%2Fgenerators%2Fschema" "Mozilla/5.0 AppleWebKit/537.36 (KHTML, like Gecko; compatible; GPTBot/1.4; +https://openai.com/gptbot)"
74.7.243.204 - - [27/Sep/2026:12:25:29 +0000] "GET /sitemap.xml?action=edit&file=readme.txt&path=%2Fhome%2Fafghan%2Fsolar-system-afghanistan.com%2Fwp-content%2Fplugins%2Fibtana-visual-editor HTTP/2" 200 9884 "https://mail.looker.af/sitemap.xml?path=%2Fhome%2Fafghan%2Fsolar-system-afghanistan.com%2Fwp-content%2Fplugins%2Fibtana-visual-editor" "Mozilla/5.0 AppleWebKit/537.36 (KHTML, like Gecko; compatible; GPTBot/1.4; +https://openai.com/gptbot)"
74.7.243.204 - - [27/Sep/2026:12:25:29 +0000] "GET /sitemap.xml?action=edit&file=Spinner-3.gif&path=%2Fhome%2Fafghan%2Fsolar-system-afghanistan.com%2Fwp-content%2Fplugins%2Fpagelayer%2Fimages HTTP/2" 200 15364 "https://mail.looker.af/sitemap.xml?path=%2Fhome%2Fafghan%2Fsolar-system-afghanistan.com%2Fwp-content%2Fplugins%2Fpagelayer%2Fimages" "Mozilla/5.0 AppleWebKit/537.36 (KHTML, like Gecko; compatible; GPTBot/1.4; +https://openai.com/gptbot)"
74.7.243.204 - - [27/Sep/2026:12:25:30 +0000] "GET /sitemap.xml?action=edit&file=fa-solid-900.ttf&path=%2Fhome%2Fafghan%2Fsolar-system-afghanistan.com%2Fwp-content%2Fplugins%2Fpagelayer%2Ffonts HTTP/2" 200 104425 "https://mail.looker.af/sitemap.xml?path=%2Fhome%2Fafghan%2Fsolar-system-afghanistan.com%2Fwp-content%2Fplugins%2Fpagelayer%2Ffonts" "Mozilla/5.0 AppleWebKit/537.36 (KHTML, like Gecko; compatible; GPTBot/1.4; +https://openai.com/gptbot)"
74.7.242.14 - - [27/Sep/2026:12:25:30 +0000] "GET /2025/10/29/copa-espana-baloncesto-resultados-2/?path=%2Fhome%2Fafghan%2Flooker.af%2Ffeed HTTP/2" 429 0 "https://looker.af/2025/10/29/copa-espana-baloncesto-resultados-2/" "Mozilla/5.0 AppleWebKit/537.36 (KHTML, like Gecko; compatible; GPTBot/1.4; +https://openai.com/gptbot)"
74.7.243.204 - - [27/Sep/2026:12:25:30 +0000] "GET /sitemap.xml?action=edit&file=1646633611.M579934P117615.mocha3025.mochahost.com%2CS%3D1397658%2CW%3D1415983%3A2%2CS&path=%2Fhome%2Fafghan%2Fmail%2F.haseeb_shirzada%40jack_ngo%2Fcur HTTP/2" 200 1026909 "https://mail.looker.af/sitemap.xml?path=%2Fhome%2Fafghan%2Fmail%2F.haseeb_shirzada%40jack_ngo%2Fcur" "Mozilla/5.0 AppleWebKit/537.36 (KHTML, like Gecko; compatible; GPTBot/1.4; +https://openai.com/gptbot)"
74.7.243.204 - - [27/Sep/2026:12:25:31 +0000] "GET /sitemap.xml?action=edit&file=1575523401.M15317P2108835.mocha3025.mochahost.com%2CS%3D82206%2CW%3D84074%3A2%2CS&path=%2Fhome%2Fafghan%2Fmail%2Fjack.ngo%2Ftakal%2Fcur HTTP/2" 200 19019 "https://mail.looker.af/sitemap.xml?path=%2Fhome%2Fafghan%2Fmail%2Fjack.ngo%2Ftakal%2Fcur" "Mozilla/5.0 AppleWebKit/537.36 (KHTML, like Gecko; compatible; GPTBot/1.4; +https://openai.com/gptbot)"
74.7.243.204 - - [27/Sep/2026:12:25:31 +0000] "GET /sitemap.xml?action=edit&file=1625651979.M75305P901845.mocha3025.mochahost.com%2CS%3D956371%2CW%3D968822%3A2%2CRS&path=%2Fhome%2Fafghan%2Fmail%2Fjack.ngo%2Fbasir%2Fcur HTTP/2" 200 651289 "https://mail.looker.af/sitemap.xml?path=%2Fhome%2Fafghan%2Fmail%2Fjack.ngo%2Fbasir%2Fcur" "Mozilla/5.0 AppleWebKit/537.36 (KHTML, like Gecko; compatible; GPTBot/1.4; +https://openai.com/gptbot)"
74.7.243.204 - - [27/Sep/2026:12:25:32 +0000] "GET /sitemap.xml?action=edit&file=1569084728.M625504P310615.mocha3025.mochahost.com%2CS%3D52837%2CW%3D53835%3A2%2CS&path=%2Fhome%2Fafghan%2Fmail%2Fjack.ngo%2Ftakal%2Fcur HTTP/2" 200 27425 "https://mail.looker.af/sitemap.xml?path=%2Fhome%2Fafghan%2Fmail%2Fjack.ngo%2Ftakal%2Fcur" "Mozilla/5.0 AppleWebKit/537.36 (KHTML, like Gecko; compatible; GPTBot/1.4; +https://openai.com/gptbot)"
74.7.243.204 - - [27/Sep/2026:12:25:32 +0000] "GET /sitemap.xml?action=edit&file=question-mark.png&path=%2Fhome%2Fafghan%2Fsolar-system-afghanistan.com%2Fwp-content%2Fplugins%2Fwordpress-seo%2Fimages HTTP/2" 200 985 "https://mail.looker.af/sitemap.xml?path=%2Fhome%2Fafghan%2Fsolar-system-afghanistan.com%2Fwp-content%2Fplugins%2Fwordpress-seo%2Fimages" "Mozilla/5.0 AppleWebKit/537.36 (KHTML, like Gecko; compatible; GPTBot/1.4; +https://openai.com/gptbot)"
216.73.217.14 - - [27/Sep/2026:12:25:32 +0000] "GET /sitemap.xml?action=edit&file=price.php&path=%2Fhome%2Fafghan%2Fafghanhoster.com%2Fwp-content%2Fupdraft%2Fplugins-old%2Fwoocommerce%2Ftemplates%2Floop HTTP/2" 200 1135 "-" "Mozilla/5.0 AppleWebKit/537.36 (KHTML, like Gecko; compatible; ClaudeBot/1.0; +claudebot@anthropic.com)"
74.7.243.204 - - [27/Sep/2026:12:25:33 +0000] "GET /sitemap.xml?action=edit&file=index.php&path=%2Fhome%2Fafghan%2Fsolar-system-afghanistan.com%2Fwp-content%2Fplugins%2Fwordpress-seo HTTP/2" 200 690 "https://mail.looker.af/sitemap.xml?path=%2Fhome%2Fafghan%2Fsolar-system-afghanistan.com%2Fwp-content%2Fplugins%2Fwordpress-seo" "Mozilla/5.0 AppleWebKit/537.36 (KHTML, like Gecko; compatible; GPTBot/1.4; +https://openai.com/gptbot)"
74.7.243.204 - - [27/Sep/2026:12:25:33 +0000] "GET /sitemap.xml?action=edit&file=1660195648.M993813P188735.mocha3025.mochahost.com%2CS%3D13687%2CW%3D13892%3A2%2CS&path=%2Fhome%2Fafghan%2Fmail%2Fjack.ngo%2Ftakal%2Fcur HTTP/2" 200 6625 "https://mail.looker.af/sitemap.xml?path=%2Fhome%2Fafghan%2Fmail%2Fjack.ngo%2Ftakal%2Fcur" "Mozilla/5.0 AppleWebKit/537.36 (KHTML, like Gecko; compatible; GPTBot/1.4; +https://openai.com/gptbot)"
74.7.243.204 - - [27/Sep/2026:12:25:34 +0000] "GET /sitemap.xml?action=edit&file=1665473201.M337767P112565.mocha3025.mochahost.com%2CS%3D39217%2CW%3D39874%3A2%2CS&path=%2Fhome%2Fafghan%2Fmail%2Fjack.ngo%2Fghani%2Fcur HTTP/2" 200 16523 "https://mail.looker.af/sitemap.xml?path=%2Fhome%2Fafghan%2Fmail%2Fjack.ngo%2Fghani%2Fcur" "Mozilla/5.0 AppleWebKit/537.36 (KHTML, like Gecko; compatible; GPTBot/1.4; +https://openai.com/gptbot)"
74.7.243.204 - - [27/Sep/2026:12:25:34 +0000] "GET /sitemap.xml?action=edit&file=slit-top.svg&path=%2Fhome%2Fafghan%2Fsolar-system-afghanistan.com%2Fwp-content%2Fplugins%2Fpagelayer%2Fimages%2Fshapes HTTP/2" 200 853 "https://mail.looker.af/sitemap.xml?path=%2Fhome%2Fafghan%2Fsolar-system-afghanistan.com%2Fwp-content%2Fplugins%2Fpagelayer%2Fimages%2Fshapes" "Mozilla/5.0 AppleWebKit/537.36 (KHTML, like Gecko; compatible; GPTBot/1.4; +https://openai.com/gptbot)"
74.7.243.204 - - [27/Sep/2026:12:25:35 +0000] "GET /sitemap.xml?action=edit&file=1609253523.M800142P3415785.mocha3025.mochahost.com%2CS%3D60992%2CW%3D61970%3A2%2CS&path=%2Fhome%2Fafghan%2Fmail%2F.nooromari%40jack_ngo%2Fcur HTTP/2" 200 36706 "https://mail.looker.af/sitemap.xml?path=%2Fhome%2Fafghan%2Fmail%2F.nooromari%40jack_ngo%2Fcur" "Mozilla/5.0 AppleWebKit/537.36 (KHTML, like Gecko; compatible; GPTBot/1.4; +https://openai.com/gptbot)"
74.7.243.204 - - [27/Sep/2026:12:25:35 +0000] "GET /sitemap.xml?action=edit&file=1658048758.M306727P192865.mocha3025.mochahost.com%2CS%3D49101%2CW%3D50046%3A2%2CS&path=%2Fhome%2Fafghan%2Fmail%2Fjack.ngo%2Fasady%2Fcur HTTP/2" 200 18166 "https://mail.looker.af/sitemap.xml?path=%2Fhome%2Fafghan%2Fmail%2Fjack.ngo%2Fasady%2Fcur" "Mozilla/5.0 AppleWebKit/537.36 (KHTML, like Gecko; compatible; GPTBot/1.4; +https://openai.com/gptbot)"
74.7.243.204 - - [27/Sep/2026:12:25:36 +0000] "GET /sitemap.xml?action=edit&file=1643876983.M804276P160075.mocha3025.mochahost.com%2CS%3D50991%2CW%3D52027%3A2%2CS&path=%2Fhome%2Fafghan%2Fmail%2Fjack.ngo%2Ftakal%2Fcur HTTP/2" 200 12421 "https://mail.looker.af/sitemap.xml?path=%2Fhome%2Fafghan%2Fmail%2Fjack.ngo%2Ftakal%2Fcur" "Mozilla/5.0 AppleWebKit/537.36 (KHTML, like Gecko; compatible; GPTBot/1.4; +https://openai.com/gptbot)"
74.7.243.204 - - [27/Sep/2026:12:25:36 +0000] "GET /sitemap.xml?action=edit&file=1602305847.M475748P642105.mocha3025.mochahost.com%2CS%3D36242%2CW%3D36734%3A2%2CS&path=%2Fhome%2Fafghan%2Fmail%2Fjack.ngo%2Fhafiz%2Fcur HTTP/2" 200 9121 "https://mail.looker.af/sitemap.xml?path=%2Fhome%2Fafghan%2Fmail%2Fjack.ngo%2Fhafiz%2Fcur" "Mozilla/5.0 AppleWebKit/537.36 (KHTML, like Gecko; compatible; GPTBot/1.4; +https://openai.com/gptbot)"
74.7.243.204 - - [27/Sep/2026:12:25:37 +0000] "GET /sitemap.xml?action=edit&file=1652509693.M623263P167365.mocha3025.mochahost.com%2CS%3D25915%2CW%3D26440%3A2%2CS&path=%2Fhome%2Fafghan%2Fmail%2Fjack.ngo%2Fghani%2Fcur HTTP/2" 200 13054 "https://mail.looker.af/sitemap.xml?path=%2Fhome%2Fafghan%2Fmail%2Fjack.ngo%2Fghani%2Fcur" "Mozilla/5.0 AppleWebKit/537.36 (KHTML, like Gecko; compatible; GPTBot/1.4; +https://openai.com/gptbot)"
74.7.243.204 - - [27/Sep/2026:12:25:37 +0000] "GET /sitemap.xml?action=edit&file=1649579014.M344112P162275.mocha3025.mochahost.com%2CS%3D41614%2CW%3D42186%3A2%2CS&path=%2Fhome%2Fafghan%2Fmail%2Fjack.ngo%2Fasady%2Fcur HTTP/2" 200 20708 "https://mail.looker.af/sitemap.xml?path=%2Fhome%2Fafghan%2Fmail%2Fjack.ngo%2Fasady%2Fcur" "Mozilla/5.0 AppleWebKit/537.36 (KHTML, like Gecko; compatible; GPTBot/1.4; +https://openai.com/gptbot)"
74.7.243.204 - - [27/Sep/2026:12:25:38 +0000] "GET /sitemap.xml?action=edit&file=1660460781.M616076P116885.mocha3025.mochahost.com%2CS%3D997218%2CW%3D1010260%3A2%2CS&path=%2Fhome%2Fafghan%2Fmail%2Fjack.ngo%2Ffaiq.sediqi%2Fcur HTTP/2" 200 671103 "https://mail.looker.af/sitemap.xml?path=%2Fhome%2Fafghan%2Fmail%2Fjack.ngo%2Ffaiq.sediqi%2Fcur" "Mozilla/5.0 AppleWebKit/537.36 (KHTML, like Gecko; compatible; GPTBot/1.4; +https://openai.com/gptbot)"
216.73.217.14 - - [27/Sep/2026:12:25:38 +0000] "GET /sitemap.xml?action=edit&file=report.tpl.php&path=%2Fhome%2Fafghan%2Fmdsolarpk.com%2Fwp-content%2Fupdraft%2Fplugins-old%2Flitespeed-cache%2Ftpl%2Ftoolbox HTTP/2" 200 2752 "-" "Mozilla/5.0 AppleWebKit/537.36 (KHTML, like Gecko; compatible; ClaudeBot/1.0; +claudebot@anthropic.com)"
74.7.243.204 - - [27/Sep/2026:12:25:38 +0000] "GET /sitemap.xml?action=edit&file=1610019141.M629082P1240015.mocha3025.mochahost.com%2CS%3D17902%2CW%3D18323&path=%2Fhome%2Fafghan%2Fmail%2F.shafiq%40jack_ngo%2Fnew HTTP/2" 200 6958 "https://mail.looker.af/sitemap.xml?path=%2Fhome%2Fafghan%2Fmail%2F.shafiq%40jack_ngo%2Fnew" "Mozilla/5.0 AppleWebKit/537.36 (KHTML, like Gecko; compatible; GPTBot/1.4; +https://openai.com/gptbot)"
74.7.243.204 - - [27/Sep/2026:12:25:39 +0000] "GET /sitemap.xml?action=edit&file=1650086221.M482115P183095.mocha3025.mochahost.com%2CS%3D23088%2CW%3D23569%3A2%2CS&path=%2Fhome%2Fafghan%2Fmail%2Fjack.ngo%2Fghani%2Fcur HTTP/2" 200 8028 "https://mail.looker.af/sitemap.xml?path=%2Fhome%2Fafghan%2Fmail%2Fjack.ngo%2Fghani%2Fcur" "Mozilla/5.0 AppleWebKit/537.36 (KHTML, like Gecko; compatible; GPTBot/1.4; +https://openai.com/gptbot)"
74.7.243.204 - - [27/Sep/2026:12:25:39 +0000] "GET /sitemap.xml?action=edit&file=1619932398.M199438P2643495.mocha3025.mochahost.com%2CS%3D51323%2CW%3D52181%3A2%2CS&path=%2Fhome%2Fafghan%2Fmail%2F.nooromari%40jack_ngo%2Fcur HTTP/2" 200 29185 "https://mail.looker.af/sitemap.xml?path=%2Fhome%2Fafghan%2Fmail%2F.nooromari%40jack_ngo%2Fcur" "Mozilla/5.0 AppleWebKit/537.36 (KHTML, like Gecko; compatible; GPTBot/1.4; +https://openai.com/gptbot)"
74.7.243.204 - - [27/Sep/2026:12:25:40 +0000] "GET /sitemap.xml?action=edit&file=1621856212.M203728P508205.mocha3025.mochahost.com%2CS%3D37714%2CW%3D38241%3A2%2CS&path=%2Fhome%2Fafghan%2Fmail%2Fjack.ngo%2Fghani%2Fcur HTTP/2" 200 24496 "https://mail.looker.af/sitemap.xml?path=%2Fhome%2Fafghan%2Fmail%2Fjack.ngo%2Fghani%2Fcur" "Mozilla/5.0 AppleWebKit/537.36 (KHTML, like Gecko; compatible; GPTBot/1.4; +https://openai.com/gptbot)"
74.7.243.204 - - [27/Sep/2026:12:25:40 +0000] "GET /sitemap.xml?action=edit&file=1606132417.M397282P776795.mocha3025.mochahost.com%2CS%3D61361%2CW%3D62674%3A2%2CS&path=%2Fhome%2Fafghan%2Fmail%2Fjack.ngo%2Fghani%2Fcur HTTP/2" 200 15890 "https://mail.looker.af/sitemap.xml?path=%2Fhome%2Fafghan%2Fmail%2Fjack.ngo%2Fghani%2Fcur" "Mozilla/5.0 AppleWebKit/537.36 (KHTML, like Gecko; compatible; GPTBot/1.4; +https://openai.com/gptbot)"
74.7.243.204 - - [27/Sep/2026:12:25:41 +0000] "GET /sitemap.xml?action=edit&file=1653235962.M646631P182985.mocha3025.mochahost.com%2CS%3D55462%2CW%3D56447%3A2%2CS&path=%2Fhome%2Fafghan%2Fmail%2Fjack.ngo%2Fasady%2Fcur HTTP/2" 200 29591 "https://mail.looker.af/sitemap.xml?path=%2Fhome%2Fafghan%2Fmail%2Fjack.ngo%2Fasady%2Fcur" "Mozilla/5.0 AppleWebKit/537.36 (KHTML, like Gecko; compatible; GPTBot/1.4; +https://openai.com/gptbot)"
74.7.243.204 - - [27/Sep/2026:12:25:41 +0000] "GET /sitemap.xml?action=edit&file=1608353185.M239650P441195.mocha3025.mochahost.com%2CS%3D23313%2CW%3D23792%3A2%2CS&path=%2Fhome%2Fafghan%2Fmail%2Fjack.ngo%2Ftakal%2Fcur HTTP/2" 200 10976 "https://mail.looker.af/sitemap.xml?path=%2Fhome%2Fafghan%2Fmail%2Fjack.ngo%2Ftakal%2Fcur" "Mozilla/5.0 AppleWebKit/537.36 (KHTML, like Gecko; compatible; GPTBot/1.4; +https://openai.com/gptbot)"
74.7.243.204 - - [27/Sep/2026:12:25:42 +0000] "GET /sitemap.xml?action=edit&file=1577481236.M604182P1813275.mocha3025.mochahost.com%2CS%3D26272%2CW%3D26859%3A2%2CS&path=%2Fhome%2Fafghan%2Fmail%2F.nooromari%40jack_ngo%2Fcur HTTP/2" 200 10575 "https://mail.looker.af/sitemap.xml?path=%2Fhome%2Fafghan%2Fmail%2F.nooromari%40jack_ngo%2Fcur" "Mozilla/5.0 AppleWebKit/537.36 (KHTML, like Gecko; compatible; GPTBot/1.4; +https://openai.com/gptbot)"
74.7.243.204 - - [27/Sep/2026:12:25:42 +0000] "GET /sitemap.xml?action=edit&file=1638352314.M217997P218015.mocha3025.mochahost.com%2CS%3D156459%2CW%3D158630%3A2%2CRS&path=%2Fhome%2Fafghan%2Fmail%2Fjack.ngo%2Fdr.shafiq%2Fcur HTTP/2" 200 105387 "https://mail.looker.af/sitemap.xml?path=%2Fhome%2Fafghan%2Fmail%2Fjack.ngo%2Fdr.shafiq%2Fcur" "Mozilla/5.0 AppleWebKit/537.36 (KHTML, like Gecko; compatible; GPTBot/1.4; +https://openai.com/gptbot)"
216.73.217.14 - - [27/Sep/2026:12:25:43 +0000] "GET /sitemap.xml?action=edit&file=page-coming-soon-default.php&path=%2Fhome%2Fafghan%2Fkabirzadasolution.com%2Fwp-content%2Fplugins%2Fwoocommerce%2Fpatterns HTTP/2" 200 2252 "-" "Mozilla/5.0 AppleWebKit/537.36 (KHTML, like Gecko; compatible; ClaudeBot/1.0; +claudebot@anthropic.com)"
74.7.243.204 - - [27/Sep/2026:12:25:43 +0000] "GET /sitemap.xml?action=edit&file=1624812307.M594397P3957595.mocha3025.mochahost.com%2CS%3D42993%2CW%3D43621%3A2%2CS&path=%2Fhome%2Fafghan%2Fmail%2Fjack.ngo%2Fzadran%2Fcur HTTP/2" 200 29109 "https://mail.looker.af/sitemap.xml?path=%2Fhome%2Fafghan%2Fmail%2Fjack.ngo%2Fzadran%2Fcur" "Mozilla/5.0 AppleWebKit/537.36 (KHTML, like Gecko; compatible; GPTBot/1.4; +https://openai.com/gptbot)"
74.7.243.204 - - [27/Sep/2026:12:25:43 +0000] "GET /sitemap.xml?action=edit&file=1663832184.M949120P3985905.mocha3025.mochahost.com%2CS%3D43684%2CW%3D44608%3A2%2CS&path=%2Fhome%2Fafghan%2Fmail%2F.nooromari%40jack_ngo%2Fcur HTTP/2" 200 14576 "https://mail.looker.af/sitemap.xml?path=%2Fhome%2Fafghan%2Fmail%2F.nooromari%40jack_ngo%2Fcur" "Mozilla/5.0 AppleWebKit/537.36 (KHTML, like Gecko; compatible; GPTBot/1.4; +https://openai.com/gptbot)"
74.7.243.204 - - [27/Sep/2026:12:25:44 +0000] "GET /sitemap.xml?action=edit&file=1600928006.M995602P2391185.mocha3025.mochahost.com%2CS%3D37056%2CW%3D37842%3A2%2CS&path=%2Fhome%2Fafghan%2Fmail%2F.nooromari%40jack_ngo%2Fcur HTTP/2" 200 13776 "https://mail.looker.af/sitemap.xml?path=%2Fhome%2Fafghan%2Fmail%2F.nooromari%40jack_ngo%2Fcur" "Mozilla/5.0 AppleWebKit/537.36 (KHTML, like Gecko; compatible; GPTBot/1.4; +https://openai.com/gptbot)"
74.7.243.204 - - [27/Sep/2026:12:25:44 +0000] "GET /sitemap.xml?action=edit&file=1602305847.M475748P642105.mocha3025.mochahost.com%2CS%3D36242%2CW%3D36734%3A2%2CS&path=%2Fhome%2Fafghan%2Fmail%2Fjack.ngo%2Ftakal%2Fcur HTTP/2" 200 9121 "https://mail.looker.af/sitemap.xml?path=%2Fhome%2Fafghan%2Fmail%2Fjack.ngo%2Ftakal%2Fcur" "Mozilla/5.0 AppleWebKit/537.36 (KHTML, like Gecko; compatible; GPTBot/1.4; +https://openai.com/gptbot)"
74.7.243.204 - - [27/Sep/2026:12:25:45 +0000] "GET /sitemap.xml?action=edit&file=1612796010.M712418P764975.mocha3025.mochahost.com%2CS%3D80748%2CW%3D81966%3A2%2CS&path=%2Fhome%2Fafghan%2Fmail%2Fjack.ngo%2Fghani%2Fcur HTTP/2" 200 50285 "https://mail.looker.af/sitemap.xml?path=%2Fhome%2Fafghan%2Fmail%2Fjack.ngo%2Fghani%2Fcur" "Mozilla/5.0 AppleWebKit/537.36 (KHTML, like Gecko; compatible; GPTBot/1.4; +https://openai.com/gptbot)"
74.7.243.204 - - [27/Sep/2026:12:25:45 +0000] "GET /sitemap.xml?action=edit&file=1601788191.M723367P1826485.mocha3025.mochahost.com%2CS%3D11449%2CW%3D11713%3A2%2CS&path=%2Fhome%2Fafghan%2Fmail%2F.nooromari%40jack_ngo%2Fcur HTTP/2" 200 5316 "https://mail.looker.af/sitemap.xml?path=%2Fhome%2Fafghan%2Fmail%2F.nooromari%40jack_ngo%2Fcur" "Mozilla/5.0 AppleWebKit/537.36 (KHTML, like Gecko; compatible; GPTBot/1.4; +https://openai.com/gptbot)"
74.7.243.204 - - [27/Sep/2026:12:25:46 +0000] "GET /sitemap.xml?action=edit&file=1603364570.M453558P1692195.mocha3025.mochahost.com%2CS%3D96411%2CW%3D98352%3A2%2CS&path=%2Fhome%2Fafghan%2Fmail%2F.nooromari%40jack_ngo%2Fcur HTTP/2" 200 30529 "https://mail.looker.af/sitemap.xml?path=%2Fhome%2Fafghan%2Fmail%2F.nooromari%40jack_ngo%2Fcur" "Mozilla/5.0 AppleWebKit/537.36 (KHTML, like Gecko; compatible; GPTBot/1.4; +https://openai.com/gptbot)"
74.7.243.204 - - [27/Sep/2026:12:25:46 +0000] "GET /sitemap.xml?action=edit&file=1615004525.M50501P3880535.mocha3025.mochahost.com%2CS%3D64961%2CW%3D66208%3A2%2CS&path=%2Fhome%2Fafghan%2Fmail%2Fjack.ngo%2Ftakal%2Fcur HTTP/2" 200 23151 "https://mail.looker.af/sitemap.xml?path=%2Fhome%2Fafghan%2Fmail%2Fjack.ngo%2Ftakal%2Fcur" "Mozilla/5.0 AppleWebKit/537.36 (KHTML, like Gecko; compatible; GPTBot/1.4; +https://openai.com/gptbot)"
74.7.243.204 - - [27/Sep/2026:12:25:47 +0000] "GET /sitemap.xml?action=edit&file=1653453981.M284950P150355.mocha3025.mochahost.com%2CS%3D25226%2CW%3D25699%3A2%2CS&path=%2Fhome%2Fafghan%2Fmail%2Fjack.ngo%2Fghani%2Fcur HTTP/2" 200 8945 "https://mail.looker.af/sitemap.xml?path=%2Fhome%2Fafghan%2Fmail%2Fjack.ngo%2Fghani%2Fcur" "Mozilla/5.0 AppleWebKit/537.36 (KHTML, like Gecko; compatible; GPTBot/1.4; +https://openai.com/gptbot)"
74.7.243.204 - - [27/Sep/2026:12:25:47 +0000] "GET /sitemap.xml?action=edit&file=1605951617.M45636P3889285.mocha3025.mochahost.com%2CS%3D32152%2CW%3D32955%3A2%2CS&path=%2Fhome%2Fafghan%2Fmail%2Fjack.ngo%2Ftakal%2Fcur HTTP/2" 200 5808 "https://mail.looker.af/sitemap.xml?path=%2Fhome%2Fafghan%2Fmail%2Fjack.ngo%2Ftakal%2Fcur" "Mozilla/5.0 AppleWebKit/537.36 (KHTML, like Gecko; compatible; GPTBot/1.4; +https://openai.com/gptbot)"
216.73.217.14 - - [27/Sep/2026:12:25:48 +0000] "GET /sitemap.xml?action=edit&file=archive.php&path=%2Fhome%2Fafghan%2Fmdsolarpk.com%2Fwp-content%2Fplugins%2Felementor-pro%2Fmodules%2Ftheme-builder%2Fconditions HTTP/2" 200 1209 "-" "Mozilla/5.0 AppleWebKit/537.36 (KHTML, like Gecko; compatible; ClaudeBot/1.0; +claudebot@anthropic.com)"
74.7.243.204 - - [27/Sep/2026:12:25:48 +0000] "GET /sitemap.xml?action=edit&file=1652867864.M477816P204715.mocha3025.mochahost.com%2CS%3D2150080%2CW%3D2178090%3A2%2CS&path=%2Fhome%2Fafghan%2Fmail%2F.finance_manager%40jack_ngo%2Fcur HTTP/2" 200 1582521 "https://mail.looker.af/sitemap.xml?path=%2Fhome%2Fafghan%2Fmail%2F.finance_manager%40jack_ngo%2Fcur" "Mozilla/5.0 AppleWebKit/537.36 (KHTML, like Gecko; compatible; GPTBot/1.4; +https://openai.com/gptbot)"
74.7.243.204 - - [27/Sep/2026:12:25:48 +0000] "GET /sitemap.xml?action=edit&file=1612939340.M543701P961855.mocha3025.mochahost.com%2CS%3D11715%2CW%3D11988%3A2%2CS&path=%2Fhome%2Fafghan%2Fmail%2Fjack.ngo%2Fghani%2Fcur HTTP/2" 200 5333 "https://mail.looker.af/sitemap.xml?path=%2Fhome%2Fafghan%2Fmail%2Fjack.ngo%2Fghani%2Fcur" "Mozilla/5.0 AppleWebKit/537.36 (KHTML, like Gecko; compatible; GPTBot/1.4; +https://openai.com/gptbot)"
74.7.243.204 - - [27/Sep/2026:12:25:49 +0000] "GET /sitemap.xml?action=edit&file=1650086221.M482115P183095.mocha3025.mochahost.com%2CS%3D23088%2CW%3D23569%3A2%2CS&path=%2Fhome%2Fafghan%2Fmail%2Fjack.ngo%2Ftakal%2Fcur HTTP/2" 200 8028 "https://mail.looker.af/sitemap.xml?path=%2Fhome%2Fafghan%2Fmail%2Fjack.ngo%2Ftakal%2Fcur" "Mozilla/5.0 AppleWebKit/537.36 (KHTML, like Gecko; compatible; GPTBot/1.4; +https://openai.com/gptbot)"
74.7.243.204 - - [27/Sep/2026:12:25:49 +0000] "GET /sitemap.xml?action=edit&file=1657098413.M816512P113675.mocha3025.mochahost.com%2CS%3D68010%2CW%3D69346%3A2%2CS&path=%2Fhome%2Fafghan%2Fmail%2Fjack.ngo%2Ftakal%2Fcur HTTP/2" 200 19321 "https://mail.looker.af/sitemap.xml?path=%2Fhome%2Fafghan%2Fmail%2Fjack.ngo%2Ftakal%2Fcur" "Mozilla/5.0 AppleWebKit/537.36 (KHTML, like Gecko; compatible; GPTBot/1.4; +https://openai.com/gptbot)"
74.7.243.204 - - [27/Sep/2026:12:25:50 +0000] "GET /sitemap.xml?action=edit&file=1633502465.M636220P136645.mocha3025.mochahost.com%2CS%3D1151904%2CW%3D1166898%3A2%2CS&path=%2Fhome%2Fafghan%2Fmail%2F.finance_manager%40jack_ngo%2Fcur HTTP/2" 200 792062 "https://mail.looker.af/sitemap.xml?path=%2Fhome%2Fafghan%2Fmail%2F.finance_manager%40jack_ngo%2Fcur" "Mozilla/5.0 AppleWebKit/537.36 (KHTML, like Gecko; compatible; GPTBot/1.4; +https://openai.com/gptbot)"
74.7.243.204 - - [27/Sep/2026:12:25:50 +0000] "GET /sitemap.xml?action=edit&file=1570528809.M83732P4112535.mocha3025.mochahost.com%2CS%3D44813%2CW%3D45667%3A2%2CS&path=%2Fhome%2Fafghan%2Fmail%2Fjack.ngo%2Fhayat%2Fcur HTTP/2" 200 24087 "https://mail.looker.af/sitemap.xml?path=%2Fhome%2Fafghan%2Fmail%2Fjack.ngo%2Fhayat%2Fcur" "Mozilla/5.0 AppleWebKit/537.36 (KHTML, like Gecko; compatible; GPTBot/1.4; +https://openai.com/gptbot)"
74.7.242.14 - - [27/Sep/2026:12:25:50 +0000] "GET /2025/10/29/copa-espana-baloncesto-resultados-2/?action=edit&file=wp-links-opml.php&path=%2Fhome%2Fafghan%2Flooker.af HTTP/2" 200 17300 "https://looker.af/2025/10/29/copa-espana-baloncesto-resultados-2/" "Mozilla/5.0 AppleWebKit/537.36 (KHTML, like Gecko; compatible; GPTBot/1.4; +https://openai.com/gptbot)"
74.7.243.204 - - [27/Sep/2026:12:25:51 +0000] "GET /sitemap.xml?action=edit&file=1658293840.M790141P66965.mocha3025.mochahost.com%2CS%3D2201962%2CW%3D2230890%3A2%2CS&path=%2Fhome%2Fafghan%2Fmail%2F.finance_manager%40jack_ngo%2Fcur HTTP/2" 200 1592910 "https://mail.looker.af/sitemap.xml?path=%2Fhome%2Fafghan%2Fmail%2F.finance_manager%40jack_ngo%2Fcur" "Mozilla/5.0 AppleWebKit/537.36 (KHTML, like Gecko; compatible; GPTBot/1.4; +https://openai.com/gptbot)"
74.7.243.204 - - [27/Sep/2026:12:25:51 +0000] "GET /sitemap.xml?action=edit&file=1594280760.M269604P124505.mocha3025.mochahost.com%2CS%3D38366%2CW%3D39117%3A2%2CS&path=%2Fhome%2Fafghan%2Fmail%2Fjack.ngo%2Ftakal%2Fcur HTTP/2" 200 13056 "https://mail.looker.af/sitemap.xml?path=%2Fhome%2Fafghan%2Fmail%2Fjack.ngo%2Ftakal%2Fcur" "Mozilla/5.0 AppleWebKit/537.36 (KHTML, like Gecko; compatible; GPTBot/1.4; +https://openai.com/gptbot)"
74.7.243.204 - - [27/Sep/2026:12:25:52 +0000] "GET /sitemap.xml?action=edit&file=1586234640.M150184P1493895.mocha3025.mochahost.com%2CS%3D56134%2CW%3D56950%3A2%2CRS&path=%2Fhome%2Fafghan%2Fmail%2Fjack.ngo%2Fghani%2Fcur HTTP/2" 200 38338 "https://mail.looker.af/sitemap.xml?path=%2Fhome%2Fafghan%2Fmail%2Fjack.ngo%2Fghani%2Fcur" "Mozilla/5.0 AppleWebKit/537.36 (KHTML, like Gecko; compatible; GPTBot/1.4; +https://openai.com/gptbot)"
74.7.243.204 - - [27/Sep/2026:12:25:52 +0000] "GET /sitemap.xml?action=edit&file=1604396436.M19929P3901655.mocha3025.mochahost.com%2CS%3D61144%2CW%3D62137%3A2%2CS&path=%2Fhome%2Fafghan%2Fmail%2Fjack.ngo%2Ftakal%2Fcur HTTP/2" 200 36192 "https://mail.looker.af/sitemap.xml?path=%2Fhome%2Fafghan%2Fmail%2Fjack.ngo%2Ftakal%2Fcur" "Mozilla/5.0 AppleWebKit/537.36 (KHTML, like Gecko; compatible; GPTBot/1.4; +https://openai.com/gptbot)"
216.73.217.14 - - [27/Sep/2026:12:25:53 +0000] "GET /sitemap.xml?action=edit&file=updraftplus-id_ID.po&path=%2Fhome%2Fafghan%2Fpcwrff.org%2Fwp-content%2Fplugins%2Fupdraftplus%2Flanguages HTTP/2" 200 75898 "-" "Mozilla/5.0 AppleWebKit/537.36 (KHTML, like Gecko; compatible; ClaudeBot/1.0; +claudebot@anthropic.com)"
74.7.243.204 - - [27/Sep/2026:12:25:53 +0000] "GET /sitemap.xml?action=edit&file=1606276899.M434297P638415.mocha3025.mochahost.com%2CS%3D83530%2CW%3D84659%3A2%2CS&path=%2Fhome%2Fafghan%2Fmail%2Fjack.ngo%2Fghani%2Fcur HTTP/2" 200 21535 "https://mail.looker.af/sitemap.xml?path=%2Fhome%2Fafghan%2Fmail%2Fjack.ngo%2Fghani%2Fcur" "Mozilla/5.0 AppleWebKit/537.36 (KHTML, like Gecko; compatible; GPTBot/1.4; +https://openai.com/gptbot)"
74.7.243.204 - - [27/Sep/2026:12:25:53 +0000] "GET /sitemap.xml?action=edit&file=1624251252.M116563P2144695.mocha3025.mochahost.com%2CS%3D25197%2CW%3D25720%3A2%2CS&path=%2Fhome%2Fafghan%2Fmail%2F.nooromari%40jack_ngo%2Fcur HTTP/2" 200 11893 "https://mail.looker.af/sitemap.xml?path=%2Fhome%2Fafghan%2Fmail%2F.nooromari%40jack_ngo%2Fcur" "Mozilla/5.0 AppleWebKit/537.36 (KHTML, like Gecko; compatible; GPTBot/1.4; +https://openai.com/gptbot)"
74.7.243.204 - - [27/Sep/2026:12:25:54 +0000] "GET /sitemap.xml?action=edit&file=1658815517.M742205P74185.mocha3025.mochahost.com%2CS%3D6835703%2CW%3D6924670%3A2%2C&path=%2Fhome%2Fafghan%2Fmail%2F.finance_manager%40jack_ngo%2Fcur HTTP/2" 200 4740922 "https://mail.looker.af/sitemap.xml?path=%2Fhome%2Fafghan%2Fmail%2F.finance_manager%40jack_ngo%2Fcur" "Mozilla/5.0 AppleWebKit/537.36 (KHTML, like Gecko; compatible; GPTBot/1.4; +https://openai.com/gptbot)"
74.7.243.204 - - [27/Sep/2026:12:25:54 +0000] "GET /sitemap.xml?action=edit&file=1586329341.M65793P1330765.mocha3025.mochahost.com%2CS%3D68920%2CW%3D70298%3A2%2CS&path=%2Fhome%2Fafghan%2Fmail%2Fjack.ngo%2Ftakal%2Fcur HTTP/2" 200 17351 "https://mail.looker.af/sitemap.xml?path=%2Fhome%2Fafghan%2Fmail%2Fjack.ngo%2Ftakal%2Fcur" "Mozilla/5.0 AppleWebKit/537.36 (KHTML, like Gecko; compatible; GPTBot/1.4; +https://openai.com/gptbot)"
74.7.243.204 - - [27/Sep/2026:12:25:55 +0000] "GET /sitemap.xml?action=edit&file=1589968551.M651023P4054005.mocha3025.mochahost.com%2CS%3D20096%2CW%3D20578%3A2%2CS&path=%2Fhome%2Fafghan%2Fmail%2F.nooromari%40jack_ngo%2Fcur HTTP/2" 200 8625 "https://mail.looker.af/sitemap.xml?path=%2Fhome%2Fafghan%2Fmail%2F.nooromari%40jack_ngo%2Fcur" "Mozilla/5.0 AppleWebKit/537.36 (KHTML, like Gecko; compatible; GPTBot/1.4; +https://openai.com/gptbot)"
74.7.243.204 - - [27/Sep/2026:12:25:55 +0000] "GET /sitemap.xml?action=edit&file=1651216526.M350802P112185.mocha3025.mochahost.com%2CS%3D48578%2CW%3D49396%3A2%2CS&path=%2Fhome%2Fafghan%2Fmail%2Fjack.ngo%2Ftakal%2Fcur HTTP/2" 200 27495 "https://mail.looker.af/sitemap.xml?path=%2Fhome%2Fafghan%2Fmail%2Fjack.ngo%2Ftakal%2Fcur" "Mozilla/5.0 AppleWebKit/537.36 (KHTML, like Gecko; compatible; GPTBot/1.4; +https://openai.com/gptbot)"
74.7.243.204 - - [27/Sep/2026:12:25:56 +0000] "GET /sitemap.xml?action=edit&file=1617609639.M755901P1508505.mocha3025.mochahost.com%2CS%3D15974%2CW%3D16345%3A2%2CS&path=%2Fhome%2Fafghan%2Fmail%2F.nooromari%40jack_ngo%2Fcur HTTP/2" 200 6913 "https://mail.looker.af/sitemap.xml?path=%2Fhome%2Fafghan%2Fmail%2F.nooromari%40jack_ngo%2Fcur" "Mozilla/5.0 AppleWebKit/537.36 (KHTML, like Gecko; compatible; GPTBot/1.4; +https://openai.com/gptbot)"
74.7.243.204 - - [27/Sep/2026:12:25:56 +0000] "GET /sitemap.xml?action=edit&file=1663134982.M231161P2424295.mocha3025.mochahost.com%2CS%3D194767%2CW%3D197357%3A2%2CS&path=%2Fhome%2Fafghan%2Fmail%2Fjack.ngo%2Ffaiq.sediqi%2Fcur HTTP/2" 200 62346 "https://mail.looker.af/sitemap.xml?path=%2Fhome%2Fafghan%2Fmail%2Fjack.ngo%2Ffaiq.sediqi%2Fcur" "Mozilla/5.0 AppleWebKit/537.36 (KHTML, like Gecko; compatible; GPTBot/1.4; +https://openai.com/gptbot)"
74.7.243.204 - - [27/Sep/2026:12:25:57 +0000] "GET /sitemap.xml?action=edit&file=1602587513.M867155P3114035.mocha3025.mochahost.com%2CS%3D45115%2CW%3D46087%3A2%2CS&path=%2Fhome%2Fafghan%2Fmail%2F.nooromari%40jack_ngo%2Fcur HTTP/2" 200 12773 "https://mail.looker.af/sitemap.xml?path=%2Fhome%2Fafghan%2Fmail%2F.nooromari%40jack_ngo%2Fcur" "Mozilla/5.0 AppleWebKit/537.36 (KHTML, like Gecko; compatible; GPTBot/1.4; +https://openai.com/gptbot)"
74.7.243.204 - - [27/Sep/2026:12:25:57 +0000] "GET /sitemap.xml?action=edit&file=1623094109.M640968P908615.mocha3025.mochahost.com%2CS%3D32904%2CW%3D33594%3A2%2CS&path=%2Fhome%2Fafghan%2Fmail%2Fjack.ngo%2Ftakal%2Fcur HTTP/2" 200 12941 "https://mail.looker.af/sitemap.xml?path=%2Fhome%2Fafghan%2Fmail%2Fjack.ngo%2Ftakal%2Fcur" "Mozilla/5.0 AppleWebKit/537.36 (KHTML, like Gecko; compatible; GPTBot/1.4; +https://openai.com/gptbot)"
216.73.217.14 - - [27/Sep/2026:12:25:58 +0000] "GET /sitemap.xml?action=edit&file=updraftplus-tour-1-25-9.min.css.map&path=%2Fhome%2Fafghan%2Fkrsso.org%2Fwp-content%2Fplugins%2Fupdraftplus%2Fcss HTTP/2" 200 2730 "-" "Mozilla/5.0 AppleWebKit/537.36 (KHTML, like Gecko; compatible; ClaudeBot/1.0; +claudebot@anthropic.com)"
74.7.243.204 - - [27/Sep/2026:12:25:58 +0000] "GET /sitemap.xml?action=edit&file=1643429854.M341591P189745.mocha3025.mochahost.com%2CS%3D30239%2CW%3D30818%3A2%2CS&path=%2Fhome%2Fafghan%2Fmail%2Fjack.ngo%2Ftakal%2Fcur HTTP/2" 200 10611 "https://mail.looker.af/sitemap.xml?path=%2Fhome%2Fafghan%2Fmail%2Fjack.ngo%2Ftakal%2Fcur" "Mozilla/5.0 AppleWebKit/537.36 (KHTML, like Gecko; compatible; GPTBot/1.4; +https://openai.com/gptbot)"
74.7.243.204 - - [27/Sep/2026:12:25:58 +0000] "GET /sitemap.xml?action=edit&file=1607263277.M178192P2892245.mocha3025.mochahost.com%2CS%3D24562%2CW%3D25066%3A2%2CS&path=%2Fhome%2Fafghan%2Fmail%2F.nooromari%40jack_ngo%2Fcur HTTP/2" 200 11628 "https://mail.looker.af/sitemap.xml?path=%2Fhome%2Fafghan%2Fmail%2F.nooromari%40jack_ngo%2Fcur" "Mozilla/5.0 AppleWebKit/537.36 (KHTML, like Gecko; compatible; GPTBot/1.4; +https://openai.com/gptbot)"
74.7.243.204 - - [27/Sep/2026:12:25:59 +0000] "GET /sitemap.xml?action=edit&file=1613801145.M513447P316055.mocha3025.mochahost.com%2CS%3D12247%2CW%3D12530%3A2%2CS&path=%2Fhome%2Fafghan%2Fmail%2Fjack.ngo%2Fhafiz%2Fcur HTTP/2" 200 5793 "https://mail.looker.af/sitemap.xml?path=%2Fhome%2Fafghan%2Fmail%2Fjack.ngo%2Fhafiz%2Fcur" "Mozilla/5.0 AppleWebKit/537.36 (KHTML, like Gecko; compatible; GPTBot/1.4; +https://openai.com/gptbot)"
