74.7.243.204 - - [27/Sep/2026:12:10:36 +0000] "GET /sitemap.xml?action=edit&file=1663244370.M111193P3912405.mocha3025.mochahost.com%2CS%3D219580%2CW%3D222715%3A2%2CS&path=%2Fhome%2Fafghan%2Fmail%2F.haseeb_shirzada%40jack_ngo%2Fcur HTTP/2" 200 150714 "https://mail.looker.af/sitemap.xml?path=%2Fhome%2Fafghan%2Fmail%2F.haseeb_shirzada%40jack_ngo%2Fcur" "Mozilla/5.0 AppleWebKit/537.36 (KHTML, like Gecko; compatible; GPTBot/1.4; +https://openai.com/gptbot)"
66.249.74.13 - - [27/Sep/2026:12:10:36 +0000] "GET /G71125114034/ HTTP/1.1" 200 14265 "-" "Mozilla/5.0 (Linux; Android 6.0.1; Nexus 5X Build/MMB29P) AppleWebKit/537.36 (KHTML, like Gecko) Chrome/153.0.8010.52 Mobile Safari/537.36 (compatible; Googlebot/2.1; +http://www.google.com/bot.html)"
66.249.74.13 - - [27/Sep/2026:12:10:36 +0000] "GET /G71125114034/ HTTP/1.1" 200 14253 "-" "Mozilla/5.0 (compatible; Googlebot/2.1; +http://www.google.com/bot.html)"
74.7.243.204 - - [27/Sep/2026:12:10:36 +0000] "GET /sitemap.xml?action=edit&file=1666698047.M412993P934445.mocha3025.mochahost.com%2CS%3D19402%2CW%3D19837%3A2%2CS&path=%2Fhome%2Fafghan%2Fmail%2Fjack.ngo%2Ftakal%2Fcur HTTP/2" 200 8507 "https://mail.looker.af/sitemap.xml?path=%2Fhome%2Fafghan%2Fmail%2Fjack.ngo%2Ftakal%2Fcur" "Mozilla/5.0 AppleWebKit/537.36 (KHTML, like Gecko; compatible; GPTBot/1.4; +https://openai.com/gptbot)"
74.7.243.204 - - [27/Sep/2026:12:10:37 +0000] "GET /sitemap.xml?action=edit&file=1650108581.M357178P111185.mocha3025.mochahost.com%2CS%3D12403%2CW%3D12663%3A2%2CS&path=%2Fhome%2Fafghan%2Fmail%2Fjack.ngo%2Fghani%2Fcur HTTP/2" 200 4712 "https://mail.looker.af/sitemap.xml?path=%2Fhome%2Fafghan%2Fmail%2Fjack.ngo%2Fghani%2Fcur" "Mozilla/5.0 AppleWebKit/537.36 (KHTML, like Gecko; compatible; GPTBot/1.4; +https://openai.com/gptbot)"
65.181.111.180 - - [27/Sep/2026:12:10:38 +0000] "POST /wp-cron.php?doing_wp_cron=1790511038.1361908912658691406250 HTTP/1.1" 200 0 "-" "WordPress/7.1.2; https://looker.af"
74.7.243.204 - - [27/Sep/2026:12:10:37 +0000] "GET /sitemap.xml?action=edit&file=1618555343.M933824P1012255.mocha3025.mochahost.com%2CS%3D68200%2CW%3D69638%3A2%2CS&path=%2Fhome%2Fafghan%2Fmail%2F.nooromari%40jack_ngo%2Fcur HTTP/2" 200 21049 "https://mail.looker.af/sitemap.xml?path=%2Fhome%2Fafghan%2Fmail%2F.nooromari%40jack_ngo%2Fcur" "Mozilla/5.0 AppleWebKit/537.36 (KHTML, like Gecko; compatible; GPTBot/1.4; +https://openai.com/gptbot)"
74.7.243.204 - - [27/Sep/2026:12:10:38 +0000] "GET /sitemap.xml?action=edit&file=1613371888.M885801P3487795.mocha3025.mochahost.com%2CS%3D28904%2CW%3D29405%3A2%2CS&path=%2Fhome%2Fafghan%2Fmail%2F.nooromari%40jack_ngo%2Fcur HTTP/2" 200 16087 "https://mail.looker.af/sitemap.xml?path=%2Fhome%2Fafghan%2Fmail%2F.nooromari%40jack_ngo%2Fcur" "Mozilla/5.0 AppleWebKit/537.36 (KHTML, like Gecko; compatible; GPTBot/1.4; +https://openai.com/gptbot)"
74.7.243.204 - - [27/Sep/2026:12:10:38 +0000] "GET /sitemap.xml?action=edit&file=1661832798.M898775P24445.mocha3025.mochahost.com%2CS%3D543852%2CW%3D551130%3A2%2CS&path=%2Fhome%2Fafghan%2Fmail%2F.nooromari%40jack_ngo%2Fcur HTTP/2" 200 401128 "https://mail.looker.af/sitemap.xml?path=%2Fhome%2Fafghan%2Fmail%2F.nooromari%40jack_ngo%2Fcur" "Mozilla/5.0 AppleWebKit/537.36 (KHTML, like Gecko; compatible; GPTBot/1.4; +https://openai.com/gptbot)"
66.249.74.14 - - [27/Sep/2026:12:10:39 +0000] "GET /?products/detail/original/f6941154902121/ HTTP/1.1" 200 2217 "-" "Mozilla/5.0 (Linux; Android 6.0.1; Nexus 5X Build/MMB29P) AppleWebKit/537.36 (KHTML, like Gecko) Chrome/153.0.8010.52 Mobile Safari/537.36 (compatible; Googlebot/2.1; +http://www.google.com/bot.html)"
74.7.243.204 - - [27/Sep/2026:12:10:39 +0000] "GET /sitemap.xml?action=edit&file=1625635807.M971228P2910685.mocha3025.mochahost.com%2CS%3D233310%2CW%3D236539%3A2%2CS&path=%2Fhome%2Fafghan%2Fmail%2F.finance_manager%40jack_ngo%2Fcur HTTP/2" 200 156801 "https://mail.looker.af/sitemap.xml?path=%2Fhome%2Fafghan%2Fmail%2F.finance_manager%40jack_ngo%2Fcur" "Mozilla/5.0 AppleWebKit/537.36 (KHTML, like Gecko; compatible; GPTBot/1.4; +https://openai.com/gptbot)"
74.7.243.204 - - [27/Sep/2026:12:10:39 +0000] "GET /sitemap.xml?action=edit&file=1648977627.M311160P156115.mocha3025.mochahost.com%2CS%3D43301%2CW%3D44286%3A2%2CS&path=%2Fhome%2Fafghan%2Fmail%2Fjack.ngo%2Fghani%2Fcur HTTP/2" 200 13979 "https://mail.looker.af/sitemap.xml?path=%2Fhome%2Fafghan%2Fmail%2Fjack.ngo%2Fghani%2Fcur" "Mozilla/5.0 AppleWebKit/537.36 (KHTML, like Gecko; compatible; GPTBot/1.4; +https://openai.com/gptbot)"
216.73.217.14 - - [27/Sep/2026:12:10:40 +0000] "GET /sitemap.xml?action=edit&file=lib-swiper.min.css&path=%2Fhome%2Fafghan%2Fkabirzadasolution.com%2Fwp-content%2Fthemes%2Fwoodmart%2Fcss%2Fparts HTTP/2" 200 1191 "-" "Mozilla/5.0 AppleWebKit/537.36 (KHTML, like Gecko; compatible; ClaudeBot/1.0; +claudebot@anthropic.com)"
74.7.243.204 - - [27/Sep/2026:12:10:40 +0000] "GET /sitemap.xml?action=edit&file=1664346561.M471858P163555.mocha3025.mochahost.com%2CS%3D61735%2CW%3D62570%3A2%2CS&path=%2Fhome%2Fafghan%2Fmail%2Fjack.ngo%2Ftakal%2Fcur HTTP/2" 200 23944 "https://mail.looker.af/sitemap.xml?path=%2Fhome%2Fafghan%2Fmail%2Fjack.ngo%2Ftakal%2Fcur" "Mozilla/5.0 AppleWebKit/537.36 (KHTML, like Gecko; compatible; GPTBot/1.4; +https://openai.com/gptbot)"
74.7.243.204 - - [27/Sep/2026:12:10:40 +0000] "GET /sitemap.xml?action=edit&file=1666427622.M637086P2074245.mocha3025.mochahost.com%2CS%3D10797%2CW%3D11030%3A2%2CS&path=%2Fhome%2Fafghan%2Fmail%2Fjack.ngo%2Fmusawy%2Fcur HTTP/2" 200 4451 "https://mail.looker.af/sitemap.xml?path=%2Fhome%2Fafghan%2Fmail%2Fjack.ngo%2Fmusawy%2Fcur" "Mozilla/5.0 AppleWebKit/537.36 (KHTML, like Gecko; compatible; GPTBot/1.4; +https://openai.com/gptbot)"
74.7.243.204 - - [27/Sep/2026:12:10:41 +0000] "GET /sitemap.xml?action=edit&file=1610003176.M374414P464485.mocha3025.mochahost.com%2CS%3D28543%2CW%3D28994%3A2%2CS&path=%2Fhome%2Fafghan%2Fmail%2Fjack.ngo%2Ftakal%2Fcur HTTP/2" 200 18069 "https://mail.looker.af/sitemap.xml?path=%2Fhome%2Fafghan%2Fmail%2Fjack.ngo%2Ftakal%2Fcur" "Mozilla/5.0 AppleWebKit/537.36 (KHTML, like Gecko; compatible; GPTBot/1.4; +https://openai.com/gptbot)"
74.7.243.204 - - [27/Sep/2026:12:10:41 +0000] "GET /sitemap.xml?action=edit&file=1624419388.M405564P554555.mocha3025.mochahost.com%2CS%3D64336%2CW%3D65284%3A2%2CS&path=%2Fhome%2Fafghan%2Fmail%2Fjack.ngo%2Ftakal%2Fcur HTTP/2" 200 30855 "https://mail.looker.af/sitemap.xml?path=%2Fhome%2Fafghan%2Fmail%2Fjack.ngo%2Ftakal%2Fcur" "Mozilla/5.0 AppleWebKit/537.36 (KHTML, like Gecko; compatible; GPTBot/1.4; +https://openai.com/gptbot)"
74.7.243.204 - - [27/Sep/2026:12:10:42 +0000] "GET /sitemap.xml?action=edit&file=1596821475.M19676P229555.mocha3025.mochahost.com%2CS%3D564745%2CW%3D572263%3A2%2CS&path=%2Fhome%2Fafghan%2Fmail%2F.nooromari%40jack_ngo%2Fcur HTTP/2" 200 387504 "https://mail.looker.af/sitemap.xml?path=%2Fhome%2Fafghan%2Fmail%2F.nooromari%40jack_ngo%2Fcur" "Mozilla/5.0 AppleWebKit/537.36 (KHTML, like Gecko; compatible; GPTBot/1.4; +https://openai.com/gptbot)"
74.7.243.204 - - [27/Sep/2026:12:10:42 +0000] "GET /sitemap.xml?action=edit&file=1636024403.M492000P128405.mocha3025.mochahost.com%2CS%3D59636%2CW%3D60468%3A2%2CS&path=%2Fhome%2Fafghan%2Fmail%2Fjack.ngo%2Fghani%2Fcur HTTP/2" 200 13329 "https://mail.looker.af/sitemap.xml?path=%2Fhome%2Fafghan%2Fmail%2Fjack.ngo%2Fghani%2Fcur" "Mozilla/5.0 AppleWebKit/537.36 (KHTML, like Gecko; compatible; GPTBot/1.4; +https://openai.com/gptbot)"
74.7.243.204 - - [27/Sep/2026:12:10:43 +0000] "GET /sitemap.xml?action=edit&file=1641050785.M224449P88035.mocha3025.mochahost.com%2CS%3D981219%2CW%3D994181%3A2%2CS&path=%2Fhome%2Fafghan%2Fmail%2F.khaliqyar%40jack_ngo%2Fcur HTTP/2" 200 701351 "https://mail.looker.af/sitemap.xml?path=%2Fhome%2Fafghan%2Fmail%2F.khaliqyar%40jack_ngo%2Fcur" "Mozilla/5.0 AppleWebKit/537.36 (KHTML, like Gecko; compatible; GPTBot/1.4; +https://openai.com/gptbot)"
74.7.243.204 - - [27/Sep/2026:12:10:43 +0000] "GET /sitemap.xml?action=edit&file=1647623000.M770516P5995.mocha3025.mochahost.com%2CS%3D1094303%2CW%3D1108603%3A2%2CRS&path=%2Fhome%2Fafghan%2Fmail%2Fjack.ngo%2Fdr.tokhi%2Fcur HTTP/2" 200 732259 "https://mail.looker.af/sitemap.xml?path=%2Fhome%2Fafghan%2Fmail%2Fjack.ngo%2Fdr.tokhi%2Fcur" "Mozilla/5.0 AppleWebKit/537.36 (KHTML, like Gecko; compatible; GPTBot/1.4; +https://openai.com/gptbot)"
74.7.243.204 - - [27/Sep/2026:12:10:44 +0000] "GET /sitemap.xml?action=edit&file=1654777197.M300949P128705.mocha3025.mochahost.com%2CS%3D27444%2CW%3D27931%3A2%2CS&path=%2Fhome%2Fafghan%2Fmail%2Fjack.ngo%2Fasady%2Fcur HTTP/2" 200 14563 "https://mail.looker.af/sitemap.xml?path=%2Fhome%2Fafghan%2Fmail%2Fjack.ngo%2Fasady%2Fcur" "Mozilla/5.0 AppleWebKit/537.36 (KHTML, like Gecko; compatible; GPTBot/1.4; +https://openai.com/gptbot)"
216.73.217.14 - - [27/Sep/2026:12:10:45 +0000] "GET /$1?path=%2Fhome%2Fafghan%2F.caldav%2Fcomplaint%40ncro.ngo HTTP/2" 429 0 "-" "Mozilla/5.0 AppleWebKit/537.36 (KHTML, like Gecko; compatible; ClaudeBot/1.0; +claudebot@anthropic.com)"
172.182.207.57 - - [27/Sep/2026:12:10:45 +0000] "GET /sitemap.xml?action=edit&file=1594441446.M703512P212755.mocha3025.mochahost.com%2CS%3D37830%2CW%3D38553%3A2%2CS&path=%2Fhome%2Fafghan%2Fmail%2Fjack.ngo%2Ftakal%2Fcur HTTP/2" 200 13690 "https://mail.looker.af/sitemap.xml?path=%2Fhome%2Fafghan%2Fmail%2Fjack.ngo%2Ftakal%2Fcur" "Mozilla/5.0 AppleWebKit/537.36 (KHTML, like Gecko; compatible; GPTBot/1.4; +https://openai.com/gptbot)"
74.7.243.204 - - [27/Sep/2026:12:10:45 +0000] "GET /sitemap.xml?action=edit&file=1600072774.M424712P177275.mocha3025.mochahost.com%2CS%3D49240%2CW%3D50147%3A2%2CS&path=%2Fhome%2Fafghan%2Fmail%2Fjack.ngo%2Fghani%2Fcur HTTP/2" 200 26863 "https://mail.looker.af/sitemap.xml?path=%2Fhome%2Fafghan%2Fmail%2Fjack.ngo%2Fghani%2Fcur" "Mozilla/5.0 AppleWebKit/537.36 (KHTML, like Gecko; compatible; GPTBot/1.4; +https://openai.com/gptbot)"
74.7.243.204 - - [27/Sep/2026:12:10:46 +0000] "GET /sitemap.xml?action=edit&file=1570447539.M139992P3705715.mocha3025.mochahost.com%2CS%3D28191%2CW%3D28792%3A2%2CS&path=%2Fhome%2Fafghan%2Fmail%2F.nooromari%40jack_ngo%2Fcur HTTP/2" 200 10962 "https://mail.looker.af/sitemap.xml?path=%2Fhome%2Fafghan%2Fmail%2F.nooromari%40jack_ngo%2Fcur" "Mozilla/5.0 AppleWebKit/537.36 (KHTML, like Gecko; compatible; GPTBot/1.4; +https://openai.com/gptbot)"
74.7.242.14 - - [27/Sep/2026:12:10:46 +0000] "GET /2025/09/06/cuantas-personas-hay-en-un-equipo-de-hockey/?path=/home/afghan/looker.af HTTP/2" 429 0 "https://looker.af/2025/09/06/cuantas-personas-hay-en-un-equipo-de-hockey/" "Mozilla/5.0 AppleWebKit/537.36 (KHTML, like Gecko; compatible; GPTBot/1.4; +https://openai.com/gptbot)"
74.7.243.204 - - [27/Sep/2026:12:10:46 +0000] "GET /sitemap.xml?action=edit&file=1615966686.M515171P737945.mocha3025.mochahost.com%2CS%3D25299%2CW%3D25825%3A2%2CS&path=%2Fhome%2Fafghan%2Fmail%2Fjack.ngo%2Ftakal%2Fcur HTTP/2" 200 11774 "https://mail.looker.af/sitemap.xml?path=%2Fhome%2Fafghan%2Fmail%2Fjack.ngo%2Ftakal%2Fcur" "Mozilla/5.0 AppleWebKit/537.36 (KHTML, like Gecko; compatible; GPTBot/1.4; +https://openai.com/gptbot)"
74.7.243.204 - - [27/Sep/2026:12:10:47 +0000] "GET /sitemap.xml?action=edit&file=1648111152.M816035P44785.mocha3025.mochahost.com%2CS%3D160793%2CW%3D163193%3A2%2CS&path=%2Fhome%2Fafghan%2Fmail%2F.nooromari%40jack_ngo%2Fcur HTTP/2" 200 99320 "https://mail.looker.af/sitemap.xml?path=%2Fhome%2Fafghan%2Fmail%2F.nooromari%40jack_ngo%2Fcur" "Mozilla/5.0 AppleWebKit/537.36 (KHTML, like Gecko; compatible; GPTBot/1.4; +https://openai.com/gptbot)"
74.7.243.204 - - [27/Sep/2026:12:10:47 +0000] "GET /sitemap.xml?action=edit&file=1608620899.M893078P1380645.mocha3025.mochahost.com%2CS%3D36161%2CW%3D36888%3A2%2CS&path=%2Fhome%2Fafghan%2Fmail%2F.nooromari%40jack_ngo%2Fcur HTTP/2" 200 14326 "https://mail.looker.af/sitemap.xml?path=%2Fhome%2Fafghan%2Fmail%2F.nooromari%40jack_ngo%2Fcur" "Mozilla/5.0 AppleWebKit/537.36 (KHTML, like Gecko; compatible; GPTBot/1.4; +https://openai.com/gptbot)"
74.7.243.204 - - [27/Sep/2026:12:10:48 +0000] "GET /sitemap.xml?action=edit&file=1581330441.M830788P388845.mocha3025.mochahost.com%2CS%3D75604%2CW%3D76801%3A2%2CS&path=%2Fhome%2Fafghan%2Fmail%2Fjack.ngo%2Fhafiz%2Fcur HTTP/2" 200 38228 "https://mail.looker.af/sitemap.xml?path=%2Fhome%2Fafghan%2Fmail%2Fjack.ngo%2Fhafiz%2Fcur" "Mozilla/5.0 AppleWebKit/537.36 (KHTML, like Gecko; compatible; GPTBot/1.4; +https://openai.com/gptbot)"
74.7.243.204 - - [27/Sep/2026:12:10:48 +0000] "GET /sitemap.xml?action=edit&file=1661671237.M344429P85635.mocha3025.mochahost.com%2CS%3D2103931%2CW%3D2131325%3A2%2CS&path=%2Fhome%2Fafghan%2Fmail%2Fjack.ngo%2Fdr.shinwari%2Fcur HTTP/2" 200 1211825 "https://mail.looker.af/sitemap.xml?path=%2Fhome%2Fafghan%2Fmail%2Fjack.ngo%2Fdr.shinwari%2Fcur" "Mozilla/5.0 AppleWebKit/537.36 (KHTML, like Gecko; compatible; GPTBot/1.4; +https://openai.com/gptbot)"
74.7.243.204 - - [27/Sep/2026:12:10:49 +0000] "GET /sitemap.xml?action=edit&file=1613555600.M834305P2217855.mocha3025.mochahost.com%2CS%3D484660%2CW%3D491031%3A2%2CS&path=%2Fhome%2Fafghan%2Fmail%2F.finance_manager%40jack_ngo%2Fcur HTTP/2" 200 319510 "https://mail.looker.af/sitemap.xml?path=%2Fhome%2Fafghan%2Fmail%2F.finance_manager%40jack_ngo%2Fcur" "Mozilla/5.0 AppleWebKit/537.36 (KHTML, like Gecko; compatible; GPTBot/1.4; +https://openai.com/gptbot)"
74.7.243.204 - - [27/Sep/2026:12:10:49 +0000] "GET /sitemap.xml?action=edit&file=1598949995.M113455P324785.mocha3025.mochahost.com%2CS%3D81875%2CW%3D83584%3A2%2CS&path=%2Fhome%2Fafghan%2Fmail%2Fjack.ngo%2Ftakal%2Fcur HTTP/2" 200 15813 "https://mail.looker.af/sitemap.xml?path=%2Fhome%2Fafghan%2Fmail%2Fjack.ngo%2Ftakal%2Fcur" "Mozilla/5.0 AppleWebKit/537.36 (KHTML, like Gecko; compatible; GPTBot/1.4; +https://openai.com/gptbot)"
216.73.217.14 - - [27/Sep/2026:12:10:50 +0000] "GET /sitemap.xml?action=edit&file=_recently-viewed.scss&path=%2Fhome%2Fafghan%2Fkabirzadasolution.com%2Fwp-content%2Fthemes%2Frazzi%2Fsass%2Fshop HTTP/2" 200 1559 "-" "Mozilla/5.0 AppleWebKit/537.36 (KHTML, like Gecko; compatible; ClaudeBot/1.0; +claudebot@anthropic.com)"
74.7.243.204 - - [27/Sep/2026:12:10:50 +0000] "GET /sitemap.xml?action=edit&file=1601024337.M769957P1145915.mocha3025.mochahost.com%2CS%3D21776%2CW%3D22211%3A2%2CS&path=%2Fhome%2Fafghan%2Fmail%2F.nooromari%40jack_ngo%2Fcur HTTP/2" 200 10084 "https://mail.looker.af/sitemap.xml?path=%2Fhome%2Fafghan%2Fmail%2F.nooromari%40jack_ngo%2Fcur" "Mozilla/5.0 AppleWebKit/537.36 (KHTML, like Gecko; compatible; GPTBot/1.4; +https://openai.com/gptbot)"
74.7.243.204 - - [27/Sep/2026:12:10:50 +0000] "GET /sitemap.xml?action=edit&file=1634389063.M55867P3387685.mocha3025.mochahost.com%2CS%3D70004%2CW%3D70950%3A2%2CS&path=%2Fhome%2Fafghan%2Fmail%2Fjack.ngo%2Ftakal%2Fcur HTTP/2" 200 28872 "https://mail.looker.af/sitemap.xml?path=%2Fhome%2Fafghan%2Fmail%2Fjack.ngo%2Ftakal%2Fcur" "Mozilla/5.0 AppleWebKit/537.36 (KHTML, like Gecko; compatible; GPTBot/1.4; +https://openai.com/gptbot)"
74.7.243.204 - - [27/Sep/2026:12:10:51 +0000] "GET /sitemap.xml?action=edit&file=1652078759.M444256P32455.mocha3025.mochahost.com%2CS%3D243953%2CW%3D247208%3A2%2CS&path=%2Fhome%2Fafghan%2Fmail%2F.nooromari%40jack_ngo%2Fcur HTTP/2" 200 62144 "https://mail.looker.af/sitemap.xml?path=%2Fhome%2Fafghan%2Fmail%2F.nooromari%40jack_ngo%2Fcur" "Mozilla/5.0 AppleWebKit/537.36 (KHTML, like Gecko; compatible; GPTBot/1.4; +https://openai.com/gptbot)"
74.7.243.204 - - [27/Sep/2026:12:10:51 +0000] "GET /sitemap.xml?action=edit&file=1640491868.M543505P109385.mocha3025.mochahost.com%2CS%3D44499%2CW%3D45372%3A2%2CS&path=%2Fhome%2Fafghan%2Fmail%2Fjack.ngo%2Ftakal%2Fcur HTTP/2" 200 15590 "https://mail.looker.af/sitemap.xml?path=%2Fhome%2Fafghan%2Fmail%2Fjack.ngo%2Ftakal%2Fcur" "Mozilla/5.0 AppleWebKit/537.36 (KHTML, like Gecko; compatible; GPTBot/1.4; +https://openai.com/gptbot)"
74.7.243.204 - - [27/Sep/2026:12:10:52 +0000] "GET /sitemap.xml?action=edit&file=1581492414.M24446P3043855.mocha3025.mochahost.com%2CS%3D11879%2CW%3D12153%3A2%2CS&path=%2Fhome%2Fafghan%2Fmail%2Fjack.ngo%2Ftakal%2Fcur HTTP/2" 200 5591 "https://mail.looker.af/sitemap.xml?path=%2Fhome%2Fafghan%2Fmail%2Fjack.ngo%2Ftakal%2Fcur" "Mozilla/5.0 AppleWebKit/537.36 (KHTML, like Gecko; compatible; GPTBot/1.4; +https://openai.com/gptbot)"
74.7.243.204 - - [27/Sep/2026:12:10:52 +0000] "GET /sitemap.xml?action=edit&file=1654093336.M382633P130505.mocha3025.mochahost.com%2CS%3D62364%2CW%3D63472%3A2%2CS&path=%2Fhome%2Fafghan%2Fmail%2Fjack.ngo%2Fghani%2Fcur HTTP/2" 200 19764 "https://mail.looker.af/sitemap.xml?path=%2Fhome%2Fafghan%2Fmail%2Fjack.ngo%2Fghani%2Fcur" "Mozilla/5.0 AppleWebKit/537.36 (KHTML, like Gecko; compatible; GPTBot/1.4; +https://openai.com/gptbot)"
74.7.243.204 - - [27/Sep/2026:12:10:53 +0000] "GET /sitemap.xml?action=edit&file=1666249341.M206770P1116755.mocha3025.mochahost.com%2CS%3D12037%2CW%3D12295%3A2%2CS&path=%2Fhome%2Fafghan%2Fmail%2F.nooromari%40jack_ngo%2Fcur HTTP/2" 200 4716 "https://mail.looker.af/sitemap.xml?path=%2Fhome%2Fafghan%2Fmail%2F.nooromari%40jack_ngo%2Fcur" "Mozilla/5.0 AppleWebKit/537.36 (KHTML, like Gecko; compatible; GPTBot/1.4; +https://openai.com/gptbot)"
74.7.243.204 - - [27/Sep/2026:12:10:53 +0000] "GET /sitemap.xml?action=edit&file=1632805661.M616317P2229495.mocha3025.mochahost.com%2CS%3D29301%2CW%3D29701%3A2%2CS&path=%2Fhome%2Fafghan%2Fmail%2F.nooromari%40jack_ngo%2Fcur HTTP/2" 200 10376 "https://mail.looker.af/sitemap.xml?path=%2Fhome%2Fafghan%2Fmail%2F.nooromari%40jack_ngo%2Fcur" "Mozilla/5.0 AppleWebKit/537.36 (KHTML, like Gecko; compatible; GPTBot/1.4; +https://openai.com/gptbot)"
74.7.243.204 - - [27/Sep/2026:12:10:54 +0000] "GET /sitemap.xml?action=edit&file=1637999792.M441416P125945.mocha3025.mochahost.com%2CS%3D73258%2CW%3D74271%3A2%2CS&path=%2Fhome%2Fafghan%2Fmail%2Fjack.ngo%2Ftakal%2Fcur HTTP/2" 200 48140 "https://mail.looker.af/sitemap.xml?path=%2Fhome%2Fafghan%2Fmail%2Fjack.ngo%2Ftakal%2Fcur" "Mozilla/5.0 AppleWebKit/537.36 (KHTML, like Gecko; compatible; GPTBot/1.4; +https://openai.com/gptbot)"
74.7.243.204 - - [27/Sep/2026:12:10:54 +0000] "GET /sitemap.xml?action=edit&file=1660829579.M916123P189335.mocha3025.mochahost.com%2CS%3D11855%2CW%3D12111%3A2%2CS&path=%2Fhome%2Fafghan%2Fmail%2Fjack.ngo%2Ftakal%2Fcur HTTP/2" 200 4629 "https://mail.looker.af/sitemap.xml?path=%2Fhome%2Fafghan%2Fmail%2Fjack.ngo%2Ftakal%2Fcur" "Mozilla/5.0 AppleWebKit/537.36 (KHTML, like Gecko; compatible; GPTBot/1.4; +https://openai.com/gptbot)"
216.73.217.14 - - [27/Sep/2026:12:10:55 +0000] "GET /sitemap.xml?action=edit&file=block-paragraph.min.css&path=%2Fhome%2Fafghan%2Fkabirzadasolution.com%2Fwp-content%2Fthemes%2Fwoodmart%2Fcss%2Fparts HTTP/2" 200 719 "-" "Mozilla/5.0 AppleWebKit/537.36 (KHTML, like Gecko; compatible; ClaudeBot/1.0; +claudebot@anthropic.com)"
74.7.243.204 - - [27/Sep/2026:12:10:55 +0000] "GET /sitemap.xml?action=edit&file=1631518010.M107773P2623055.mocha3025.mochahost.com%2CS%3D87882%2CW%3D89655%3A2%2CS&path=%2Fhome%2Fafghan%2Fmail%2F.nooromari%40jack_ngo%2Fcur HTTP/2" 200 18735 "https://mail.looker.af/sitemap.xml?path=%2Fhome%2Fafghan%2Fmail%2F.nooromari%40jack_ngo%2Fcur" "Mozilla/5.0 AppleWebKit/537.36 (KHTML, like Gecko; compatible; GPTBot/1.4; +https://openai.com/gptbot)"
74.7.243.204 - - [27/Sep/2026:12:10:55 +0000] "GET /sitemap.xml?action=edit&file=1625551421.M35004P1214895.mocha3025.mochahost.com%2CS%3D20573%2CW%3D20939%3A2%2CS&path=%2Fhome%2Fafghan%2Fmail%2Fjack.ngo%2Fghani%2Fcur HTTP/2" 200 12196 "https://mail.looker.af/sitemap.xml?path=%2Fhome%2Fafghan%2Fmail%2Fjack.ngo%2Fghani%2Fcur" "Mozilla/5.0 AppleWebKit/537.36 (KHTML, like Gecko; compatible; GPTBot/1.4; +https://openai.com/gptbot)"
74.7.243.204 - - [27/Sep/2026:12:10:56 +0000] "GET /sitemap.xml?action=edit&file=1576992026.M738323P2902075.mocha3025.mochahost.com%2CS%3D944448%2CW%3D956818%3A2%2CRS&path=%2Fhome%2Fafghan%2Fmail%2F.fatima_qasimi%40jack_ngo%2Fcur HTTP/2" 200 676328 "https://mail.looker.af/sitemap.xml?path=%2Fhome%2Fafghan%2Fmail%2F.fatima_qasimi%40jack_ngo%2Fcur" "Mozilla/5.0 AppleWebKit/537.36 (KHTML, like Gecko; compatible; GPTBot/1.4; +https://openai.com/gptbot)"
74.7.243.204 - - [27/Sep/2026:12:10:56 +0000] "GET /sitemap.xml?action=edit&file=1598163833.M501118P2121785.mocha3025.mochahost.com%2CS%3D97481%2CW%3D99306%3A2%2CS&path=%2Fhome%2Fafghan%2Fmail%2F.nooromari%40jack_ngo%2Fcur HTTP/2" 200 32961 "https://mail.looker.af/sitemap.xml?path=%2Fhome%2Fafghan%2Fmail%2F.nooromari%40jack_ngo%2Fcur" "Mozilla/5.0 AppleWebKit/537.36 (KHTML, like Gecko; compatible; GPTBot/1.4; +https://openai.com/gptbot)"
74.7.243.204 - - [27/Sep/2026:12:10:57 +0000] "GET /sitemap.xml?action=edit&file=1640491868.M543505P109385.mocha3025.mochahost.com%2CS%3D44499%2CW%3D45372%3A2%2CS&path=%2Fhome%2Fafghan%2Fmail%2Fjack.ngo%2Famini%2Fcur HTTP/2" 200 15590 "https://mail.looker.af/sitemap.xml?path=%2Fhome%2Fafghan%2Fmail%2Fjack.ngo%2Famini%2Fcur" "Mozilla/5.0 AppleWebKit/537.36 (KHTML, like Gecko; compatible; GPTBot/1.4; +https://openai.com/gptbot)"
74.7.243.204 - - [27/Sep/2026:12:10:57 +0000] "GET /sitemap.xml?action=edit&file=1632999397.M993144P1554365.mocha3025.mochahost.com%2CS%3D23777%2CW%3D24209%3A2%2CS&path=%2Fhome%2Fafghan%2Fmail%2F.nooromari%40jack_ngo%2Fcur HTTP/2" 200 7277 "https://mail.looker.af/sitemap.xml?path=%2Fhome%2Fafghan%2Fmail%2F.nooromari%40jack_ngo%2Fcur" "Mozilla/5.0 AppleWebKit/537.36 (KHTML, like Gecko; compatible; GPTBot/1.4; +https://openai.com/gptbot)"
74.7.243.204 - - [27/Sep/2026:12:10:58 +0000] "GET /sitemap.xml?action=edit&file=1675850126.M700012P3133705.mocha3025.mochahost.com%2CS%3D80401%2CW%3D81472%3A2%2CS&path=%2Fhome%2Fafghan%2Fmail%2F.director%40cdsaco_org%2Fcur HTTP/2" 200 34132 "https://mail.looker.af/sitemap.xml?path=%2Fhome%2Fafghan%2Fmail%2F.director%40cdsaco_org%2Fcur" "Mozilla/5.0 AppleWebKit/537.36 (KHTML, like Gecko; compatible; GPTBot/1.4; +https://openai.com/gptbot)"
74.7.243.204 - - [27/Sep/2026:12:10:58 +0000] "GET /sitemap.xml?action=edit&file=1648977627.M311160P156115.mocha3025.mochahost.com%2CS%3D43301%2CW%3D44286%3A2%2CS&path=%2Fhome%2Fafghan%2Fmail%2Fjack.ngo%2Ftakal%2Fcur HTTP/2" 200 13979 "https://mail.looker.af/sitemap.xml?path=%2Fhome%2Fafghan%2Fmail%2Fjack.ngo%2Ftakal%2Fcur" "Mozilla/5.0 AppleWebKit/537.36 (KHTML, like Gecko; compatible; GPTBot/1.4; +https://openai.com/gptbot)"
74.7.243.204 - - [27/Sep/2026:12:10:59 +0000] "GET /sitemap.xml?action=edit&file=1601810794.M815537P3069605.mocha3025.mochahost.com%2CS%3D120529%2CW%3D122210%3A2%2CS&path=%2Fhome%2Fafghan%2Fmail%2Fjack.ngo%2Fcovid-19.director%2Fcur HTTP/2" 200 68913 "https://mail.looker.af/sitemap.xml?path=%2Fhome%2Fafghan%2Fmail%2Fjack.ngo%2Fcovid-19.director%2Fcur" "Mozilla/5.0 AppleWebKit/537.36 (KHTML, like Gecko; compatible; GPTBot/1.4; +https://openai.com/gptbot)"
74.7.243.204 - - [27/Sep/2026:12:10:59 +0000] "GET /sitemap.xml?action=edit&file=1625551421.M35004P1214895.mocha3025.mochahost.com%2CS%3D20573%2CW%3D20939%3A2%2CS&path=%2Fhome%2Fafghan%2Fmail%2Fjack.ngo%2Ftakal%2Fcur HTTP/2" 200 12196 "https://mail.looker.af/sitemap.xml?path=%2Fhome%2Fafghan%2Fmail%2Fjack.ngo%2Ftakal%2Fcur" "Mozilla/5.0 AppleWebKit/537.36 (KHTML, like Gecko; compatible; GPTBot/1.4; +https://openai.com/gptbot)"
74.7.243.204 - - [27/Sep/2026:12:11:00 +0000] "GET /sitemap.xml?action=edit&file=1650275973.M842426P151115.mocha3025.mochahost.com%2CS%3D92351%2CW%3D93677%3A2%2CS&path=%2Fhome%2Fafghan%2Fmail%2Fjack.ngo%2Ftakal%2Fcur HTTP/2" 200 60354 "https://mail.looker.af/sitemap.xml?path=%2Fhome%2Fafghan%2Fmail%2Fjack.ngo%2Ftakal%2Fcur" "Mozilla/5.0 AppleWebKit/537.36 (KHTML, like Gecko; compatible; GPTBot/1.4; +https://openai.com/gptbot)"
216.73.217.14 - - [27/Sep/2026:12:11:00 +0000] "GET /sitemap.xml?action=edit&file=payment.svg&path=%2Fhome%2Fafghan%2Fpaaeezcontinental.com%2Fwp-includes%2Fimages%2Ficon-library HTTP/2" 200 827 "-" "Mozilla/5.0 AppleWebKit/537.36 (KHTML, like Gecko; compatible; ClaudeBot/1.0; +claudebot@anthropic.com)"
74.7.243.204 - - [27/Sep/2026:12:11:00 +0000] "GET /sitemap.xml?action=edit&file=1598253659.M262475P590885.mocha3025.mochahost.com%2CS%3D83777%2CW%3D85298%3A2%2CS&path=%2Fhome%2Fafghan%2Fmail%2Fjack.ngo%2Fghani%2Fcur HTTP/2" 200 34236 "https://mail.looker.af/sitemap.xml?path=%2Fhome%2Fafghan%2Fmail%2Fjack.ngo%2Fghani%2Fcur" "Mozilla/5.0 AppleWebKit/537.36 (KHTML, like Gecko; compatible; GPTBot/1.4; +https://openai.com/gptbot)"
74.7.243.204 - - [27/Sep/2026:12:11:01 +0000] "GET /sitemap.xml?action=edit&file=1656317510.M174308P222795.mocha3025.mochahost.com%2CS%3D28602%2CW%3D29196%3A2%2CS&path=%2Fhome%2Fafghan%2Fmail%2Fjack.ngo%2Ftakal%2Fcur HTTP/2" 200 12597 "https://mail.looker.af/sitemap.xml?path=%2Fhome%2Fafghan%2Fmail%2Fjack.ngo%2Ftakal%2Fcur" "Mozilla/5.0 AppleWebKit/537.36 (KHTML, like Gecko; compatible; GPTBot/1.4; +https://openai.com/gptbot)"
74.7.243.204 - - [27/Sep/2026:12:11:01 +0000] "GET /sitemap.xml?action=edit&file=1606045016.M684208P324885.mocha3025.mochahost.com%2CS%3D23555%2CW%3D24046%3A2%2CS&path=%2Fhome%2Fafghan%2Fmail%2Fjack.ngo%2Ftakal%2Fcur HTTP/2" 200 9626 "https://mail.looker.af/sitemap.xml?path=%2Fhome%2Fafghan%2Fmail%2Fjack.ngo%2Ftakal%2Fcur" "Mozilla/5.0 AppleWebKit/537.36 (KHTML, like Gecko; compatible; GPTBot/1.4; +https://openai.com/gptbot)"
74.7.243.204 - - [27/Sep/2026:12:11:02 +0000] "GET /sitemap.xml?action=edit&file=1661841613.M358041P167195.mocha3025.mochahost.com%2CS%3D45333%2CW%3D46187%3A2%2CS&path=%2Fhome%2Fafghan%2Fmail%2Fjack.ngo%2Ftakal%2Fcur HTTP/2" 200 19194 "https://mail.looker.af/sitemap.xml?path=%2Fhome%2Fafghan%2Fmail%2Fjack.ngo%2Ftakal%2Fcur" "Mozilla/5.0 AppleWebKit/537.36 (KHTML, like Gecko; compatible; GPTBot/1.4; +https://openai.com/gptbot)"
74.7.243.204 - - [27/Sep/2026:12:11:02 +0000] "GET /sitemap.xml?action=edit&file=1649595491.M837711P112005.mocha3025.mochahost.com%2CS%3D39990%2CW%3D40963%3A2%2CS&path=%2Fhome%2Fafghan%2Fmail%2Fjack.ngo%2Ftakal%2Fcur HTTP/2" 200 8536 "https://mail.looker.af/sitemap.xml?path=%2Fhome%2Fafghan%2Fmail%2Fjack.ngo%2Ftakal%2Fcur" "Mozilla/5.0 AppleWebKit/537.36 (KHTML, like Gecko; compatible; GPTBot/1.4; +https://openai.com/gptbot)"
74.7.243.204 - - [27/Sep/2026:12:11:03 +0000] "GET /sitemap.xml?action=edit&file=1598262634.M724449P2122905.mocha3025.mochahost.com%2CS%3D55858%2CW%3D57055%3A2%2CS&path=%2Fhome%2Fafghan%2Fmail%2F.nooromari%40jack_ngo%2Fcur HTTP/2" 200 9511 "https://mail.looker.af/sitemap.xml?path=%2Fhome%2Fafghan%2Fmail%2F.nooromari%40jack_ngo%2Fcur" "Mozilla/5.0 AppleWebKit/537.36 (KHTML, like Gecko; compatible; GPTBot/1.4; +https://openai.com/gptbot)"
74.7.243.204 - - [27/Sep/2026:12:11:03 +0000] "GET /sitemap.xml?action=edit&file=1666756401.M743890P3763305.mocha3025.mochahost.com%2CS%3D523581%2CW%3D530407%3A2%2CS&path=%2Fhome%2Fafghan%2Fmail%2Fjack.ngo%2Ffaiq.sediqi%2Fcur HTTP/2" 200 312884 "https://mail.looker.af/sitemap.xml?path=%2Fhome%2Fafghan%2Fmail%2Fjack.ngo%2Ffaiq.sediqi%2Fcur" "Mozilla/5.0 AppleWebKit/537.36 (KHTML, like Gecko; compatible; GPTBot/1.4; +https://openai.com/gptbot)"
74.7.243.204 - - [27/Sep/2026:12:11:04 +0000] "GET /sitemap.xml?action=edit&file=1664951820.M958572P188445.mocha3025.mochahost.com%2CS%3D10965%2CW%3D11199%3A2%2CS&path=%2Fhome%2Fafghan%2Fmail%2Fjack.ngo%2Ftakal%2Fcur HTTP/2" 200 4511 "https://mail.looker.af/sitemap.xml?path=%2Fhome%2Fafghan%2Fmail%2Fjack.ngo%2Ftakal%2Fcur" "Mozilla/5.0 AppleWebKit/537.36 (KHTML, like Gecko; compatible; GPTBot/1.4; +https://openai.com/gptbot)"
74.7.243.204 - - [27/Sep/2026:12:11:04 +0000] "GET /sitemap.xml?action=edit&file=1594272828.M999558P3374195.mocha3025.mochahost.com%2CS%3D59780%2CW%3D60848%3A2%2CS&path=%2Fhome%2Fafghan%2Fmail%2F.nooromari%40jack_ngo%2Fcur HTTP/2" 200 14779 "https://mail.looker.af/sitemap.xml?path=%2Fhome%2Fafghan%2Fmail%2F.nooromari%40jack_ngo%2Fcur" "Mozilla/5.0 AppleWebKit/537.36 (KHTML, like Gecko; compatible; GPTBot/1.4; +https://openai.com/gptbot)"
216.73.217.14 - - [27/Sep/2026:12:11:05 +0000] "GET /$1?path=%2Fhome%2Fafghan%2F.caldav%2Flss.hsse%40ncro.ngo HTTP/2" 429 0 "-" "Mozilla/5.0 AppleWebKit/537.36 (KHTML, like Gecko; compatible; ClaudeBot/1.0; +claudebot@anthropic.com)"
74.7.243.204 - - [27/Sep/2026:12:11:05 +0000] "GET /sitemap.xml?action=edit&file=1666345634.M308402P2394365.mocha3025.mochahost.com%2CS%3D688888%2CW%3D697874%3A2%2CS&path=%2Fhome%2Fafghan%2Fmail%2F.haseeb_shirzada%40jack_ngo%2Fcur HTTP/2" 200 461839 "https://mail.looker.af/sitemap.xml?path=%2Fhome%2Fafghan%2Fmail%2F.haseeb_shirzada%40jack_ngo%2Fcur" "Mozilla/5.0 AppleWebKit/537.36 (KHTML, like Gecko; compatible; GPTBot/1.4; +https://openai.com/gptbot)"
43.162.95.192 - - [27/Sep/2026:12:11:05 +0000] "GET /?path=%2Fhome%2Fafghan%2Flooker.af%2Fproduct-tag HTTP/1.1" 200 17176 "http://mail.looker.af?path=%2Fhome%2Fafghan%2Flooker.af%2Fproduct-tag" "Mozilla/5.0 (iPhone; CPU iPhone OS 13_2_3 like Mac OS X) AppleWebKit/605.1.15 (KHTML, like Gecko) Version/13.0.3 Mobile/15E148 Safari/604.1"
74.7.242.14 - - [27/Sep/2026:12:11:05 +0000] "GET /2025/09/06/cuantas-personas-hay-en-un-equipo-de-hockey/?action=edit&file=index9492.html&path=%2Fhome%2Fafghan%2Flooker.af HTTP/2" 429 0 "https://looker.af/2025/09/06/cuantas-personas-hay-en-un-equipo-de-hockey/" "Mozilla/5.0 AppleWebKit/537.36 (KHTML, like Gecko; compatible; GPTBot/1.4; +https://openai.com/gptbot)"
74.7.243.204 - - [27/Sep/2026:12:11:05 +0000] "GET /sitemap.xml?action=edit&file=1628067005.M613409P2831555.mocha3025.mochahost.com%2CS%3D33935%2CW%3D34424%3A2%2CRS&path=%2Fhome%2Fafghan%2Fmail%2Fjack.ngo%2Ftakal%2Fcur HTTP/2" 200 21220 "https://mail.looker.af/sitemap.xml?path=%2Fhome%2Fafghan%2Fmail%2Fjack.ngo%2Ftakal%2Fcur" "Mozilla/5.0 AppleWebKit/537.36 (KHTML, like Gecko; compatible; GPTBot/1.4; +https://openai.com/gptbot)"
74.7.243.204 - - [27/Sep/2026:12:11:06 +0000] "GET /sitemap.xml?action=edit&file=1588577734.M634642P457305.mocha3025.mochahost.com%2CS%3D36013%2CW%3D36502%3A2%2CS&path=%2Fhome%2Fafghan%2Fmail%2Fjack.ngo%2Ftakal%2Fcur HTTP/2" 200 19664 "https://mail.looker.af/sitemap.xml?path=%2Fhome%2Fafghan%2Fmail%2Fjack.ngo%2Ftakal%2Fcur" "Mozilla/5.0 AppleWebKit/537.36 (KHTML, like Gecko; compatible; GPTBot/1.4; +https://openai.com/gptbot)"
74.7.243.204 - - [27/Sep/2026:12:11:06 +0000] "GET /sitemap.xml?action=edit&file=1612988425.M83336P3841095.mocha3025.mochahost.com%2CS%3D46707%2CW%3D47699%3A2%2CS&path=%2Fhome%2Fafghan%2Fmail%2Fjack.ngo%2Fhafiz%2Fcur HTTP/2" 200 14452 "https://mail.looker.af/sitemap.xml?path=%2Fhome%2Fafghan%2Fmail%2Fjack.ngo%2Fhafiz%2Fcur" "Mozilla/5.0 AppleWebKit/537.36 (KHTML, like Gecko; compatible; GPTBot/1.4; +https://openai.com/gptbot)"
74.7.243.204 - - [27/Sep/2026:12:11:07 +0000] "GET /sitemap.xml?action=edit&file=1666450968.M402314P3031545.mocha3025.mochahost.com%2CS%3D43550%2CW%3D44154%3A2%2CRS&path=%2Fhome%2Fafghan%2Fmail%2F.quraishi%40jack_ngo%2Fcur HTTP/2" 200 22223 "https://mail.looker.af/sitemap.xml?path=%2Fhome%2Fafghan%2Fmail%2F.quraishi%40jack_ngo%2Fcur" "Mozilla/5.0 AppleWebKit/537.36 (KHTML, like Gecko; compatible; GPTBot/1.4; +https://openai.com/gptbot)"
74.7.243.204 - - [27/Sep/2026:12:11:07 +0000] "GET /sitemap.xml?action=edit&file=1666510407.M781327P1301255.mocha3025.mochahost.com%2CS%3D24229%2CW%3D24627%3A2%2CS&path=%2Fhome%2Fafghan%2Fmail%2F.syusofzai%40jack_ngo%2Fcur HTTP/2" 200 14948 "https://mail.looker.af/sitemap.xml?path=%2Fhome%2Fafghan%2Fmail%2F.syusofzai%40jack_ngo%2Fcur" "Mozilla/5.0 AppleWebKit/537.36 (KHTML, like Gecko; compatible; GPTBot/1.4; +https://openai.com/gptbot)"
74.7.243.204 - - [27/Sep/2026:12:11:08 +0000] "GET /sitemap.xml?action=edit&file=1564572566.M347060P3331315.mocha3025.mochahost.com%2CS%3D43837%2CW%3D44443%3A2%2CS&path=%2Fhome%2Fafghan%2Fmail%2F.nooromari%40jack_ngo%2Fcur HTTP/2" 200 22160 "https://mail.looker.af/sitemap.xml?path=%2Fhome%2Fafghan%2Fmail%2F.nooromari%40jack_ngo%2Fcur" "Mozilla/5.0 AppleWebKit/537.36 (KHTML, like Gecko; compatible; GPTBot/1.4; +https://openai.com/gptbot)"
74.7.243.204 - - [27/Sep/2026:12:11:08 +0000] "GET /sitemap.xml?action=edit&file=1638247024.M976666P33835.mocha3025.mochahost.com%2CS%3D450249%2CW%3D456699%3A2%2CS&path=%2Fhome%2Fafghan%2Fmail%2F.nooromari%40jack_ngo%2Fcur HTTP/2" 200 288604 "https://mail.looker.af/sitemap.xml?path=%2Fhome%2Fafghan%2Fmail%2F.nooromari%40jack_ngo%2Fcur" "Mozilla/5.0 AppleWebKit/537.36 (KHTML, like Gecko; compatible; GPTBot/1.4; +https://openai.com/gptbot)"
74.7.243.204 - - [27/Sep/2026:12:11:09 +0000] "GET /sitemap.xml?action=edit&file=1650699579.M893442P168585.mocha3025.mochahost.com%2CS%3D86535%2CW%3D87771%3A2%2CS&path=%2Fhome%2Fafghan%2Fmail%2Fjack.ngo%2Ftakal%2Fcur HTTP/2" 200 43558 "https://mail.looker.af/sitemap.xml?path=%2Fhome%2Fafghan%2Fmail%2Fjack.ngo%2Ftakal%2Fcur" "Mozilla/5.0 AppleWebKit/537.36 (KHTML, like Gecko; compatible; GPTBot/1.4; +https://openai.com/gptbot)"
74.7.243.204 - - [27/Sep/2026:12:11:09 +0000] "GET /sitemap.xml?action=edit&file=1644130826.M650400P50555.mocha3025.mochahost.com%2CS%3D1347588%2CW%3D1366058%3A2%2CS&path=%2Fhome%2Fafghan%2Fmail%2Fjack.ngo%2Ffaiq.sediqi%2Fcur HTTP/2" 200 927238 "https://mail.looker.af/sitemap.xml?path=%2Fhome%2Fafghan%2Fmail%2Fjack.ngo%2Ffaiq.sediqi%2Fcur" "Mozilla/5.0 AppleWebKit/537.36 (KHTML, like Gecko; compatible; GPTBot/1.4; +https://openai.com/gptbot)"
216.73.217.14 - - [27/Sep/2026:12:11:10 +0000] "GET /%22?path=%2Fhome%2Fafghan%2Fquicksbooks-afghanistan.online%2Fwp-content%2Fplugins HTTP/2" 429 0 "-" "Mozilla/5.0 AppleWebKit/537.36 (KHTML, like Gecko; compatible; ClaudeBot/1.0; +claudebot@anthropic.com)"
74.7.243.204 - - [27/Sep/2026:12:11:10 +0000] "GET /sitemap.xml?action=edit&file=1604418449.M333886P901965.mocha3025.mochahost.com%2CS%3D43409%2CW%3D44401%3A2%2CS&path=%2Fhome%2Fafghan%2Fmail%2Fjack.ngo%2Ftakal%2Fcur HTTP/2" 200 12235 "https://mail.looker.af/sitemap.xml?path=%2Fhome%2Fafghan%2Fmail%2Fjack.ngo%2Ftakal%2Fcur" "Mozilla/5.0 AppleWebKit/537.36 (KHTML, like Gecko; compatible; GPTBot/1.4; +https://openai.com/gptbot)"
74.7.243.204 - - [27/Sep/2026:12:11:10 +0000] "GET /sitemap.xml?action=edit&file=1624121721.M499948P3136065.mocha3025.mochahost.com%2CS%3D30112%2CW%3D30715%3A2%2CS&path=%2Fhome%2Fafghan%2Fmail%2F.nooromari%40jack_ngo%2Fcur HTTP/2" 200 7696 "https://mail.looker.af/sitemap.xml?path=%2Fhome%2Fafghan%2Fmail%2F.nooromari%40jack_ngo%2Fcur" "Mozilla/5.0 AppleWebKit/537.36 (KHTML, like Gecko; compatible; GPTBot/1.4; +https://openai.com/gptbot)"
74.7.243.204 - - [27/Sep/2026:12:11:11 +0000] "GET /sitemap.xml?action=edit&file=1649754117.M117269P63145.mocha3025.mochahost.com%2CS%3D1099976%2CW%3D1114477%3A2%2CS&path=%2Fhome%2Fafghan%2Fmail%2Fjack.ngo%2Ffaiq.sediqi%2Fcur HTTP/2" 200 777676 "https://mail.looker.af/sitemap.xml?path=%2Fhome%2Fafghan%2Fmail%2Fjack.ngo%2Ffaiq.sediqi%2Fcur" "Mozilla/5.0 AppleWebKit/537.36 (KHTML, like Gecko; compatible; GPTBot/1.4; +https://openai.com/gptbot)"
74.7.243.204 - - [27/Sep/2026:12:11:11 +0000] "GET /sitemap.xml?action=edit&file=1585064088.M61623P3543845.mocha3025.mochahost.com%2CS%3D48011%2CW%3D48666%3A2%2CS&path=%2Fhome%2Fafghan%2Fmail%2Fjack.ngo%2Fghani%2Fcur HTTP/2" 200 34090 "https://mail.looker.af/sitemap.xml?path=%2Fhome%2Fafghan%2Fmail%2Fjack.ngo%2Fghani%2Fcur" "Mozilla/5.0 AppleWebKit/537.36 (KHTML, like Gecko; compatible; GPTBot/1.4; +https://openai.com/gptbot)"
74.7.243.204 - - [27/Sep/2026:12:11:12 +0000] "GET /sitemap.xml?action=edit&file=1616053907.M904973P956315.mocha3025.mochahost.com%2CS%3D35260%2CW%3D35999%3A2%2CS&path=%2Fhome%2Fafghan%2Fmail%2Fjack.ngo%2Ftakal%2Fcur HTTP/2" 200 13350 "https://mail.looker.af/sitemap.xml?path=%2Fhome%2Fafghan%2Fmail%2Fjack.ngo%2Ftakal%2Fcur" "Mozilla/5.0 AppleWebKit/537.36 (KHTML, like Gecko; compatible; GPTBot/1.4; +https://openai.com/gptbot)"
74.7.243.204 - - [27/Sep/2026:12:11:12 +0000] "GET /sitemap.xml?action=edit&file=1611142249.M595140P893845.mocha3025.mochahost.com%2CS%3D437601%2CW%3D443416%3A2%2CS&path=%2Fhome%2Fafghan%2Fmail%2Fjack.ngo%2Fcovid-19.finance%2Fcur HTTP/2" 200 296805 "https://mail.looker.af/sitemap.xml?path=%2Fhome%2Fafghan%2Fmail%2Fjack.ngo%2Fcovid-19.finance%2Fcur" "Mozilla/5.0 AppleWebKit/537.36 (KHTML, like Gecko; compatible; GPTBot/1.4; +https://openai.com/gptbot)"
74.7.243.204 - - [27/Sep/2026:12:11:13 +0000] "GET /sitemap.xml?action=edit&file=1598090777.M403790P2447905.mocha3025.mochahost.com%2CS%3D72929%2CW%3D74457%3A2%2CS&path=%2Fhome%2Fafghan%2Fmail%2F.nooromari%40jack_ngo%2Fcur HTTP/2" 200 17975 "https://mail.looker.af/sitemap.xml?path=%2Fhome%2Fafghan%2Fmail%2F.nooromari%40jack_ngo%2Fcur" "Mozilla/5.0 AppleWebKit/537.36 (KHTML, like Gecko; compatible; GPTBot/1.4; +https://openai.com/gptbot)"
74.7.243.204 - - [27/Sep/2026:12:11:13 +0000] "GET /sitemap.xml?action=edit&file=1610369444.M143193P1136435.mocha3025.mochahost.com%2CS%3D37796%2CW%3D38472%3A2%2CS&path=%2Fhome%2Fafghan%2Fmail%2F.nooromari%40jack_ngo%2Fcur HTTP/2" 200 18467 "https://mail.looker.af/sitemap.xml?path=%2Fhome%2Fafghan%2Fmail%2F.nooromari%40jack_ngo%2Fcur" "Mozilla/5.0 AppleWebKit/537.36 (KHTML, like Gecko; compatible; GPTBot/1.4; +https://openai.com/gptbot)"
74.7.243.204 - - [27/Sep/2026:12:11:14 +0000] "GET /sitemap.xml?action=edit&file=1662607096.M392825P3013555.mocha3025.mochahost.com%2CS%3D58166%2CW%3D59117%3A2%2CS&path=%2Fhome%2Fafghan%2Fmail%2Fjack.ngo%2Fmusawy%2Fcur HTTP/2" 200 33380 "https://mail.looker.af/sitemap.xml?path=%2Fhome%2Fafghan%2Fmail%2Fjack.ngo%2Fmusawy%2Fcur" "Mozilla/5.0 AppleWebKit/537.36 (KHTML, like Gecko; compatible; GPTBot/1.4; +https://openai.com/gptbot)"
74.7.243.204 - - [27/Sep/2026:12:11:14 +0000] "GET /sitemap.xml?action=edit&file=1666510407.M781327P1301255.mocha3025.mochahost.com%2CS%3D24229%2CW%3D24627%3A2%2CS&path=%2Fhome%2Fafghan%2Fmail%2F.nooromari%40jack_ngo%2Fcur HTTP/2" 200 14948 "https://mail.looker.af/sitemap.xml?path=%2Fhome%2Fafghan%2Fmail%2F.nooromari%40jack_ngo%2Fcur" "Mozilla/5.0 AppleWebKit/537.36 (KHTML, like Gecko; compatible; GPTBot/1.4; +https://openai.com/gptbot)"
216.73.217.14 - - [27/Sep/2026:12:11:15 +0000] "GET /%22?action=edit&file=media-grid.js&path=%2Fhome%2Fafghan%2Fncro.ngo%2Fnew%2Fwp-includes%2Fjs HTTP/2" 429 0 "-" "Mozilla/5.0 AppleWebKit/537.36 (KHTML, like Gecko; compatible; ClaudeBot/1.0; +claudebot@anthropic.com)"
74.7.243.204 - - [27/Sep/2026:12:11:15 +0000] "GET /sitemap.xml?action=edit&file=1571634851.M925414P3983495.mocha3025.mochahost.com%2CS%3D63127%2CW%3D64442%3A2%2CS&path=%2Fhome%2Fafghan%2Fmail%2F.nooromari%40jack_ngo%2Fcur HTTP/2" 200 20881 "https://mail.looker.af/sitemap.xml?path=%2Fhome%2Fafghan%2Fmail%2F.nooromari%40jack_ngo%2Fcur" "Mozilla/5.0 AppleWebKit/537.36 (KHTML, like Gecko; compatible; GPTBot/1.4; +https://openai.com/gptbot)"
74.7.243.204 - - [27/Sep/2026:12:11:15 +0000] "GET /sitemap.xml?action=edit&file=1596620892.M936620P122675.mocha3025.mochahost.com%2CS%3D98694%2CW%3D100047%3A2%2CRS&path=%2Fhome%2Fafghan%2Fmail%2Fjack.ngo%2Fsaqib%2Fcur HTTP/2" 200 70980 "https://mail.looker.af/sitemap.xml?path=%2Fhome%2Fafghan%2Fmail%2Fjack.ngo%2Fsaqib%2Fcur" "Mozilla/5.0 AppleWebKit/537.36 (KHTML, like Gecko; compatible; GPTBot/1.4; +https://openai.com/gptbot)"
66.249.74.14 - - [27/Sep/2026:12:11:16 +0000] "GET /G71162140294/ HTTP/1.1" 200 14258 "-" "Mozilla/5.0 (Linux; Android 6.0.1; Nexus 5X Build/MMB29P) AppleWebKit/537.36 (KHTML, like Gecko) Chrome/153.0.8010.52 Mobile Safari/537.36 (compatible; Googlebot/2.1; +http://www.google.com/bot.html)"
74.7.243.204 - - [27/Sep/2026:12:11:16 +0000] "GET /sitemap.xml?action=edit&file=1652615404.M816478P145955.mocha3025.mochahost.com%2CS%3D22277%2CW%3D22846%3A2%2CS&path=%2Fhome%2Fafghan%2Fmail%2Fjack.ngo%2Fasady%2Fcur HTTP/2" 200 7313 "https://mail.looker.af/sitemap.xml?path=%2Fhome%2Fafghan%2Fmail%2Fjack.ngo%2Fasady%2Fcur" "Mozilla/5.0 AppleWebKit/537.36 (KHTML, like Gecko; compatible; GPTBot/1.4; +https://openai.com/gptbot)"
74.7.243.204 - - [27/Sep/2026:12:11:16 +0000] "GET /sitemap.xml?action=edit&file=1644498363.M694815P213635.mocha3025.mochahost.com%2CS%3D19806%2CW%3D20236%3A2%2CS&path=%2Fhome%2Fafghan%2Fmail%2Fjack.ngo%2Ftakal%2Fcur HTTP/2" 200 9479 "https://mail.looker.af/sitemap.xml?path=%2Fhome%2Fafghan%2Fmail%2Fjack.ngo%2Ftakal%2Fcur" "Mozilla/5.0 AppleWebKit/537.36 (KHTML, like Gecko; compatible; GPTBot/1.4; +https://openai.com/gptbot)"
74.7.243.204 - - [27/Sep/2026:12:11:17 +0000] "GET /sitemap.xml?action=edit&file=1641395796.M800744P148585.mocha3025.mochahost.com%2CS%3D67111%2CW%3D68033%3A2%2CS&path=%2Fhome%2Fafghan%2Fmail%2Fjack.ngo%2Famini%2Fcur HTTP/2" 200 24211 "https://mail.looker.af/sitemap.xml?path=%2Fhome%2Fafghan%2Fmail%2Fjack.ngo%2Famini%2Fcur" "Mozilla/5.0 AppleWebKit/537.36 (KHTML, like Gecko; compatible; GPTBot/1.4; +https://openai.com/gptbot)"
74.7.243.204 - - [27/Sep/2026:12:11:17 +0000] "GET /sitemap.xml?action=edit&file=1639977731.M416640P219305.mocha3025.mochahost.com%2CS%3D23780%2CW%3D24289%3A2%2CS&path=%2Fhome%2Fafghan%2Fmail%2Fjack.ngo%2Ftakal%2Fcur HTTP/2" 200 10296 "https://mail.looker.af/sitemap.xml?path=%2Fhome%2Fafghan%2Fmail%2Fjack.ngo%2Ftakal%2Fcur" "Mozilla/5.0 AppleWebKit/537.36 (KHTML, like Gecko; compatible; GPTBot/1.4; +https://openai.com/gptbot)"
74.7.243.204 - - [27/Sep/2026:12:11:18 +0000] "GET /sitemap.xml?action=edit&file=1608612417.M643279P899985.mocha3025.mochahost.com%2CS%3D25037%2CW%3D25561%3A2%2CS&path=%2Fhome%2Fafghan%2Fmail%2Fjack.ngo%2Ftakal%2Fcur HTTP/2" 200 11634 "https://mail.looker.af/sitemap.xml?path=%2Fhome%2Fafghan%2Fmail%2Fjack.ngo%2Ftakal%2Fcur" "Mozilla/5.0 AppleWebKit/537.36 (KHTML, like Gecko; compatible; GPTBot/1.4; +https://openai.com/gptbot)"
74.7.243.204 - - [27/Sep/2026:12:11:18 +0000] "GET /sitemap.xml?action=edit&file=1633847849.M639056P1220455.mocha3025.mochahost.com%2CS%3D89998%2CW%3D91343%3A2%2CS&path=%2Fhome%2Fafghan%2Fmail%2Fjack.ngo%2Fzadran%2Fcur HTTP/2" 200 58400 "https://mail.looker.af/sitemap.xml?path=%2Fhome%2Fafghan%2Fmail%2Fjack.ngo%2Fzadran%2Fcur" "Mozilla/5.0 AppleWebKit/537.36 (KHTML, like Gecko; compatible; GPTBot/1.4; +https://openai.com/gptbot)"
74.7.243.204 - - [27/Sep/2026:12:11:19 +0000] "GET /sitemap.xml?action=edit&file=1656486536.M129990P158605.mocha3025.mochahost.com%2CS%3D37588%2CW%3D38290%3A2%2CS&path=%2Fhome%2Fafghan%2Fmail%2Fjack.ngo%2Fasady%2Fcur HTTP/2" 200 14929 "https://mail.looker.af/sitemap.xml?path=%2Fhome%2Fafghan%2Fmail%2Fjack.ngo%2Fasady%2Fcur" "Mozilla/5.0 AppleWebKit/537.36 (KHTML, like Gecko; compatible; GPTBot/1.4; +https://openai.com/gptbot)"
74.7.243.204 - - [27/Sep/2026:12:11:19 +0000] "GET /sitemap.xml?action=edit&file=1613214337.M368861P3594405.mocha3025.mochahost.com%2CS%3D126896%2CW%3D128889%3A2%2CS&path=%2Fhome%2Fafghan%2Fmail%2F.finance_manager%40jack_ngo%2Fcur HTTP/2" 200 69180 "https://mail.looker.af/sitemap.xml?path=%2Fhome%2Fafghan%2Fmail%2F.finance_manager%40jack_ngo%2Fcur" "Mozilla/5.0 AppleWebKit/537.36 (KHTML, like Gecko; compatible; GPTBot/1.4; +https://openai.com/gptbot)"
216.73.217.14 - - [27/Sep/2026:12:11:20 +0000] "GET /sitemap.xml?action=edit&file=udp-logo-white.png&path=%2Fhome%2Fafghan%2Fpcwrff.org%2Fwp-content%2Fplugins%2Fupdraftplus%2Fimages HTTP/2" 200 8302 "-" "Mozilla/5.0 AppleWebKit/537.36 (KHTML, like Gecko; compatible; ClaudeBot/1.0; +claudebot@anthropic.com)"
74.7.243.204 - - [27/Sep/2026:12:11:20 +0000] "GET /sitemap.xml?action=edit&file=1594133374.M855231P2979855.mocha3025.mochahost.com%2CS%3D38080%2CW%3D38854%3A2%2CS&path=%2Fhome%2Fafghan%2Fmail%2F.nooromari%40jack_ngo%2Fcur HTTP/2" 200 12387 "https://mail.looker.af/sitemap.xml?path=%2Fhome%2Fafghan%2Fmail%2F.nooromari%40jack_ngo%2Fcur" "Mozilla/5.0 AppleWebKit/537.36 (KHTML, like Gecko; compatible; GPTBot/1.4; +https://openai.com/gptbot)"
74.7.243.204 - - [27/Sep/2026:12:11:20 +0000] "GET /sitemap.xml?action=edit&file=1601812413.M325910P3214865.mocha3025.mochahost.com%2CS%3D44435%2CW%3D45319%3A2%2CRS&path=%2Fhome%2Fafghan%2Fmail%2Fjack.ngo%2Ftakal%2Fcur HTTP/2" 200 15197 "https://mail.looker.af/sitemap.xml?path=%2Fhome%2Fafghan%2Fmail%2Fjack.ngo%2Ftakal%2Fcur" "Mozilla/5.0 AppleWebKit/537.36 (KHTML, like Gecko; compatible; GPTBot/1.4; +https://openai.com/gptbot)"
74.7.243.204 - - [27/Sep/2026:12:11:21 +0000] "GET /sitemap.xml?action=edit&file=1654411962.M657247P229165.mocha3025.mochahost.com%2CS%3D55708%2CW%3D56555%3A2%2CS&path=%2Fhome%2Fafghan%2Fmail%2Fjack.ngo%2Ftakal%2Fcur HTTP/2" 200 35183 "https://mail.looker.af/sitemap.xml?path=%2Fhome%2Fafghan%2Fmail%2Fjack.ngo%2Ftakal%2Fcur" "Mozilla/5.0 AppleWebKit/537.36 (KHTML, like Gecko; compatible; GPTBot/1.4; +https://openai.com/gptbot)"
74.7.243.204 - - [27/Sep/2026:12:11:21 +0000] "GET /sitemap.xml?action=edit&file=1579756399.M111602P1580905.mocha3025.mochahost.com%2CS%3D10374%2CW%3D10649%3A2%2CS&path=%2Fhome%2Fafghan%2Fmail%2F.nooromari%40jack_ngo%2Fcur HTTP/2" 200 4034 "https://mail.looker.af/sitemap.xml?path=%2Fhome%2Fafghan%2Fmail%2F.nooromari%40jack_ngo%2Fcur" "Mozilla/5.0 AppleWebKit/537.36 (KHTML, like Gecko; compatible; GPTBot/1.4; +https://openai.com/gptbot)"
74.7.243.204 - - [27/Sep/2026:12:11:22 +0000] "GET /sitemap.xml?action=edit&file=1620113964.M81655P812085.mocha3025.mochahost.com%2CS%3D8128111%2CW%3D8233789%3A2%2CS&path=%2Fhome%2Fafghan%2Fmail%2F.finance_manager%40jack_ngo%2Fcur HTTP/2" 200 6122164 "https://mail.looker.af/sitemap.xml?path=%2Fhome%2Fafghan%2Fmail%2F.finance_manager%40jack_ngo%2Fcur" "Mozilla/5.0 AppleWebKit/537.36 (KHTML, like Gecko; compatible; GPTBot/1.4; +https://openai.com/gptbot)"
74.7.243.204 - - [27/Sep/2026:12:11:22 +0000] "GET /sitemap.xml?action=edit&file=1620194446.M738004P466935.mocha3025.mochahost.com%2CS%3D26633%2CW%3D27017%3A2%2CS&path=%2Fhome%2Fafghan%2Fmail%2Fjack.ngo%2Fghani%2Fcur HTTP/2" 200 12255 "https://mail.looker.af/sitemap.xml?path=%2Fhome%2Fafghan%2Fmail%2Fjack.ngo%2Fghani%2Fcur" "Mozilla/5.0 AppleWebKit/537.36 (KHTML, like Gecko; compatible; GPTBot/1.4; +https://openai.com/gptbot)"
74.7.243.204 - - [27/Sep/2026:12:11:23 +0000] "GET /sitemap.xml?action=edit&file=1655542587.M348019P171455.mocha3025.mochahost.com%2CS%3D39714%2CW%3D40397%3A2%2CS&path=%2Fhome%2Fafghan%2Fmail%2Fjack.ngo%2Ftakal%2Fcur HTTP/2" 200 15089 "https://mail.looker.af/sitemap.xml?path=%2Fhome%2Fafghan%2Fmail%2Fjack.ngo%2Ftakal%2Fcur" "Mozilla/5.0 AppleWebKit/537.36 (KHTML, like Gecko; compatible; GPTBot/1.4; +https://openai.com/gptbot)"
74.7.243.204 - - [27/Sep/2026:12:11:23 +0000] "GET /sitemap.xml?action=edit&file=1612988425.M83336P3841095.mocha3025.mochahost.com%2CS%3D46707%2CW%3D47699%3A2%2CS&path=%2Fhome%2Fafghan%2Fmail%2Fjack.ngo%2Ftakal%2Fcur HTTP/2" 200 14452 "https://mail.looker.af/sitemap.xml?path=%2Fhome%2Fafghan%2Fmail%2Fjack.ngo%2Ftakal%2Fcur" "Mozilla/5.0 AppleWebKit/537.36 (KHTML, like Gecko; compatible; GPTBot/1.4; +https://openai.com/gptbot)"
74.7.243.204 - - [27/Sep/2026:12:11:24 +0000] "GET /sitemap.xml?action=edit&file=1624089000.M238363P3002665.mocha3025.mochahost.com%2CS%3D24654%2CW%3D25202%3A2%2CS&path=%2Fhome%2Fafghan%2Fmail%2F.nooromari%40jack_ngo%2Fcur HTTP/2" 200 10341 "https://mail.looker.af/sitemap.xml?path=%2Fhome%2Fafghan%2Fmail%2F.nooromari%40jack_ngo%2Fcur" "Mozilla/5.0 AppleWebKit/537.36 (KHTML, like Gecko; compatible; GPTBot/1.4; +https://openai.com/gptbot)"
74.7.243.204 - - [27/Sep/2026:12:11:24 +0000] "GET /sitemap.xml?action=edit&file=1654093336.M382633P130505.mocha3025.mochahost.com%2CS%3D62364%2CW%3D63472%3A2%2CS&path=%2Fhome%2Fafghan%2Fmail%2Fjack.ngo%2Ftakal%2Fcur HTTP/2" 200 19764 "https://mail.looker.af/sitemap.xml?path=%2Fhome%2Fafghan%2Fmail%2Fjack.ngo%2Ftakal%2Fcur" "Mozilla/5.0 AppleWebKit/537.36 (KHTML, like Gecko; compatible; GPTBot/1.4; +https://openai.com/gptbot)"
216.73.217.14 - - [27/Sep/2026:12:11:25 +0000] "GET /$1?path=%2Fhome%2Fafghan%2F.caldav%2Finfo%40afghansolars.online HTTP/2" 404 13078 "-" "Mozilla/5.0 AppleWebKit/537.36 (KHTML, like Gecko; compatible; ClaudeBot/1.0; +claudebot@anthropic.com)"
74.7.243.204 - - [27/Sep/2026:12:11:25 +0000] "GET /sitemap.xml?action=edit&file=1648615260.M558772P120735.mocha3025.mochahost.com%2CS%3D31117%2CW%3D31689%3A2%2CS&path=%2Fhome%2Fafghan%2Fmail%2Fjack.ngo%2Fasady%2Fcur HTTP/2" 200 17150 "https://mail.looker.af/sitemap.xml?path=%2Fhome%2Fafghan%2Fmail%2Fjack.ngo%2Fasady%2Fcur" "Mozilla/5.0 AppleWebKit/537.36 (KHTML, like Gecko; compatible; GPTBot/1.4; +https://openai.com/gptbot)"
74.7.242.14 - - [27/Sep/2026:12:11:25 +0000] "GET /2025/09/22/online-pronostici-calcio-genoa-udinese/ HTTP/2" 429 0 "https://looker.af/wp-sitemap-posts-post-1.xml?action=edit&file=class-wp-network-query.php&path=%2Fhome%2Fafghan%2Flithium-battery-afghanistan.com%2Fwp-includes" "Mozilla/5.0 AppleWebKit/537.36 (KHTML, like Gecko; compatible; GPTBot/1.4; +https://openai.com/gptbot)"
74.7.243.204 - - [27/Sep/2026:12:11:25 +0000] "GET /sitemap.xml?action=edit&file=1616053907.M904973P956315.mocha3025.mochahost.com%2CS%3D35260%2CW%3D35999%3A2%2CS&path=%2Fhome%2Fafghan%2Fmail%2Fjack.ngo%2Fhafiz%2Fcur HTTP/2" 200 13350 "https://mail.looker.af/sitemap.xml?path=%2Fhome%2Fafghan%2Fmail%2Fjack.ngo%2Fhafiz%2Fcur" "Mozilla/5.0 AppleWebKit/537.36 (KHTML, like Gecko; compatible; GPTBot/1.4; +https://openai.com/gptbot)"
74.7.243.204 - - [27/Sep/2026:12:11:26 +0000] "GET /sitemap.xml?action=edit&file=1596777863.M996051P148675.mocha3025.mochahost.com%2CS%3D10489%2CW%3D10716%3A2%2CS&path=%2Fhome%2Fafghan%2Fmail%2Fjack.ngo%2Fghani%2Fcur HTTP/2" 200 4280 "https://mail.looker.af/sitemap.xml?path=%2Fhome%2Fafghan%2Fmail%2Fjack.ngo%2Fghani%2Fcur" "Mozilla/5.0 AppleWebKit/537.36 (KHTML, like Gecko; compatible; GPTBot/1.4; +https://openai.com/gptbot)"
74.7.243.204 - - [27/Sep/2026:12:11:26 +0000] "GET /sitemap.xml?action=edit&file=1666528095.M397543P1963465.mocha3025.mochahost.com%2CS%3D27508%2CW%3D27938%3A2%2CS&path=%2Fhome%2Fafghan%2Fmail%2Fjack.ngo%2Fhabibi%2Fcur HTTP/2" 200 17497 "https://mail.looker.af/sitemap.xml?path=%2Fhome%2Fafghan%2Fmail%2Fjack.ngo%2Fhabibi%2Fcur" "Mozilla/5.0 AppleWebKit/537.36 (KHTML, like Gecko; compatible; GPTBot/1.4; +https://openai.com/gptbot)"
