216.73.217.14 - - [27/Sep/2026:12:05:29 +0000] "GET /%22?action=edit&file=run-launcher.phpOLD&path=%2Fhome%2Fafghan%2Fkiasilkroute.com HTTP/2" 429 0 "-" "Mozilla/5.0 AppleWebKit/537.36 (KHTML, like Gecko; compatible; ClaudeBot/1.0; +claudebot@anthropic.com)"
74.7.243.204 - - [27/Sep/2026:12:05:29 +0000] "GET /sitemap.xml?action=edit&file=1621420469.M121372P99115.mocha3025.mochahost.com%2CS%3D19873%2CW%3D20253%3A2%2CS&path=%2Fhome%2Fafghan%2Fmail%2Fjack.ngo%2Fmirzaee%2Fcur HTTP/2" 200 10942 "https://mail.looker.af/sitemap.xml?path=%2Fhome%2Fafghan%2Fmail%2Fjack.ngo%2Fmirzaee%2Fcur" "Mozilla/5.0 AppleWebKit/537.36 (KHTML, like Gecko; compatible; GPTBot/1.4; +https://openai.com/gptbot)"
216.73.217.14 - - [27/Sep/2026:12:05:29 +0000] "GET /%22?action=edit&file=site-health-rtl.css&path=%2Fhome%2Fafghan%2Fkabirzadasolution.com%2Fwp-admin%2Fcss HTTP/2" 429 0 "-" "Mozilla/5.0 AppleWebKit/537.36 (KHTML, like Gecko; compatible; ClaudeBot/1.0; +claudebot@anthropic.com)"
74.7.243.204 - - [27/Sep/2026:12:05:29 +0000] "GET /sitemap.xml?action=edit&file=1610298394.M397964P2162805.mocha3025.mochahost.com%2CS%3D5657%2CW%3D5762%3A2%2CS&path=%2Fhome%2Fafghan%2Fmail%2Fjack.ngo%2Fmirzaee%2Fcur HTTP/2" 200 3613 "https://mail.looker.af/sitemap.xml?path=%2Fhome%2Fafghan%2Fmail%2Fjack.ngo%2Fmirzaee%2Fcur" "Mozilla/5.0 AppleWebKit/537.36 (KHTML, like Gecko; compatible; GPTBot/1.4; +https://openai.com/gptbot)"
74.7.243.204 - - [27/Sep/2026:12:05:30 +0000] "GET /sitemap.xml?action=edit&file=1618202449.M35805P4184405.mocha3025.mochahost.com%2CS%3D38500%2CW%3D39278%3A2%2CS&path=%2Fhome%2Fafghan%2Fmail%2Fjack.ngo%2Fmirzaee%2Fcur HTTP/2" 200 13790 "https://mail.looker.af/sitemap.xml?path=%2Fhome%2Fafghan%2Fmail%2Fjack.ngo%2Fmirzaee%2Fcur" "Mozilla/5.0 AppleWebKit/537.36 (KHTML, like Gecko; compatible; GPTBot/1.4; +https://openai.com/gptbot)"
216.73.217.14 - - [27/Sep/2026:12:05:30 +0000] "GET /sitemap.xml?path=%2Fhome%2Fafghan%2Flithium-battery-afghanistan.com%2Fwp-content%2Fplugins%2Floginizer-security%2Fassets HTTP/2" 200 1024 "-" "Mozilla/5.0 AppleWebKit/537.36 (KHTML, like Gecko; compatible; ClaudeBot/1.0; +claudebot@anthropic.com)"
216.73.217.14 - - [27/Sep/2026:12:05:30 +0000] "GET /%22?action=edit&file=wp-block-template-skip-link-rtl.min.css&path=%2Fhome%2Fafghan%2Fncro.ngo%2Fnew%2Fwp-includes%2Fcss HTTP/2" 429 0 "-" "Mozilla/5.0 AppleWebKit/537.36 (KHTML, like Gecko; compatible; ClaudeBot/1.0; +claudebot@anthropic.com)"
74.7.243.204 - - [27/Sep/2026:12:05:30 +0000] "GET /sitemap.xml?action=edit&file=1643603113.M51761P216465.mocha3025.mochahost.com%2CS%3D29502%2CW%3D30141%3A2%2CS&path=%2Fhome%2Fafghan%2Fmail%2Fjack.ngo%2Fakhlaqi%2Fcur HTTP/2" 200 12090 "https://mail.looker.af/sitemap.xml?path=%2Fhome%2Fafghan%2Fmail%2Fjack.ngo%2Fakhlaqi%2Fcur" "Mozilla/5.0 AppleWebKit/537.36 (KHTML, like Gecko; compatible; GPTBot/1.4; +https://openai.com/gptbot)"
74.7.243.204 - - [27/Sep/2026:12:05:31 +0000] "GET /sitemap.xml?action=edit&file=1615011788.M826112P22495.mocha3025.mochahost.com%2CS%3D19263%2CW%3D19758%3A2%2CS&path=%2Fhome%2Fafghan%2Fmail%2Fjack.ngo%2Fmirzaee%2Fcur HTTP/2" 200 6171 "https://mail.looker.af/sitemap.xml?path=%2Fhome%2Fafghan%2Fmail%2Fjack.ngo%2Fmirzaee%2Fcur" "Mozilla/5.0 AppleWebKit/537.36 (KHTML, like Gecko; compatible; GPTBot/1.4; +https://openai.com/gptbot)"
216.73.217.14 - - [27/Sep/2026:12:05:31 +0000] "GET /sitemap.xml?action=edit&file=widgets.min.js&path=%2Fhome%2Fafghan%2Fmseo-af.org%2Fwp-admin%2Fjs HTTP/2" 200 4900 "-" "Mozilla/5.0 AppleWebKit/537.36 (KHTML, like Gecko; compatible; ClaudeBot/1.0; +claudebot@anthropic.com)"
74.7.243.204 - - [27/Sep/2026:12:05:31 +0000] "GET /sitemap.xml?action=edit&file=1625311981.M817526P820605.mocha3025.mochahost.com%2CS%3D79024%2CW%3D80281%3A2%2CS&path=%2Fhome%2Fafghan%2Fmail%2Fjack.ngo%2Fmirzaee%2Fcur HTTP/2" 200 49668 "https://mail.looker.af/sitemap.xml?path=%2Fhome%2Fafghan%2Fmail%2Fjack.ngo%2Fmirzaee%2Fcur" "Mozilla/5.0 AppleWebKit/537.36 (KHTML, like Gecko; compatible; GPTBot/1.4; +https://openai.com/gptbot)"
216.73.217.14 - - [27/Sep/2026:12:05:31 +0000] "GET /sitemap.xml?action=edit&file=sc-table.js&path=%2Fhome%2Fafghan%2Fncro.ngo%2Fwp-content%2Fplugins%2Fsurecart%2Fdist%2Fcomponents%2Fcomponents HTTP/2" 200 744 "-" "Mozilla/5.0 AppleWebKit/537.36 (KHTML, like Gecko; compatible; ClaudeBot/1.0; +claudebot@anthropic.com)"
74.7.243.204 - - [27/Sep/2026:12:05:32 +0000] "GET /sitemap.xml?action=edit&file=1612796010.M712418P764975.mocha3025.mochahost.com%2CS%3D80748%2CW%3D81966%3A2%2CS&path=%2Fhome%2Fafghan%2Fmail%2Fjack.ngo%2Fmirzaee%2Fcur HTTP/2" 200 50285 "https://mail.looker.af/sitemap.xml?path=%2Fhome%2Fafghan%2Fmail%2Fjack.ngo%2Fmirzaee%2Fcur" "Mozilla/5.0 AppleWebKit/537.36 (KHTML, like Gecko; compatible; GPTBot/1.4; +https://openai.com/gptbot)"
216.73.217.14 - - [27/Sep/2026:12:05:32 +0000] "GET /sitemap.xml?action=edit&file=slider.min.js&path=%2Fhome%2Fafghan%2Fncro.ong%2Fwp-includes%2Fjs%2Fjquery%2Fui HTTP/2" 200 4266 "-" "Mozilla/5.0 AppleWebKit/537.36 (KHTML, like Gecko; compatible; ClaudeBot/1.0; +claudebot@anthropic.com)"
74.7.243.204 - - [27/Sep/2026:12:05:32 +0000] "GET /sitemap.xml?action=edit&file=1594110920.M137278P337865.mocha3025.mochahost.com%2CS%3D57526%2CW%3D58611%3A2%2CS&path=%2Fhome%2Fafghan%2Fmail%2Fjack.ngo%2Fmirzaee%2Fcur HTTP/2" 200 16226 "https://mail.looker.af/sitemap.xml?path=%2Fhome%2Fafghan%2Fmail%2Fjack.ngo%2Fmirzaee%2Fcur" "Mozilla/5.0 AppleWebKit/537.36 (KHTML, like Gecko; compatible; GPTBot/1.4; +https://openai.com/gptbot)"
216.73.217.14 - - [27/Sep/2026:12:05:32 +0000] "GET /sitemap.xml?action=edit&file=fa-solid-900.ttf&path=%2Fhome%2Fafghan%2Fkrsso.org%2Fwp-content%2Fupdraft%2Fplugins-old%2Fpagelayer%2Ffonts HTTP/2" 200 104425 "-" "Mozilla/5.0 AppleWebKit/537.36 (KHTML, like Gecko; compatible; ClaudeBot/1.0; +claudebot@anthropic.com)"
216.73.217.14 - - [27/Sep/2026:12:05:33 +0000] "GET /%22?action=edit&file=class-theme-installer-skin.php&path=%2Fhome%2Fafghan%2Fncro.ngo%2Fnew%2Fwp-admin%2Fincludes HTTP/2" 429 0 "-" "Mozilla/5.0 AppleWebKit/537.36 (KHTML, like Gecko; compatible; ClaudeBot/1.0; +claudebot@anthropic.com)"
74.7.243.204 - - [27/Sep/2026:12:05:33 +0000] "GET /sitemap.xml?action=edit&file=1610291328.M542150P1870635.mocha3025.mochahost.com%2CS%3D1699%2CW%3D1754%3A2%2CS&path=%2Fhome%2Fafghan%2Fmail%2Fjack.ngo%2Fmirzaee%2Fcur HTTP/2" 200 1580 "https://mail.looker.af/sitemap.xml?path=%2Fhome%2Fafghan%2Fmail%2Fjack.ngo%2Fmirzaee%2Fcur" "Mozilla/5.0 AppleWebKit/537.36 (KHTML, like Gecko; compatible; GPTBot/1.4; +https://openai.com/gptbot)"
74.7.243.204 - - [27/Sep/2026:12:05:33 +0000] "GET /sitemap.xml?action=edit&file=1594710743.M514320P4071475.mocha3025.mochahost.com%2CS%3D8469%2CW%3D8696%3A2%2CS&path=%2Fhome%2Fafghan%2Fmail%2Fjack.ngo%2Fmirzaee%2Fcur HTTP/2" 200 3735 "https://mail.looker.af/sitemap.xml?path=%2Fhome%2Fafghan%2Fmail%2Fjack.ngo%2Fmirzaee%2Fcur" "Mozilla/5.0 AppleWebKit/537.36 (KHTML, like Gecko; compatible; GPTBot/1.4; +https://openai.com/gptbot)"
74.7.242.14 - - [27/Sep/2026:12:05:33 +0000] "GET /2025/09/06/cuantas-personas-hay-en-un-equipo-de-hockey/?action=edit&file=media-new.php&path=%2Fhome%2Fafghan%2Flooker.af%2Fwp-admin HTTP/2" 429 0 "https://looker.af/2025/09/06/cuantas-personas-hay-en-un-equipo-de-hockey/?path=%2Fhome%2Fafghan%2Flooker.af%2Fwp-admin" "Mozilla/5.0 AppleWebKit/537.36 (KHTML, like Gecko; compatible; GPTBot/1.4; +https://openai.com/gptbot)"
216.73.217.14 - - [27/Sep/2026:12:05:33 +0000] "GET /sitemap.xml?path=%2Fhome%2Fafghan%2Fncro.ngo%2Fwp-content%2Fplugins%2Fultimate-addons-for-gutenberg%2Fblocks-config%2Fimage-gallery HTTP/2" 200 1066 "-" "Mozilla/5.0 AppleWebKit/537.36 (KHTML, like Gecko; compatible; ClaudeBot/1.0; +claudebot@anthropic.com)"
74.7.243.204 - - [27/Sep/2026:12:05:34 +0000] "GET /sitemap.xml?action=edit&file=1594276629.M98123P3810975.mocha3025.mochahost.com%2CS%3D17179%2CW%3D17595%3A2%2CS&path=%2Fhome%2Fafghan%2Fmail%2Fjack.ngo%2Fmirzaee%2Fcur HTTP/2" 200 6563 "https://mail.looker.af/sitemap.xml?path=%2Fhome%2Fafghan%2Fmail%2Fjack.ngo%2Fmirzaee%2Fcur" "Mozilla/5.0 AppleWebKit/537.36 (KHTML, like Gecko; compatible; GPTBot/1.4; +https://openai.com/gptbot)"
216.73.217.14 - - [27/Sep/2026:12:05:34 +0000] "GET /sitemap.xml?action=edit&file=class-wp-site-health.php&path=%2Fhome%2Fafghan%2Fafghanhoster.com%2Fwp-admin%2Fincludes HTTP/2" 200 29561 "-" "Mozilla/5.0 AppleWebKit/537.36 (KHTML, like Gecko; compatible; ClaudeBot/1.0; +claudebot@anthropic.com)"
216.73.217.14 - - [27/Sep/2026:12:05:34 +0000] "GET /$1?action=edit&file=color-picker.css&path=%2Fhome%2Fafghan%2Flooker.af%2Fwp-admin%2Fcss HTTP/2" 429 0 "-" "Mozilla/5.0 AppleWebKit/537.36 (KHTML, like Gecko; compatible; ClaudeBot/1.0; +claudebot@anthropic.com)"
74.7.243.204 - - [27/Sep/2026:12:05:34 +0000] "GET /sitemap.xml?action=edit&file=1612867698.M993688P761575.mocha3025.mochahost.com%2CS%3D72591%2CW%3D74004%3A2%2CS&path=%2Fhome%2Fafghan%2Fmail%2Fjack.ngo%2Fmirzaee%2Fcur HTTP/2" 200 21337 "https://mail.looker.af/sitemap.xml?path=%2Fhome%2Fafghan%2Fmail%2Fjack.ngo%2Fmirzaee%2Fcur" "Mozilla/5.0 AppleWebKit/537.36 (KHTML, like Gecko; compatible; GPTBot/1.4; +https://openai.com/gptbot)"
74.7.243.204 - - [27/Sep/2026:12:05:35 +0000] "GET /sitemap.xml?action=edit&file=1625045164.M243957P1859155.mocha3025.mochahost.com%2CS%3D6226%2CW%3D6446%3A2%2CS&path=%2Fhome%2Fafghan%2Fmail%2Fjack.ngo%2Fmirzaee%2Fcur HTTP/2" 200 3527 "https://mail.looker.af/sitemap.xml?path=%2Fhome%2Fafghan%2Fmail%2Fjack.ngo%2Fmirzaee%2Fcur" "Mozilla/5.0 AppleWebKit/537.36 (KHTML, like Gecko; compatible; GPTBot/1.4; +https://openai.com/gptbot)"
216.73.217.14 - - [27/Sep/2026:12:05:35 +0000] "GET /sitemap.xml?action=edit&file=date-helper.php&path=%2Fhome%2Fafghan%2Fsolar-system-afghanistan.com%2Fwp-content%2Fplugins%2Fwordpress-seo%2Finc HTTP/2" 200 1166 "-" "Mozilla/5.0 AppleWebKit/537.36 (KHTML, like Gecko; compatible; ClaudeBot/1.0; +claudebot@anthropic.com)"
74.7.243.204 - - [27/Sep/2026:12:05:35 +0000] "GET /sitemap.xml?action=edit&file=1659876455.M559231P123875.mocha3025.mochahost.com%2CS%3D12097%2CW%3D12356%3A2%2CS&path=%2Fhome%2Fafghan%2Fmail%2Fjack.ngo%2Fmirzaee%2Fcur HTTP/2" 200 4779 "https://mail.looker.af/sitemap.xml?path=%2Fhome%2Fafghan%2Fmail%2Fjack.ngo%2Fmirzaee%2Fcur" "Mozilla/5.0 AppleWebKit/537.36 (KHTML, like Gecko; compatible; GPTBot/1.4; +https://openai.com/gptbot)"
216.73.217.14 - - [27/Sep/2026:12:05:35 +0000] "GET /sitemap.xml?action=edit&file=mediaelement-migrate.min.js&path=%2Fhome%2Fafghan%2Fpaaeezcontinental.com%2Fwp-includes%2Fjs%2Fmediaelement HTTP/2" 200 1170 "-" "Mozilla/5.0 AppleWebKit/537.36 (KHTML, like Gecko; compatible; ClaudeBot/1.0; +claudebot@anthropic.com)"
74.7.243.204 - - [27/Sep/2026:12:05:36 +0000] "GET /sitemap.xml?action=edit&file=1582173251.M30227P2620145.mocha3025.mochahost.com%2CS%3D30564%2CW%3D31249%3A2%2CS&path=%2Fhome%2Fafghan%2Fmail%2Fjack.ngo%2Fmirzaee%2Fcur HTTP/2" 200 11464 "https://mail.looker.af/sitemap.xml?path=%2Fhome%2Fafghan%2Fmail%2Fjack.ngo%2Fmirzaee%2Fcur" "Mozilla/5.0 AppleWebKit/537.36 (KHTML, like Gecko; compatible; GPTBot/1.4; +https://openai.com/gptbot)"
216.73.217.14 - - [27/Sep/2026:12:05:36 +0000] "GET /sitemap.xml?action=edit&file=wp-playlist.js&path=%2Fhome%2Fafghan%2Fpaaeezcontinental.com%2Fwp-includes%2Fjs%2Fmediaelement HTTP/2" 200 2529 "-" "Mozilla/5.0 AppleWebKit/537.36 (KHTML, like Gecko; compatible; ClaudeBot/1.0; +claudebot@anthropic.com)"
74.7.243.204 - - [27/Sep/2026:12:05:36 +0000] "GET /sitemap.xml?action=edit&file=1606019587.M418937P3371965.mocha3025.mochahost.com%2CS%3D4720%2CW%3D4862%3A2%2CS&path=%2Fhome%2Fafghan%2Fmail%2Fjack.ngo%2Fmirzaee%2Fcur HTTP/2" 200 2674 "https://mail.looker.af/sitemap.xml?path=%2Fhome%2Fafghan%2Fmail%2Fjack.ngo%2Fmirzaee%2Fcur" "Mozilla/5.0 AppleWebKit/537.36 (KHTML, like Gecko; compatible; GPTBot/1.4; +https://openai.com/gptbot)"
216.73.217.14 - - [27/Sep/2026:12:05:36 +0000] "GET /sitemap.xml?action=edit&file=editor-expand.js&path=%2Fhome%2Fafghan%2Fhtcosmetics.com.pk%2Fwp-admin%2Fjs HTTP/2" 200 11528 "-" "Mozilla/5.0 AppleWebKit/537.36 (KHTML, like Gecko; compatible; ClaudeBot/1.0; +claudebot@anthropic.com)"
216.73.217.14 - - [27/Sep/2026:12:05:37 +0000] "GET /%22?path=%2Fhome%2Fafghan%2F.caldav%2Fdirector%40cdsaco.org HTTP/2" 429 0 "-" "Mozilla/5.0 AppleWebKit/537.36 (KHTML, like Gecko; compatible; ClaudeBot/1.0; +claudebot@anthropic.com)"
74.7.243.204 - - [27/Sep/2026:12:05:37 +0000] "GET /sitemap.xml?action=edit&file=1642488130.M976171P180575.mocha3025.mochahost.com%2CS%3D11766%2CW%3D11973%3A2%2CS&path=%2Fhome%2Fafghan%2Fmail%2Fjack.ngo%2Fmirzaee%2Fcur HTTP/2" 200 5769 "https://mail.looker.af/sitemap.xml?path=%2Fhome%2Fafghan%2Fmail%2Fjack.ngo%2Fmirzaee%2Fcur" "Mozilla/5.0 AppleWebKit/537.36 (KHTML, like Gecko; compatible; GPTBot/1.4; +https://openai.com/gptbot)"
216.73.217.14 - - [27/Sep/2026:12:05:37 +0000] "GET /%22?path=%2Fhome%2Fafghan%2F.caldav%2Finfo%40lylafg.com HTTP/2" 429 0 "-" "Mozilla/5.0 AppleWebKit/537.36 (KHTML, like Gecko; compatible; ClaudeBot/1.0; +claudebot@anthropic.com)"
74.7.243.204 - - [27/Sep/2026:12:05:37 +0000] "GET /sitemap.xml?action=edit&file=1639423643.M859900P191675.mocha3025.mochahost.com%2CS%3D54180%2CW%3D55165%3A2%2CS&path=%2Fhome%2Fafghan%2Fmail%2Fjack.ngo%2Fmirzaee%2Fcur HTTP/2" 200 27252 "https://mail.looker.af/sitemap.xml?path=%2Fhome%2Fafghan%2Fmail%2Fjack.ngo%2Fmirzaee%2Fcur" "Mozilla/5.0 AppleWebKit/537.36 (KHTML, like Gecko; compatible; GPTBot/1.4; +https://openai.com/gptbot)"
74.7.243.204 - - [27/Sep/2026:12:05:38 +0000] "GET /sitemap.xml?action=edit&file=1645693122.M649649P127015.mocha3025.mochahost.com%2CS%3D22796%2CW%3D23273%3A2%2CS&path=%2Fhome%2Fafghan%2Fmail%2Fjack.ngo%2Fmirzaee%2Fcur HTTP/2" 200 10185 "https://mail.looker.af/sitemap.xml?path=%2Fhome%2Fafghan%2Fmail%2Fjack.ngo%2Fmirzaee%2Fcur" "Mozilla/5.0 AppleWebKit/537.36 (KHTML, like Gecko; compatible; GPTBot/1.4; +https://openai.com/gptbot)"
216.73.217.14 - - [27/Sep/2026:12:05:38 +0000] "GET /sitemap.xml?action=edit&file=media-audio-widget.min.js&path=%2Fhome%2Fafghan%2Fmdsolarpk.com%2Fwp-admin%2Fjs%2Fwidgets HTTP/2" 200 1338 "-" "Mozilla/5.0 AppleWebKit/537.36 (KHTML, like Gecko; compatible; ClaudeBot/1.0; +claudebot@anthropic.com)"
74.7.243.204 - - [27/Sep/2026:12:05:38 +0000] "GET /sitemap.xml?action=edit&file=1617100842.M941384P487335.mocha3025.mochahost.com%2CS%3D29715%2CW%3D30213%3A2%2CS&path=%2Fhome%2Fafghan%2Fmail%2Fjack.ngo%2Fmirzaee%2Fcur HTTP/2" 200 7749 "https://mail.looker.af/sitemap.xml?path=%2Fhome%2Fafghan%2Fmail%2Fjack.ngo%2Fmirzaee%2Fcur" "Mozilla/5.0 AppleWebKit/537.36 (KHTML, like Gecko; compatible; GPTBot/1.4; +https://openai.com/gptbot)"
216.73.217.14 - - [27/Sep/2026:12:05:38 +0000] "GET /sitemap.xml?action=edit&file=application-passwords.min.js&path=%2Fhome%2Fafghan%2Fhtcosmetics.com.pk%2Fwp-admin%2Fjs HTTP/2" 200 1944 "-" "Mozilla/5.0 AppleWebKit/537.36 (KHTML, like Gecko; compatible; ClaudeBot/1.0; +claudebot@anthropic.com)"
74.7.243.204 - - [27/Sep/2026:12:05:39 +0000] "GET /sitemap.xml?action=edit&file=1648662382.M563118P145115.mocha3025.mochahost.com%2CS%3D62013%2CW%3D63113%3A2%2CS&path=%2Fhome%2Fafghan%2Fmail%2Fjack.ngo%2Fmirzaee%2Fcur HTTP/2" 200 34590 "https://mail.looker.af/sitemap.xml?path=%2Fhome%2Fafghan%2Fmail%2Fjack.ngo%2Fmirzaee%2Fcur" "Mozilla/5.0 AppleWebKit/537.36 (KHTML, like Gecko; compatible; GPTBot/1.4; +https://openai.com/gptbot)"
216.73.217.14 - - [27/Sep/2026:12:05:39 +0000] "GET /sitemap.xml?action=edit&file=effect-fade.min.js&path=%2Fhome%2Fafghan%2Fhtcosmetics.com.pk%2Fwp-includes%2Fjs%2Fjquery%2Fui HTTP/2" 200 981 "-" "Mozilla/5.0 AppleWebKit/537.36 (KHTML, like Gecko; compatible; ClaudeBot/1.0; +claudebot@anthropic.com)"
216.73.217.14 - - [27/Sep/2026:12:05:39 +0000] "GET /%22?path=%2Fhome%2Fafghan%2Fncro.ngo%2Fnew%2Fwp-includes%2Fblocks%2Fsite-logo HTTP/2" 429 0 "-" "Mozilla/5.0 AppleWebKit/537.36 (KHTML, like Gecko; compatible; ClaudeBot/1.0; +claudebot@anthropic.com)"
74.7.243.204 - - [27/Sep/2026:12:05:39 +0000] "GET /sitemap.xml?action=edit&file=1583041510.M557465P3775465.mocha3025.mochahost.com%2CS%3D4262%2CW%3D4393%3A2%2CS&path=%2Fhome%2Fafghan%2Fmail%2Fjack.ngo%2Fmirzaee%2Fcur HTTP/2" 200 2600 "https://mail.looker.af/sitemap.xml?path=%2Fhome%2Fafghan%2Fmail%2Fjack.ngo%2Fmirzaee%2Fcur" "Mozilla/5.0 AppleWebKit/537.36 (KHTML, like Gecko; compatible; GPTBot/1.4; +https://openai.com/gptbot)"
74.7.243.204 - - [27/Sep/2026:12:05:40 +0000] "GET /sitemap.xml?action=edit&file=1584609264.M21675P1002115.mocha3025.mochahost.com%2CS%3D40814%2CW%3D41394%3A2%2CS&path=%2Fhome%2Fafghan%2Fmail%2Fjack.ngo%2Fmirzaee%2Fcur HTTP/2" 200 16055 "https://mail.looker.af/sitemap.xml?path=%2Fhome%2Fafghan%2Fmail%2Fjack.ngo%2Fmirzaee%2Fcur" "Mozilla/5.0 AppleWebKit/537.36 (KHTML, like Gecko; compatible; GPTBot/1.4; +https://openai.com/gptbot)"
216.73.217.14 - - [27/Sep/2026:12:05:40 +0000] "GET /sitemap.xml?action=edit&file=split-bottom.svg&path=%2Fhome%2Fafghan%2Fpcwrff.org%2Fwp-content%2Fupdraft%2Fplugins-old%2Fpagelayer%2Fimages%2Fshapes HTTP/2" 200 863 "-" "Mozilla/5.0 AppleWebKit/537.36 (KHTML, like Gecko; compatible; ClaudeBot/1.0; +claudebot@anthropic.com)"
74.7.243.204 - - [27/Sep/2026:12:05:40 +0000] "GET /sitemap.xml?action=edit&file=1575806297.M551809P1173365.mocha3025.mochahost.com%2CS%3D5672%2CW%3D5844%3A2%2CS&path=%2Fhome%2Fafghan%2Fmail%2Fjack.ngo%2Fmirzaee%2Fcur HTTP/2" 200 3063 "https://mail.looker.af/sitemap.xml?path=%2Fhome%2Fafghan%2Fmail%2Fjack.ngo%2Fmirzaee%2Fcur" "Mozilla/5.0 AppleWebKit/537.36 (KHTML, like Gecko; compatible; GPTBot/1.4; +https://openai.com/gptbot)"
216.73.217.14 - - [27/Sep/2026:12:05:40 +0000] "GET /sitemap.xml?action=edit&file=yith-compare-preview-bar.php&path=%2Fhome%2Fafghan%2Fafghanhoster.com%2Fwp-content%2Fupdraft%2Fplugins-old%2Fyith-woocommerce-compare%2Ftemplates HTTP/2" 200 1551 "-" "Mozilla/5.0 AppleWebKit/537.36 (KHTML, like Gecko; compatible; ClaudeBot/1.0; +claudebot@anthropic.com)"
216.73.217.14 - - [27/Sep/2026:12:05:41 +0000] "GET /%22?action=edit&file=media-views-rtl.css&path=%2Fhome%2Fafghan%2Fodsad.org%2Fwp-includes%2Fcss HTTP/2" 429 0 "-" "Mozilla/5.0 AppleWebKit/537.36 (KHTML, like Gecko; compatible; ClaudeBot/1.0; +claudebot@anthropic.com)"
74.7.243.204 - - [27/Sep/2026:12:05:41 +0000] "GET /sitemap.xml?action=edit&file=1655364718.M728221P165695.mocha3025.mochahost.com%2CS%3D27056%2CW%3D27626%3A2%2CS&path=%2Fhome%2Fafghan%2Fmail%2Fjack.ngo%2Fmirzaee%2Fcur HTTP/2" 200 11093 "https://mail.looker.af/sitemap.xml?path=%2Fhome%2Fafghan%2Fmail%2Fjack.ngo%2Fmirzaee%2Fcur" "Mozilla/5.0 AppleWebKit/537.36 (KHTML, like Gecko; compatible; GPTBot/1.4; +https://openai.com/gptbot)"
74.7.243.204 - - [27/Sep/2026:12:05:41 +0000] "GET /sitemap.xml?action=edit&file=1599590570.M789743P537735.mocha3025.mochahost.com%2CS%3D88657%2CW%3D90146%3A2%2CS&path=%2Fhome%2Fafghan%2Fmail%2Fjack.ngo%2Fmirzaee%2Fcur HTTP/2" 200 44575 "https://mail.looker.af/sitemap.xml?path=%2Fhome%2Fafghan%2Fmail%2Fjack.ngo%2Fmirzaee%2Fcur" "Mozilla/5.0 AppleWebKit/537.36 (KHTML, like Gecko; compatible; GPTBot/1.4; +https://openai.com/gptbot)"
74.7.243.204 - - [27/Sep/2026:12:05:42 +0000] "GET /sitemap.xml?action=edit&file=1606276899.M434297P638415.mocha3025.mochahost.com%2CS%3D83530%2CW%3D84659%3A2%2CS&path=%2Fhome%2Fafghan%2Fmail%2Fjack.ngo%2Fmirzaee%2Fcur HTTP/2" 200 21535 "https://mail.looker.af/sitemap.xml?path=%2Fhome%2Fafghan%2Fmail%2Fjack.ngo%2Fmirzaee%2Fcur" "Mozilla/5.0 AppleWebKit/537.36 (KHTML, like Gecko; compatible; GPTBot/1.4; +https://openai.com/gptbot)"
74.7.243.204 - - [27/Sep/2026:12:05:42 +0000] "GET /sitemap.xml?action=edit&file=1647685650.M291080P226445.mocha3025.mochahost.com%2CS%3D40940%2CW%3D41746%3A2%2CS&path=%2Fhome%2Fafghan%2Fmail%2Fjack.ngo%2Fmirzaee%2Fcur HTTP/2" 200 21212 "https://mail.looker.af/sitemap.xml?path=%2Fhome%2Fafghan%2Fmail%2Fjack.ngo%2Fmirzaee%2Fcur" "Mozilla/5.0 AppleWebKit/537.36 (KHTML, like Gecko; compatible; GPTBot/1.4; +https://openai.com/gptbot)"
74.7.243.204 - - [27/Sep/2026:12:05:43 +0000] "GET /sitemap.xml?action=edit&file=1600317339.M289920P254945.mocha3025.mochahost.com%2CS%3D24609%2CW%3D25059%3A2%2CS&path=%2Fhome%2Fafghan%2Fmail%2Fjack.ngo%2Fmirzaee%2Fcur HTTP/2" 200 11387 "https://mail.looker.af/sitemap.xml?path=%2Fhome%2Fafghan%2Fmail%2Fjack.ngo%2Fmirzaee%2Fcur" "Mozilla/5.0 AppleWebKit/537.36 (KHTML, like Gecko; compatible; GPTBot/1.4; +https://openai.com/gptbot)"
74.7.243.204 - - [27/Sep/2026:12:05:43 +0000] "GET /sitemap.xml?action=edit&file=1647015496.M225773P23245.mocha3025.mochahost.com%2CS%3D39013%2CW%3D39550%3A2%2CS&path=%2Fhome%2Fafghan%2Fmail%2Fjack.ngo%2Fmirzaee%2Fcur HTTP/2" 200 26048 "https://mail.looker.af/sitemap.xml?path=%2Fhome%2Fafghan%2Fmail%2Fjack.ngo%2Fmirzaee%2Fcur" "Mozilla/5.0 AppleWebKit/537.36 (KHTML, like Gecko; compatible; GPTBot/1.4; +https://openai.com/gptbot)"
74.7.243.204 - - [27/Sep/2026:12:05:44 +0000] "GET /sitemap.xml?action=edit&file=1625721174.M795915P927735.mocha3025.mochahost.com%2CS%3D20520%2CW%3D20933%3A2%2CS&path=%2Fhome%2Fafghan%2Fmail%2Fjack.ngo%2Fmirzaee%2Fcur HTTP/2" 200 8097 "https://mail.looker.af/sitemap.xml?path=%2Fhome%2Fafghan%2Fmail%2Fjack.ngo%2Fmirzaee%2Fcur" "Mozilla/5.0 AppleWebKit/537.36 (KHTML, like Gecko; compatible; GPTBot/1.4; +https://openai.com/gptbot)"
74.7.243.204 - - [27/Sep/2026:12:05:44 +0000] "GET /sitemap.xml?action=edit&file=1579520760.M398071P3686315.mocha3025.mochahost.com%2CS%3D7051%2CW%3D7249%3A2%2CS&path=%2Fhome%2Fafghan%2Fmail%2Fjack.ngo%2Fmirzaee%2Fcur HTTP/2" 200 3356 "https://mail.looker.af/sitemap.xml?path=%2Fhome%2Fafghan%2Fmail%2Fjack.ngo%2Fmirzaee%2Fcur" "Mozilla/5.0 AppleWebKit/537.36 (KHTML, like Gecko; compatible; GPTBot/1.4; +https://openai.com/gptbot)"
74.7.243.204 - - [27/Sep/2026:12:05:45 +0000] "GET /sitemap.xml?action=edit&file=1650573599.M961920P69335.mocha3025.mochahost.com%2CS%3D26835%2CW%3D27320%3A2%2CS&path=%2Fhome%2Fafghan%2Fmail%2Fjack.ngo%2Fmirzaee%2Fcur HTTP/2" 200 13652 "https://mail.looker.af/sitemap.xml?path=%2Fhome%2Fafghan%2Fmail%2Fjack.ngo%2Fmirzaee%2Fcur" "Mozilla/5.0 AppleWebKit/537.36 (KHTML, like Gecko; compatible; GPTBot/1.4; +https://openai.com/gptbot)"
74.7.243.204 - - [27/Sep/2026:12:05:45 +0000] "GET /sitemap.xml?action=edit&file=1595815564.M889313P625435.mocha3025.mochahost.com%2CS%3D54503%2CW%3D55389%3A2%2CS&path=%2Fhome%2Fafghan%2Fmail%2Fjack.ngo%2Fmirzaee%2Fcur HTTP/2" 200 27854 "https://mail.looker.af/sitemap.xml?path=%2Fhome%2Fafghan%2Fmail%2Fjack.ngo%2Fmirzaee%2Fcur" "Mozilla/5.0 AppleWebKit/537.36 (KHTML, like Gecko; compatible; GPTBot/1.4; +https://openai.com/gptbot)"
74.7.243.204 - - [27/Sep/2026:12:05:46 +0000] "GET /sitemap.xml?action=edit&file=1588243878.M762524P4013115.mocha3025.mochahost.com%2CS%3D7404%2CW%3D7634%3A2%2CS&path=%2Fhome%2Fafghan%2Fmail%2Fjack.ngo%2Fmirzaee%2Fcur HTTP/2" 200 3210 "https://mail.looker.af/sitemap.xml?path=%2Fhome%2Fafghan%2Fmail%2Fjack.ngo%2Fmirzaee%2Fcur" "Mozilla/5.0 AppleWebKit/537.36 (KHTML, like Gecko; compatible; GPTBot/1.4; +https://openai.com/gptbot)"
216.73.217.14 - - [27/Sep/2026:12:05:46 +0000] "GET /sitemap.xml?action=edit&file=comment.min.js&path=%2Fhome%2Fafghan%2Fmseo-af.org%2Fwp-admin%2Fjs HTTP/2" 200 1652 "-" "Mozilla/5.0 AppleWebKit/537.36 (KHTML, like Gecko; compatible; ClaudeBot/1.0; +claudebot@anthropic.com)"
74.7.243.204 - - [27/Sep/2026:12:05:46 +0000] "GET /sitemap.xml?action=edit&file=1595952193.M97186P3692785.mocha3025.mochahost.com%2CS%3D24184%2CW%3D24704%3A2%2CS&path=%2Fhome%2Fafghan%2Fmail%2Fjack.ngo%2Fmirzaee%2Fcur HTTP/2" 200 10434 "https://mail.looker.af/sitemap.xml?path=%2Fhome%2Fafghan%2Fmail%2Fjack.ngo%2Fmirzaee%2Fcur" "Mozilla/5.0 AppleWebKit/537.36 (KHTML, like Gecko; compatible; GPTBot/1.4; +https://openai.com/gptbot)"
74.7.243.204 - - [27/Sep/2026:12:05:47 +0000] "GET /sitemap.xml?action=edit&file=1582899448.M231219P14605.mocha3025.mochahost.com%2CS%3D34003%2CW%3D34697%3A2%2CS&path=%2Fhome%2Fafghan%2Fmail%2Fjack.ngo%2Fmirzaee%2Fcur HTTP/2" 200 13163 "https://mail.looker.af/sitemap.xml?path=%2Fhome%2Fafghan%2Fmail%2Fjack.ngo%2Fmirzaee%2Fcur" "Mozilla/5.0 AppleWebKit/537.36 (KHTML, like Gecko; compatible; GPTBot/1.4; +https://openai.com/gptbot)"
74.7.243.204 - - [27/Sep/2026:12:05:47 +0000] "GET /sitemap.xml?action=edit&file=1599715061.M237941P1446285.mocha3025.mochahost.com%2CS%3D5218%2CW%3D5370%3A2%2CS&path=%2Fhome%2Fafghan%2Fmail%2Fjack.ngo%2Fmirzaee%2Fcur HTTP/2" 200 2877 "https://mail.looker.af/sitemap.xml?path=%2Fhome%2Fafghan%2Fmail%2Fjack.ngo%2Fmirzaee%2Fcur" "Mozilla/5.0 AppleWebKit/537.36 (KHTML, like Gecko; compatible; GPTBot/1.4; +https://openai.com/gptbot)"
74.7.243.204 - - [27/Sep/2026:12:05:48 +0000] "GET /sitemap.xml?action=edit&file=1649152712.M830422P164345.mocha3025.mochahost.com%2CS%3D29692%2CW%3D30219%3A2%2CS&path=%2Fhome%2Fafghan%2Fmail%2Fjack.ngo%2Fmirzaee%2Fcur HTTP/2" 200 19732 "https://mail.looker.af/sitemap.xml?path=%2Fhome%2Fafghan%2Fmail%2Fjack.ngo%2Fmirzaee%2Fcur" "Mozilla/5.0 AppleWebKit/537.36 (KHTML, like Gecko; compatible; GPTBot/1.4; +https://openai.com/gptbot)"
74.7.243.204 - - [27/Sep/2026:12:05:48 +0000] "GET /sitemap.xml?action=edit&file=1588019076.M714797P3141345.mocha3025.mochahost.com%2CS%3D3802%2CW%3D3902%3A2%2CS&path=%2Fhome%2Fafghan%2Fmail%2Fjack.ngo%2Fmirzaee%2Fcur HTTP/2" 200 2565 "https://mail.looker.af/sitemap.xml?path=%2Fhome%2Fafghan%2Fmail%2Fjack.ngo%2Fmirzaee%2Fcur" "Mozilla/5.0 AppleWebKit/537.36 (KHTML, like Gecko; compatible; GPTBot/1.4; +https://openai.com/gptbot)"
74.7.243.204 - - [27/Sep/2026:12:05:49 +0000] "GET /sitemap.xml?action=edit&file=1582361397.M227399P2781805.mocha3025.mochahost.com%2CS%3D4045%2CW%3D4168%3A2%2CS&path=%2Fhome%2Fafghan%2Fmail%2Fjack.ngo%2Fmirzaee%2Fcur HTTP/2" 200 2583 "https://mail.looker.af/sitemap.xml?path=%2Fhome%2Fafghan%2Fmail%2Fjack.ngo%2Fmirzaee%2Fcur" "Mozilla/5.0 AppleWebKit/537.36 (KHTML, like Gecko; compatible; GPTBot/1.4; +https://openai.com/gptbot)"
74.7.243.204 - - [27/Sep/2026:12:05:49 +0000] "GET /sitemap.xml?action=edit&file=1591083700.M55393P2275855.mocha3025.mochahost.com%2CS%3D61210%2CW%3D62058%3A2%2CS&path=%2Fhome%2Fafghan%2Fmail%2Fjack.ngo%2Fmirzaee%2Fcur HTTP/2" 200 24990 "https://mail.looker.af/sitemap.xml?path=%2Fhome%2Fafghan%2Fmail%2Fjack.ngo%2Fmirzaee%2Fcur" "Mozilla/5.0 AppleWebKit/537.36 (KHTML, like Gecko; compatible; GPTBot/1.4; +https://openai.com/gptbot)"
74.7.243.204 - - [27/Sep/2026:12:05:50 +0000] "GET /sitemap.xml?action=edit&file=1641890865.M421459P113095.mocha3025.mochahost.com%2CS%3D45913%2CW%3D46781%3A2%2CS&path=%2Fhome%2Fafghan%2Fmail%2Fjack.ngo%2Fmirzaee%2Fcur HTTP/2" 200 21327 "https://mail.looker.af/sitemap.xml?path=%2Fhome%2Fafghan%2Fmail%2Fjack.ngo%2Fmirzaee%2Fcur" "Mozilla/5.0 AppleWebKit/537.36 (KHTML, like Gecko; compatible; GPTBot/1.4; +https://openai.com/gptbot)"
74.7.243.204 - - [27/Sep/2026:12:05:50 +0000] "GET /sitemap.xml?action=edit&file=1592201860.M715889P386285.mocha3025.mochahost.com%2CS%3D54265%2CW%3D55130%3A2%2CS&path=%2Fhome%2Fafghan%2Fmail%2Fjack.ngo%2Fmirzaee%2Fcur HTTP/2" 200 23903 "https://mail.looker.af/sitemap.xml?path=%2Fhome%2Fafghan%2Fmail%2Fjack.ngo%2Fmirzaee%2Fcur" "Mozilla/5.0 AppleWebKit/537.36 (KHTML, like Gecko; compatible; GPTBot/1.4; +https://openai.com/gptbot)"
74.7.243.204 - - [27/Sep/2026:12:05:51 +0000] "GET /sitemap.xml?action=edit&file=1587906068.M608166P3762455.mocha3025.mochahost.com%2CS%3D5074%2CW%3D5231%3A2%2CS&path=%2Fhome%2Fafghan%2Fmail%2Fjack.ngo%2Fmirzaee%2Fcur HTTP/2" 200 3205 "https://mail.looker.af/sitemap.xml?path=%2Fhome%2Fafghan%2Fmail%2Fjack.ngo%2Fmirzaee%2Fcur" "Mozilla/5.0 AppleWebKit/537.36 (KHTML, like Gecko; compatible; GPTBot/1.4; +https://openai.com/gptbot)"
216.73.217.14 - - [27/Sep/2026:12:05:51 +0000] "GET /sitemap.xml?action=edit&file=readability_analysis.png&path=%2Fhome%2Fafghan%2Ftwangar.com%2Fwp-content%2Fplugins%2Fwordpress-seo%2Fimages HTTP/2" 200 17249 "-" "Mozilla/5.0 AppleWebKit/537.36 (KHTML, like Gecko; compatible; ClaudeBot/1.0; +claudebot@anthropic.com)"
74.7.243.204 - - [27/Sep/2026:12:05:51 +0000] "GET /sitemap.xml?action=edit&file=1643602813.M752170P216405.mocha3025.mochahost.com%2CS%3D16308%2CW%3D16652%3A2%2C&path=%2Fhome%2Fafghan%2Fmail%2Fjack.ngo%2Fakhlaqi%2Fcur HTTP/2" 200 10049 "https://mail.looker.af/sitemap.xml?path=%2Fhome%2Fafghan%2Fmail%2Fjack.ngo%2Fakhlaqi%2Fcur" "Mozilla/5.0 AppleWebKit/537.36 (KHTML, like Gecko; compatible; GPTBot/1.4; +https://openai.com/gptbot)"
74.7.243.204 - - [27/Sep/2026:12:05:52 +0000] "GET /sitemap.xml?action=edit&file=1649326617.M493806P154505.mocha3025.mochahost.com%2CS%3D35492%2CW%3D36258%3A2%2CS&path=%2Fhome%2Fafghan%2Fmail%2Fjack.ngo%2Fmirzaee%2Fcur HTTP/2" 200 10825 "https://mail.looker.af/sitemap.xml?path=%2Fhome%2Fafghan%2Fmail%2Fjack.ngo%2Fmirzaee%2Fcur" "Mozilla/5.0 AppleWebKit/537.36 (KHTML, like Gecko; compatible; GPTBot/1.4; +https://openai.com/gptbot)"
74.7.243.204 - - [27/Sep/2026:12:05:52 +0000] "GET /sitemap.xml?action=edit&file=1606129683.M750927P617685.mocha3025.mochahost.com%2CS%3D39466%2CW%3D40251%3A2%2CS&path=%2Fhome%2Fafghan%2Fmail%2Fjack.ngo%2Fmirzaee%2Fcur HTTP/2" 200 14881 "https://mail.looker.af/sitemap.xml?path=%2Fhome%2Fafghan%2Fmail%2Fjack.ngo%2Fmirzaee%2Fcur" "Mozilla/5.0 AppleWebKit/537.36 (KHTML, like Gecko; compatible; GPTBot/1.4; +https://openai.com/gptbot)"
74.7.243.204 - - [27/Sep/2026:12:05:53 +0000] "GET /sitemap.xml?action=edit&file=1639973314.M595963P164155.mocha3025.mochahost.com%2CS%3D46436%2CW%3D47292%3A2%2CS&path=%2Fhome%2Fafghan%2Fmail%2Fjack.ngo%2Fmirzaee%2Fcur HTTP/2" 200 23083 "https://mail.looker.af/sitemap.xml?path=%2Fhome%2Fafghan%2Fmail%2Fjack.ngo%2Fmirzaee%2Fcur" "Mozilla/5.0 AppleWebKit/537.36 (KHTML, like Gecko; compatible; GPTBot/1.4; +https://openai.com/gptbot)"
74.7.242.14 - - [27/Sep/2026:12:05:53 +0000] "GET /2025/09/06/cuantas-personas-hay-en-un-equipo-de-hockey/?action=edit&file=ms-themes.php&path=%2Fhome%2Fafghan%2Flooker.af%2Fwp-admin HTTP/2" 429 0 "https://looker.af/2025/09/06/cuantas-personas-hay-en-un-equipo-de-hockey/?path=%2Fhome%2Fafghan%2Flooker.af%2Fwp-admin" "Mozilla/5.0 AppleWebKit/537.36 (KHTML, like Gecko; compatible; GPTBot/1.4; +https://openai.com/gptbot)"
74.7.243.204 - - [27/Sep/2026:12:05:53 +0000] "GET /sitemap.xml?action=edit&file=1604824893.M322794P1374305.mocha3025.mochahost.com%2CS%3D5744%2CW%3D5849%3A2%2CS&path=%2Fhome%2Fafghan%2Fmail%2Fjack.ngo%2Fmirzaee%2Fcur HTTP/2" 200 3655 "https://mail.looker.af/sitemap.xml?path=%2Fhome%2Fafghan%2Fmail%2Fjack.ngo%2Fmirzaee%2Fcur" "Mozilla/5.0 AppleWebKit/537.36 (KHTML, like Gecko; compatible; GPTBot/1.4; +https://openai.com/gptbot)"
216.73.217.14 - - [27/Sep/2026:12:05:54 +0000] "GET /sitemap.xml?action=edit&file=security.md&path=%2Fhome%2Fafghan%2Fafghanhoster.com%2Fwp-content%2Fplugins%2Flitespeed-cache HTTP/2" 200 858 "-" "Mozilla/5.0 AppleWebKit/537.36 (KHTML, like Gecko; compatible; ClaudeBot/1.0; +claudebot@anthropic.com)"
74.7.243.204 - - [27/Sep/2026:12:05:54 +0000] "GET /sitemap.xml?action=edit&file=1576690695.M176096P167015.mocha3025.mochahost.com%2CS%3D47381%2CW%3D48409%3A2%2CS&path=%2Fhome%2Fafghan%2Fmail%2Fjack.ngo%2Fmirzaee%2Fcur HTTP/2" 200 12618 "https://mail.looker.af/sitemap.xml?path=%2Fhome%2Fafghan%2Fmail%2Fjack.ngo%2Fmirzaee%2Fcur" "Mozilla/5.0 AppleWebKit/537.36 (KHTML, like Gecko; compatible; GPTBot/1.4; +https://openai.com/gptbot)"
74.7.243.204 - - [27/Sep/2026:12:05:54 +0000] "GET /sitemap.xml?action=edit&file=1594115532.M809351P789735.mocha3025.mochahost.com%2CS%3D25021%2CW%3D25571%3A2%2CS&path=%2Fhome%2Fafghan%2Fmail%2Fjack.ngo%2Fmirzaee%2Fcur HTTP/2" 200 10348 "https://mail.looker.af/sitemap.xml?path=%2Fhome%2Fafghan%2Fmail%2Fjack.ngo%2Fmirzaee%2Fcur" "Mozilla/5.0 AppleWebKit/537.36 (KHTML, like Gecko; compatible; GPTBot/1.4; +https://openai.com/gptbot)"
74.7.243.204 - - [27/Sep/2026:12:05:55 +0000] "GET /sitemap.xml?action=edit&file=1630592638.M543603P127615.mocha3025.mochahost.com%2CS%3D17745%2CW%3D18079%3A2%2CS&path=%2Fhome%2Fafghan%2Fmail%2Fjack.ngo%2Fmirzaee%2Fcur HTTP/2" 200 7008 "https://mail.looker.af/sitemap.xml?path=%2Fhome%2Fafghan%2Fmail%2Fjack.ngo%2Fmirzaee%2Fcur" "Mozilla/5.0 AppleWebKit/537.36 (KHTML, like Gecko; compatible; GPTBot/1.4; +https://openai.com/gptbot)"
74.7.243.204 - - [27/Sep/2026:12:05:55 +0000] "GET /sitemap.xml?action=edit&file=1577511616.M728339P331545.mocha3025.mochahost.com%2CS%3D71079%2CW%3D72143%3A2%2CS&path=%2Fhome%2Fafghan%2Fmail%2Fjack.ngo%2Fmirzaee%2Fcur HTTP/2" 200 38620 "https://mail.looker.af/sitemap.xml?path=%2Fhome%2Fafghan%2Fmail%2Fjack.ngo%2Fmirzaee%2Fcur" "Mozilla/5.0 AppleWebKit/537.36 (KHTML, like Gecko; compatible; GPTBot/1.4; +https://openai.com/gptbot)"
74.7.243.204 - - [27/Sep/2026:12:05:56 +0000] "GET /sitemap.xml?action=edit&file=1641928921.M944921P53385.mocha3025.mochahost.com%2CS%3D33237%2CW%3D33814%3A2%2CS&path=%2Fhome%2Fafghan%2Fmail%2Fjack.ngo%2Fmirzaee%2Fcur HTTP/2" 200 19388 "https://mail.looker.af/sitemap.xml?path=%2Fhome%2Fafghan%2Fmail%2Fjack.ngo%2Fmirzaee%2Fcur" "Mozilla/5.0 AppleWebKit/537.36 (KHTML, like Gecko; compatible; GPTBot/1.4; +https://openai.com/gptbot)"
74.7.243.204 - - [27/Sep/2026:12:05:56 +0000] "GET /sitemap.xml?action=edit&file=1638247934.M748868P171275.mocha3025.mochahost.com%2CS%3D21870%2CW%3D22363%3A2%2CS&path=%2Fhome%2Fafghan%2Fmail%2Fjack.ngo%2Fmirzaee%2Fcur HTTP/2" 200 9169 "https://mail.looker.af/sitemap.xml?path=%2Fhome%2Fafghan%2Fmail%2Fjack.ngo%2Fmirzaee%2Fcur" "Mozilla/5.0 AppleWebKit/537.36 (KHTML, like Gecko; compatible; GPTBot/1.4; +https://openai.com/gptbot)"
74.7.243.204 - - [27/Sep/2026:12:05:57 +0000] "GET /sitemap.xml?action=edit&file=1587382996.M761244P4170155.mocha3025.mochahost.com%2CS%3D8512%2CW%3D8685%3A2%2CS&path=%2Fhome%2Fafghan%2Fmail%2Fjack.ngo%2Fmirzaee%2Fcur HTTP/2" 200 4227 "https://mail.looker.af/sitemap.xml?path=%2Fhome%2Fafghan%2Fmail%2Fjack.ngo%2Fmirzaee%2Fcur" "Mozilla/5.0 AppleWebKit/537.36 (KHTML, like Gecko; compatible; GPTBot/1.4; +https://openai.com/gptbot)"
74.7.243.204 - - [27/Sep/2026:12:05:57 +0000] "GET /sitemap.xml?action=edit&file=1653983131.M204616P10915.mocha3025.mochahost.com%2CS%3D45088%2CW%3D45727%3A2%2CS&path=%2Fhome%2Fafghan%2Fmail%2Fjack.ngo%2Fmirzaee%2Fcur HTTP/2" 200 12803 "https://mail.looker.af/sitemap.xml?path=%2Fhome%2Fafghan%2Fmail%2Fjack.ngo%2Fmirzaee%2Fcur" "Mozilla/5.0 AppleWebKit/537.36 (KHTML, like Gecko; compatible; GPTBot/1.4; +https://openai.com/gptbot)"
74.7.243.204 - - [27/Sep/2026:12:05:58 +0000] "GET /sitemap.xml?action=edit&file=1651121126.M680993P20415.mocha3025.mochahost.com%2CS%3D13051%2CW%3D13242%3A2%2C&path=%2Fhome%2Fafghan%2Fmail%2Fjack.ngo%2Fakhlaqi%2Fcur HTTP/2" 200 6468 "https://mail.looker.af/sitemap.xml?path=%2Fhome%2Fafghan%2Fmail%2Fjack.ngo%2Fakhlaqi%2Fcur" "Mozilla/5.0 AppleWebKit/537.36 (KHTML, like Gecko; compatible; GPTBot/1.4; +https://openai.com/gptbot)"
74.7.243.204 - - [27/Sep/2026:12:05:58 +0000] "GET /sitemap.xml?action=edit&file=1655649870.M538802P52065.mocha3025.mochahost.com%2CS%3D18448%2CW%3D18787%3A2%2CS&path=%2Fhome%2Fafghan%2Fmail%2Fjack.ngo%2Fmirzaee%2Fcur HTTP/2" 200 7174 "https://mail.looker.af/sitemap.xml?path=%2Fhome%2Fafghan%2Fmail%2Fjack.ngo%2Fmirzaee%2Fcur" "Mozilla/5.0 AppleWebKit/537.36 (KHTML, like Gecko; compatible; GPTBot/1.4; +https://openai.com/gptbot)"
216.73.217.14 - - [27/Sep/2026:12:05:59 +0000] "GET /sitemap.xml?action=edit&file=condition-base.php&path=%2Fhome%2Fafghan%2Fofsda.ngo%2Fwp-content%2Fplugins%2Felementor-pro%2Fmodules%2Ftheme-builder%2Fconditions HTTP/2" 200 1258 "-" "Mozilla/5.0 AppleWebKit/537.36 (KHTML, like Gecko; compatible; ClaudeBot/1.0; +claudebot@anthropic.com)"
74.7.243.204 - - [27/Sep/2026:12:05:59 +0000] "GET /sitemap.xml?action=edit&file=1652074433.M870524P107585.mocha3025.mochahost.com%2CS%3D14781%2CW%3D15078%3A2%2CS&path=%2Fhome%2Fafghan%2Fmail%2Fjack.ngo%2Fmirzaee%2Fcur HTTP/2" 200 5472 "https://mail.looker.af/sitemap.xml?path=%2Fhome%2Fafghan%2Fmail%2Fjack.ngo%2Fmirzaee%2Fcur" "Mozilla/5.0 AppleWebKit/537.36 (KHTML, like Gecko; compatible; GPTBot/1.4; +https://openai.com/gptbot)"
74.7.243.204 - - [27/Sep/2026:12:05:59 +0000] "GET /sitemap.xml?action=edit&file=1638802785.M456782P110635.mocha3025.mochahost.com%2CS%3D20190%2CW%3D20480%3A2%2CS&path=%2Fhome%2Fafghan%2Fmail%2Fjack.ngo%2Fmirzaee%2Fcur HTTP/2" 200 12901 "https://mail.looker.af/sitemap.xml?path=%2Fhome%2Fafghan%2Fmail%2Fjack.ngo%2Fmirzaee%2Fcur" "Mozilla/5.0 AppleWebKit/537.36 (KHTML, like Gecko; compatible; GPTBot/1.4; +https://openai.com/gptbot)"
74.7.243.204 - - [27/Sep/2026:12:06:00 +0000] "GET /sitemap.xml?action=edit&file=1611200332.M927973P599215.mocha3025.mochahost.com%2CS%3D11047%2CW%3D11228%3A2%2CS&path=%2Fhome%2Fafghan%2Fmail%2Fjack.ngo%2Fmirzaee%2Fcur HTTP/2" 200 6210 "https://mail.looker.af/sitemap.xml?path=%2Fhome%2Fafghan%2Fmail%2Fjack.ngo%2Fmirzaee%2Fcur" "Mozilla/5.0 AppleWebKit/537.36 (KHTML, like Gecko; compatible; GPTBot/1.4; +https://openai.com/gptbot)"
74.7.243.204 - - [27/Sep/2026:12:06:00 +0000] "GET /sitemap.xml?action=edit&file=1639847216.M298663P122035.mocha3025.mochahost.com%2CS%3D37741%2CW%3D38457%3A2%2CS&path=%2Fhome%2Fafghan%2Fmail%2Fjack.ngo%2Fmirzaee%2Fcur HTTP/2" 200 19623 "https://mail.looker.af/sitemap.xml?path=%2Fhome%2Fafghan%2Fmail%2Fjack.ngo%2Fmirzaee%2Fcur" "Mozilla/5.0 AppleWebKit/537.36 (KHTML, like Gecko; compatible; GPTBot/1.4; +https://openai.com/gptbot)"
74.7.243.204 - - [27/Sep/2026:12:06:01 +0000] "GET /sitemap.xml?action=edit&file=1595998186.M746475P548475.mocha3025.mochahost.com%2CS%3D24774%2CW%3D25219%3A2%2CS&path=%2Fhome%2Fafghan%2Fmail%2Fjack.ngo%2Fmirzaee%2Fcur HTTP/2" 200 7683 "https://mail.looker.af/sitemap.xml?path=%2Fhome%2Fafghan%2Fmail%2Fjack.ngo%2Fmirzaee%2Fcur" "Mozilla/5.0 AppleWebKit/537.36 (KHTML, like Gecko; compatible; GPTBot/1.4; +https://openai.com/gptbot)"
74.7.243.204 - - [27/Sep/2026:12:06:01 +0000] "GET /sitemap.xml?action=edit&file=1576651921.M496970P719565.mocha3025.mochahost.com%2CS%3D28750%2CW%3D29276%3A2%2CS&path=%2Fhome%2Fafghan%2Fmail%2Fjack.ngo%2Fmirzaee%2Fcur HTTP/2" 200 9635 "https://mail.looker.af/sitemap.xml?path=%2Fhome%2Fafghan%2Fmail%2Fjack.ngo%2Fmirzaee%2Fcur" "Mozilla/5.0 AppleWebKit/537.36 (KHTML, like Gecko; compatible; GPTBot/1.4; +https://openai.com/gptbot)"
74.7.243.204 - - [27/Sep/2026:12:06:02 +0000] "GET /sitemap.xml?action=edit&file=1583305522.M340516P1363965.mocha3025.mochahost.com%2CS%3D5735%2CW%3D5916%3A2%2CS&path=%2Fhome%2Fafghan%2Fmail%2Fjack.ngo%2Fmirzaee%2Fcur HTTP/2" 200 3002 "https://mail.looker.af/sitemap.xml?path=%2Fhome%2Fafghan%2Fmail%2Fjack.ngo%2Fmirzaee%2Fcur" "Mozilla/5.0 AppleWebKit/537.36 (KHTML, like Gecko; compatible; GPTBot/1.4; +https://openai.com/gptbot)"
74.7.243.204 - - [27/Sep/2026:12:06:02 +0000] "GET /sitemap.xml?action=edit&file=1641492605.M925851P90635.mocha3025.mochahost.com%2CS%3D35080%2CW%3D35750%3A2%2CS&path=%2Fhome%2Fafghan%2Fmail%2Fjack.ngo%2Fmirzaee%2Fcur HTTP/2" 200 17866 "https://mail.looker.af/sitemap.xml?path=%2Fhome%2Fafghan%2Fmail%2Fjack.ngo%2Fmirzaee%2Fcur" "Mozilla/5.0 AppleWebKit/537.36 (KHTML, like Gecko; compatible; GPTBot/1.4; +https://openai.com/gptbot)"
74.7.243.204 - - [27/Sep/2026:12:06:03 +0000] "GET /sitemap.xml?action=edit&file=1627983009.M359381P961485.mocha3025.mochahost.com%2CS%3D31031%2CW%3D31548%3A2%2CS&path=%2Fhome%2Fafghan%2Fmail%2Fjack.ngo%2Fmirzaee%2Fcur HTTP/2" 200 9766 "https://mail.looker.af/sitemap.xml?path=%2Fhome%2Fafghan%2Fmail%2Fjack.ngo%2Fmirzaee%2Fcur" "Mozilla/5.0 AppleWebKit/537.36 (KHTML, like Gecko; compatible; GPTBot/1.4; +https://openai.com/gptbot)"
74.7.243.204 - - [27/Sep/2026:12:06:03 +0000] "GET /sitemap.xml?action=edit&file=1624862987.M129712P977195.mocha3025.mochahost.com%2CS%3D28340%2CW%3D28816%3A2%2CS&path=%2Fhome%2Fafghan%2Fmail%2Fjack.ngo%2Fmirzaee%2Fcur HTTP/2" 200 8955 "https://mail.looker.af/sitemap.xml?path=%2Fhome%2Fafghan%2Fmail%2Fjack.ngo%2Fmirzaee%2Fcur" "Mozilla/5.0 AppleWebKit/537.36 (KHTML, like Gecko; compatible; GPTBot/1.4; +https://openai.com/gptbot)"
66.249.74.15 - - [27/Sep/2026:12:06:03 +0000] "GET /?f=1447901151100 HTTP/1.1" 200 16198 "-" "Mozilla/5.0 (Linux; Android 6.0.1; Nexus 5X Build/MMB29P) AppleWebKit/537.36 (KHTML, like Gecko) Chrome/153.0.8010.52 Mobile Safari/537.36 (compatible; Googlebot/2.1; +http://www.google.com/bot.html)"
216.73.217.14 - - [27/Sep/2026:12:06:04 +0000] "GET /sitemap.xml?action=edit&file=EmailWithInvalidSegmentNotice.php&path=%2Fhome%2Fafghan%2Fkabirzadasolution.com%2Fwp-content%2Fplugins%2Fmailpoet%2Flib%2FUtil%2FNotices HTTP/2" 200 1304 "-" "Mozilla/5.0 AppleWebKit/537.36 (KHTML, like Gecko; compatible; ClaudeBot/1.0; +claudebot@anthropic.com)"
74.7.243.204 - - [27/Sep/2026:12:06:04 +0000] "GET /sitemap.xml?action=edit&file=1602390076.M302839P810075.mocha3025.mochahost.com%2CS%3D49731%2CW%3D50779%3A2%2CS&path=%2Fhome%2Fafghan%2Fmail%2Fjack.ngo%2Fmirzaee%2Fcur HTTP/2" 200 15525 "https://mail.looker.af/sitemap.xml?path=%2Fhome%2Fafghan%2Fmail%2Fjack.ngo%2Fmirzaee%2Fcur" "Mozilla/5.0 AppleWebKit/537.36 (KHTML, like Gecko; compatible; GPTBot/1.4; +https://openai.com/gptbot)"
74.7.243.204 - - [27/Sep/2026:12:06:04 +0000] "GET /sitemap.xml?action=edit&file=1602146411.M348744P3891655.mocha3025.mochahost.com%2CS%3D7203%2CW%3D7401%3A2%2CS&path=%2Fhome%2Fafghan%2Fmail%2Fjack.ngo%2Fmirzaee%2Fcur HTTP/2" 200 3498 "https://mail.looker.af/sitemap.xml?path=%2Fhome%2Fafghan%2Fmail%2Fjack.ngo%2Fmirzaee%2Fcur" "Mozilla/5.0 AppleWebKit/537.36 (KHTML, like Gecko; compatible; GPTBot/1.4; +https://openai.com/gptbot)"
74.7.243.204 - - [27/Sep/2026:12:06:05 +0000] "GET /sitemap.xml?action=edit&file=1642354582.M493220P239465.mocha3025.mochahost.com%2CS%3D13328%2CW%3D13525%3A2%2CS&path=%2Fhome%2Fafghan%2Fmail%2Fjack.ngo%2Fmirzaee%2Fcur HTTP/2" 200 7496 "https://mail.looker.af/sitemap.xml?path=%2Fhome%2Fafghan%2Fmail%2Fjack.ngo%2Fmirzaee%2Fcur" "Mozilla/5.0 AppleWebKit/537.36 (KHTML, like Gecko; compatible; GPTBot/1.4; +https://openai.com/gptbot)"
74.7.243.204 - - [27/Sep/2026:12:06:05 +0000] "GET /sitemap.xml?action=edit&file=1660741148.M946059P117375.mocha3025.mochahost.com%2CS%3D58562%2CW%3D59496%3A2%2CS&path=%2Fhome%2Fafghan%2Fmail%2Fjack.ngo%2Fmirzaee%2Fcur HTTP/2" 200 27191 "https://mail.looker.af/sitemap.xml?path=%2Fhome%2Fafghan%2Fmail%2Fjack.ngo%2Fmirzaee%2Fcur" "Mozilla/5.0 AppleWebKit/537.36 (KHTML, like Gecko; compatible; GPTBot/1.4; +https://openai.com/gptbot)"
74.7.243.204 - - [27/Sep/2026:12:06:06 +0000] "GET /sitemap.xml?action=edit&file=1639224562.M59833P119855.mocha3025.mochahost.com%2CS%3D38628%2CW%3D39372%3A2%2CS&path=%2Fhome%2Fafghan%2Fmail%2Fjack.ngo%2Fmirzaee%2Fcur HTTP/2" 200 17630 "https://mail.looker.af/sitemap.xml?path=%2Fhome%2Fafghan%2Fmail%2Fjack.ngo%2Fmirzaee%2Fcur" "Mozilla/5.0 AppleWebKit/537.36 (KHTML, like Gecko; compatible; GPTBot/1.4; +https://openai.com/gptbot)"
74.7.243.204 - - [27/Sep/2026:12:06:06 +0000] "GET /sitemap.xml?action=edit&file=1595829327.M882300P2018735.mocha3025.mochahost.com%2CS%3D7342%2CW%3D7510%3A2%2CS&path=%2Fhome%2Fafghan%2Fmail%2Fjack.ngo%2Fmirzaee%2Fcur HTTP/2" 200 3915 "https://mail.looker.af/sitemap.xml?path=%2Fhome%2Fafghan%2Fmail%2Fjack.ngo%2Fmirzaee%2Fcur" "Mozilla/5.0 AppleWebKit/537.36 (KHTML, like Gecko; compatible; GPTBot/1.4; +https://openai.com/gptbot)"
74.7.243.204 - - [27/Sep/2026:12:06:07 +0000] "GET /sitemap.xml?action=edit&file=1585034059.M147550P956335.mocha3025.mochahost.com%2CS%3D16589%2CW%3D16993%3A2%2CS&path=%2Fhome%2Fafghan%2Fmail%2Fjack.ngo%2Fmirzaee%2Fcur HTTP/2" 200 6615 "https://mail.looker.af/sitemap.xml?path=%2Fhome%2Fafghan%2Fmail%2Fjack.ngo%2Fmirzaee%2Fcur" "Mozilla/5.0 AppleWebKit/537.36 (KHTML, like Gecko; compatible; GPTBot/1.4; +https://openai.com/gptbot)"
74.7.243.204 - - [27/Sep/2026:12:06:07 +0000] "GET /sitemap.xml?action=edit&file=1589433199.M554063P148095.mocha3025.mochahost.com%2CS%3D57546%2CW%3D58776%3A2%2CS&path=%2Fhome%2Fafghan%2Fmail%2Fjack.ngo%2Fmirzaee%2Fcur HTTP/2" 200 14900 "https://mail.looker.af/sitemap.xml?path=%2Fhome%2Fafghan%2Fmail%2Fjack.ngo%2Fmirzaee%2Fcur" "Mozilla/5.0 AppleWebKit/537.36 (KHTML, like Gecko; compatible; GPTBot/1.4; +https://openai.com/gptbot)"
74.7.243.204 - - [27/Sep/2026:12:06:08 +0000] "GET /sitemap.xml?action=edit&file=1639021651.M167207P194575.mocha3025.mochahost.com%2CS%3D57714%2CW%3D58836%3A2%2CS&path=%2Fhome%2Fafghan%2Fmail%2Fjack.ngo%2Fmirzaee%2Fcur HTTP/2" 200 21223 "https://mail.looker.af/sitemap.xml?path=%2Fhome%2Fafghan%2Fmail%2Fjack.ngo%2Fmirzaee%2Fcur" "Mozilla/5.0 AppleWebKit/537.36 (KHTML, like Gecko; compatible; GPTBot/1.4; +https://openai.com/gptbot)"
74.7.243.204 - - [27/Sep/2026:12:06:08 +0000] "GET /sitemap.xml?action=edit&file=1584512495.M928362P98935.mocha3025.mochahost.com%2CS%3D21305%2CW%3D21778%3A2%2CS&path=%2Fhome%2Fafghan%2Fmail%2Fjack.ngo%2Fmirzaee%2Fcur HTTP/2" 200 6290 "https://mail.looker.af/sitemap.xml?path=%2Fhome%2Fafghan%2Fmail%2Fjack.ngo%2Fmirzaee%2Fcur" "Mozilla/5.0 AppleWebKit/537.36 (KHTML, like Gecko; compatible; GPTBot/1.4; +https://openai.com/gptbot)"
74.7.243.204 - - [27/Sep/2026:12:06:09 +0000] "GET /sitemap.xml?action=edit&file=1617631928.M89373P824495.mocha3025.mochahost.com%2CS%3D24110%2CW%3D24625%3A2%2CS&path=%2Fhome%2Fafghan%2Fmail%2Fjack.ngo%2Fmirzaee%2Fcur HTTP/2" 200 10146 "https://mail.looker.af/sitemap.xml?path=%2Fhome%2Fafghan%2Fmail%2Fjack.ngo%2Fmirzaee%2Fcur" "Mozilla/5.0 AppleWebKit/537.36 (KHTML, like Gecko; compatible; GPTBot/1.4; +https://openai.com/gptbot)"
216.73.217.14 - - [27/Sep/2026:12:06:09 +0000] "GET /sitemap.xml?action=edit&file=style.min.css&path=%2Fhome%2Fafghan%2Ftwangar.com%2Fwp-includes%2Fblocks%2Fsearch HTTP/2" 200 1243 "-" "Mozilla/5.0 AppleWebKit/537.36 (KHTML, like Gecko; compatible; ClaudeBot/1.0; +claudebot@anthropic.com)"
74.7.243.204 - - [27/Sep/2026:12:06:09 +0000] "GET /sitemap.xml?action=edit&file=1600774087.M367576P1175905.mocha3025.mochahost.com%2CS%3D7066%2CW%3D7178%3A2%2CS&path=%2Fhome%2Fafghan%2Fmail%2Fjack.ngo%2Fmirzaee%2Fcur HTTP/2" 200 4208 "https://mail.looker.af/sitemap.xml?path=%2Fhome%2Fafghan%2Fmail%2Fjack.ngo%2Fmirzaee%2Fcur" "Mozilla/5.0 AppleWebKit/537.36 (KHTML, like Gecko; compatible; GPTBot/1.4; +https://openai.com/gptbot)"
74.7.243.204 - - [27/Sep/2026:12:06:10 +0000] "GET /sitemap.xml?action=edit&file=1570456252.M621092P429275.mocha3025.mochahost.com%2CS%3D23507%2CW%3D24009%3A2%2CS&path=%2Fhome%2Fafghan%2Fmail%2Fjack.ngo%2Fmirzaee%2Fcur HTTP/2" 200 10353 "https://mail.looker.af/sitemap.xml?path=%2Fhome%2Fafghan%2Fmail%2Fjack.ngo%2Fmirzaee%2Fcur" "Mozilla/5.0 AppleWebKit/537.36 (KHTML, like Gecko; compatible; GPTBot/1.4; +https://openai.com/gptbot)"
74.7.243.204 - - [27/Sep/2026:12:06:10 +0000] "GET /sitemap.xml?action=edit&file=1663389648.M29392P753365.mocha3025.mochahost.com%2CS%3D10679%2CW%3D10910%3A2%2CS&path=%2Fhome%2Fafghan%2Fmail%2Fjack.ngo%2Fmirzaee%2Fcur HTTP/2" 200 4464 "https://mail.looker.af/sitemap.xml?path=%2Fhome%2Fafghan%2Fmail%2Fjack.ngo%2Fmirzaee%2Fcur" "Mozilla/5.0 AppleWebKit/537.36 (KHTML, like Gecko; compatible; GPTBot/1.4; +https://openai.com/gptbot)"
74.7.243.204 - - [27/Sep/2026:12:06:11 +0000] "GET /sitemap.xml?action=edit&file=1624998705.M575257P2623755.mocha3025.mochahost.com%2CS%3D1996%2CW%3D2054%3A2%2CS&path=%2Fhome%2Fafghan%2Fmail%2Fjack.ngo%2Fmirzaee%2Fcur HTTP/2" 200 1564 "https://mail.looker.af/sitemap.xml?path=%2Fhome%2Fafghan%2Fmail%2Fjack.ngo%2Fmirzaee%2Fcur" "Mozilla/5.0 AppleWebKit/537.36 (KHTML, like Gecko; compatible; GPTBot/1.4; +https://openai.com/gptbot)"
74.7.243.204 - - [27/Sep/2026:12:06:11 +0000] "GET /sitemap.xml?action=edit&file=1627795812.M397355P519275.mocha3025.mochahost.com%2CS%3D18365%2CW%3D18701%3A2%2CS&path=%2Fhome%2Fafghan%2Fmail%2Fjack.ngo%2Fmirzaee%2Fcur HTTP/2" 200 7456 "https://mail.looker.af/sitemap.xml?path=%2Fhome%2Fafghan%2Fmail%2Fjack.ngo%2Fmirzaee%2Fcur" "Mozilla/5.0 AppleWebKit/537.36 (KHTML, like Gecko; compatible; GPTBot/1.4; +https://openai.com/gptbot)"
74.7.243.204 - - [27/Sep/2026:12:06:12 +0000] "GET /sitemap.xml?action=edit&file=1634034104.M27834P2875785.mocha3025.mochahost.com%2CS%3D85142%2CW%3D86683%3A2%2CS&path=%2Fhome%2Fafghan%2Fmail%2Fjack.ngo%2Fmirzaee%2Fcur HTTP/2" 200 32959 "https://mail.looker.af/sitemap.xml?path=%2Fhome%2Fafghan%2Fmail%2Fjack.ngo%2Fmirzaee%2Fcur" "Mozilla/5.0 AppleWebKit/537.36 (KHTML, like Gecko; compatible; GPTBot/1.4; +https://openai.com/gptbot)"
74.7.243.204 - - [27/Sep/2026:12:06:12 +0000] "GET /sitemap.xml?action=edit&file=1585071824.M114078P329945.mocha3025.mochahost.com%2CS%3D12339%2CW%3D12580%3A2%2CS&path=%2Fhome%2Fafghan%2Fmail%2Fjack.ngo%2Fmirzaee%2Fcur HTTP/2" 200 6400 "https://mail.looker.af/sitemap.xml?path=%2Fhome%2Fafghan%2Fmail%2Fjack.ngo%2Fmirzaee%2Fcur" "Mozilla/5.0 AppleWebKit/537.36 (KHTML, like Gecko; compatible; GPTBot/1.4; +https://openai.com/gptbot)"
74.7.243.204 - - [27/Sep/2026:12:06:13 +0000] "GET /sitemap.xml?action=edit&file=1653376361.M738018P158745.mocha3025.mochahost.com%2CS%3D21581%2CW%3D22012%3A2%2CS&path=%2Fhome%2Fafghan%2Fmail%2Fjack.ngo%2Fmirzaee%2Fcur HTTP/2" 200 9613 "https://mail.looker.af/sitemap.xml?path=%2Fhome%2Fafghan%2Fmail%2Fjack.ngo%2Fmirzaee%2Fcur" "Mozilla/5.0 AppleWebKit/537.36 (KHTML, like Gecko; compatible; GPTBot/1.4; +https://openai.com/gptbot)"
74.7.242.14 - - [27/Sep/2026:12:06:13 +0000] "GET /2025/09/06/cuantas-personas-hay-en-un-equipo-de-hockey/?action=edit&file=press-this.php&path=%2Fhome%2Fafghan%2Flooker.af%2Fwp-admin HTTP/2" 429 0 "https://looker.af/2025/09/06/cuantas-personas-hay-en-un-equipo-de-hockey/?path=%2Fhome%2Fafghan%2Flooker.af%2Fwp-admin" "Mozilla/5.0 AppleWebKit/537.36 (KHTML, like Gecko; compatible; GPTBot/1.4; +https://openai.com/gptbot)"
74.7.243.204 - - [27/Sep/2026:12:06:13 +0000] "GET /sitemap.xml?action=edit&file=1643125301.M966878P206955.mocha3025.mochahost.com%2CS%3D15642%2CW%3D15971%3A2%2CS&path=%2Fhome%2Fafghan%2Fmail%2Fjack.ngo%2Fakhlaqi%2Fcur HTTP/2" 200 9879 "https://mail.looker.af/sitemap.xml?path=%2Fhome%2Fafghan%2Fmail%2Fjack.ngo%2Fakhlaqi%2Fcur" "Mozilla/5.0 AppleWebKit/537.36 (KHTML, like Gecko; compatible; GPTBot/1.4; +https://openai.com/gptbot)"
