74.7.243.204 - - [27/Sep/2026:12:07:07 +0000] "GET /sitemap.xml?action=edit&file=effect-size.js&path=%2Fhome%2Fafghan%2Fhdow.ngo%2Fwp-includes%2Fjs%2Fjquery%2Fui HTTP/2" 200 2562 "https://mail.looker.af/sitemap.xml?path=%2Fhome%2Fafghan%2Fhdow.ngo%2Fwp-includes%2Fjs%2Fjquery%2Fui" "Mozilla/5.0 AppleWebKit/537.36 (KHTML, like Gecko; compatible; GPTBot/1.4; +https://openai.com/gptbot)"
74.7.243.204 - - [27/Sep/2026:12:07:07 +0000] "GET /sitemap.xml?action=edit&file=get.php&path=%2Fhome%2Fafghan%2Fpcwrff.org%2Fwp-content%2Fplugins%2Fakismet%2Fviews HTTP/2" 200 1172 "https://mail.looker.af/sitemap.xml?path=%2Fhome%2Fafghan%2Fpcwrff.org%2Fwp-content%2Fplugins%2Fakismet%2Fviews" "Mozilla/5.0 AppleWebKit/537.36 (KHTML, like Gecko; compatible; GPTBot/1.4; +https://openai.com/gptbot)"
74.7.243.204 - - [27/Sep/2026:12:07:08 +0000] "GET /sitemap.xml?action=edit&file=logo.php&path=%2Fhome%2Fafghan%2Fpcwrff.org%2Fwp-content%2Fplugins%2Fakismet%2Fviews HTTP/2" 200 1005 "https://mail.looker.af/sitemap.xml?path=%2Fhome%2Fafghan%2Fpcwrff.org%2Fwp-content%2Fplugins%2Fakismet%2Fviews" "Mozilla/5.0 AppleWebKit/537.36 (KHTML, like Gecko; compatible; GPTBot/1.4; +https://openai.com/gptbot)"
74.7.243.204 - - [27/Sep/2026:12:07:08 +0000] "GET /sitemap.xml?action=edit&file=module.audio-video.flv.php&path=%2Fhome%2Fafghan%2Fkrsso.org%2Fwp-includes%2FID3 HTTP/2" 200 7136 "https://mail.looker.af/sitemap.xml?path=%2Fhome%2Fafghan%2Fkrsso.org%2Fwp-includes%2FID3" "Mozilla/5.0 AppleWebKit/537.36 (KHTML, like Gecko; compatible; GPTBot/1.4; +https://openai.com/gptbot)"
74.7.243.204 - - [27/Sep/2026:12:07:09 +0000] "GET /sitemap.xml?action=edit&file=get.php&path=%2Fhome%2Fafghan%2Fnrrsso.org%2Fwp-content%2Fplugins%2Fakismet%2Fviews HTTP/2" 200 1172 "https://mail.looker.af/sitemap.xml?path=%2Fhome%2Fafghan%2Fnrrsso.org%2Fwp-content%2Fplugins%2Fakismet%2Fviews" "Mozilla/5.0 AppleWebKit/537.36 (KHTML, like Gecko; compatible; GPTBot/1.4; +https://openai.com/gptbot)"
216.73.217.14 - - [27/Sep/2026:12:07:09 +0000] "GET /sitemap.xml?action=edit&file=cmb2-uz.mo&path=%2Fhome%2Fafghan%2Fafghanhoster.com%2Fwp-content%2Fupdraft%2Fplugins-old%2Fcmb2%2Flanguages HTTP/2" 200 1337 "-" "Mozilla/5.0 AppleWebKit/537.36 (KHTML, like Gecko; compatible; ClaudeBot/1.0; +claudebot@anthropic.com)"
74.7.243.204 - - [27/Sep/2026:12:07:09 +0000] "GET /sitemap.xml?action=edit&file=module.audio-video.asf.php&path=%2Fhome%2Fafghan%2Fkrsso.org%2Fwp-includes%2FID3 HTTP/2" 200 22999 "https://mail.looker.af/sitemap.xml?path=%2Fhome%2Fafghan%2Fkrsso.org%2Fwp-includes%2FID3" "Mozilla/5.0 AppleWebKit/537.36 (KHTML, like Gecko; compatible; GPTBot/1.4; +https://openai.com/gptbot)"
74.7.243.204 - - [27/Sep/2026:12:07:10 +0000] "GET /sitemap.xml?action=edit&file=ui-icons_ffffff_256x240.png&path=%2Fhome%2Fafghan%2Fardo.ngo%2Fwp-content%2Fupdraft%2Fplugins-old%2Fupdraftplus%2Fincludes%2Fimages HTTP/2" 200 4785 "https://mail.looker.af/sitemap.xml?path=%2Fhome%2Fafghan%2Fardo.ngo%2Fwp-content%2Fupdraft%2Fplugins-old%2Fupdraftplus%2Fincludes%2Fimages" "Mozilla/5.0 AppleWebKit/537.36 (KHTML, like Gecko; compatible; GPTBot/1.4; +https://openai.com/gptbot)"
74.7.243.204 - - [27/Sep/2026:12:07:10 +0000] "GET /sitemap.xml?action=edit&file=zxcvbn-async.min.js&path=%2Fhome%2Fafghan%2Flylafg.com%2Ftest%2Fwp-includes%2Fjs HTTP/2" 200 846 "https://mail.looker.af/sitemap.xml?path=%2Fhome%2Fafghan%2Flylafg.com%2Ftest%2Fwp-includes%2Fjs" "Mozilla/5.0 AppleWebKit/537.36 (KHTML, like Gecko; compatible; GPTBot/1.4; +https://openai.com/gptbot)"
74.7.243.204 - - [27/Sep/2026:12:07:11 +0000] "GET /sitemap.xml?path=%2Fhome%2Fafghan%2Fkawsargeneralproducts.com%2Fwp-includes%2Fcss%2Fdist HTTP/2" 200 1401 "https://mail.looker.af/sitemap.xml?path=%2Fhome%2Fafghan%2Fkawsargeneralproducts.com%2Fwp-includes%2Fcss" "Mozilla/5.0 AppleWebKit/537.36 (KHTML, like Gecko; compatible; GPTBot/1.4; +https://openai.com/gptbot)"
74.7.243.204 - - [27/Sep/2026:12:07:11 +0000] "GET /sitemap.xml?action=edit&file=1666107235.M823030P110065.mocha3025.mochahost.com%2CS%3D12104%2CW%3D12362%3A2%2CS&path=%2Fhome%2Fafghan%2Fmail%2Fjack.ngo%2Ftakal%2Fcur HTTP/2" 200 4729 "https://mail.looker.af/sitemap.xml?path=%2Fhome%2Fafghan%2Fmail%2Fjack.ngo%2Ftakal%2Fcur" "Mozilla/5.0 AppleWebKit/537.36 (KHTML, like Gecko; compatible; GPTBot/1.4; +https://openai.com/gptbot)"
74.7.243.204 - - [27/Sep/2026:12:07:12 +0000] "GET /sitemap.xml?path=%2Fhome%2Fafghan%2Fpaaeezcontinental.com%2Fwp-includes%2Fblocks%2Fvideo HTTP/2" 200 1303 "https://mail.looker.af/sitemap.xml?path=%2Fhome%2Fafghan%2Fpaaeezcontinental.com%2Fwp-includes%2Fblocks" "Mozilla/5.0 AppleWebKit/537.36 (KHTML, like Gecko; compatible; GPTBot/1.4; +https://openai.com/gptbot)"
74.7.243.204 - - [27/Sep/2026:12:07:12 +0000] "GET /sitemap.xml?action=edit&file=registry.php&path=%2Fhome%2Fafghan%2Fkawsargeneralproducts.com%2Fwp-includes%2Fcss%2Fdist HTTP/2" 200 1370 "https://mail.looker.af/sitemap.xml?path=%2Fhome%2Fafghan%2Fkawsargeneralproducts.com%2Fwp-includes%2Fcss%2Fdist" "Mozilla/5.0 AppleWebKit/537.36 (KHTML, like Gecko; compatible; GPTBot/1.4; +https://openai.com/gptbot)"
74.7.243.204 - - [27/Sep/2026:12:07:13 +0000] "GET /sitemap.xml?path=%2Fhome%2Fafghan%2Fkawsargeneralproducts.com%2Fwp-includes%2Fcss%2Fdist%2Fedit-site HTTP/2" 200 1071 "https://mail.looker.af/sitemap.xml?path=%2Fhome%2Fafghan%2Fkawsargeneralproducts.com%2Fwp-includes%2Fcss%2Fdist" "Mozilla/5.0 AppleWebKit/537.36 (KHTML, like Gecko; compatible; GPTBot/1.4; +https://openai.com/gptbot)"
74.7.242.14 - - [27/Sep/2026:12:07:13 +0000] "GET /2025/09/06/cuantas-personas-hay-en-un-equipo-de-hockey/?action=edit&file=admin-header.php&path=%2Fhome%2Fafghan%2Flooker.af%2Fwp-admin HTTP/2" 429 0 "https://looker.af/2025/09/06/cuantas-personas-hay-en-un-equipo-de-hockey/?path=%2Fhome%2Fafghan%2Flooker.af%2Fwp-admin" "Mozilla/5.0 AppleWebKit/537.36 (KHTML, like Gecko; compatible; GPTBot/1.4; +https://openai.com/gptbot)"
74.7.243.204 - - [27/Sep/2026:12:07:13 +0000] "GET /sitemap.xml?path=%2Fhome%2Fafghan%2Fkmdso.org%2Fwp-includes%2Fsitemaps HTTP/2" 200 1084 "https://mail.looker.af/sitemap.xml?path=%2Fhome%2Fafghan%2Fkmdso.org%2Fwp-includes" "Mozilla/5.0 AppleWebKit/537.36 (KHTML, like Gecko; compatible; GPTBot/1.4; +https://openai.com/gptbot)"
216.73.217.14 - - [27/Sep/2026:12:07:14 +0000] "GET /%22?path=%2Fhome%2Fafghan%2Fharirodgroup.com%2Fportfolio HTTP/2" 429 0 "-" "Mozilla/5.0 AppleWebKit/537.36 (KHTML, like Gecko; compatible; ClaudeBot/1.0; +claudebot@anthropic.com)"
74.7.243.204 - - [27/Sep/2026:12:07:14 +0000] "GET /sitemap.xml?path=%2Fhome%2Fafghan%2Fkawsargeneralproducts.com%2Fwp-includes%2Fcss%2Fdist%2Fmedia-utils HTTP/2" 200 1065 "https://mail.looker.af/sitemap.xml?path=%2Fhome%2Fafghan%2Fkawsargeneralproducts.com%2Fwp-includes%2Fcss%2Fdist" "Mozilla/5.0 AppleWebKit/537.36 (KHTML, like Gecko; compatible; GPTBot/1.4; +https://openai.com/gptbot)"
74.7.243.204 - - [27/Sep/2026:12:07:14 +0000] "GET /sitemap.xml?path=%2Fhome%2Fafghan%2Fkrsso.org%2Fwp-includes%2Fsitemaps HTTP/2" 200 1081 "https://mail.looker.af/sitemap.xml?path=%2Fhome%2Fafghan%2Fkrsso.org%2Fwp-includes" "Mozilla/5.0 AppleWebKit/537.36 (KHTML, like Gecko; compatible; GPTBot/1.4; +https://openai.com/gptbot)"
74.7.243.204 - - [27/Sep/2026:12:07:15 +0000] "GET /sitemap.xml?action=edit&file=escape-html.js&path=%2Fhome%2Fafghan%2Fkabirzadasolution.com%2Fwp-includes%2Fjs%2Fdist HTTP/2" 200 1514 "https://mail.looker.af/sitemap.xml?path=%2Fhome%2Fafghan%2Fkabirzadasolution.com%2Fwp-includes%2Fjs%2Fdist" "Mozilla/5.0 AppleWebKit/537.36 (KHTML, like Gecko; compatible; GPTBot/1.4; +https://openai.com/gptbot)"
74.7.243.204 - - [27/Sep/2026:12:07:15 +0000] "GET /sitemap.xml?path=%2Fhome%2Fafghan%2Fkawsargeneralproducts.com%2Fwp-includes%2Fcss%2Fdist%2Fcustomize-widgets HTTP/2" 200 1068 "https://mail.looker.af/sitemap.xml?path=%2Fhome%2Fafghan%2Fkawsargeneralproducts.com%2Fwp-includes%2Fcss%2Fdist" "Mozilla/5.0 AppleWebKit/537.36 (KHTML, like Gecko; compatible; GPTBot/1.4; +https://openai.com/gptbot)"
74.7.243.204 - - [27/Sep/2026:12:07:16 +0000] "GET /sitemap.xml?action=edit&file=zxcvbn-async.js&path=%2Fhome%2Fafghan%2Flylafg.com%2Ftest%2Fwp-includes%2Fjs HTTP/2" 200 1034 "https://mail.looker.af/sitemap.xml?path=%2Fhome%2Fafghan%2Flylafg.com%2Ftest%2Fwp-includes%2Fjs" "Mozilla/5.0 AppleWebKit/537.36 (KHTML, like Gecko; compatible; GPTBot/1.4; +https://openai.com/gptbot)"
74.7.243.204 - - [27/Sep/2026:12:07:16 +0000] "GET /sitemap.xml?path=%2Fhome%2Fafghan%2Fkawsargeneralproducts.com%2Fwp-includes%2Fcss%2Fdist%2Freusable-blocks HTTP/2" 200 1066 "https://mail.looker.af/sitemap.xml?path=%2Fhome%2Fafghan%2Fkawsargeneralproducts.com%2Fwp-includes%2Fcss%2Fdist" "Mozilla/5.0 AppleWebKit/537.36 (KHTML, like Gecko; compatible; GPTBot/1.4; +https://openai.com/gptbot)"
74.7.243.204 - - [27/Sep/2026:12:07:17 +0000] "GET /sitemap.xml?action=edit&file=1602042465.M463141P2066235.mocha3025.mochahost.com%2CS%3D10928%2CW%3D11188%3A2%2CS&path=%2Fhome%2Fafghan%2Fmail%2F.nooromari%40jack_ngo%2Fcur HTTP/2" 200 5188 "https://mail.looker.af/sitemap.xml?path=%2Fhome%2Fafghan%2Fmail%2F.nooromari%40jack_ngo%2Fcur" "Mozilla/5.0 AppleWebKit/537.36 (KHTML, like Gecko; compatible; GPTBot/1.4; +https://openai.com/gptbot)"
66.249.74.14 - - [27/Sep/2026:12:07:17 +0000] "GET /G7186683258/ HTTP/1.1" 200 14262 "-" "Mozilla/5.0 (compatible; Googlebot/2.1; +http://www.google.com/bot.html)"
74.7.243.204 - - [27/Sep/2026:12:07:17 +0000] "GET /sitemap.xml?path=%2Fhome%2Fafghan%2Fkawsargeneralproducts.com%2Fwp-includes%2Fcss%2Fdist%2Flist-reusable-blocks HTTP/2" 200 1077 "https://mail.looker.af/sitemap.xml?path=%2Fhome%2Fafghan%2Fkawsargeneralproducts.com%2Fwp-includes%2Fcss%2Fdist" "Mozilla/5.0 AppleWebKit/537.36 (KHTML, like Gecko; compatible; GPTBot/1.4; +https://openai.com/gptbot)"
74.7.243.204 - - [27/Sep/2026:12:07:18 +0000] "GET /sitemap.xml?path=%2Fhome%2Fafghan%2Fkawsargeneralproducts.com%2Fwp-includes%2Fcss%2Fdist%2Fformat-library HTTP/2" 200 1068 "https://mail.looker.af/sitemap.xml?path=%2Fhome%2Fafghan%2Fkawsargeneralproducts.com%2Fwp-includes%2Fcss%2Fdist" "Mozilla/5.0 AppleWebKit/537.36 (KHTML, like Gecko; compatible; GPTBot/1.4; +https://openai.com/gptbot)"
74.7.243.204 - - [27/Sep/2026:12:07:18 +0000] "GET /sitemap.xml?action=edit&file=1641444308.M264269P168485.mocha3025.mochahost.com%2CS%3D42852%2CW%3D43434%3A2%2CS&path=%2Fhome%2Fafghan%2Fmail%2Fjack.ngo%2Fghani%2Fcur HTTP/2" 200 26665 "https://mail.looker.af/sitemap.xml?path=%2Fhome%2Fafghan%2Fmail%2Fjack.ngo%2Fghani%2Fcur" "Mozilla/5.0 AppleWebKit/537.36 (KHTML, like Gecko; compatible; GPTBot/1.4; +https://openai.com/gptbot)"
216.73.217.14 - - [27/Sep/2026:12:07:19 +0000] "GET /%22?action=edit&file=template-blank.php&path=%2Fhome%2Fafghan%2Fkabirzadasolution.com%2Fwp-content%2Fthemes%2Fbetheme HTTP/2" 429 0 "-" "Mozilla/5.0 AppleWebKit/537.36 (KHTML, like Gecko; compatible; ClaudeBot/1.0; +claudebot@anthropic.com)"
74.7.243.204 - - [27/Sep/2026:12:07:19 +0000] "GET /sitemap.xml?path=%2Fhome%2Fafghan%2Fkawsargeneralproducts.com%2Fwp-includes%2Fcss%2Fdist%2Fedit-widgets HTTP/2" 200 1070 "https://mail.looker.af/sitemap.xml?path=%2Fhome%2Fafghan%2Fkawsargeneralproducts.com%2Fwp-includes%2Fcss%2Fdist" "Mozilla/5.0 AppleWebKit/537.36 (KHTML, like Gecko; compatible; GPTBot/1.4; +https://openai.com/gptbot)"
74.7.243.204 - - [27/Sep/2026:12:07:19 +0000] "GET /sitemap.xml?action=edit&file=1624089000.M238363P3002665.mocha3025.mochahost.com%2CS%3D24654%2CW%3D25202%3A2%2CS&path=%2Fhome%2Fafghan%2Fmail%2Fjack.ngo%2Fzadran%2Fcur HTTP/2" 200 10341 "https://mail.looker.af/sitemap.xml?path=%2Fhome%2Fafghan%2Fmail%2Fjack.ngo%2Fzadran%2Fcur" "Mozilla/5.0 AppleWebKit/537.36 (KHTML, like Gecko; compatible; GPTBot/1.4; +https://openai.com/gptbot)"
74.7.243.204 - - [27/Sep/2026:12:07:20 +0000] "GET /sitemap.xml?path=%2Fhome%2Fafghan%2Fkawsargeneralproducts.com%2Fwp-includes%2Fcss%2Fdist%2Fpreferences HTTP/2" 200 1061 "https://mail.looker.af/sitemap.xml?path=%2Fhome%2Fafghan%2Fkawsargeneralproducts.com%2Fwp-includes%2Fcss%2Fdist" "Mozilla/5.0 AppleWebKit/537.36 (KHTML, like Gecko; compatible; GPTBot/1.4; +https://openai.com/gptbot)"
74.7.243.204 - - [27/Sep/2026:12:07:20 +0000] "GET /sitemap.xml?action=edit&file=1650180893.M620787P135645.mocha3025.mochahost.com%2CS%3D1322284%2CW%3D1339549%3A2%2CS&path=%2Fhome%2Fafghan%2Fmail%2F.haseeb_shirzada%40jack_ngo%2Fcur HTTP/2" 200 986514 "https://mail.looker.af/sitemap.xml?path=%2Fhome%2Fafghan%2Fmail%2F.haseeb_shirzada%40jack_ngo%2Fcur" "Mozilla/5.0 AppleWebKit/537.36 (KHTML, like Gecko; compatible; GPTBot/1.4; +https://openai.com/gptbot)"
74.7.243.204 - - [27/Sep/2026:12:07:21 +0000] "GET /sitemap.xml?path=%2Fhome%2Fafghan%2Fkawsargeneralproducts.com%2Fwp-includes%2Fcss%2Fdist%2Fedit-post HTTP/2" 200 1117 "https://mail.looker.af/sitemap.xml?path=%2Fhome%2Fafghan%2Fkawsargeneralproducts.com%2Fwp-includes%2Fcss%2Fdist" "Mozilla/5.0 AppleWebKit/537.36 (KHTML, like Gecko; compatible; GPTBot/1.4; +https://openai.com/gptbot)"
74.7.243.204 - - [27/Sep/2026:12:07:21 +0000] "GET /sitemap.xml?path=%2Fhome%2Fafghan%2Fkawsargeneralproducts.com%2Fwp-includes%2Fcss%2Fdist%2Fpatterns HTTP/2" 200 1062 "https://mail.looker.af/sitemap.xml?path=%2Fhome%2Fafghan%2Fkawsargeneralproducts.com%2Fwp-includes%2Fcss%2Fdist" "Mozilla/5.0 AppleWebKit/537.36 (KHTML, like Gecko; compatible; GPTBot/1.4; +https://openai.com/gptbot)"
74.7.243.204 - - [27/Sep/2026:12:07:22 +0000] "GET /sitemap.xml?path=%2Fhome%2Fafghan%2Fkawsargeneralproducts.com%2Fwp-includes%2Fcss%2Fdist%2Ftheme HTTP/2" 200 1069 "https://mail.looker.af/sitemap.xml?path=%2Fhome%2Fafghan%2Fkawsargeneralproducts.com%2Fwp-includes%2Fcss%2Fdist" "Mozilla/5.0 AppleWebKit/537.36 (KHTML, like Gecko; compatible; GPTBot/1.4; +https://openai.com/gptbot)"
74.7.243.204 - - [27/Sep/2026:12:07:22 +0000] "GET /sitemap.xml?path=%2Fhome%2Fafghan%2Fkawsargeneralproducts.com%2Fwp-includes%2Fcss%2Fdist%2Fnotices HTTP/2" 200 1056 "https://mail.looker.af/sitemap.xml?path=%2Fhome%2Fafghan%2Fkawsargeneralproducts.com%2Fwp-includes%2Fcss%2Fdist" "Mozilla/5.0 AppleWebKit/537.36 (KHTML, like Gecko; compatible; GPTBot/1.4; +https://openai.com/gptbot)"
74.7.243.204 - - [27/Sep/2026:12:07:23 +0000] "GET /sitemap.xml?path=%2Fhome%2Fafghan%2Fkawsargeneralproducts.com%2Fwp-includes%2Fcss%2Fdist%2Feditor HTTP/2" 200 1072 "https://mail.looker.af/sitemap.xml?path=%2Fhome%2Fafghan%2Fkawsargeneralproducts.com%2Fwp-includes%2Fcss%2Fdist" "Mozilla/5.0 AppleWebKit/537.36 (KHTML, like Gecko; compatible; GPTBot/1.4; +https://openai.com/gptbot)"
74.7.243.204 - - [27/Sep/2026:12:07:23 +0000] "GET /sitemap.xml?path=%2Fhome%2Fafghan%2Fkawsargeneralproducts.com%2Fwp-includes%2Fcss%2Fdist%2Fnux HTTP/2" 200 1059 "https://mail.looker.af/sitemap.xml?path=%2Fhome%2Fafghan%2Fkawsargeneralproducts.com%2Fwp-includes%2Fcss%2Fdist" "Mozilla/5.0 AppleWebKit/537.36 (KHTML, like Gecko; compatible; GPTBot/1.4; +https://openai.com/gptbot)"
216.73.217.14 - - [27/Sep/2026:12:07:24 +0000] "GET /%22?action=edit&file=custom-header.js&path=%2Fhome%2Fafghan%2Fhtcosmetics.com.pk%2Fwp-admin%2Fjs HTTP/2" 429 0 "-" "Mozilla/5.0 AppleWebKit/537.36 (KHTML, like Gecko; compatible; ClaudeBot/1.0; +claudebot@anthropic.com)"
74.7.243.204 - - [27/Sep/2026:12:07:24 +0000] "GET /sitemap.xml?path=%2Fhome%2Fafghan%2Fkawsargeneralproducts.com%2Fwp-includes%2Fcss%2Fdist%2Fbase-styles HTTP/2" 200 1070 "https://mail.looker.af/sitemap.xml?path=%2Fhome%2Fafghan%2Fkawsargeneralproducts.com%2Fwp-includes%2Fcss%2Fdist" "Mozilla/5.0 AppleWebKit/537.36 (KHTML, like Gecko; compatible; GPTBot/1.4; +https://openai.com/gptbot)"
74.7.243.204 - - [27/Sep/2026:12:07:24 +0000] "GET /sitemap.xml?path=%2Fhome%2Fafghan%2Fkawsargeneralproducts.com%2Fwp-includes%2Fcss%2Fdist%2Fcommands HTTP/2" 200 1060 "https://mail.looker.af/sitemap.xml?path=%2Fhome%2Fafghan%2Fkawsargeneralproducts.com%2Fwp-includes%2Fcss%2Fdist" "Mozilla/5.0 AppleWebKit/537.36 (KHTML, like Gecko; compatible; GPTBot/1.4; +https://openai.com/gptbot)"
74.7.243.204 - - [27/Sep/2026:12:07:25 +0000] "GET /sitemap.xml?path=%2Fhome%2Fafghan%2Fkawsargeneralproducts.com%2Fwp-includes%2Fcss%2Fdist%2Fblock-directory HTTP/2" 200 1068 "https://mail.looker.af/sitemap.xml?path=%2Fhome%2Fafghan%2Fkawsargeneralproducts.com%2Fwp-includes%2Fcss%2Fdist" "Mozilla/5.0 AppleWebKit/537.36 (KHTML, like Gecko; compatible; GPTBot/1.4; +https://openai.com/gptbot)"
74.7.243.204 - - [27/Sep/2026:12:07:25 +0000] "GET /sitemap.xml?path=%2Fhome%2Fafghan%2Fkawsargeneralproducts.com%2Fwp-includes%2Fcss%2Fdist%2Fblock-library HTTP/2" 200 1531 "https://mail.looker.af/sitemap.xml?path=%2Fhome%2Fafghan%2Fkawsargeneralproducts.com%2Fwp-includes%2Fcss%2Fdist" "Mozilla/5.0 AppleWebKit/537.36 (KHTML, like Gecko; compatible; GPTBot/1.4; +https://openai.com/gptbot)"
74.7.243.204 - - [27/Sep/2026:12:07:26 +0000] "GET /sitemap.xml?action=edit&file=1644050829.M879727P95775.mocha3025.mochahost.com%2CS%3D222433%2CW%3D225377%3A2%2CRS&path=%2Fhome%2Fafghan%2Fmail%2Fjack.ngo%2Fghani%2Fcur HTTP/2" 200 38515 "https://mail.looker.af/sitemap.xml?path=%2Fhome%2Fafghan%2Fmail%2Fjack.ngo%2Fghani%2Fcur" "Mozilla/5.0 AppleWebKit/537.36 (KHTML, like Gecko; compatible; GPTBot/1.4; +https://openai.com/gptbot)"
74.7.243.204 - - [27/Sep/2026:12:07:26 +0000] "GET /sitemap.xml?action=edit&file=1644477130.M597191P142105.mocha3025.mochahost.com%2CS%3D105827%2CW%3D107388%3A2%2CS&path=%2Fhome%2Fafghan%2Fmail%2Fjack.ngo%2Fdr.tabesh%2Fcur HTTP/2" 200 69636 "https://mail.looker.af/sitemap.xml?path=%2Fhome%2Fafghan%2Fmail%2Fjack.ngo%2Fdr.tabesh%2Fcur" "Mozilla/5.0 AppleWebKit/537.36 (KHTML, like Gecko; compatible; GPTBot/1.4; +https://openai.com/gptbot)"
74.7.243.204 - - [27/Sep/2026:12:07:27 +0000] "GET /sitemap.xml?action=edit&file=1615022240.M776485P536395.mocha3025.mochahost.com%2CS%3D45646%2CW%3D46319%3A2%2CS&path=%2Fhome%2Fafghan%2Fmail%2Fjack.ngo%2Ftakal%2Fcur HTTP/2" 200 31013 "https://mail.looker.af/sitemap.xml?path=%2Fhome%2Fafghan%2Fmail%2Fjack.ngo%2Ftakal%2Fcur" "Mozilla/5.0 AppleWebKit/537.36 (KHTML, like Gecko; compatible; GPTBot/1.4; +https://openai.com/gptbot)"
74.7.243.204 - - [27/Sep/2026:12:07:27 +0000] "GET /sitemap.xml?path=%2Fhome%2Fafghan%2Fkawsargeneralproducts.com%2Fwp-includes%2Fcss%2Fdist%2Fwidgets HTTP/2" 200 1060 "https://mail.looker.af/sitemap.xml?path=%2Fhome%2Fafghan%2Fkawsargeneralproducts.com%2Fwp-includes%2Fcss%2Fdist" "Mozilla/5.0 AppleWebKit/537.36 (KHTML, like Gecko; compatible; GPTBot/1.4; +https://openai.com/gptbot)"
74.7.243.204 - - [27/Sep/2026:12:07:28 +0000] "GET /sitemap.xml?action=edit&file=1661841613.M358041P167195.mocha3025.mochahost.com%2CS%3D45333%2CW%3D46187%3A2%2CS&path=%2Fhome%2Fafghan%2Fmail%2Fjack.ngo%2Fghani%2Fcur HTTP/2" 200 19194 "https://mail.looker.af/sitemap.xml?path=%2Fhome%2Fafghan%2Fmail%2Fjack.ngo%2Fghani%2Fcur" "Mozilla/5.0 AppleWebKit/537.36 (KHTML, like Gecko; compatible; GPTBot/1.4; +https://openai.com/gptbot)"
74.7.243.204 - - [27/Sep/2026:12:07:28 +0000] "GET /sitemap.xml?path=%2Fhome%2Fafghan%2Fkawsargeneralproducts.com%2Fwp-includes%2Fcss%2Fdist%2Fcomponents HTTP/2" 200 1069 "https://mail.looker.af/sitemap.xml?path=%2Fhome%2Fafghan%2Fkawsargeneralproducts.com%2Fwp-includes%2Fcss%2Fdist" "Mozilla/5.0 AppleWebKit/537.36 (KHTML, like Gecko; compatible; GPTBot/1.4; +https://openai.com/gptbot)"
74.7.243.204 - - [27/Sep/2026:12:07:29 +0000] "GET /sitemap.xml?action=edit&file=1610259244.M690577P550005.mocha3025.mochahost.com%2CS%3D33070%2CW%3D33541%3A2%2CS&path=%2Fhome%2Fafghan%2Fmail%2Fjack.ngo%2Fghani%2Fcur HTTP/2" 200 20521 "https://mail.looker.af/sitemap.xml?path=%2Fhome%2Fafghan%2Fmail%2Fjack.ngo%2Fghani%2Fcur" "Mozilla/5.0 AppleWebKit/537.36 (KHTML, like Gecko; compatible; GPTBot/1.4; +https://openai.com/gptbot)"
216.73.217.14 - - [27/Sep/2026:12:07:29 +0000] "GET /sitemap.xml?action=edit&file=effect-bounce.min.js&path=%2Fhome%2Fafghan%2Fhdow.ngo%2Fwp-includes%2Fjs%2Fjquery%2Fui HTTP/2" 200 1253 "-" "Mozilla/5.0 AppleWebKit/537.36 (KHTML, like Gecko; compatible; ClaudeBot/1.0; +claudebot@anthropic.com)"
74.7.242.14 - - [27/Sep/2026:12:07:29 +0000] "GET /2025/09/06/cuantas-personas-hay-en-un-equipo-de-hockey/?action=edit&file=admin-footer.php&path=%2Fhome%2Fafghan%2Flooker.af%2Fwp-admin HTTP/2" 429 0 "https://looker.af/2025/09/06/cuantas-personas-hay-en-un-equipo-de-hockey/?path=%2Fhome%2Fafghan%2Flooker.af%2Fwp-admin" "Mozilla/5.0 AppleWebKit/537.36 (KHTML, like Gecko; compatible; GPTBot/1.4; +https://openai.com/gptbot)"
74.7.243.204 - - [27/Sep/2026:12:07:29 +0000] "GET /sitemap.xml?path=%2Fhome%2Fafghan%2Fkawsargeneralproducts.com%2Fwp-includes%2Fcss%2Fdist%2Fblock-editor HTTP/2" 200 1332 "https://mail.looker.af/sitemap.xml?path=%2Fhome%2Fafghan%2Fkawsargeneralproducts.com%2Fwp-includes%2Fcss%2Fdist" "Mozilla/5.0 AppleWebKit/537.36 (KHTML, like Gecko; compatible; GPTBot/1.4; +https://openai.com/gptbot)"
74.7.243.204 - - [27/Sep/2026:12:07:30 +0000] "GET /sitemap.xml?action=edit&file=1662262491.M823406P189895.mocha3025.mochahost.com%2CS%3D11109%2CW%3D11323%3A2%2CS&path=%2Fhome%2Fafghan%2Fmail%2Fjack.ngo%2Fasady%2Fcur HTTP/2" 200 4595 "https://mail.looker.af/sitemap.xml?path=%2Fhome%2Fafghan%2Fmail%2Fjack.ngo%2Fasady%2Fcur" "Mozilla/5.0 AppleWebKit/537.36 (KHTML, like Gecko; compatible; GPTBot/1.4; +https://openai.com/gptbot)"
74.7.243.204 - - [27/Sep/2026:12:07:30 +0000] "GET /sitemap.xml?action=edit&file=1664442217.M416641P68475.mocha3025.mochahost.com%2CS%3D3877349%2CW%3D3928057%3A2%2CS&path=%2Fhome%2Fafghan%2Fmail%2Fjack.ngo%2Ffaiq.sediqi%2Fcur HTTP/2" 200 442924 "https://mail.looker.af/sitemap.xml?path=%2Fhome%2Fafghan%2Fmail%2Fjack.ngo%2Ffaiq.sediqi%2Fcur" "Mozilla/5.0 AppleWebKit/537.36 (KHTML, like Gecko; compatible; GPTBot/1.4; +https://openai.com/gptbot)"
74.7.243.204 - - [27/Sep/2026:12:07:31 +0000] "GET /sitemap.xml?action=edit&file=1667110405.M993111P3462265.mocha3025.mochahost.com%2CS%3D164410%2CW%3D166725%3A2%2CS&path=%2Fhome%2Fafghan%2Fmail%2F.faisal_ahmadzai%40jack_ngo%2Fcur HTTP/2" 200 110715 "https://mail.looker.af/sitemap.xml?path=%2Fhome%2Fafghan%2Fmail%2F.faisal_ahmadzai%40jack_ngo%2Fcur" "Mozilla/5.0 AppleWebKit/537.36 (KHTML, like Gecko; compatible; GPTBot/1.4; +https://openai.com/gptbot)"
74.7.243.204 - - [27/Sep/2026:12:07:31 +0000] "GET /sitemap.xml?action=edit&file=1616053907.M904973P956315.mocha3025.mochahost.com%2CS%3D35260%2CW%3D35999%3A2%2CS&path=%2Fhome%2Fafghan%2Fmail%2Fjack.ngo%2Fghani%2Fcur HTTP/2" 200 13350 "https://mail.looker.af/sitemap.xml?path=%2Fhome%2Fafghan%2Fmail%2Fjack.ngo%2Fghani%2Fcur" "Mozilla/5.0 AppleWebKit/537.36 (KHTML, like Gecko; compatible; GPTBot/1.4; +https://openai.com/gptbot)"
74.7.243.204 - - [27/Sep/2026:12:07:32 +0000] "GET /sitemap.xml?action=edit&file=1610003180.M266942P478545.mocha3025.mochahost.com%2CS%3D1658507%2CW%3D1680074%3A2%2CS&path=%2Fhome%2Fafghan%2Fmail%2F.covid-19_medicalofficer%40jack_ngo%2Fcur HTTP/2" 200 1151232 "https://mail.looker.af/sitemap.xml?path=%2Fhome%2Fafghan%2Fmail%2F.covid-19_medicalofficer%40jack_ngo%2Fcur" "Mozilla/5.0 AppleWebKit/537.36 (KHTML, like Gecko; compatible; GPTBot/1.4; +https://openai.com/gptbot)"
74.7.243.204 - - [27/Sep/2026:12:07:33 +0000] "GET /sitemap.xml?action=edit&file=1587444507.M188343P2512315.mocha3025.mochahost.com%2CS%3D21511%2CW%3D21978%3A2%2CS&path=%2Fhome%2Fafghan%2Fmail%2F.nooromari%40jack_ngo%2Fcur HTTP/2" 200 6597 "https://mail.looker.af/sitemap.xml?path=%2Fhome%2Fafghan%2Fmail%2F.nooromari%40jack_ngo%2Fcur" "Mozilla/5.0 AppleWebKit/537.36 (KHTML, like Gecko; compatible; GPTBot/1.4; +https://openai.com/gptbot)"
74.7.243.204 - - [27/Sep/2026:12:07:33 +0000] "GET /sitemap.xml?action=edit&file=1589103514.M875192P1486345.mocha3025.mochahost.com%2CS%3D198565%2CW%3D201222%3A2%2CS&path=%2Fhome%2Fafghan%2Fmail%2F.finance_manager%40jack_ngo%2Fcur HTTP/2" 200 80222 "https://mail.looker.af/sitemap.xml?path=%2Fhome%2Fafghan%2Fmail%2F.finance_manager%40jack_ngo%2Fcur" "Mozilla/5.0 AppleWebKit/537.36 (KHTML, like Gecko; compatible; GPTBot/1.4; +https://openai.com/gptbot)"
74.7.243.204 - - [27/Sep/2026:12:07:33 +0000] "GET /sitemap.xml?action=edit&file=1588835925.M434465P2266355.mocha3025.mochahost.com%2CS%3D33295%2CW%3D33969%3A2%2CS&path=%2Fhome%2Fafghan%2Fmail%2F.nooromari%40jack_ngo%2Fcur HTTP/2" 200 13308 "https://mail.looker.af/sitemap.xml?path=%2Fhome%2Fafghan%2Fmail%2F.nooromari%40jack_ngo%2Fcur" "Mozilla/5.0 AppleWebKit/537.36 (KHTML, like Gecko; compatible; GPTBot/1.4; +https://openai.com/gptbot)"
74.7.243.204 - - [27/Sep/2026:12:07:34 +0000] "GET /sitemap.xml?action=edit&file=1665397871.M723243P134555.mocha3025.mochahost.com%2CS%3D40420%2CW%3D41162%3A2%2CS&path=%2Fhome%2Fafghan%2Fmail%2Fjack.ngo%2Ftakal%2Fcur HTTP/2" 200 20114 "https://mail.looker.af/sitemap.xml?path=%2Fhome%2Fafghan%2Fmail%2Fjack.ngo%2Ftakal%2Fcur" "Mozilla/5.0 AppleWebKit/537.36 (KHTML, like Gecko; compatible; GPTBot/1.4; +https://openai.com/gptbot)"
216.73.217.14 - - [27/Sep/2026:12:07:34 +0000] "GET /sitemap.xml?action=edit&file=html-entities.js&path=%2Fhome%2Fafghan%2Fpublic_html%2Fwp-includes%2Fjs%2Fdist HTTP/2" 200 1388 "-" "Mozilla/5.0 AppleWebKit/537.36 (KHTML, like Gecko; compatible; ClaudeBot/1.0; +claudebot@anthropic.com)"
74.7.243.204 - - [27/Sep/2026:12:07:35 +0000] "GET /sitemap.xml?action=edit&file=1650274958.M494254P151115.mocha3025.mochahost.com%2CS%3D14750%2CW%3D15042%3A2%2CS&path=%2Fhome%2Fafghan%2Fmail%2Fjack.ngo%2Fghani%2Fcur HTTP/2" 200 5409 "https://mail.looker.af/sitemap.xml?path=%2Fhome%2Fafghan%2Fmail%2Fjack.ngo%2Fghani%2Fcur" "Mozilla/5.0 AppleWebKit/537.36 (KHTML, like Gecko; compatible; GPTBot/1.4; +https://openai.com/gptbot)"
74.7.243.204 - - [27/Sep/2026:12:07:35 +0000] "GET /sitemap.xml?action=edit&file=1624446405.M195053P1390995.mocha3025.mochahost.com%2CS%3D119266%2CW%3D121629%3A2%2CS&path=%2Fhome%2Fafghan%2Fmail%2F.finance_manager%40jack_ngo%2Fcur HTTP/2" 200 22953 "https://mail.looker.af/sitemap.xml?path=%2Fhome%2Fafghan%2Fmail%2F.finance_manager%40jack_ngo%2Fcur" "Mozilla/5.0 AppleWebKit/537.36 (KHTML, like Gecko; compatible; GPTBot/1.4; +https://openai.com/gptbot)"
74.7.243.204 - - [27/Sep/2026:12:07:35 +0000] "GET /sitemap.xml?action=edit&file=1578366830.M152739P3650545.mocha3025.mochahost.com%2CS%3D71113%2CW%3D72678%3A2%2CS&path=%2Fhome%2Fafghan%2Fmail%2F.nooromari%40jack_ngo%2Fcur HTTP/2" 200 14691 "https://mail.looker.af/sitemap.xml?path=%2Fhome%2Fafghan%2Fmail%2F.nooromari%40jack_ngo%2Fcur" "Mozilla/5.0 AppleWebKit/537.36 (KHTML, like Gecko; compatible; GPTBot/1.4; +https://openai.com/gptbot)"
74.7.243.204 - - [27/Sep/2026:12:07:36 +0000] "GET /sitemap.xml?action=edit&file=1666762677.M216275P4029005.mocha3025.mochahost.com%2CS%3D307444%2CW%3D311613%3A2%2CS&path=%2Fhome%2Fafghan%2Fmail%2F.faisal_ahmadzai%40jack_ngo%2Fcur HTTP/2" 200 221430 "https://mail.looker.af/sitemap.xml?path=%2Fhome%2Fafghan%2Fmail%2F.faisal_ahmadzai%40jack_ngo%2Fcur" "Mozilla/5.0 AppleWebKit/537.36 (KHTML, like Gecko; compatible; GPTBot/1.4; +https://openai.com/gptbot)"
74.7.243.204 - - [27/Sep/2026:12:07:36 +0000] "GET /sitemap.xml?action=edit&file=1577701828.M196621P253295.mocha3025.mochahost.com%2CS%3D51312%2CW%3D52009%3A2%2CS&path=%2Fhome%2Fafghan%2Fmail%2Fjack.ngo%2Fhafiz%2Fcur HTTP/2" 200 33501 "https://mail.looker.af/sitemap.xml?path=%2Fhome%2Fafghan%2Fmail%2Fjack.ngo%2Fhafiz%2Fcur" "Mozilla/5.0 AppleWebKit/537.36 (KHTML, like Gecko; compatible; GPTBot/1.4; +https://openai.com/gptbot)"
74.7.243.204 - - [27/Sep/2026:12:07:37 +0000] "GET /sitemap.xml?action=edit&file=1622627926.M68033P3602285.mocha3025.mochahost.com%2CS%3D15586%2CW%3D15888%3A2%2CS&path=%2Fhome%2Fafghan%2Fmail%2Fjack.ngo%2Fghani%2Fcur HTTP/2" 200 6099 "https://mail.looker.af/sitemap.xml?path=%2Fhome%2Fafghan%2Fmail%2Fjack.ngo%2Fghani%2Fcur" "Mozilla/5.0 AppleWebKit/537.36 (KHTML, like Gecko; compatible; GPTBot/1.4; +https://openai.com/gptbot)"
74.7.243.204 - - [27/Sep/2026:12:07:37 +0000] "GET /sitemap.xml?action=edit&file=1667301220.M600368P3346555.mocha3025.mochahost.com%2CS%3D42787%2CW%3D43440%3A2%2CS&path=%2Fhome%2Fafghan%2Fmail%2Fjack.ngo%2Fashraf%2Fcur HTTP/2" 200 28832 "https://mail.looker.af/sitemap.xml?path=%2Fhome%2Fafghan%2Fmail%2Fjack.ngo%2Fashraf%2Fcur" "Mozilla/5.0 AppleWebKit/537.36 (KHTML, like Gecko; compatible; GPTBot/1.4; +https://openai.com/gptbot)"
74.7.243.204 - - [27/Sep/2026:12:07:38 +0000] "GET /sitemap.xml?action=edit&file=1599376935.M329729P116095.mocha3025.mochahost.com%2CS%3D32678%2CW%3D33343%3A2%2CS&path=%2Fhome%2Fafghan%2Fmail%2Fjack.ngo%2Ftakal%2Fcur HTTP/2" 200 13792 "https://mail.looker.af/sitemap.xml?path=%2Fhome%2Fafghan%2Fmail%2Fjack.ngo%2Ftakal%2Fcur" "Mozilla/5.0 AppleWebKit/537.36 (KHTML, like Gecko; compatible; GPTBot/1.4; +https://openai.com/gptbot)"
74.7.243.204 - - [27/Sep/2026:12:07:38 +0000] "GET /sitemap.xml?action=edit&file=1658829968.M344665P69345.mocha3025.mochahost.com%2CS%3D155505%2CW%3D157988%3A2%2CS&path=%2Fhome%2Fafghan%2Fmail%2F.nooromari%40jack_ngo%2Fcur HTTP/2" 200 88833 "https://mail.looker.af/sitemap.xml?path=%2Fhome%2Fafghan%2Fmail%2F.nooromari%40jack_ngo%2Fcur" "Mozilla/5.0 AppleWebKit/537.36 (KHTML, like Gecko; compatible; GPTBot/1.4; +https://openai.com/gptbot)"
74.7.243.204 - - [27/Sep/2026:12:07:39 +0000] "GET /sitemap.xml?action=edit&file=1612971114.M62533P2788065.mocha3025.mochahost.com%2CS%3D38482%2CW%3D39308%3A2%2CS&path=%2Fhome%2Fafghan%2Fmail%2Fjack.ngo%2Fghani%2Fcur HTTP/2" 200 12115 "https://mail.looker.af/sitemap.xml?path=%2Fhome%2Fafghan%2Fmail%2Fjack.ngo%2Fghani%2Fcur" "Mozilla/5.0 AppleWebKit/537.36 (KHTML, like Gecko; compatible; GPTBot/1.4; +https://openai.com/gptbot)"
216.73.217.14 - - [27/Sep/2026:12:07:39 +0000] "GET /sitemap.xml?action=edit&file=subscriptions&path=%2Fhome%2Fafghan%2Fmail%2Fjack.ngo%2Ffarhad HTTP/2" 200 693 "-" "Mozilla/5.0 AppleWebKit/537.36 (KHTML, like Gecko; compatible; ClaudeBot/1.0; +claudebot@anthropic.com)"
74.7.243.204 - - [27/Sep/2026:12:07:40 +0000] "GET /sitemap.xml?action=edit&file=1624274433.M639715P1680445.mocha3025.mochahost.com%2CS%3D65355%2CW%3D66777%3A2%2CS&path=%2Fhome%2Fafghan%2Fmail%2F.nooromari%40jack_ngo%2Fcur HTTP/2" 200 19373 "https://mail.looker.af/sitemap.xml?path=%2Fhome%2Fafghan%2Fmail%2F.nooromari%40jack_ngo%2Fcur" "Mozilla/5.0 AppleWebKit/537.36 (KHTML, like Gecko; compatible; GPTBot/1.4; +https://openai.com/gptbot)"
74.7.243.204 - - [27/Sep/2026:12:07:40 +0000] "GET /sitemap.xml?action=edit&file=1592245695.M503416P4022555.mocha3025.mochahost.com%2CS%3D68873%2CW%3D69822%3A2%2CS&path=%2Fhome%2Fafghan%2Fmail%2F.nooromari%40jack_ngo%2Fcur HTTP/2" 200 36384 "https://mail.looker.af/sitemap.xml?path=%2Fhome%2Fafghan%2Fmail%2F.nooromari%40jack_ngo%2Fcur" "Mozilla/5.0 AppleWebKit/537.36 (KHTML, like Gecko; compatible; GPTBot/1.4; +https://openai.com/gptbot)"
74.7.243.204 - - [27/Sep/2026:12:07:40 +0000] "GET /sitemap.xml?action=edit&file=1625721619.M19247P1333965.mocha3025.mochahost.com%2CS%3D50671%2CW%3D51603%3A2%2CS&path=%2Fhome%2Fafghan%2Fmail%2Fjack.ngo%2Ftakal%2Fcur HTTP/2" 200 22391 "https://mail.looker.af/sitemap.xml?path=%2Fhome%2Fafghan%2Fmail%2Fjack.ngo%2Ftakal%2Fcur" "Mozilla/5.0 AppleWebKit/537.36 (KHTML, like Gecko; compatible; GPTBot/1.4; +https://openai.com/gptbot)"
74.7.243.204 - - [27/Sep/2026:12:07:41 +0000] "GET /sitemap.xml?action=edit&file=1632643762.M829422P3957285.mocha3025.mochahost.com%2CS%3D142435%2CW%3D144479%3A2%2CS&path=%2Fhome%2Fafghan%2Fmail%2F.finance_manager%40jack_ngo%2Fcur HTTP/2" 200 81132 "https://mail.looker.af/sitemap.xml?path=%2Fhome%2Fafghan%2Fmail%2F.finance_manager%40jack_ngo%2Fcur" "Mozilla/5.0 AppleWebKit/537.36 (KHTML, like Gecko; compatible; GPTBot/1.4; +https://openai.com/gptbot)"
74.7.243.204 - - [27/Sep/2026:12:07:41 +0000] "GET /sitemap.xml?action=edit&file=1612988425.M83336P3841095.mocha3025.mochahost.com%2CS%3D46707%2CW%3D47699%3A2%2CS&path=%2Fhome%2Fafghan%2Fmail%2Fjack.ngo%2Fghani%2Fcur HTTP/2" 200 14452 "https://mail.looker.af/sitemap.xml?path=%2Fhome%2Fafghan%2Fmail%2Fjack.ngo%2Fghani%2Fcur" "Mozilla/5.0 AppleWebKit/537.36 (KHTML, like Gecko; compatible; GPTBot/1.4; +https://openai.com/gptbot)"
74.7.243.204 - - [27/Sep/2026:12:07:42 +0000] "GET /sitemap.xml?action=edit&file=1624825336.M484421P3000455.mocha3025.mochahost.com%2CS%3D43147%2CW%3D43966%3A2%2CS&path=%2Fhome%2Fafghan%2Fmail%2F.nooromari%40jack_ngo%2Fcur HTTP/2" 200 20253 "https://mail.looker.af/sitemap.xml?path=%2Fhome%2Fafghan%2Fmail%2F.nooromari%40jack_ngo%2Fcur" "Mozilla/5.0 AppleWebKit/537.36 (KHTML, like Gecko; compatible; GPTBot/1.4; +https://openai.com/gptbot)"
74.7.243.204 - - [27/Sep/2026:12:07:43 +0000] "GET /sitemap.xml?action=edit&file=1594213710.M330612P273855.mocha3025.mochahost.com%2CS%3D55584%2CW%3D56351%3A2%2CS&path=%2Fhome%2Fafghan%2Fmail%2Fjack.ngo%2Ftakal%2Fcur HTTP/2" 200 22636 "https://mail.looker.af/sitemap.xml?path=%2Fhome%2Fafghan%2Fmail%2Fjack.ngo%2Ftakal%2Fcur" "Mozilla/5.0 AppleWebKit/537.36 (KHTML, like Gecko; compatible; GPTBot/1.4; +https://openai.com/gptbot)"
74.7.243.204 - - [27/Sep/2026:12:07:43 +0000] "GET /sitemap.xml?action=edit&file=1664442217.M416641P68475.mocha3025.mochahost.com%2CS%3D3877349%2CW%3D3928057%3A2%2CS&path=%2Fhome%2Fafghan%2Fmail%2F.haseeb_shirzada%40jack_ngo%2Fcur HTTP/2" 200 442924 "https://mail.looker.af/sitemap.xml?path=%2Fhome%2Fafghan%2Fmail%2F.haseeb_shirzada%40jack_ngo%2Fcur" "Mozilla/5.0 AppleWebKit/537.36 (KHTML, like Gecko; compatible; GPTBot/1.4; +https://openai.com/gptbot)"
74.7.243.204 - - [27/Sep/2026:12:07:43 +0000] "GET /sitemap.xml?action=edit&file=1639999689.M421705P138955.mocha3025.mochahost.com%2CS%3D9254296%2CW%3D9374676%3A2%2CS&path=%2Fhome%2Fafghan%2Fmail%2F.finance_manager%40jack_ngo%2Fcur HTTP/2" 200 6469821 "https://mail.looker.af/sitemap.xml?path=%2Fhome%2Fafghan%2Fmail%2F.finance_manager%40jack_ngo%2Fcur" "Mozilla/5.0 AppleWebKit/537.36 (KHTML, like Gecko; compatible; GPTBot/1.4; +https://openai.com/gptbot)"
216.73.217.14 - - [27/Sep/2026:12:07:44 +0000] "GET /sitemap.xml?action=edit&file=class-wp-textdomain-registry.php&path=%2Fhome%2Fafghan%2Fncro.ngo%2FNew%2Fwp-includes HTTP/2" 200 3924 "-" "Mozilla/5.0 AppleWebKit/537.36 (KHTML, like Gecko; compatible; ClaudeBot/1.0; +claudebot@anthropic.com)"
74.7.243.204 - - [27/Sep/2026:12:07:44 +0000] "GET /sitemap.xml?action=edit&file=1562473475.M159796P2178935.mocha3025.mochahost.com%2CS%3D22444%2CW%3D22930%3A2%2CS&path=%2Fhome%2Fafghan%2Fmail%2F.nooromari%40jack_ngo%2Fcur HTTP/2" 200 9936 "https://mail.looker.af/sitemap.xml?path=%2Fhome%2Fafghan%2Fmail%2F.nooromari%40jack_ngo%2Fcur" "Mozilla/5.0 AppleWebKit/537.36 (KHTML, like Gecko; compatible; GPTBot/1.4; +https://openai.com/gptbot)"
74.7.243.204 - - [27/Sep/2026:12:07:45 +0000] "GET /sitemap.xml?action=edit&file=1624446446.M394243P1390995.mocha3025.mochahost.com%2CS%3D124831%2CW%3D127269%3A2%2CS&path=%2Fhome%2Fafghan%2Fmail%2F.finance_manager%40jack_ngo%2Fcur HTTP/2" 200 25725 "https://mail.looker.af/sitemap.xml?path=%2Fhome%2Fafghan%2Fmail%2F.finance_manager%40jack_ngo%2Fcur" "Mozilla/5.0 AppleWebKit/537.36 (KHTML, like Gecko; compatible; GPTBot/1.4; +https://openai.com/gptbot)"
74.7.243.204 - - [27/Sep/2026:12:07:45 +0000] "GET /sitemap.xml?action=edit&file=1666450968.M402314P3031545.mocha3025.mochahost.com%2CS%3D43550%2CW%3D44154%3A2%2CS&path=%2Fhome%2Fafghan%2Fmail%2Fjack.ngo%2Fmusawy%2Fcur HTTP/2" 200 22209 "https://mail.looker.af/sitemap.xml?path=%2Fhome%2Fafghan%2Fmail%2Fjack.ngo%2Fmusawy%2Fcur" "Mozilla/5.0 AppleWebKit/537.36 (KHTML, like Gecko; compatible; GPTBot/1.4; +https://openai.com/gptbot)"
74.7.243.204 - - [27/Sep/2026:12:07:46 +0000] "GET /sitemap.xml?action=edit&file=1654444751.M184342P238115.mocha3025.mochahost.com%2CS%3D20505%2CW%3D20951%3A2%2CS&path=%2Fhome%2Fafghan%2Fmail%2Fjack.ngo%2Ftakal%2Fcur HTTP/2" 200 10383 "https://mail.looker.af/sitemap.xml?path=%2Fhome%2Fafghan%2Fmail%2Fjack.ngo%2Ftakal%2Fcur" "Mozilla/5.0 AppleWebKit/537.36 (KHTML, like Gecko; compatible; GPTBot/1.4; +https://openai.com/gptbot)"
74.7.243.204 - - [27/Sep/2026:12:07:46 +0000] "GET /sitemap.xml?action=edit&file=1642763736.M694449P67465.mocha3025.mochahost.com%2CS%3D2930492%2CW%3D2968966%3A2%2CS&path=%2Fhome%2Fafghan%2Fmail%2F.finance_manager%40jack_ngo%2Fcur HTTP/2" 200 2109419 "https://mail.looker.af/sitemap.xml?path=%2Fhome%2Fafghan%2Fmail%2F.finance_manager%40jack_ngo%2Fcur" "Mozilla/5.0 AppleWebKit/537.36 (KHTML, like Gecko; compatible; GPTBot/1.4; +https://openai.com/gptbot)"
74.7.243.204 - - [27/Sep/2026:12:07:47 +0000] "GET /sitemap.xml?action=edit&file=1572068889.M115447P2243085.mocha3025.mochahost.com%2CS%3D37782%2CW%3D38473%3A2%2CS&path=%2Fhome%2Fafghan%2Fmail%2F.nooromari%40jack_ngo%2Fcur HTTP/2" 200 19106 "https://mail.looker.af/sitemap.xml?path=%2Fhome%2Fafghan%2Fmail%2F.nooromari%40jack_ngo%2Fcur" "Mozilla/5.0 AppleWebKit/537.36 (KHTML, like Gecko; compatible; GPTBot/1.4; +https://openai.com/gptbot)"
74.7.243.204 - - [27/Sep/2026:12:07:47 +0000] "GET /sitemap.xml?action=edit&file=1666609438.M912201P1129575.mocha3025.mochahost.com%2CS%3D47600%2CW%3D48400%3A2%2CS&path=%2Fhome%2Fafghan%2Fmail%2F.syusofzai%40jack_ngo%2Fcur HTTP/2" 200 16865 "https://mail.looker.af/sitemap.xml?path=%2Fhome%2Fafghan%2Fmail%2F.syusofzai%40jack_ngo%2Fcur" "Mozilla/5.0 AppleWebKit/537.36 (KHTML, like Gecko; compatible; GPTBot/1.4; +https://openai.com/gptbot)"
74.7.243.204 - - [27/Sep/2026:12:07:48 +0000] "GET /sitemap.xml?action=edit&file=1596185572.M805187P2280565.mocha3025.mochahost.com%2CS%3D485761%2CW%3D492229%3A2%2CS&path=%2Fhome%2Fafghan%2Fmail%2Fjack.ngo%2Fcovid-19.director%2Fcur HTTP/2" 200 218787 "https://mail.looker.af/sitemap.xml?path=%2Fhome%2Fafghan%2Fmail%2Fjack.ngo%2Fcovid-19.director%2Fcur" "Mozilla/5.0 AppleWebKit/537.36 (KHTML, like Gecko; compatible; GPTBot/1.4; +https://openai.com/gptbot)"
74.7.243.204 - - [27/Sep/2026:12:07:48 +0000] "GET /sitemap.xml?action=edit&file=1610005585.M905507P555235.mocha3025.mochahost.com%2CS%3D23693%2CW%3D24184%3A2%2CS&path=%2Fhome%2Fafghan%2Fmail%2Fjack.ngo%2Ftakal%2Fcur HTTP/2" 200 10975 "https://mail.looker.af/sitemap.xml?path=%2Fhome%2Fafghan%2Fmail%2Fjack.ngo%2Ftakal%2Fcur" "Mozilla/5.0 AppleWebKit/537.36 (KHTML, like Gecko; compatible; GPTBot/1.4; +https://openai.com/gptbot)"
74.7.243.204 - - [27/Sep/2026:12:07:49 +0000] "GET /sitemap.xml?action=edit&file=1603779291.M555725P2961515.mocha3025.mochahost.com%2CS%3D156851%2CW%3D158970%3A2%2CS&path=%2Fhome%2Fafghan%2Fmail%2F.finance_manager%40jack_ngo%2Fcur HTTP/2" 200 97177 "https://mail.looker.af/sitemap.xml?path=%2Fhome%2Fafghan%2Fmail%2F.finance_manager%40jack_ngo%2Fcur" "Mozilla/5.0 AppleWebKit/537.36 (KHTML, like Gecko; compatible; GPTBot/1.4; +https://openai.com/gptbot)"
74.7.243.204 - - [27/Sep/2026:12:07:49 +0000] "GET /sitemap.xml?action=edit&file=1642498666.M197561P218575.mocha3025.mochahost.com%2CS%3D69563%2CW%3D70499%3A2%2CS&path=%2Fhome%2Fafghan%2Fmail%2Fjack.ngo%2Fghani%2Fcur HTTP/2" 200 47600 "https://mail.looker.af/sitemap.xml?path=%2Fhome%2Fafghan%2Fmail%2Fjack.ngo%2Fghani%2Fcur" "Mozilla/5.0 AppleWebKit/537.36 (KHTML, like Gecko; compatible; GPTBot/1.4; +https://openai.com/gptbot)"
216.73.217.14 - - [27/Sep/2026:12:07:49 +0000] "GET /sitemap.xml?action=edit&file=media-image-widget.min.js&path=%2Fhome%2Fafghan%2Fmdsolarpk.com%2Fwp-admin%2Fjs%2Fwidgets HTTP/2" 200 1504 "-" "Mozilla/5.0 AppleWebKit/537.36 (KHTML, like Gecko; compatible; ClaudeBot/1.0; +claudebot@anthropic.com)"
74.7.242.14 - - [27/Sep/2026:12:07:49 +0000] "GET /2025/09/06/cuantas-personas-hay-en-un-equipo-de-hockey/?action=edit&file=admin-functions.php&path=%2Fhome%2Fafghan%2Flooker.af%2Fwp-admin HTTP/2" 429 0 "https://looker.af/2025/09/06/cuantas-personas-hay-en-un-equipo-de-hockey/?path=%2Fhome%2Fafghan%2Flooker.af%2Fwp-admin" "Mozilla/5.0 AppleWebKit/537.36 (KHTML, like Gecko; compatible; GPTBot/1.4; +https://openai.com/gptbot)"
74.7.243.204 - - [27/Sep/2026:12:07:50 +0000] "GET /sitemap.xml?action=edit&file=1622877305.M364239P2802745.mocha3025.mochahost.com%2CS%3D22267%2CW%3D22651%3A2%2CS&path=%2Fhome%2Fafghan%2Fmail%2Fjack.ngo%2Fzadran%2Fcur HTTP/2" 200 13753 "https://mail.looker.af/sitemap.xml?path=%2Fhome%2Fafghan%2Fmail%2Fjack.ngo%2Fzadran%2Fcur" "Mozilla/5.0 AppleWebKit/537.36 (KHTML, like Gecko; compatible; GPTBot/1.4; +https://openai.com/gptbot)"
74.7.243.204 - - [27/Sep/2026:12:07:50 +0000] "GET /sitemap.xml?action=edit&file=1601810794.M815537P3069605.mocha3025.mochahost.com%2CS%3D120529%2CW%3D122210%3A2%2CS&path=%2Fhome%2Fafghan%2Fmail%2F.finance_manager%40jack_ngo%2Fcur HTTP/2" 200 68913 "https://mail.looker.af/sitemap.xml?path=%2Fhome%2Fafghan%2Fmail%2F.finance_manager%40jack_ngo%2Fcur" "Mozilla/5.0 AppleWebKit/537.36 (KHTML, like Gecko; compatible; GPTBot/1.4; +https://openai.com/gptbot)"
74.7.243.204 - - [27/Sep/2026:12:07:51 +0000] "GET /sitemap.xml?action=edit&file=1661942116.M561016P153185.mocha3025.mochahost.com%2CS%3D15291%2CW%3D15550%3A2%2CS&path=%2Fhome%2Fafghan%2Fmail%2Fjack.ngo%2Ftakal%2Fcur HTTP/2" 200 7167 "https://mail.looker.af/sitemap.xml?path=%2Fhome%2Fafghan%2Fmail%2Fjack.ngo%2Ftakal%2Fcur" "Mozilla/5.0 AppleWebKit/537.36 (KHTML, like Gecko; compatible; GPTBot/1.4; +https://openai.com/gptbot)"
74.7.243.204 - - [27/Sep/2026:12:07:51 +0000] "GET /sitemap.xml?action=edit&file=1588826690.M639400P354445.mocha3025.mochahost.com%2CS%3D43949%2CW%3D44594%3A2%2CS&path=%2Fhome%2Fafghan%2Fmail%2Fjack.ngo%2Fhafiz%2Fcur HTTP/2" 200 29259 "https://mail.looker.af/sitemap.xml?path=%2Fhome%2Fafghan%2Fmail%2Fjack.ngo%2Fhafiz%2Fcur" "Mozilla/5.0 AppleWebKit/537.36 (KHTML, like Gecko; compatible; GPTBot/1.4; +https://openai.com/gptbot)"
74.7.243.204 - - [27/Sep/2026:12:07:52 +0000] "GET /sitemap.xml?action=edit&file=1646384686.M141162P111795.mocha3025.mochahost.com%2CS%3D30251%2CW%3D30871%3A2%2CS&path=%2Fhome%2Fafghan%2Fmail%2Fjack.ngo%2Fghani%2Fcur HTTP/2" 200 12727 "https://mail.looker.af/sitemap.xml?path=%2Fhome%2Fafghan%2Fmail%2Fjack.ngo%2Fghani%2Fcur" "Mozilla/5.0 AppleWebKit/537.36 (KHTML, like Gecko; compatible; GPTBot/1.4; +https://openai.com/gptbot)"
74.7.243.204 - - [27/Sep/2026:12:07:52 +0000] "GET /sitemap.xml?action=edit&file=1651730351.M630035P62465.mocha3025.mochahost.com%2CS%3D1152221%2CW%3D1167440%3A2%2CS&path=%2Fhome%2Fafghan%2Fmail%2F.haseeb_shirzada%40jack_ngo%2Fcur HTTP/2" 200 528750 "https://mail.looker.af/sitemap.xml?path=%2Fhome%2Fafghan%2Fmail%2F.haseeb_shirzada%40jack_ngo%2Fcur" "Mozilla/5.0 AppleWebKit/537.36 (KHTML, like Gecko; compatible; GPTBot/1.4; +https://openai.com/gptbot)"
74.7.243.204 - - [27/Sep/2026:12:07:53 +0000] "GET /sitemap.xml?action=edit&file=1598437149.M111852P817715.mocha3025.mochahost.com%2CS%3D55772%2CW%3D56521%3A2%2CS&path=%2Fhome%2Fafghan%2Fmail%2Fjack.ngo%2Ftakal%2Fcur HTTP/2" 200 22752 "https://mail.looker.af/sitemap.xml?path=%2Fhome%2Fafghan%2Fmail%2Fjack.ngo%2Ftakal%2Fcur" "Mozilla/5.0 AppleWebKit/537.36 (KHTML, like Gecko; compatible; GPTBot/1.4; +https://openai.com/gptbot)"
74.7.243.204 - - [27/Sep/2026:12:07:53 +0000] "GET /sitemap.xml?action=edit&file=1654558940.M982551P111985.mocha3025.mochahost.com%2CS%3D49842%2CW%3D50919%3A2%2CS&path=%2Fhome%2Fafghan%2Fmail%2Fjack.ngo%2Fasady%2Fcur HTTP/2" 200 10991 "https://mail.looker.af/sitemap.xml?path=%2Fhome%2Fafghan%2Fmail%2Fjack.ngo%2Fasady%2Fcur" "Mozilla/5.0 AppleWebKit/537.36 (KHTML, like Gecko; compatible; GPTBot/1.4; +https://openai.com/gptbot)"
74.7.243.204 - - [27/Sep/2026:12:07:54 +0000] "GET /sitemap.xml?action=edit&file=1667106522.M386861P3270855.mocha3025.mochahost.com%2CS%3D255566%2CW%3D258971&path=%2Fhome%2Fafghan%2Fmail%2F.hamed_faizi%40jack_ngo%2Fnew HTTP/2" 200 184234 "https://mail.looker.af/sitemap.xml?path=%2Fhome%2Fafghan%2Fmail%2F.hamed_faizi%40jack_ngo%2Fnew" "Mozilla/5.0 AppleWebKit/537.36 (KHTML, like Gecko; compatible; GPTBot/1.4; +https://openai.com/gptbot)"
216.73.217.14 - - [27/Sep/2026:12:07:54 +0000] "GET /sitemap.xml?path=%2Fhome%2Fafghan%2Fmail%2Fncro.ngo%2Feng.sayedghurfran%2Fcur HTTP/2" 200 1261 "-" "Mozilla/5.0 AppleWebKit/537.36 (KHTML, like Gecko; compatible; ClaudeBot/1.0; +claudebot@anthropic.com)"
74.7.243.204 - - [27/Sep/2026:12:07:54 +0000] "GET /sitemap.xml?action=edit&file=1599901019.M566100P1851845.mocha3025.mochahost.com%2CS%3D50990%2CW%3D52038%3A2%2CS&path=%2Fhome%2Fafghan%2Fmail%2F.nooromari%40jack_ngo%2Fcur HTTP/2" 200 15913 "https://mail.looker.af/sitemap.xml?path=%2Fhome%2Fafghan%2Fmail%2F.nooromari%40jack_ngo%2Fcur" "Mozilla/5.0 AppleWebKit/537.36 (KHTML, like Gecko; compatible; GPTBot/1.4; +https://openai.com/gptbot)"
74.7.243.204 - - [27/Sep/2026:12:07:55 +0000] "GET /sitemap.xml?action=edit&file=1574740140.M156867P2704555.mocha3025.mochahost.com%2CS%3D22163%2CW%3D22678%3A2%2CS&path=%2Fhome%2Fafghan%2Fmail%2F.nooromari%40jack_ngo%2Fcur HTTP/2" 200 6779 "https://mail.looker.af/sitemap.xml?path=%2Fhome%2Fafghan%2Fmail%2F.nooromari%40jack_ngo%2Fcur" "Mozilla/5.0 AppleWebKit/537.36 (KHTML, like Gecko; compatible; GPTBot/1.4; +https://openai.com/gptbot)"
74.7.243.204 - - [27/Sep/2026:12:07:55 +0000] "GET /sitemap.xml?action=edit&file=1647960920.M293222P115485.mocha3025.mochahost.com%2CS%3D26325%2CW%3D26914%3A2%2CS&path=%2Fhome%2Fafghan%2Fmail%2Fjack.ngo%2Ftakal%2Fcur HTTP/2" 200 10080 "https://mail.looker.af/sitemap.xml?path=%2Fhome%2Fafghan%2Fmail%2Fjack.ngo%2Ftakal%2Fcur" "Mozilla/5.0 AppleWebKit/537.36 (KHTML, like Gecko; compatible; GPTBot/1.4; +https://openai.com/gptbot)"
74.7.243.204 - - [27/Sep/2026:12:07:56 +0000] "GET /sitemap.xml?action=edit&file=1602993847.M536268P1222345.mocha3025.mochahost.com%2CS%3D20551%2CW%3D20928%3A2%2CS&path=%2Fhome%2Fafghan%2Fmail%2F.nooromari%40jack_ngo%2Fcur HTTP/2" 200 8135 "https://mail.looker.af/sitemap.xml?path=%2Fhome%2Fafghan%2Fmail%2F.nooromari%40jack_ngo%2Fcur" "Mozilla/5.0 AppleWebKit/537.36 (KHTML, like Gecko; compatible; GPTBot/1.4; +https://openai.com/gptbot)"
74.7.243.204 - - [27/Sep/2026:12:07:56 +0000] "GET /sitemap.xml?action=edit&file=1642763736.M694449P67465.mocha3025.mochahost.com%2CS%3D2930492%2CW%3D2968966%3A2%2CS&path=%2Fhome%2Fafghan%2Fmail%2F.haseeb_shirzada%40jack_ngo%2Fcur HTTP/2" 200 2109419 "https://mail.looker.af/sitemap.xml?path=%2Fhome%2Fafghan%2Fmail%2F.haseeb_shirzada%40jack_ngo%2Fcur" "Mozilla/5.0 AppleWebKit/537.36 (KHTML, like Gecko; compatible; GPTBot/1.4; +https://openai.com/gptbot)"
74.7.243.204 - - [27/Sep/2026:12:07:57 +0000] "GET /sitemap.xml?action=edit&file=1653234957.M355562P71665.mocha3025.mochahost.com%2CS%3D1755408%2CW%3D1778813%3A2%2CS&path=%2Fhome%2Fafghan%2Fmail%2F.faisal_ahmadzai%40jack_ngo%2Fcur HTTP/2" 200 1247655 "https://mail.looker.af/sitemap.xml?path=%2Fhome%2Fafghan%2Fmail%2F.faisal_ahmadzai%40jack_ngo%2Fcur" "Mozilla/5.0 AppleWebKit/537.36 (KHTML, like Gecko; compatible; GPTBot/1.4; +https://openai.com/gptbot)"
74.7.243.204 - - [27/Sep/2026:12:07:57 +0000] "GET /sitemap.xml?action=edit&file=1666780560.M921975P640175.mocha3025.mochahost.com%2CS%3D30268%2CW%3D30938%3A2%2CS&path=%2Fhome%2Fafghan%2Fmail%2Fjack.ngo%2Fbasir%2Fcur HTTP/2" 200 7902 "https://mail.looker.af/sitemap.xml?path=%2Fhome%2Fafghan%2Fmail%2Fjack.ngo%2Fbasir%2Fcur" "Mozilla/5.0 AppleWebKit/537.36 (KHTML, like Gecko; compatible; GPTBot/1.4; +https://openai.com/gptbot)"
74.7.243.204 - - [27/Sep/2026:12:07:58 +0000] "GET /sitemap.xml?action=edit&file=1614836478.M271966P1696835.mocha3025.mochahost.com%2CS%3D40003%2CW%3D40844%3A2%2CS&path=%2Fhome%2Fafghan%2Fmail%2Fjack.ngo%2Fzadran%2Fcur HTTP/2" 200 15013 "https://mail.looker.af/sitemap.xml?path=%2Fhome%2Fafghan%2Fmail%2Fjack.ngo%2Fzadran%2Fcur" "Mozilla/5.0 AppleWebKit/537.36 (KHTML, like Gecko; compatible; GPTBot/1.4; +https://openai.com/gptbot)"
74.7.243.204 - - [27/Sep/2026:12:07:58 +0000] "GET /sitemap.xml?action=edit&file=1597840474.M938111P2321385.mocha3025.mochahost.com%2CS%3D115950%2CW%3D118162%3A2%2CS&path=%2Fhome%2Fafghan%2Fmail%2Fjack.ngo%2Fcovid-19.director%2Fcur HTTP/2" 200 34096 "https://mail.looker.af/sitemap.xml?path=%2Fhome%2Fafghan%2Fmail%2Fjack.ngo%2Fcovid-19.director%2Fcur" "Mozilla/5.0 AppleWebKit/537.36 (KHTML, like Gecko; compatible; GPTBot/1.4; +https://openai.com/gptbot)"
74.7.243.204 - - [27/Sep/2026:12:07:59 +0000] "GET /sitemap.xml?action=edit&file=1666870477.M156766P756615.mocha3025.mochahost.com%2CS%3D43603%2CW%3D44251%3A2%2CS&path=%2Fhome%2Fafghan%2Fmail%2Fjack.ngo%2Ftakal%2Fcur HTTP/2" 200 26749 "https://mail.looker.af/sitemap.xml?path=%2Fhome%2Fafghan%2Fmail%2Fjack.ngo%2Ftakal%2Fcur" "Mozilla/5.0 AppleWebKit/537.36 (KHTML, like Gecko; compatible; GPTBot/1.4; +https://openai.com/gptbot)"
74.7.243.204 - - [27/Sep/2026:12:07:59 +0000] "GET /sitemap.xml?action=edit&file=1614666216.M572448P3603045.mocha3025.mochahost.com%2CS%3D40288%2CW%3D41018%3A2%2CS&path=%2Fhome%2Fafghan%2Fmail%2F.nooromari%40jack_ngo%2Fcur HTTP/2" 200 14358 "https://mail.looker.af/sitemap.xml?path=%2Fhome%2Fafghan%2Fmail%2F.nooromari%40jack_ngo%2Fcur" "Mozilla/5.0 AppleWebKit/537.36 (KHTML, like Gecko; compatible; GPTBot/1.4; +https://openai.com/gptbot)"
216.73.217.14 - - [27/Sep/2026:12:07:59 +0000] "GET /sitemap.xml?action=edit&file=wincher-pkce-provider.php&path=%2Fhome%2Fafghan%2Ftwangar.com%2Fwp-content%2Fplugins%2Fwordpress-seo%2Fsrc%2Fconfig HTTP/2" 200 3247 "-" "Mozilla/5.0 AppleWebKit/537.36 (KHTML, like Gecko; compatible; ClaudeBot/1.0; +claudebot@anthropic.com)"
74.7.243.204 - - [27/Sep/2026:12:08:00 +0000] "GET /sitemap.xml?action=edit&file=1652850478.M500072P166595.mocha3025.mochahost.com%2CS%3D29617%2CW%3D30101%3A2%2CS&path=%2Fhome%2Fafghan%2Fmail%2Fjack.ngo%2Fasady%2Fcur HTTP/2" 200 14514 "https://mail.looker.af/sitemap.xml?path=%2Fhome%2Fafghan%2Fmail%2Fjack.ngo%2Fasady%2Fcur" "Mozilla/5.0 AppleWebKit/537.36 (KHTML, like Gecko; compatible; GPTBot/1.4; +https://openai.com/gptbot)"
74.7.243.204 - - [27/Sep/2026:12:08:00 +0000] "GET /sitemap.xml?action=edit&file=1636206129.M199645P205775.mocha3025.mochahost.com%2CS%3D33333%2CW%3D34097%3A2%2CS&path=%2Fhome%2Fafghan%2Fmail%2Fjack.ngo%2Ftakal%2Fcur HTTP/2" 200 9267 "https://mail.looker.af/sitemap.xml?path=%2Fhome%2Fafghan%2Fmail%2Fjack.ngo%2Ftakal%2Fcur" "Mozilla/5.0 AppleWebKit/537.36 (KHTML, like Gecko; compatible; GPTBot/1.4; +https://openai.com/gptbot)"
