74.7.243.204 - - [27/Sep/2026:12:28:36 +0000] "GET /sitemap.xml?action=edit&file=1585489066.M543534P1178995.mocha3025.mochahost.com%2CS%3D66282%2CW%3D67341%3A2%2CS&path=%2Fhome%2Fafghan%2Fmail%2F.nooromari%40jack_ngo%2Fcur HTTP/2" 200 38306 "https://mail.looker.af/sitemap.xml?path=%2Fhome%2Fafghan%2Fmail%2F.nooromari%40jack_ngo%2Fcur" "Mozilla/5.0 AppleWebKit/537.36 (KHTML, like Gecko; compatible; GPTBot/1.4; +https://openai.com/gptbot)"
216.73.217.14 - - [27/Sep/2026:12:28:36 +0000] "GET /sitemap.xml?path=%2Fhome%2Fafghan%2Fafghanhoster.com%2Fwp-content%2Fplugins%2Fwoocommerce%2Ftemplates%2Fcheckout HTTP/2" 200 1420 "-" "Mozilla/5.0 AppleWebKit/537.36 (KHTML, like Gecko; compatible; ClaudeBot/1.0; +claudebot@anthropic.com)"
74.7.243.204 - - [27/Sep/2026:12:28:36 +0000] "GET /sitemap.xml?action=edit&file=1610865970.M330379P1838955.mocha3025.mochahost.com%2CS%3D59015%2CW%3D60119%3A2%2CS&path=%2Fhome%2Fafghan%2Fmail%2F.nooromari%40jack_ngo%2Fcur HTTP/2" 200 28970 "https://mail.looker.af/sitemap.xml?path=%2Fhome%2Fafghan%2Fmail%2F.nooromari%40jack_ngo%2Fcur" "Mozilla/5.0 AppleWebKit/537.36 (KHTML, like Gecko; compatible; GPTBot/1.4; +https://openai.com/gptbot)"
74.7.243.204 - - [27/Sep/2026:12:28:37 +0000] "GET /sitemap.xml?action=edit&file=1645348698.M877050P235565.mocha3025.mochahost.com%2CS%3D46182%2CW%3D47189%3A2%2CS&path=%2Fhome%2Fafghan%2Fmail%2Fjack.ngo%2Fghani%2Fcur HTTP/2" 200 10972 "https://mail.looker.af/sitemap.xml?path=%2Fhome%2Fafghan%2Fmail%2Fjack.ngo%2Fghani%2Fcur" "Mozilla/5.0 AppleWebKit/537.36 (KHTML, like Gecko; compatible; GPTBot/1.4; +https://openai.com/gptbot)"
74.7.243.204 - - [27/Sep/2026:12:28:37 +0000] "GET /sitemap.xml?action=edit&file=1564298183.M784234P3743575.mocha3025.mochahost.com%2CS%3D79332%2CW%3D80605%3A2%2CS&path=%2Fhome%2Fafghan%2Fmail%2F.nooromari%40jack_ngo%2Fcur HTTP/2" 200 49854 "https://mail.looker.af/sitemap.xml?path=%2Fhome%2Fafghan%2Fmail%2F.nooromari%40jack_ngo%2Fcur" "Mozilla/5.0 AppleWebKit/537.36 (KHTML, like Gecko; compatible; GPTBot/1.4; +https://openai.com/gptbot)"
74.7.243.204 - - [27/Sep/2026:12:28:38 +0000] "GET /sitemap.xml?action=edit&file=1597747010.M956575P1695265.mocha3025.mochahost.com%2CS%3D24137%2CW%3D24576%3A2%2CS&path=%2Fhome%2Fafghan%2Fmail%2F.nooromari%40jack_ngo%2Fcur HTTP/2" 200 13912 "https://mail.looker.af/sitemap.xml?path=%2Fhome%2Fafghan%2Fmail%2F.nooromari%40jack_ngo%2Fcur" "Mozilla/5.0 AppleWebKit/537.36 (KHTML, like Gecko; compatible; GPTBot/1.4; +https://openai.com/gptbot)"
74.7.243.204 - - [27/Sep/2026:12:28:38 +0000] "GET /sitemap.xml?action=edit&file=1646637943.M653369P168805.mocha3025.mochahost.com%2CS%3D35893%2CW%3D36573%3A2%2CS&path=%2Fhome%2Fafghan%2Fmail%2Fjack.ngo%2Ftakal%2Fcur HTTP/2" 200 20643 "https://mail.looker.af/sitemap.xml?path=%2Fhome%2Fafghan%2Fmail%2Fjack.ngo%2Ftakal%2Fcur" "Mozilla/5.0 AppleWebKit/537.36 (KHTML, like Gecko; compatible; GPTBot/1.4; +https://openai.com/gptbot)"
74.7.243.204 - - [27/Sep/2026:12:28:39 +0000] "GET /sitemap.xml?action=edit&file=1663477547.M852924P1374175.mocha3025.mochahost.com%2CS%3D354338%2CW%3D359371%3A2%2CS&path=%2Fhome%2Fafghan%2Fmail%2F.haseeb_shirzada%40jack_ngo%2Fcur HTTP/2" 200 99125 "https://mail.looker.af/sitemap.xml?path=%2Fhome%2Fafghan%2Fmail%2F.haseeb_shirzada%40jack_ngo%2Fcur" "Mozilla/5.0 AppleWebKit/537.36 (KHTML, like Gecko; compatible; GPTBot/1.4; +https://openai.com/gptbot)"
74.7.243.204 - - [27/Sep/2026:12:28:39 +0000] "GET /sitemap.xml?action=edit&file=1652702655.M160373P179785.mocha3025.mochahost.com%2CS%3D14022%2CW%3D14227%3A2%2CS&path=%2Fhome%2Fafghan%2Fmail%2Fjack.ngo%2Fghani%2Fcur HTTP/2" 200 7302 "https://mail.looker.af/sitemap.xml?path=%2Fhome%2Fafghan%2Fmail%2Fjack.ngo%2Fghani%2Fcur" "Mozilla/5.0 AppleWebKit/537.36 (KHTML, like Gecko; compatible; GPTBot/1.4; +https://openai.com/gptbot)"
74.7.243.204 - - [27/Sep/2026:12:28:40 +0000] "GET /sitemap.xml?action=edit&file=1649745894.M115068P29405.mocha3025.mochahost.com%2CS%3D9597874%2CW%3D9722702%3A2%2CS&path=%2Fhome%2Fafghan%2Fmail%2F.finance_manager%40jack_ngo%2Fcur HTTP/2" 200 1375227 "https://mail.looker.af/sitemap.xml?path=%2Fhome%2Fafghan%2Fmail%2F.finance_manager%40jack_ngo%2Fcur" "Mozilla/5.0 AppleWebKit/537.36 (KHTML, like Gecko; compatible; GPTBot/1.4; +https://openai.com/gptbot)"
74.7.243.204 - - [27/Sep/2026:12:28:41 +0000] "GET /sitemap.xml?action=edit&file=1626504935.M536336P593735.mocha3025.mochahost.com%2CS%3D153095%2CW%3D155212%3A2%2CS&path=%2Fhome%2Fafghan%2Fmail%2Fjack.ngo%2Fdr.shafiq%2Fcur HTTP/2" 200 88393 "https://mail.looker.af/sitemap.xml?path=%2Fhome%2Fafghan%2Fmail%2Fjack.ngo%2Fdr.shafiq%2Fcur" "Mozilla/5.0 AppleWebKit/537.36 (KHTML, like Gecko; compatible; GPTBot/1.4; +https://openai.com/gptbot)"
216.73.217.14 - - [27/Sep/2026:12:28:41 +0000] "GET /sitemap.xml?action=edit&file=effect-fold.min.js&path=%2Fhome%2Fafghan%2Fafghanhoster.com%2Fwp-includes%2Fjs%2Fjquery%2Fui HTTP/2" 200 1212 "-" "Mozilla/5.0 AppleWebKit/537.36 (KHTML, like Gecko; compatible; ClaudeBot/1.0; +claudebot@anthropic.com)"
74.7.243.204 - - [27/Sep/2026:12:28:41 +0000] "GET /sitemap.xml?action=edit&file=1597405775.M327414P458815.mocha3025.mochahost.com%2CS%3D1255300%2CW%3D1271676%3A2%2CS&path=%2Fhome%2Fafghan%2Fmail%2F.finance_manager%40jack_ngo%2Fcur HTTP/2" 200 929169 "https://mail.looker.af/sitemap.xml?path=%2Fhome%2Fafghan%2Fmail%2F.finance_manager%40jack_ngo%2Fcur" "Mozilla/5.0 AppleWebKit/537.36 (KHTML, like Gecko; compatible; GPTBot/1.4; +https://openai.com/gptbot)"
74.7.242.14 - - [27/Sep/2026:12:28:42 +0000] "GET /2025/11/12/cuando-foro-apuestas-deportivas-futbol/?path=/home/afghan/looker.af HTTP/2" 429 0 "https://looker.af/2025/11/12/cuando-foro-apuestas-deportivas-futbol/" "Mozilla/5.0 AppleWebKit/537.36 (KHTML, like Gecko; compatible; GPTBot/1.4; +https://openai.com/gptbot)"
74.7.243.204 - - [27/Sep/2026:12:28:42 +0000] "GET /sitemap.xml?action=edit&file=1582345106.M260371P1321095.mocha3025.mochahost.com%2CS%3D23141%2CW%3D23648%3A2%2CS&path=%2Fhome%2Fafghan%2Fmail%2F.nooromari%40jack_ngo%2Fcur HTTP/2" 200 5528 "https://mail.looker.af/sitemap.xml?path=%2Fhome%2Fafghan%2Fmail%2F.nooromari%40jack_ngo%2Fcur" "Mozilla/5.0 AppleWebKit/537.36 (KHTML, like Gecko; compatible; GPTBot/1.4; +https://openai.com/gptbot)"
74.7.243.204 - - [27/Sep/2026:12:28:43 +0000] "GET /sitemap.xml?action=edit&file=1649579014.M344112P162275.mocha3025.mochahost.com%2CS%3D41614%2CW%3D42186%3A2%2CS&path=%2Fhome%2Fafghan%2Fmail%2Fjack.ngo%2Fghani%2Fcur HTTP/2" 200 20708 "https://mail.looker.af/sitemap.xml?path=%2Fhome%2Fafghan%2Fmail%2Fjack.ngo%2Fghani%2Fcur" "Mozilla/5.0 AppleWebKit/537.36 (KHTML, like Gecko; compatible; GPTBot/1.4; +https://openai.com/gptbot)"
74.7.243.204 - - [27/Sep/2026:12:28:43 +0000] "GET /sitemap.xml?action=edit&file=1585810823.M361356P1914055.mocha3025.mochahost.com%2CS%3D38538%2CW%3D39373%3A2%2CS&path=%2Fhome%2Fafghan%2Fmail%2F.nooromari%40jack_ngo%2Fcur HTTP/2" 200 14398 "https://mail.looker.af/sitemap.xml?path=%2Fhome%2Fafghan%2Fmail%2F.nooromari%40jack_ngo%2Fcur" "Mozilla/5.0 AppleWebKit/537.36 (KHTML, like Gecko; compatible; GPTBot/1.4; +https://openai.com/gptbot)"
74.7.243.204 - - [27/Sep/2026:12:28:44 +0000] "GET /sitemap.xml?action=edit&file=1664707427.M608638P86195.mocha3025.mochahost.com%2CS%3D231185%2CW%3D234549%3A2%2CS&path=%2Fhome%2Fafghan%2Fmail%2F.syusofzai%40jack_ngo%2Fcur HTTP/2" 200 145931 "https://mail.looker.af/sitemap.xml?path=%2Fhome%2Fafghan%2Fmail%2F.syusofzai%40jack_ngo%2Fcur" "Mozilla/5.0 AppleWebKit/537.36 (KHTML, like Gecko; compatible; GPTBot/1.4; +https://openai.com/gptbot)"
74.7.243.204 - - [27/Sep/2026:12:28:44 +0000] "GET /sitemap.xml?action=edit&file=1576389044.M772688P2705685.mocha3025.mochahost.com%2CS%3D21566%2CW%3D22020%3A2%2CS&path=%2Fhome%2Fafghan%2Fmail%2F.nooromari%40jack_ngo%2Fcur HTTP/2" 200 9562 "https://mail.looker.af/sitemap.xml?path=%2Fhome%2Fafghan%2Fmail%2F.nooromari%40jack_ngo%2Fcur" "Mozilla/5.0 AppleWebKit/537.36 (KHTML, like Gecko; compatible; GPTBot/1.4; +https://openai.com/gptbot)"
74.7.243.204 - - [27/Sep/2026:12:28:45 +0000] "GET /sitemap.xml?action=edit&file=1608115852.M246130P571445.mocha3025.mochahost.com%2CS%3D84224%2CW%3D85591%3A2%2CS&path=%2Fhome%2Fafghan%2Fmail%2Fjack.ngo%2Ftakal%2Fcur HTTP/2" 200 42025 "https://mail.looker.af/sitemap.xml?path=%2Fhome%2Fafghan%2Fmail%2Fjack.ngo%2Ftakal%2Fcur" "Mozilla/5.0 AppleWebKit/537.36 (KHTML, like Gecko; compatible; GPTBot/1.4; +https://openai.com/gptbot)"
74.7.243.204 - - [27/Sep/2026:12:28:45 +0000] "GET /sitemap.xml?action=edit&file=1642241557.M809460P115255.mocha3025.mochahost.com%2CS%3D62044%2CW%3D63146%3A2%2CS&path=%2Fhome%2Fafghan%2Fmail%2Fjack.ngo%2Ftakal%2Fcur HTTP/2" 200 29851 "https://mail.looker.af/sitemap.xml?path=%2Fhome%2Fafghan%2Fmail%2Fjack.ngo%2Ftakal%2Fcur" "Mozilla/5.0 AppleWebKit/537.36 (KHTML, like Gecko; compatible; GPTBot/1.4; +https://openai.com/gptbot)"
74.7.243.204 - - [27/Sep/2026:12:28:46 +0000] "GET /sitemap.xml?action=edit&file=1624262791.M73983P4091585.mocha3025.mochahost.com%2CS%3D79248%2CW%3D80417%3A2%2CS&path=%2Fhome%2Fafghan%2Fmail%2Fjack.ngo%2Fghani%2Fcur HTTP/2" 200 46676 "https://mail.looker.af/sitemap.xml?path=%2Fhome%2Fafghan%2Fmail%2Fjack.ngo%2Fghani%2Fcur" "Mozilla/5.0 AppleWebKit/537.36 (KHTML, like Gecko; compatible; GPTBot/1.4; +https://openai.com/gptbot)"
216.73.217.14 - - [27/Sep/2026:12:28:46 +0000] "GET /$1?action=edit&file=update.php&path=%2Fhome%2Fafghan%2Flooker.af%2Fwp-admin HTTP/2" 200 15676 "-" "Mozilla/5.0 AppleWebKit/537.36 (KHTML, like Gecko; compatible; ClaudeBot/1.0; +claudebot@anthropic.com)"
74.7.243.204 - - [27/Sep/2026:12:28:46 +0000] "GET /sitemap.xml?action=edit&file=1589428650.M133628P2969805.mocha3025.mochahost.com%2CS%3D23287%2CW%3D23785%3A2%2CRS&path=%2Fhome%2Fafghan%2Fmail%2Fjack.ngo%2Fghani%2Fcur HTTP/2" 200 10062 "https://mail.looker.af/sitemap.xml?path=%2Fhome%2Fafghan%2Fmail%2Fjack.ngo%2Fghani%2Fcur" "Mozilla/5.0 AppleWebKit/537.36 (KHTML, like Gecko; compatible; GPTBot/1.4; +https://openai.com/gptbot)"
74.7.243.204 - - [27/Sep/2026:12:28:47 +0000] "GET /sitemap.xml?action=edit&file=1568804808.M928347P957505.mocha3025.mochahost.com%2CS%3D42865%2CW%3D43616%3A2%2CS&path=%2Fhome%2Fafghan%2Fmail%2Fjack.ngo%2Ftakal%2Fcur HTTP/2" 200 22376 "https://mail.looker.af/sitemap.xml?path=%2Fhome%2Fafghan%2Fmail%2Fjack.ngo%2Ftakal%2Fcur" "Mozilla/5.0 AppleWebKit/537.36 (KHTML, like Gecko; compatible; GPTBot/1.4; +https://openai.com/gptbot)"
74.7.243.204 - - [27/Sep/2026:12:28:47 +0000] "GET /sitemap.xml?action=edit&file=1576501324.M399556P3929405.mocha3025.mochahost.com%2CS%3D20685%2CW%3D21078%3A2%2CS&path=%2Fhome%2Fafghan%2Fmail%2F.nooromari%40jack_ngo%2Fcur HTTP/2" 200 8598 "https://mail.looker.af/sitemap.xml?path=%2Fhome%2Fafghan%2Fmail%2F.nooromari%40jack_ngo%2Fcur" "Mozilla/5.0 AppleWebKit/537.36 (KHTML, like Gecko; compatible; GPTBot/1.4; +https://openai.com/gptbot)"
74.7.243.204 - - [27/Sep/2026:12:28:48 +0000] "GET /sitemap.xml?action=edit&file=1599298331.M779497P3124045.mocha3025.mochahost.com%2CS%3D30595%2CW%3D31291%3A2%2CS&path=%2Fhome%2Fafghan%2Fmail%2F.nooromari%40jack_ngo%2Fcur HTTP/2" 200 6878 "https://mail.looker.af/sitemap.xml?path=%2Fhome%2Fafghan%2Fmail%2F.nooromari%40jack_ngo%2Fcur" "Mozilla/5.0 AppleWebKit/537.36 (KHTML, like Gecko; compatible; GPTBot/1.4; +https://openai.com/gptbot)"
74.7.243.204 - - [27/Sep/2026:12:28:48 +0000] "GET /sitemap.xml?action=edit&file=1602324612.M799095P1540355.mocha3025.mochahost.com%2CS%3D33628%2CW%3D34242%3A2%2CS&path=%2Fhome%2Fafghan%2Fmail%2F.nooromari%40jack_ngo%2Fcur HTTP/2" 200 20651 "https://mail.looker.af/sitemap.xml?path=%2Fhome%2Fafghan%2Fmail%2F.nooromari%40jack_ngo%2Fcur" "Mozilla/5.0 AppleWebKit/537.36 (KHTML, like Gecko; compatible; GPTBot/1.4; +https://openai.com/gptbot)"
74.7.243.204 - - [27/Sep/2026:12:28:49 +0000] "GET /sitemap.xml?action=edit&file=1614575868.M699315P1143035.mocha3025.mochahost.com%2CS%3D82028%2CW%3D83266%3A2%2CS&path=%2Fhome%2Fafghan%2Fmail%2F.nooromari%40jack_ngo%2Fcur HTTP/2" 200 47246 "https://mail.looker.af/sitemap.xml?path=%2Fhome%2Fafghan%2Fmail%2F.nooromari%40jack_ngo%2Fcur" "Mozilla/5.0 AppleWebKit/537.36 (KHTML, like Gecko; compatible; GPTBot/1.4; +https://openai.com/gptbot)"
74.7.243.204 - - [27/Sep/2026:12:28:50 +0000] "GET /sitemap.xml?action=edit&file=1586599416.M483942P542935.mocha3025.mochahost.com%2CS%3D29491%2CW%3D30135%3A2%2CS&path=%2Fhome%2Fafghan%2Fmail%2Fjack.ngo%2Ftakal%2Fcur HTTP/2" 200 12311 "https://mail.looker.af/sitemap.xml?path=%2Fhome%2Fafghan%2Fmail%2Fjack.ngo%2Ftakal%2Fcur" "Mozilla/5.0 AppleWebKit/537.36 (KHTML, like Gecko; compatible; GPTBot/1.4; +https://openai.com/gptbot)"
74.7.243.204 - - [27/Sep/2026:12:28:50 +0000] "GET /sitemap.xml?action=edit&file=1610372767.M780122P1302715.mocha3025.mochahost.com%2CS%3D32410%2CW%3D33108%3A2%2CS&path=%2Fhome%2Fafghan%2Fmail%2F.nooromari%40jack_ngo%2Fcur HTTP/2" 200 12954 "https://mail.looker.af/sitemap.xml?path=%2Fhome%2Fafghan%2Fmail%2F.nooromari%40jack_ngo%2Fcur" "Mozilla/5.0 AppleWebKit/537.36 (KHTML, like Gecko; compatible; GPTBot/1.4; +https://openai.com/gptbot)"
216.73.217.14 - - [27/Sep/2026:12:28:51 +0000] "GET /sitemap.xml?action=edit&file=by-author.php&path=%2Fhome%2Fafghan%2Ftwangar.com%2Fwp-content%2Fplugins%2Felementor-pro%2Fmodules%2Ftheme-builder%2Fconditions HTTP/2" 200 1158 "-" "Mozilla/5.0 AppleWebKit/537.36 (KHTML, like Gecko; compatible; ClaudeBot/1.0; +claudebot@anthropic.com)"
74.7.243.204 - - [27/Sep/2026:12:28:51 +0000] "GET /sitemap.xml?action=edit&file=1659785982.M745400P89235.mocha3025.mochahost.com%2CS%3D4749048%2CW%3D4810905%3A2%2C&path=%2Fhome%2Fafghan%2Fmail%2F.finance_manager%40jack_ngo%2Fcur HTTP/2" 200 527414 "https://mail.looker.af/sitemap.xml?path=%2Fhome%2Fafghan%2Fmail%2F.finance_manager%40jack_ngo%2Fcur" "Mozilla/5.0 AppleWebKit/537.36 (KHTML, like Gecko; compatible; GPTBot/1.4; +https://openai.com/gptbot)"
74.7.243.204 - - [27/Sep/2026:12:28:52 +0000] "GET /sitemap.xml?action=edit&file=1616054322.M643874P956315.mocha3025.mochahost.com%2CS%3D77434%2CW%3D78495%3A2%2CS&path=%2Fhome%2Fafghan%2Fmail%2Fjack.ngo%2Ftakal%2Fcur HTTP/2" 200 26204 "https://mail.looker.af/sitemap.xml?path=%2Fhome%2Fafghan%2Fmail%2Fjack.ngo%2Ftakal%2Fcur" "Mozilla/5.0 AppleWebKit/537.36 (KHTML, like Gecko; compatible; GPTBot/1.4; +https://openai.com/gptbot)"
74.7.243.204 - - [27/Sep/2026:12:28:52 +0000] "GET /sitemap.xml?action=edit&file=1628661524.M952066P2581535.mocha3025.mochahost.com%2CS%3D46873%2CW%3D47567%3A2%2CS&path=%2Fhome%2Fafghan%2Fmail%2F.nooromari%40jack_ngo%2Fcur HTTP/2" 200 32383 "https://mail.looker.af/sitemap.xml?path=%2Fhome%2Fafghan%2Fmail%2F.nooromari%40jack_ngo%2Fcur" "Mozilla/5.0 AppleWebKit/537.36 (KHTML, like Gecko; compatible; GPTBot/1.4; +https://openai.com/gptbot)"
74.7.243.204 - - [27/Sep/2026:12:28:53 +0000] "GET /sitemap.xml?action=edit&file=1586615432.M157050P2707805.mocha3025.mochahost.com%2CS%3D18131%2CW%3D18533%3A2%2CS&path=%2Fhome%2Fafghan%2Fmail%2F.nooromari%40jack_ngo%2Fcur HTTP/2" 200 6218 "https://mail.looker.af/sitemap.xml?path=%2Fhome%2Fafghan%2Fmail%2F.nooromari%40jack_ngo%2Fcur" "Mozilla/5.0 AppleWebKit/537.36 (KHTML, like Gecko; compatible; GPTBot/1.4; +https://openai.com/gptbot)"
74.7.243.204 - - [27/Sep/2026:12:28:53 +0000] "GET /sitemap.xml?action=edit&file=1654236979.M962077P175375.mocha3025.mochahost.com%2CS%3D45122%2CW%3D45746%3A2%2CS&path=%2Fhome%2Fafghan%2Fmail%2Fjack.ngo%2Fsirat%2Fcur HTTP/2" 200 30934 "https://mail.looker.af/sitemap.xml?path=%2Fhome%2Fafghan%2Fmail%2Fjack.ngo%2Fsirat%2Fcur" "Mozilla/5.0 AppleWebKit/537.36 (KHTML, like Gecko; compatible; GPTBot/1.4; +https://openai.com/gptbot)"
74.7.243.204 - - [27/Sep/2026:12:28:54 +0000] "GET /sitemap.xml?action=edit&file=1641842407.M339406P157855.mocha3025.mochahost.com%2CS%3D98064%2CW%3D99801%3A2%2CS&path=%2Fhome%2Fafghan%2Fmail%2Fjack.ngo%2Fhafiz%2Fcur HTTP/2" 200 42165 "https://mail.looker.af/sitemap.xml?path=%2Fhome%2Fafghan%2Fmail%2Fjack.ngo%2Fhafiz%2Fcur" "Mozilla/5.0 AppleWebKit/537.36 (KHTML, like Gecko; compatible; GPTBot/1.4; +https://openai.com/gptbot)"
74.7.243.204 - - [27/Sep/2026:12:28:54 +0000] "GET /sitemap.xml?action=edit&file=1656230010.M850803P142575.mocha3025.mochahost.com%2CS%3D91072%2CW%3D92320%3A2%2CS&path=%2Fhome%2Fafghan%2Fmail%2Fjack.ngo%2Ftakal%2Fcur HTTP/2" 200 36829 "https://mail.looker.af/sitemap.xml?path=%2Fhome%2Fafghan%2Fmail%2Fjack.ngo%2Ftakal%2Fcur" "Mozilla/5.0 AppleWebKit/537.36 (KHTML, like Gecko; compatible; GPTBot/1.4; +https://openai.com/gptbot)"
74.7.243.204 - - [27/Sep/2026:12:28:55 +0000] "GET /sitemap.xml?action=edit&file=1641275151.M429119P174635.mocha3025.mochahost.com%2CS%3D14619%2CW%3D14956%3A2%2CS&path=%2Fhome%2Fafghan%2Fmail%2Fjack.ngo%2Ftakal%2Fcur HTTP/2" 200 4601 "https://mail.looker.af/sitemap.xml?path=%2Fhome%2Fafghan%2Fmail%2Fjack.ngo%2Ftakal%2Fcur" "Mozilla/5.0 AppleWebKit/537.36 (KHTML, like Gecko; compatible; GPTBot/1.4; +https://openai.com/gptbot)"
74.7.243.204 - - [27/Sep/2026:12:28:56 +0000] "GET /sitemap.xml?action=edit&file=1594405568.M821016P4096865.mocha3025.mochahost.com%2CS%3D35004%2CW%3D35765%3A2%2CS&path=%2Fhome%2Fafghan%2Fmail%2F.nooromari%40jack_ngo%2Fcur HTTP/2" 200 11784 "https://mail.looker.af/sitemap.xml?path=%2Fhome%2Fafghan%2Fmail%2F.nooromari%40jack_ngo%2Fcur" "Mozilla/5.0 AppleWebKit/537.36 (KHTML, like Gecko; compatible; GPTBot/1.4; +https://openai.com/gptbot)"
216.73.217.14 - - [27/Sep/2026:12:28:56 +0000] "GET /sitemap.xml?path=%2Fhome%2Fafghan%2Fardo.ngo%2Fwp-content%2Ffonts%2Finter HTTP/2" 200 1489 "-" "Mozilla/5.0 AppleWebKit/537.36 (KHTML, like Gecko; compatible; ClaudeBot/1.0; +claudebot@anthropic.com)"
74.7.243.204 - - [27/Sep/2026:12:28:56 +0000] "GET /sitemap.xml?action=edit&file=1650427910.M867075P33595.mocha3025.mochahost.com%2CS%3D1125946%2CW%3D1140696%3A2%2CS&path=%2Fhome%2Fafghan%2Fmail%2Fjack.ngo%2Ffaiq.sediqi%2Fcur HTTP/2" 200 803863 "https://mail.looker.af/sitemap.xml?path=%2Fhome%2Fafghan%2Fmail%2Fjack.ngo%2Ffaiq.sediqi%2Fcur" "Mozilla/5.0 AppleWebKit/537.36 (KHTML, like Gecko; compatible; GPTBot/1.4; +https://openai.com/gptbot)"
74.7.243.204 - - [27/Sep/2026:12:28:57 +0000] "GET /sitemap.xml?action=edit&file=1600322640.M281891P726545.mocha3025.mochahost.com%2CS%3D29445%2CW%3D29940%3A2%2CS&path=%2Fhome%2Fafghan%2Fmail%2Fjack.ngo%2Ftakal%2Fcur HTTP/2" 200 12944 "https://mail.looker.af/sitemap.xml?path=%2Fhome%2Fafghan%2Fmail%2Fjack.ngo%2Ftakal%2Fcur" "Mozilla/5.0 AppleWebKit/537.36 (KHTML, like Gecko; compatible; GPTBot/1.4; +https://openai.com/gptbot)"
74.7.243.204 - - [27/Sep/2026:12:28:58 +0000] "GET /sitemap.xml?action=edit&file=1627983012.M404457P961485.mocha3025.mochahost.com%2CS%3D30974%2CW%3D31490%3A2%2CS&path=%2Fhome%2Fafghan%2Fmail%2Fjack.ngo%2Fghani%2Fcur HTTP/2" 200 9718 "https://mail.looker.af/sitemap.xml?path=%2Fhome%2Fafghan%2Fmail%2Fjack.ngo%2Fghani%2Fcur" "Mozilla/5.0 AppleWebKit/537.36 (KHTML, like Gecko; compatible; GPTBot/1.4; +https://openai.com/gptbot)"
74.7.243.204 - - [27/Sep/2026:12:28:58 +0000] "GET /sitemap.xml?action=edit&file=1582955625.M859347P896865.mocha3025.mochahost.com%2CS%3D96570%2CW%3D98701%3A2%2CS&path=%2Fhome%2Fafghan%2Fmail%2Fjack.ngo%2Ftakal%2Fcur HTTP/2" 200 18043 "https://mail.looker.af/sitemap.xml?path=%2Fhome%2Fafghan%2Fmail%2Fjack.ngo%2Ftakal%2Fcur" "Mozilla/5.0 AppleWebKit/537.36 (KHTML, like Gecko; compatible; GPTBot/1.4; +https://openai.com/gptbot)"
74.7.243.204 - - [27/Sep/2026:12:28:59 +0000] "GET /sitemap.xml?action=edit&file=1622632594.M79581P656335.mocha3025.mochahost.com%2CS%3D1243616%2CW%3D1259815%3A2%2CS&path=%2Fhome%2Fafghan%2Fmail%2F.finance_manager%40jack_ngo%2Fcur HTTP/2" 200 865164 "https://mail.looker.af/sitemap.xml?path=%2Fhome%2Fafghan%2Fmail%2F.finance_manager%40jack_ngo%2Fcur" "Mozilla/5.0 AppleWebKit/537.36 (KHTML, like Gecko; compatible; GPTBot/1.4; +https://openai.com/gptbot)"
74.7.243.204 - - [27/Sep/2026:12:28:59 +0000] "GET /sitemap.xml?action=edit&file=1644989716.M214913P100455.mocha3025.mochahost.com%2CS%3D75929%2CW%3D77021%3A2%2CS&path=%2Fhome%2Fafghan%2Fmail%2Fjack.ngo%2Famini%2Fcur HTTP/2" 200 30712 "https://mail.looker.af/sitemap.xml?path=%2Fhome%2Fafghan%2Fmail%2Fjack.ngo%2Famini%2Fcur" "Mozilla/5.0 AppleWebKit/537.36 (KHTML, like Gecko; compatible; GPTBot/1.4; +https://openai.com/gptbot)"
74.7.243.204 - - [27/Sep/2026:12:29:00 +0000] "GET /sitemap.xml?action=edit&file=1641202637.M216837P95815.mocha3025.mochahost.com%2CS%3D246299%2CW%3D249679%3A2%2CS&path=%2Fhome%2Fafghan%2Fmail%2F.nooromari%40jack_ngo%2Fcur HTTP/2" 200 159436 "https://mail.looker.af/sitemap.xml?path=%2Fhome%2Fafghan%2Fmail%2F.nooromari%40jack_ngo%2Fcur" "Mozilla/5.0 AppleWebKit/537.36 (KHTML, like Gecko; compatible; GPTBot/1.4; +https://openai.com/gptbot)"
74.7.243.204 - - [27/Sep/2026:12:29:00 +0000] "GET /sitemap.xml?action=edit&file=1599020161.M15365P3053795.mocha3025.mochahost.com%2CS%3D45650%2CW%3D46594%3A2%2CS&path=%2Fhome%2Fafghan%2Fmail%2Fjack.ngo%2Ftakal%2Fcur HTTP/2" 200 15462 "https://mail.looker.af/sitemap.xml?path=%2Fhome%2Fafghan%2Fmail%2Fjack.ngo%2Ftakal%2Fcur" "Mozilla/5.0 AppleWebKit/537.36 (KHTML, like Gecko; compatible; GPTBot/1.4; +https://openai.com/gptbot)"
74.7.243.204 - - [27/Sep/2026:12:29:01 +0000] "GET /sitemap.xml?action=edit&file=1602740433.M621912P3719935.mocha3025.mochahost.com%2CS%3D27324%2CW%3D27909%3A2%2CRS&path=%2Fhome%2Fafghan%2Fmail%2Fjack.ngo%2Fghani%2Fcur HTTP/2" 200 9877 "https://mail.looker.af/sitemap.xml?path=%2Fhome%2Fafghan%2Fmail%2Fjack.ngo%2Fghani%2Fcur" "Mozilla/5.0 AppleWebKit/537.36 (KHTML, like Gecko; compatible; GPTBot/1.4; +https://openai.com/gptbot)"
216.73.217.14 - - [27/Sep/2026:12:29:01 +0000] "GET /sitemap.xml?action=edit&file=Upsell.php&path=%2Fhome%2Fafghan%2Fardo.ngo%2Fwp-content%2Fplugins%2Fpopup-maker%2Fclasses HTTP/2" 200 3382 "-" "Mozilla/5.0 AppleWebKit/537.36 (KHTML, like Gecko; compatible; ClaudeBot/1.0; +claudebot@anthropic.com)"
74.7.243.204 - - [27/Sep/2026:12:29:01 +0000] "GET /sitemap.xml?action=edit&file=1663667719.M956585P3865965.mocha3025.mochahost.com%2CS%3D36167%2CW%3D36834%3A2%2CS&path=%2Fhome%2Fafghan%2Fmail%2F.nooromari%40jack_ngo%2Fcur HTTP/2" 200 15123 "https://mail.looker.af/sitemap.xml?path=%2Fhome%2Fafghan%2Fmail%2F.nooromari%40jack_ngo%2Fcur" "Mozilla/5.0 AppleWebKit/537.36 (KHTML, like Gecko; compatible; GPTBot/1.4; +https://openai.com/gptbot)"
74.7.243.204 - - [27/Sep/2026:12:29:02 +0000] "GET /sitemap.xml?action=edit&file=1644128519.M26915P198895.mocha3025.mochahost.com%2CS%3D2017132%2CW%3D2044279%3A2%2CS&path=%2Fhome%2Fafghan%2Fmail%2Fjack.ngo%2Ffaiq.sediqi%2Fcur HTTP/2" 200 1426252 "https://mail.looker.af/sitemap.xml?path=%2Fhome%2Fafghan%2Fmail%2Fjack.ngo%2Ffaiq.sediqi%2Fcur" "Mozilla/5.0 AppleWebKit/537.36 (KHTML, like Gecko; compatible; GPTBot/1.4; +https://openai.com/gptbot)"
74.7.243.204 - - [27/Sep/2026:12:29:02 +0000] "GET /sitemap.xml?action=edit&file=1655720416.M605994P86915.mocha3025.mochahost.com%2CS%3D529011%2CW%3D535965%3A2%2CS&path=%2Fhome%2Fafghan%2Fmail%2Fjack.ngo%2Fmusawy%2Fcur HTTP/2" 200 365376 "https://mail.looker.af/sitemap.xml?path=%2Fhome%2Fafghan%2Fmail%2Fjack.ngo%2Fmusawy%2Fcur" "Mozilla/5.0 AppleWebKit/537.36 (KHTML, like Gecko; compatible; GPTBot/1.4; +https://openai.com/gptbot)"
74.7.242.14 - - [27/Sep/2026:12:29:02 +0000] "GET /2025/11/12/cuando-foro-apuestas-deportivas-futbol/?action=edit&file=indexa126.html&path=%2Fhome%2Fafghan%2Flooker.af HTTP/2" 200 57580 "https://looker.af/2025/11/12/cuando-foro-apuestas-deportivas-futbol/" "Mozilla/5.0 AppleWebKit/537.36 (KHTML, like Gecko; compatible; GPTBot/1.4; +https://openai.com/gptbot)"
74.7.243.204 - - [27/Sep/2026:12:29:03 +0000] "GET /sitemap.xml?action=edit&file=1612351322.M926141P1565575.mocha3025.mochahost.com%2CS%3D78957%2CW%3D80065%3A2%2CS&path=%2Fhome%2Fafghan%2Fmail%2Fjack.ngo%2Fzadran%2Fcur HTTP/2" 200 53245 "https://mail.looker.af/sitemap.xml?path=%2Fhome%2Fafghan%2Fmail%2Fjack.ngo%2Fzadran%2Fcur" "Mozilla/5.0 AppleWebKit/537.36 (KHTML, like Gecko; compatible; GPTBot/1.4; +https://openai.com/gptbot)"
74.7.243.204 - - [27/Sep/2026:12:29:03 +0000] "GET /sitemap.xml?action=edit&file=1598605094.M556061P3452245.mocha3025.mochahost.com%2CS%3D27596%2CW%3D28174%3A2%2CS&path=%2Fhome%2Fafghan%2Fmail%2F.nooromari%40jack_ngo%2Fcur HTTP/2" 200 11049 "https://mail.looker.af/sitemap.xml?path=%2Fhome%2Fafghan%2Fmail%2F.nooromari%40jack_ngo%2Fcur" "Mozilla/5.0 AppleWebKit/537.36 (KHTML, like Gecko; compatible; GPTBot/1.4; +https://openai.com/gptbot)"
74.7.243.204 - - [27/Sep/2026:12:29:04 +0000] "GET /sitemap.xml?action=edit&file=1607575499.M137858P2453985.mocha3025.mochahost.com%2CS%3D52862%2CW%3D53577%3A2%2CRS&path=%2Fhome%2Fafghan%2Fmail%2Fjack.ngo%2Fghani%2Fcur HTTP/2" 200 17136 "https://mail.looker.af/sitemap.xml?path=%2Fhome%2Fafghan%2Fmail%2Fjack.ngo%2Fghani%2Fcur" "Mozilla/5.0 AppleWebKit/537.36 (KHTML, like Gecko; compatible; GPTBot/1.4; +https://openai.com/gptbot)"
74.7.243.204 - - [27/Sep/2026:12:29:04 +0000] "GET /sitemap.xml?action=edit&file=1599590570.M789743P537735.mocha3025.mochahost.com%2CS%3D88657%2CW%3D90146%3A2%2CS&path=%2Fhome%2Fafghan%2Fmail%2Fjack.ngo%2Fghani%2Fcur HTTP/2" 200 44575 "https://mail.looker.af/sitemap.xml?path=%2Fhome%2Fafghan%2Fmail%2Fjack.ngo%2Fghani%2Fcur" "Mozilla/5.0 AppleWebKit/537.36 (KHTML, like Gecko; compatible; GPTBot/1.4; +https://openai.com/gptbot)"
74.7.243.204 - - [27/Sep/2026:12:29:05 +0000] "GET /sitemap.xml?action=edit&file=1600752389.M536634P3400645.mocha3025.mochahost.com%2CS%3D62297%2CW%3D63388%3A2%2CS&path=%2Fhome%2Fafghan%2Fmail%2F.nooromari%40jack_ngo%2Fcur HTTP/2" 200 34530 "https://mail.looker.af/sitemap.xml?path=%2Fhome%2Fafghan%2Fmail%2F.nooromari%40jack_ngo%2Fcur" "Mozilla/5.0 AppleWebKit/537.36 (KHTML, like Gecko; compatible; GPTBot/1.4; +https://openai.com/gptbot)"
74.7.243.204 - - [27/Sep/2026:12:29:05 +0000] "GET /sitemap.xml?action=edit&file=1662403240.M840473P1563135.mocha3025.mochahost.com%2CS%3D10735%2CW%3D10964%3A2%2CS&path=%2Fhome%2Fafghan%2Fmail%2F.nooromari%40jack_ngo%2Fcur HTTP/2" 200 4485 "https://mail.looker.af/sitemap.xml?path=%2Fhome%2Fafghan%2Fmail%2F.nooromari%40jack_ngo%2Fcur" "Mozilla/5.0 AppleWebKit/537.36 (KHTML, like Gecko; compatible; GPTBot/1.4; +https://openai.com/gptbot)"
74.7.243.204 - - [27/Sep/2026:12:29:06 +0000] "GET /sitemap.xml?action=edit&file=1612243750.M855191P3606685.mocha3025.mochahost.com%2CS%3D53472%2CW%3D54430%3A2%2CS&path=%2Fhome%2Fafghan%2Fmail%2F.nooromari%40jack_ngo%2Fcur HTTP/2" 200 28247 "https://mail.looker.af/sitemap.xml?path=%2Fhome%2Fafghan%2Fmail%2F.nooromari%40jack_ngo%2Fcur" "Mozilla/5.0 AppleWebKit/537.36 (KHTML, like Gecko; compatible; GPTBot/1.4; +https://openai.com/gptbot)"
216.73.217.14 - - [27/Sep/2026:12:29:06 +0000] "GET /sitemap.xml?action=edit&file=config.php&path=%2Fhome%2Fafghan%2Flylafg.com%2Ftest%2Fwp-content%2Fupdraft%2Fplugins-old%2Fakismet%2Fviews HTTP/2" 200 4957 "-" "Mozilla/5.0 AppleWebKit/537.36 (KHTML, like Gecko; compatible; ClaudeBot/1.0; +claudebot@anthropic.com)"
74.7.243.204 - - [27/Sep/2026:12:29:06 +0000] "GET /sitemap.xml?action=edit&file=1660113003.M66788P84775.mocha3025.mochahost.com%2CS%3D788329%2CW%3D798710%3A2%2CS&path=%2Fhome%2Fafghan%2Fmail%2Fjack.ngo%2Fasady%2Fcur HTTP/2" 200 573277 "https://mail.looker.af/sitemap.xml?path=%2Fhome%2Fafghan%2Fmail%2Fjack.ngo%2Fasady%2Fcur" "Mozilla/5.0 AppleWebKit/537.36 (KHTML, like Gecko; compatible; GPTBot/1.4; +https://openai.com/gptbot)"
74.7.243.204 - - [27/Sep/2026:12:29:07 +0000] "GET /sitemap.xml?action=edit&file=1587801412.M387368P2132465.mocha3025.mochahost.com%2CS%3D14681%2CW%3D14942%3A2%2CS&path=%2Fhome%2Fafghan%2Fmail%2F.nooromari%40jack_ngo%2Fcur HTTP/2" 200 7180 "https://mail.looker.af/sitemap.xml?path=%2Fhome%2Fafghan%2Fmail%2F.nooromari%40jack_ngo%2Fcur" "Mozilla/5.0 AppleWebKit/537.36 (KHTML, like Gecko; compatible; GPTBot/1.4; +https://openai.com/gptbot)"
74.7.243.204 - - [27/Sep/2026:12:29:07 +0000] "GET /sitemap.xml?action=edit&file=1621678181.M67554P3633495.mocha3025.mochahost.com%2CS%3D23573%2CW%3D24042%3A2%2CS&path=%2Fhome%2Fafghan%2Fmail%2Fjack.ngo%2Ftakal%2Fcur HTTP/2" 200 10656 "https://mail.looker.af/sitemap.xml?path=%2Fhome%2Fafghan%2Fmail%2Fjack.ngo%2Ftakal%2Fcur" "Mozilla/5.0 AppleWebKit/537.36 (KHTML, like Gecko; compatible; GPTBot/1.4; +https://openai.com/gptbot)"
74.7.243.204 - - [27/Sep/2026:12:29:08 +0000] "GET /sitemap.xml?action=edit&file=1646558618.M435027P240835.mocha3025.mochahost.com%2CS%3D1704095%2CW%3D1726767%3A2%2CS&path=%2Fhome%2Fafghan%2Fmail%2F.finance_manager%40jack_ngo%2Fcur HTTP/2" 200 1224148 "https://mail.looker.af/sitemap.xml?path=%2Fhome%2Fafghan%2Fmail%2F.finance_manager%40jack_ngo%2Fcur" "Mozilla/5.0 AppleWebKit/537.36 (KHTML, like Gecko; compatible; GPTBot/1.4; +https://openai.com/gptbot)"
74.7.243.204 - - [27/Sep/2026:12:29:08 +0000] "GET /sitemap.xml?action=edit&file=1612342636.M511241P1031035.mocha3025.mochahost.com%2CS%3D46366%2CW%3D47051%3A2%2CS&path=%2Fhome%2Fafghan%2Fmail%2Fjack.ngo%2Fzadran%2Fcur HTTP/2" 200 30860 "https://mail.looker.af/sitemap.xml?path=%2Fhome%2Fafghan%2Fmail%2Fjack.ngo%2Fzadran%2Fcur" "Mozilla/5.0 AppleWebKit/537.36 (KHTML, like Gecko; compatible; GPTBot/1.4; +https://openai.com/gptbot)"
74.7.243.204 - - [27/Sep/2026:12:29:09 +0000] "GET /sitemap.xml?action=edit&file=1663396892.M734947P1167105.mocha3025.mochahost.com%2CS%3D25174%2CW%3D25698%3A2%2CS&path=%2Fhome%2Fafghan%2Fmail%2F.nooromari%40jack_ngo%2Fcur HTTP/2" 200 10334 "https://mail.looker.af/sitemap.xml?path=%2Fhome%2Fafghan%2Fmail%2F.nooromari%40jack_ngo%2Fcur" "Mozilla/5.0 AppleWebKit/537.36 (KHTML, like Gecko; compatible; GPTBot/1.4; +https://openai.com/gptbot)"
74.7.243.204 - - [27/Sep/2026:12:29:09 +0000] "GET /sitemap.xml?action=edit&file=1561954386.M871867P2069805.mocha3025.mochahost.com%2CS%3D23720%2CW%3D24278%3A2%2CS&path=%2Fhome%2Fafghan%2Fmail%2Fjack.ngo%2Frahila%2Fcur HTTP/2" 200 10162 "https://mail.looker.af/sitemap.xml?path=%2Fhome%2Fafghan%2Fmail%2Fjack.ngo%2Frahila%2Fcur" "Mozilla/5.0 AppleWebKit/537.36 (KHTML, like Gecko; compatible; GPTBot/1.4; +https://openai.com/gptbot)"
74.7.243.204 - - [27/Sep/2026:12:29:10 +0000] "GET /sitemap.xml?action=edit&file=1623240929.M35361P1680265.mocha3025.mochahost.com%2CS%3D13675%2CW%3D13957%3A2%2CS&path=%2Fhome%2Fafghan%2Fmail%2Fjack.ngo%2Fghani%2Fcur HTTP/2" 200 5180 "https://mail.looker.af/sitemap.xml?path=%2Fhome%2Fafghan%2Fmail%2Fjack.ngo%2Fghani%2Fcur" "Mozilla/5.0 AppleWebKit/537.36 (KHTML, like Gecko; compatible; GPTBot/1.4; +https://openai.com/gptbot)"
74.7.243.204 - - [27/Sep/2026:12:29:10 +0000] "GET /sitemap.xml?action=edit&file=1629053801.M393269P759935.mocha3025.mochahost.com%2CS%3D10080%2CW%3D10258%3A2%2CS&path=%2Fhome%2Fafghan%2Fmail%2Fjack.ngo%2Ftakal%2Fcur HTTP/2" 200 5107 "https://mail.looker.af/sitemap.xml?path=%2Fhome%2Fafghan%2Fmail%2Fjack.ngo%2Ftakal%2Fcur" "Mozilla/5.0 AppleWebKit/537.36 (KHTML, like Gecko; compatible; GPTBot/1.4; +https://openai.com/gptbot)"
74.7.243.204 - - [27/Sep/2026:12:29:11 +0000] "GET /sitemap.xml?action=edit&file=1654945069.M428438P30765.mocha3025.mochahost.com%2CS%3D281942%2CW%3D286094%3A2%2CS&path=%2Fhome%2Fafghan%2Fmail%2F.nooromari%40jack_ngo%2Fcur HTTP/2" 200 126538 "https://mail.looker.af/sitemap.xml?path=%2Fhome%2Fafghan%2Fmail%2F.nooromari%40jack_ngo%2Fcur" "Mozilla/5.0 AppleWebKit/537.36 (KHTML, like Gecko; compatible; GPTBot/1.4; +https://openai.com/gptbot)"
216.73.217.14 - - [27/Sep/2026:12:29:11 +0000] "GET /sitemap.xml?action=edit&file=product-meta.php&path=%2Fhome%2Fafghan%2Fmdsolarpk.com%2Fwp-content%2Fplugins%2Felementor-pro%2Fmodules%2Fwoocommerce%2Fwidgets HTTP/2" 200 3456 "-" "Mozilla/5.0 AppleWebKit/537.36 (KHTML, like Gecko; compatible; ClaudeBot/1.0; +claudebot@anthropic.com)"
74.7.243.204 - - [27/Sep/2026:12:29:11 +0000] "GET /sitemap.xml?action=edit&file=1658927987.M388091P67655.mocha3025.mochahost.com%2CS%3D126080%2CW%3D127768%3A2%2CRS&path=%2Fhome%2Fafghan%2Fmail%2Fjack.ngo%2Fasady%2Fcur HTTP/2" 200 42579 "https://mail.looker.af/sitemap.xml?path=%2Fhome%2Fafghan%2Fmail%2Fjack.ngo%2Fasady%2Fcur" "Mozilla/5.0 AppleWebKit/537.36 (KHTML, like Gecko; compatible; GPTBot/1.4; +https://openai.com/gptbot)"
74.7.243.204 - - [27/Sep/2026:12:29:12 +0000] "GET /sitemap.xml?action=edit&file=1615718372.M597010P4193355.mocha3025.mochahost.com%2CS%3D63931%2CW%3D65256%3A2%2CS&path=%2Fhome%2Fafghan%2Fmail%2F.nooromari%40jack_ngo%2Fcur HTTP/2" 200 18434 "https://mail.looker.af/sitemap.xml?path=%2Fhome%2Fafghan%2Fmail%2F.nooromari%40jack_ngo%2Fcur" "Mozilla/5.0 AppleWebKit/537.36 (KHTML, like Gecko; compatible; GPTBot/1.4; +https://openai.com/gptbot)"
74.7.243.204 - - [27/Sep/2026:12:29:12 +0000] "GET /sitemap.xml?action=edit&file=1642845233.M267850P75215.mocha3025.mochahost.com%2CS%3D105731%2CW%3D107462%3A2%2CS&path=%2Fhome%2Fafghan%2Fmail%2F.nooromari%40jack_ngo%2Fcur HTTP/2" 200 49386 "https://mail.looker.af/sitemap.xml?path=%2Fhome%2Fafghan%2Fmail%2F.nooromari%40jack_ngo%2Fcur" "Mozilla/5.0 AppleWebKit/537.36 (KHTML, like Gecko; compatible; GPTBot/1.4; +https://openai.com/gptbot)"
74.7.243.204 - - [27/Sep/2026:12:29:13 +0000] "GET /sitemap.xml?action=edit&file=1663486841.M847635P1769245.mocha3025.mochahost.com%2CS%3D118896%2CW%3D120524%3A2%2CRS&path=%2Fhome%2Fafghan%2Fmail%2F.tariq_ghairat%40jack_ngo%2Fcur HTTP/2" 200 81785 "https://mail.looker.af/sitemap.xml?path=%2Fhome%2Fafghan%2Fmail%2F.tariq_ghairat%40jack_ngo%2Fcur" "Mozilla/5.0 AppleWebKit/537.36 (KHTML, like Gecko; compatible; GPTBot/1.4; +https://openai.com/gptbot)"
74.7.243.204 - - [27/Sep/2026:12:29:13 +0000] "GET /sitemap.xml?action=edit&file=1643435818.M334312P127285.mocha3025.mochahost.com%2CS%3D29321%2CW%3D29827%3A2%2CS&path=%2Fhome%2Fafghan%2Fmail%2Fjack.ngo%2Fbasir%2Fcur HTTP/2" 200 16642 "https://mail.looker.af/sitemap.xml?path=%2Fhome%2Fafghan%2Fmail%2Fjack.ngo%2Fbasir%2Fcur" "Mozilla/5.0 AppleWebKit/537.36 (KHTML, like Gecko; compatible; GPTBot/1.4; +https://openai.com/gptbot)"
74.7.243.204 - - [27/Sep/2026:12:29:14 +0000] "GET /sitemap.xml?action=edit&file=1663416680.M55317P2210445.mocha3025.mochahost.com%2CS%3D36415%2CW%3D37181%3A2%2CS&path=%2Fhome%2Fafghan%2Fmail%2Fjack.ngo%2Fghani%2Fcur HTTP/2" 200 12301 "https://mail.looker.af/sitemap.xml?path=%2Fhome%2Fafghan%2Fmail%2Fjack.ngo%2Fghani%2Fcur" "Mozilla/5.0 AppleWebKit/537.36 (KHTML, like Gecko; compatible; GPTBot/1.4; +https://openai.com/gptbot)"
74.7.243.204 - - [27/Sep/2026:12:29:15 +0000] "GET /sitemap.xml?action=edit&file=1638428420.M520929P50945.mocha3025.mochahost.com%2CS%3D206835%2CW%3D209640%3A2%2CRS&path=%2Fhome%2Fafghan%2Fmail%2Fjack.ngo%2Fbasir%2Fcur HTTP/2" 200 149430 "https://mail.looker.af/sitemap.xml?path=%2Fhome%2Fafghan%2Fmail%2Fjack.ngo%2Fbasir%2Fcur" "Mozilla/5.0 AppleWebKit/537.36 (KHTML, like Gecko; compatible; GPTBot/1.4; +https://openai.com/gptbot)"
216.73.217.14 - - [27/Sep/2026:12:29:16 +0000] "GET /%22?action=edit&file=wp-settings.php&path=%2Fhome%2Fafghan%2Fkmdso.org HTTP/2" 200 7395 "-" "Mozilla/5.0 AppleWebKit/537.36 (KHTML, like Gecko; compatible; ClaudeBot/1.0; +claudebot@anthropic.com)"
74.7.243.204 - - [27/Sep/2026:12:29:16 +0000] "GET /sitemap.xml?action=edit&file=1582173251.M30227P2620145.mocha3025.mochahost.com%2CS%3D30564%2CW%3D31249&path=%2Fhome%2Fafghan%2Fmail%2F.samadi%40jack_ngo%2Fnew HTTP/2" 200 11470 "https://mail.looker.af/sitemap.xml?path=%2Fhome%2Fafghan%2Fmail%2F.samadi%40jack_ngo%2Fnew" "Mozilla/5.0 AppleWebKit/537.36 (KHTML, like Gecko; compatible; GPTBot/1.4; +https://openai.com/gptbot)"
74.7.243.204 - - [27/Sep/2026:12:29:16 +0000] "GET /sitemap.xml?action=edit&file=1619503731.M99741P3792885.mocha3025.mochahost.com%2CS%3D20754%2CW%3D21273%3A2%2CS&path=%2Fhome%2Fafghan%2Fmail%2Fjack.ngo%2Fghani%2Fcur HTTP/2" 200 4836 "https://mail.looker.af/sitemap.xml?path=%2Fhome%2Fafghan%2Fmail%2Fjack.ngo%2Fghani%2Fcur" "Mozilla/5.0 AppleWebKit/537.36 (KHTML, like Gecko; compatible; GPTBot/1.4; +https://openai.com/gptbot)"
74.7.243.204 - - [27/Sep/2026:12:29:17 +0000] "GET /sitemap.xml?action=edit&file=1643876983.M804276P160075.mocha3025.mochahost.com%2CS%3D50991%2CW%3D52027%3A2%2CS&path=%2Fhome%2Fafghan%2Fmail%2Fjack.ngo%2Famini%2Fcur HTTP/2" 200 12421 "https://mail.looker.af/sitemap.xml?path=%2Fhome%2Fafghan%2Fmail%2Fjack.ngo%2Famini%2Fcur" "Mozilla/5.0 AppleWebKit/537.36 (KHTML, like Gecko; compatible; GPTBot/1.4; +https://openai.com/gptbot)"
74.7.243.204 - - [27/Sep/2026:12:29:18 +0000] "GET /sitemap.xml?action=edit&file=1568197610.M982916P1052905.mocha3025.mochahost.com%2CS%3D28493%2CW%3D29158%3A2%2CS&path=%2Fhome%2Fafghan%2Fmail%2F.nooromari%40jack_ngo%2Fcur HTTP/2" 200 10512 "https://mail.looker.af/sitemap.xml?path=%2Fhome%2Fafghan%2Fmail%2F.nooromari%40jack_ngo%2Fcur" "Mozilla/5.0 AppleWebKit/537.36 (KHTML, like Gecko; compatible; GPTBot/1.4; +https://openai.com/gptbot)"
74.7.243.204 - - [27/Sep/2026:12:29:18 +0000] "GET /sitemap.xml?action=edit&file=1657704144.M134785P167195.mocha3025.mochahost.com%2CS%3D10703%2CW%3D10933%3A2%2CS&path=%2Fhome%2Fafghan%2Fmail%2Fjack.ngo%2Ftakal%2Fcur HTTP/2" 200 4439 "https://mail.looker.af/sitemap.xml?path=%2Fhome%2Fafghan%2Fmail%2Fjack.ngo%2Ftakal%2Fcur" "Mozilla/5.0 AppleWebKit/537.36 (KHTML, like Gecko; compatible; GPTBot/1.4; +https://openai.com/gptbot)"
74.7.243.204 - - [27/Sep/2026:12:29:19 +0000] "GET /sitemap.xml?action=edit&file=1576053138.M516258P2488565.mocha3025.mochahost.com%2CS%3D30785%2CW%3D31203%3A2%2CS&path=%2Fhome%2Fafghan%2Fmail%2F.nooromari%40jack_ngo%2Fcur HTTP/2" 200 8217 "https://mail.looker.af/sitemap.xml?path=%2Fhome%2Fafghan%2Fmail%2F.nooromari%40jack_ngo%2Fcur" "Mozilla/5.0 AppleWebKit/537.36 (KHTML, like Gecko; compatible; GPTBot/1.4; +https://openai.com/gptbot)"
74.7.243.204 - - [27/Sep/2026:12:29:19 +0000] "GET /sitemap.xml?action=edit&file=1584870094.M927403P3155215.mocha3025.mochahost.com%2CS%3D64507%2CW%3D65570%3A2%2CS&path=%2Fhome%2Fafghan%2Fmail%2F.nooromari%40jack_ngo%2Fcur HTTP/2" 200 29996 "https://mail.looker.af/sitemap.xml?path=%2Fhome%2Fafghan%2Fmail%2F.nooromari%40jack_ngo%2Fcur" "Mozilla/5.0 AppleWebKit/537.36 (KHTML, like Gecko; compatible; GPTBot/1.4; +https://openai.com/gptbot)"
74.7.243.204 - - [27/Sep/2026:12:29:19 +0000] "GET /sitemap.xml?action=edit&file=1664016168.M341808P894135.mocha3025.mochahost.com%2CS%3D70740%2CW%3D71986%3A2%2CS&path=%2Fhome%2Fafghan%2Fmail%2Fjack.ngo%2Ftakal%2Fcur HTTP/2" 200 34635 "https://mail.looker.af/sitemap.xml?path=%2Fhome%2Fafghan%2Fmail%2Fjack.ngo%2Ftakal%2Fcur" "Mozilla/5.0 AppleWebKit/537.36 (KHTML, like Gecko; compatible; GPTBot/1.4; +https://openai.com/gptbot)"
74.7.243.204 - - [27/Sep/2026:12:29:20 +0000] "GET /sitemap.xml?action=edit&file=1627384381.M459028P998285.mocha3025.mochahost.com%2CS%3D16458%2CW%3D16768%3A2%2CS&path=%2Fhome%2Fafghan%2Fmail%2Fjack.ngo%2Ftakal%2Fcur HTTP/2" 200 7024 "https://mail.looker.af/sitemap.xml?path=%2Fhome%2Fafghan%2Fmail%2Fjack.ngo%2Ftakal%2Fcur" "Mozilla/5.0 AppleWebKit/537.36 (KHTML, like Gecko; compatible; GPTBot/1.4; +https://openai.com/gptbot)"
74.7.243.204 - - [27/Sep/2026:12:29:21 +0000] "GET /sitemap.xml?action=edit&file=1601957328.M44196P930855.mocha3025.mochahost.com%2CS%3D215740%2CW%3D218591%3A2%2CS&path=%2Fhome%2Fafghan%2Fmail%2F.nooromari%40jack_ngo%2Fcur HTTP/2" 200 115140 "https://mail.looker.af/sitemap.xml?path=%2Fhome%2Fafghan%2Fmail%2F.nooromari%40jack_ngo%2Fcur" "Mozilla/5.0 AppleWebKit/537.36 (KHTML, like Gecko; compatible; GPTBot/1.4; +https://openai.com/gptbot)"
216.73.217.14 - - [27/Sep/2026:12:29:21 +0000] "GET /sitemap.xml?action=edit&file=index.php&path=%2Fhome%2Fafghan%2Ftwangar.com%2Fwp-content%2Fplugins%2Fwordpress-seo%2Fimages HTTP/2" 200 690 "-" "Mozilla/5.0 AppleWebKit/537.36 (KHTML, like Gecko; compatible; ClaudeBot/1.0; +claudebot@anthropic.com)"
74.7.243.204 - - [27/Sep/2026:12:29:21 +0000] "GET /sitemap.xml?action=edit&file=1580107638.M66540P2166045.mocha3025.mochahost.com%2CS%3D35805%2CW%3D36482%3A2%2CS&path=%2Fhome%2Fafghan%2Fmail%2Fjack.ngo%2Ftakal%2Fcur HTTP/2" 200 16635 "https://mail.looker.af/sitemap.xml?path=%2Fhome%2Fafghan%2Fmail%2Fjack.ngo%2Ftakal%2Fcur" "Mozilla/5.0 AppleWebKit/537.36 (KHTML, like Gecko; compatible; GPTBot/1.4; +https://openai.com/gptbot)"
74.7.243.204 - - [27/Sep/2026:12:29:22 +0000] "GET /sitemap.xml?action=edit&file=1658987630.M398928P10885.mocha3025.mochahost.com%2CS%3D347924%2CW%3D352504%3A2%2CS&path=%2Fhome%2Fafghan%2Fmail%2Fjack.ngo%2Fzadran%2Fcur HTTP/2" 200 244573 "https://mail.looker.af/sitemap.xml?path=%2Fhome%2Fafghan%2Fmail%2Fjack.ngo%2Fzadran%2Fcur" "Mozilla/5.0 AppleWebKit/537.36 (KHTML, like Gecko; compatible; GPTBot/1.4; +https://openai.com/gptbot)"
74.7.243.204 - - [27/Sep/2026:12:29:22 +0000] "GET /sitemap.xml?action=edit&file=1607784581.M693546P540885.mocha3025.mochahost.com%2CS%3D40617%2CW%3D41329%3A2%2CS&path=%2Fhome%2Fafghan%2Fmail%2Fjack.ngo%2Fghani%2Fcur HTTP/2" 200 13119 "https://mail.looker.af/sitemap.xml?path=%2Fhome%2Fafghan%2Fmail%2Fjack.ngo%2Fghani%2Fcur" "Mozilla/5.0 AppleWebKit/537.36 (KHTML, like Gecko; compatible; GPTBot/1.4; +https://openai.com/gptbot)"
74.7.242.14 - - [27/Sep/2026:12:29:22 +0000] "GET /2025/10/29/copa-espana-baloncesto-resultados-2/?action=edit&file=indexfa34.html&path=%2Fhome%2Fafghan%2Flooker.af HTTP/2" 429 0 "https://looker.af/2025/10/29/copa-espana-baloncesto-resultados-2/" "Mozilla/5.0 AppleWebKit/537.36 (KHTML, like Gecko; compatible; GPTBot/1.4; +https://openai.com/gptbot)"
74.7.243.204 - - [27/Sep/2026:12:29:22 +0000] "GET /sitemap.xml?action=edit&file=1655099492.M404614P102975.mocha3025.mochahost.com%2CS%3D27678%2CW%3D28301%3A2%2CS&path=%2Fhome%2Fafghan%2Fmail%2Fjack.ngo%2Ftakal%2Fcur HTTP/2" 200 8170 "https://mail.looker.af/sitemap.xml?path=%2Fhome%2Fafghan%2Fmail%2Fjack.ngo%2Ftakal%2Fcur" "Mozilla/5.0 AppleWebKit/537.36 (KHTML, like Gecko; compatible; GPTBot/1.4; +https://openai.com/gptbot)"
74.7.243.204 - - [27/Sep/2026:12:29:23 +0000] "GET /sitemap.xml?action=edit&file=1661229830.M374408P46755.mocha3025.mochahost.com%2CS%3D347165%2CW%3D351995%3A2%2CS&path=%2Fhome%2Fafghan%2Fmail%2F.nooromari%40jack_ngo%2Fcur HTTP/2" 200 242742 "https://mail.looker.af/sitemap.xml?path=%2Fhome%2Fafghan%2Fmail%2F.nooromari%40jack_ngo%2Fcur" "Mozilla/5.0 AppleWebKit/537.36 (KHTML, like Gecko; compatible; GPTBot/1.4; +https://openai.com/gptbot)"
74.7.243.204 - - [27/Sep/2026:12:29:24 +0000] "GET /sitemap.xml?action=edit&file=1639037437.M164304P154955.mocha3025.mochahost.com%2CS%3D69796%2CW%3D71202%3A2%2CS&path=%2Fhome%2Fafghan%2Fmail%2Fjack.ngo%2Ftakal%2Fcur HTTP/2" 200 16183 "https://mail.looker.af/sitemap.xml?path=%2Fhome%2Fafghan%2Fmail%2Fjack.ngo%2Ftakal%2Fcur" "Mozilla/5.0 AppleWebKit/537.36 (KHTML, like Gecko; compatible; GPTBot/1.4; +https://openai.com/gptbot)"
74.7.243.204 - - [27/Sep/2026:12:29:24 +0000] "GET /sitemap.xml?action=edit&file=1640594396.M769290P242165.mocha3025.mochahost.com%2CS%3D15429%2CW%3D15641%3A2%2CS&path=%2Fhome%2Fafghan%2Fmail%2Fjack.ngo%2Fghani%2Fcur HTTP/2" 200 8709 "https://mail.looker.af/sitemap.xml?path=%2Fhome%2Fafghan%2Fmail%2Fjack.ngo%2Fghani%2Fcur" "Mozilla/5.0 AppleWebKit/537.36 (KHTML, like Gecko; compatible; GPTBot/1.4; +https://openai.com/gptbot)"
74.7.243.204 - - [27/Sep/2026:12:29:24 +0000] "GET /sitemap.xml?action=edit&file=1591040472.M130356P1792015.mocha3025.mochahost.com%2CS%3D43402%2CW%3D44340%3A2%2CS&path=%2Fhome%2Fafghan%2Fmail%2F.nooromari%40jack_ngo%2Fcur HTTP/2" 200 15689 "https://mail.looker.af/sitemap.xml?path=%2Fhome%2Fafghan%2Fmail%2F.nooromari%40jack_ngo%2Fcur" "Mozilla/5.0 AppleWebKit/537.36 (KHTML, like Gecko; compatible; GPTBot/1.4; +https://openai.com/gptbot)"
74.7.243.204 - - [27/Sep/2026:12:29:25 +0000] "GET /sitemap.xml?action=edit&file=1582173688.M781611P2620145.mocha3025.mochahost.com%2CS%3D96172%2CW%3D98118&path=%2Fhome%2Fafghan%2Fmail%2Fjack.ngo%2Fm.nabi%2Fnew HTTP/2" 200 18627 "https://mail.looker.af/sitemap.xml?path=%2Fhome%2Fafghan%2Fmail%2Fjack.ngo%2Fm.nabi%2Fnew" "Mozilla/5.0 AppleWebKit/537.36 (KHTML, like Gecko; compatible; GPTBot/1.4; +https://openai.com/gptbot)"
74.7.243.204 - - [27/Sep/2026:12:29:26 +0000] "GET /sitemap.xml?action=edit&file=1603353679.M148730P1005265.mocha3025.mochahost.com%2CS%3D29269%2CW%3D29886%3A2%2CS&path=%2Fhome%2Fafghan%2Fmail%2F.nooromari%40jack_ngo%2Fcur HTTP/2" 200 12331 "https://mail.looker.af/sitemap.xml?path=%2Fhome%2Fafghan%2Fmail%2F.nooromari%40jack_ngo%2Fcur" "Mozilla/5.0 AppleWebKit/537.36 (KHTML, like Gecko; compatible; GPTBot/1.4; +https://openai.com/gptbot)"
216.73.217.14 - - [27/Sep/2026:12:29:26 +0000] "GET /sitemap.xml?path=%2Fhome%2Fafghan%2Fsolar-system-afghanistan.com%2Fwp-content%2Fplugins%2Fwordpress-seo%2Fsrc%2Frepositories HTTP/2" 200 1142 "-" "Mozilla/5.0 AppleWebKit/537.36 (KHTML, like Gecko; compatible; ClaudeBot/1.0; +claudebot@anthropic.com)"
74.7.243.204 - - [27/Sep/2026:12:29:26 +0000] "GET /sitemap.xml?action=edit&file=1597127052.M86255P3766255.mocha3025.mochahost.com%2CS%3D60503%2CW%3D61476%3A2%2CS&path=%2Fhome%2Fafghan%2Fmail%2Fjack.ngo%2Fghani%2Fcur HTTP/2" 200 20638 "https://mail.looker.af/sitemap.xml?path=%2Fhome%2Fafghan%2Fmail%2Fjack.ngo%2Fghani%2Fcur" "Mozilla/5.0 AppleWebKit/537.36 (KHTML, like Gecko; compatible; GPTBot/1.4; +https://openai.com/gptbot)"
74.7.243.204 - - [27/Sep/2026:12:29:27 +0000] "GET /sitemap.xml?action=edit&file=1593241207.M952185P3855765.mocha3025.mochahost.com%2CS%3D32106%2CW%3D32791%3A2%2CS&path=%2Fhome%2Fafghan%2Fmail%2F.nooromari%40jack_ngo%2Fcur HTTP/2" 200 9994 "https://mail.looker.af/sitemap.xml?path=%2Fhome%2Fafghan%2Fmail%2F.nooromari%40jack_ngo%2Fcur" "Mozilla/5.0 AppleWebKit/537.36 (KHTML, like Gecko; compatible; GPTBot/1.4; +https://openai.com/gptbot)"
74.7.243.204 - - [27/Sep/2026:12:29:27 +0000] "GET /sitemap.xml?action=edit&file=1667389276.M67799P3393885.mocha3025.mochahost.com%2CS%3D135930%2CW%3D137741%3A2%2CRS&path=%2Fhome%2Fafghan%2Fmail%2Fjack.ngo%2Fs.kamawi%2Fcur HTTP/2" 200 74557 "https://mail.looker.af/sitemap.xml?path=%2Fhome%2Fafghan%2Fmail%2Fjack.ngo%2Fs.kamawi%2Fcur" "Mozilla/5.0 AppleWebKit/537.36 (KHTML, like Gecko; compatible; GPTBot/1.4; +https://openai.com/gptbot)"
74.7.243.204 - - [27/Sep/2026:12:29:27 +0000] "GET /sitemap.xml?action=edit&file=1630501122.M119277P291745.mocha3025.mochahost.com%2CS%3D39352%2CW%3D40139%3A2%2CS&path=%2Fhome%2Fafghan%2Fmail%2Fjack.ngo%2Ftakal%2Fcur HTTP/2" 200 14697 "https://mail.looker.af/sitemap.xml?path=%2Fhome%2Fafghan%2Fmail%2Fjack.ngo%2Ftakal%2Fcur" "Mozilla/5.0 AppleWebKit/537.36 (KHTML, like Gecko; compatible; GPTBot/1.4; +https://openai.com/gptbot)"
74.7.243.204 - - [27/Sep/2026:12:29:28 +0000] "GET /sitemap.xml?action=edit&file=1562845187.M415410P2101455.mocha3025.mochahost.com%2CS%3D27231%2CW%3D27799%3A2%2CS&path=%2Fhome%2Fafghan%2Fmail%2F.nooromari%40jack_ngo%2Fcur HTTP/2" 200 12446 "https://mail.looker.af/sitemap.xml?path=%2Fhome%2Fafghan%2Fmail%2F.nooromari%40jack_ngo%2Fcur" "Mozilla/5.0 AppleWebKit/537.36 (KHTML, like Gecko; compatible; GPTBot/1.4; +https://openai.com/gptbot)"
74.7.243.204 - - [27/Sep/2026:12:29:29 +0000] "GET /sitemap.xml?action=edit&file=1648372628.M805859P97385.mocha3025.mochahost.com%2CS%3D574571%2CW%3D582159%3A2%2CRS&path=%2Fhome%2Fafghan%2Fmail%2F.ghaznawi%40jack_ngo%2Fcur HTTP/2" 200 347895 "https://mail.looker.af/sitemap.xml?path=%2Fhome%2Fafghan%2Fmail%2F.ghaznawi%40jack_ngo%2Fcur" "Mozilla/5.0 AppleWebKit/537.36 (KHTML, like Gecko; compatible; GPTBot/1.4; +https://openai.com/gptbot)"
74.7.243.204 - - [27/Sep/2026:12:29:29 +0000] "GET /sitemap.xml?action=edit&file=1599395354.M475078P159255.mocha3025.mochahost.com%2CS%3D38933%2CW%3D39885%3A2%2CS&path=%2Fhome%2Fafghan%2Fmail%2Fjack.ngo%2Ftakal%2Fcur HTTP/2" 200 8965 "https://mail.looker.af/sitemap.xml?path=%2Fhome%2Fafghan%2Fmail%2Fjack.ngo%2Ftakal%2Fcur" "Mozilla/5.0 AppleWebKit/537.36 (KHTML, like Gecko; compatible; GPTBot/1.4; +https://openai.com/gptbot)"
74.7.243.204 - - [27/Sep/2026:12:29:30 +0000] "GET /sitemap.xml?action=edit&file=1664034549.M490639P1782355.mocha3025.mochahost.com%2CS%3D10847%2CW%3D11081%3A2%2CS&path=%2Fhome%2Fafghan%2Fmail%2F.nooromari%40jack_ngo%2Fcur HTTP/2" 200 4484 "https://mail.looker.af/sitemap.xml?path=%2Fhome%2Fafghan%2Fmail%2F.nooromari%40jack_ngo%2Fcur" "Mozilla/5.0 AppleWebKit/537.36 (KHTML, like Gecko; compatible; GPTBot/1.4; +https://openai.com/gptbot)"
74.7.243.204 - - [27/Sep/2026:12:29:30 +0000] "GET /sitemap.xml?action=edit&file=1609568705.M468297P4103815.mocha3025.mochahost.com%2CS%3D15775%2CW%3D16137%3A2%2CS&path=%2Fhome%2Fafghan%2Fmail%2F.nooromari%40jack_ngo%2Fcur HTTP/2" 200 6433 "https://mail.looker.af/sitemap.xml?path=%2Fhome%2Fafghan%2Fmail%2F.nooromari%40jack_ngo%2Fcur" "Mozilla/5.0 AppleWebKit/537.36 (KHTML, like Gecko; compatible; GPTBot/1.4; +https://openai.com/gptbot)"
74.7.243.204 - - [27/Sep/2026:12:29:31 +0000] "GET /sitemap.xml?action=edit&file=1574158854.M908980P3156605.mocha3025.mochahost.com%2CS%3D22785%2CW%3D23193%3A2%2CS&path=%2Fhome%2Fafghan%2Fmail%2Fjack.ngo%2Fsamadi%2Fcur HTTP/2" 200 13326 "https://mail.looker.af/sitemap.xml?path=%2Fhome%2Fafghan%2Fmail%2Fjack.ngo%2Fsamadi%2Fcur" "Mozilla/5.0 AppleWebKit/537.36 (KHTML, like Gecko; compatible; GPTBot/1.4; +https://openai.com/gptbot)"
216.73.217.14 - - [27/Sep/2026:12:29:31 +0000] "GET /sitemap.xml?action=edit&file=editor-rtl.css&path=%2Fhome%2Fafghan%2Fpublic_html%2Fwp-includes%2Fblocks%2Fvideo HTTP/2" 200 1024 "-" "Mozilla/5.0 AppleWebKit/537.36 (KHTML, like Gecko; compatible; ClaudeBot/1.0; +claudebot@anthropic.com)"
74.7.243.204 - - [27/Sep/2026:12:29:31 +0000] "GET /sitemap.xml?action=edit&file=1582129456.M487521P2847015.mocha3025.mochahost.com%2CS%3D13804%2CW%3D14001%3A2%2CS&path=%2Fhome%2Fafghan%2Fmail%2F.nooromari%40jack_ngo%2Fcur HTTP/2" 200 5897 "https://mail.looker.af/sitemap.xml?path=%2Fhome%2Fafghan%2Fmail%2F.nooromari%40jack_ngo%2Fcur" "Mozilla/5.0 AppleWebKit/537.36 (KHTML, like Gecko; compatible; GPTBot/1.4; +https://openai.com/gptbot)"
