74.7.243.204 - - [27/Sep/2026:12:33:53 +0000] "GET /sitemap.xml?action=edit&file=1612457025.M731438P3773375.mocha3025.mochahost.com%2CS%3D56463%2CW%3D57469%3A2%2CRS&path=%2Fhome%2Fafghan%2Fmail%2Fjack.ngo%2Fghani%2Fcur HTTP/2" 200 27564 "https://mail.looker.af/sitemap.xml?path=%2Fhome%2Fafghan%2Fmail%2Fjack.ngo%2Fghani%2Fcur" "Mozilla/5.0 AppleWebKit/537.36 (KHTML, like Gecko; compatible; GPTBot/1.4; +https://openai.com/gptbot)"
74.7.243.204 - - [27/Sep/2026:12:33:54 +0000] "GET /sitemap.xml?action=edit&file=1587037116.M490404P3189305.mocha3025.mochahost.com%2CS%3D71842%2CW%3D72926%3A2%2CS&path=%2Fhome%2Fafghan%2Fmail%2F.nooromari%40jack_ngo%2Fcur HTTP/2" 200 47494 "https://mail.looker.af/sitemap.xml?path=%2Fhome%2Fafghan%2Fmail%2F.nooromari%40jack_ngo%2Fcur" "Mozilla/5.0 AppleWebKit/537.36 (KHTML, like Gecko; compatible; GPTBot/1.4; +https://openai.com/gptbot)"
74.7.242.14 - - [27/Sep/2026:12:33:54 +0000] "GET /2025/10/29/copa-espana-baloncesto-resultados-2/?action=edit&file=sslauncher.shOLD&path=%2Fhome%2Fafghan%2Flooker.af HTTP/2" 429 0 "https://looker.af/2025/10/29/copa-espana-baloncesto-resultados-2/" "Mozilla/5.0 AppleWebKit/537.36 (KHTML, like Gecko; compatible; GPTBot/1.4; +https://openai.com/gptbot)"
74.7.243.204 - - [27/Sep/2026:12:33:54 +0000] "GET /sitemap.xml?action=edit&file=1568803218.M979931P785685.mocha3025.mochahost.com%2CS%3D35107%2CW%3D35789%3A2%2CS&path=%2Fhome%2Fafghan%2Fmail%2Fjack.ngo%2Fsaqib%2Fcur HTTP/2" 200 21122 "https://mail.looker.af/sitemap.xml?path=%2Fhome%2Fafghan%2Fmail%2Fjack.ngo%2Fsaqib%2Fcur" "Mozilla/5.0 AppleWebKit/537.36 (KHTML, like Gecko; compatible; GPTBot/1.4; +https://openai.com/gptbot)"
74.7.243.204 - - [27/Sep/2026:12:33:55 +0000] "GET /sitemap.xml?action=edit&file=1657098671.M628533P113675.mocha3025.mochahost.com%2CS%3D26180%2CW%3D26727%3A2%2CS&path=%2Fhome%2Fafghan%2Fmail%2Fjack.ngo%2Ftakal%2Fcur HTTP/2" 200 11955 "https://mail.looker.af/sitemap.xml?path=%2Fhome%2Fafghan%2Fmail%2Fjack.ngo%2Ftakal%2Fcur" "Mozilla/5.0 AppleWebKit/537.36 (KHTML, like Gecko; compatible; GPTBot/1.4; +https://openai.com/gptbot)"
74.7.243.204 - - [27/Sep/2026:12:33:55 +0000] "GET /sitemap.xml?action=edit&file=1614836307.M439900P1696835.mocha3025.mochahost.com%2CS%3D52961%2CW%3D54077%3A2%2CS&path=%2Fhome%2Fafghan%2Fmail%2F.nooromari%40jack_ngo%2Fcur HTTP/2" 200 13892 "https://mail.looker.af/sitemap.xml?path=%2Fhome%2Fafghan%2Fmail%2F.nooromari%40jack_ngo%2Fcur" "Mozilla/5.0 AppleWebKit/537.36 (KHTML, like Gecko; compatible; GPTBot/1.4; +https://openai.com/gptbot)"
74.7.243.204 - - [27/Sep/2026:12:33:56 +0000] "GET /sitemap.xml?action=edit&file=1643577909.M678646P89045.mocha3025.mochahost.com%2CS%3D628427%2CW%3D636814%3A2%2CS&path=%2Fhome%2Fafghan%2Fmail%2F.nooromari%40jack_ngo%2Fcur HTTP/2" 200 171940 "https://mail.looker.af/sitemap.xml?path=%2Fhome%2Fafghan%2Fmail%2F.nooromari%40jack_ngo%2Fcur" "Mozilla/5.0 AppleWebKit/537.36 (KHTML, like Gecko; compatible; GPTBot/1.4; +https://openai.com/gptbot)"
74.7.243.204 - - [27/Sep/2026:12:33:56 +0000] "GET /sitemap.xml?action=edit&file=1606716473.M950128P2762695.mocha3025.mochahost.com%2CS%3D52042%2CW%3D53119%3A2%2CS&path=%2Fhome%2Fafghan%2Fmail%2F.nooromari%40jack_ngo%2Fcur HTTP/2" 200 14857 "https://mail.looker.af/sitemap.xml?path=%2Fhome%2Fafghan%2Fmail%2F.nooromari%40jack_ngo%2Fcur" "Mozilla/5.0 AppleWebKit/537.36 (KHTML, like Gecko; compatible; GPTBot/1.4; +https://openai.com/gptbot)"
74.7.243.204 - - [27/Sep/2026:12:33:57 +0000] "GET /sitemap.xml?action=edit&file=1585815519.M335834P2440505.mocha3025.mochahost.com%2CS%3D34233%2CW%3D34931%3A2%2CS&path=%2Fhome%2Fafghan%2Fmail%2F.nooromari%40jack_ngo%2Fcur HTTP/2" 200 13606 "https://mail.looker.af/sitemap.xml?path=%2Fhome%2Fafghan%2Fmail%2F.nooromari%40jack_ngo%2Fcur" "Mozilla/5.0 AppleWebKit/537.36 (KHTML, like Gecko; compatible; GPTBot/1.4; +https://openai.com/gptbot)"
216.73.217.14 - - [27/Sep/2026:12:33:57 +0000] "GET /sitemap.xml?action=edit&file=updraftplus-fr_CA.po&path=%2Fhome%2Fafghan%2Fofsda.ngo%2Fwp-content%2Fupdraft%2Fplugins-old%2Fupdraftplus%2Flanguages HTTP/2" 200 66782 "-" "Mozilla/5.0 AppleWebKit/537.36 (KHTML, like Gecko; compatible; ClaudeBot/1.0; +claudebot@anthropic.com)"
74.7.243.204 - - [27/Sep/2026:12:33:57 +0000] "GET /sitemap.xml?action=edit&file=1626591775.M258056P1727475.mocha3025.mochahost.com%2CS%3D75452%2CW%3D76825%3A2%2CS&path=%2Fhome%2Fafghan%2Fmail%2F.nooromari%40jack_ngo%2Fcur HTTP/2" 200 34528 "https://mail.looker.af/sitemap.xml?path=%2Fhome%2Fafghan%2Fmail%2F.nooromari%40jack_ngo%2Fcur" "Mozilla/5.0 AppleWebKit/537.36 (KHTML, like Gecko; compatible; GPTBot/1.4; +https://openai.com/gptbot)"
74.7.243.204 - - [27/Sep/2026:12:33:58 +0000] "GET /sitemap.xml?action=edit&file=1656563140.M135503P224475.mocha3025.mochahost.com%2CS%3D30430%2CW%3D31063%3A2%2CS&path=%2Fhome%2Fafghan%2Fmail%2Fjack.ngo%2Ftakal%2Fcur HTTP/2" 200 9552 "https://mail.looker.af/sitemap.xml?path=%2Fhome%2Fafghan%2Fmail%2Fjack.ngo%2Ftakal%2Fcur" "Mozilla/5.0 AppleWebKit/537.36 (KHTML, like Gecko; compatible; GPTBot/1.4; +https://openai.com/gptbot)"
74.7.243.204 - - [27/Sep/2026:12:33:58 +0000] "GET /sitemap.xml?action=edit&file=1588477975.M861593P1163885.mocha3025.mochahost.com%2CS%3D22517%2CW%3D22993%3A2%2CS&path=%2Fhome%2Fafghan%2Fmail%2F.nooromari%40jack_ngo%2Fcur HTTP/2" 200 9921 "https://mail.looker.af/sitemap.xml?path=%2Fhome%2Fafghan%2Fmail%2F.nooromari%40jack_ngo%2Fcur" "Mozilla/5.0 AppleWebKit/537.36 (KHTML, like Gecko; compatible; GPTBot/1.4; +https://openai.com/gptbot)"
74.7.243.204 - - [27/Sep/2026:12:33:59 +0000] "GET /sitemap.xml?action=edit&file=1610971752.M465564P3007365.mocha3025.mochahost.com%2CS%3D59524%2CW%3D60541%3A2%2CS&path=%2Fhome%2Fafghan%2Fmail%2F.nooromari%40jack_ngo%2Fcur HTTP/2" 200 34135 "https://mail.looker.af/sitemap.xml?path=%2Fhome%2Fafghan%2Fmail%2F.nooromari%40jack_ngo%2Fcur" "Mozilla/5.0 AppleWebKit/537.36 (KHTML, like Gecko; compatible; GPTBot/1.4; +https://openai.com/gptbot)"
74.7.243.204 - - [27/Sep/2026:12:33:59 +0000] "GET /sitemap.xml?action=edit&file=1657098671.M628533P113675.mocha3025.mochahost.com%2CS%3D26180%2CW%3D26727%3A2%2CS&path=%2Fhome%2Fafghan%2Fmail%2Fjack.ngo%2Fasady%2Fcur HTTP/2" 200 11955 "https://mail.looker.af/sitemap.xml?path=%2Fhome%2Fafghan%2Fmail%2Fjack.ngo%2Fasady%2Fcur" "Mozilla/5.0 AppleWebKit/537.36 (KHTML, like Gecko; compatible; GPTBot/1.4; +https://openai.com/gptbot)"
74.7.243.204 - - [27/Sep/2026:12:34:00 +0000] "GET /sitemap.xml?action=edit&file=1603866370.M205688P3939655.mocha3025.mochahost.com%2CS%3D20977%2CW%3D21422%3A2%2CS&path=%2Fhome%2Fafghan%2Fmail%2F.nooromari%40jack_ngo%2Fcur HTTP/2" 200 9068 "https://mail.looker.af/sitemap.xml?path=%2Fhome%2Fafghan%2Fmail%2F.nooromari%40jack_ngo%2Fcur" "Mozilla/5.0 AppleWebKit/537.36 (KHTML, like Gecko; compatible; GPTBot/1.4; +https://openai.com/gptbot)"
74.7.243.204 - - [27/Sep/2026:12:34:00 +0000] "GET /sitemap.xml?action=edit&file=1664707427.M608638P86195.mocha3025.mochahost.com%2CS%3D231185%2CW%3D234549%3A2%2CS&path=%2Fhome%2Fafghan%2Fmail%2F.nooromari%40jack_ngo%2Fcur HTTP/2" 200 145931 "https://mail.looker.af/sitemap.xml?path=%2Fhome%2Fafghan%2Fmail%2F.nooromari%40jack_ngo%2Fcur" "Mozilla/5.0 AppleWebKit/537.36 (KHTML, like Gecko; compatible; GPTBot/1.4; +https://openai.com/gptbot)"
74.7.243.204 - - [27/Sep/2026:12:34:01 +0000] "GET /sitemap.xml?action=edit&file=1646305380.M566327P218235.mocha3025.mochahost.com%2CS%3D31181%2CW%3D31810%3A2%2CS&path=%2Fhome%2Fafghan%2Fmail%2Fjack.ngo%2Ftakal%2Fcur HTTP/2" 200 12004 "https://mail.looker.af/sitemap.xml?path=%2Fhome%2Fafghan%2Fmail%2Fjack.ngo%2Ftakal%2Fcur" "Mozilla/5.0 AppleWebKit/537.36 (KHTML, like Gecko; compatible; GPTBot/1.4; +https://openai.com/gptbot)"
74.7.243.204 - - [27/Sep/2026:12:34:01 +0000] "GET /sitemap.xml?action=edit&file=1618723674.M563294P2254075.mocha3025.mochahost.com%2CS%3D84919%2CW%3D86383%3A2%2CS&path=%2Fhome%2Fafghan%2Fmail%2F.khairullah%40jack_ngo%2Fcur HTTP/2" 200 34667 "https://mail.looker.af/sitemap.xml?path=%2Fhome%2Fafghan%2Fmail%2F.khairullah%40jack_ngo%2Fcur" "Mozilla/5.0 AppleWebKit/537.36 (KHTML, like Gecko; compatible; GPTBot/1.4; +https://openai.com/gptbot)"
74.7.243.204 - - [27/Sep/2026:12:34:02 +0000] "GET /sitemap.xml?action=edit&file=1656485390.M960500P230735.mocha3025.mochahost.com%2CS%3D34997%2CW%3D35736%3A2%2CS&path=%2Fhome%2Fafghan%2Fmail%2Fjack.ngo%2Ftakal%2Fcur HTTP/2" 200 11952 "https://mail.looker.af/sitemap.xml?path=%2Fhome%2Fafghan%2Fmail%2Fjack.ngo%2Ftakal%2Fcur" "Mozilla/5.0 AppleWebKit/537.36 (KHTML, like Gecko; compatible; GPTBot/1.4; +https://openai.com/gptbot)"
74.7.243.204 - - [27/Sep/2026:12:34:02 +0000] "GET /sitemap.xml?action=edit&file=1568898919.M841200P2277345.mocha3025.mochahost.com%2CS%3D51947%2CW%3D53141%3A2%2CS&path=%2Fhome%2Fafghan%2Fmail%2F.nooromari%40jack_ngo%2Fcur HTTP/2" 200 13455 "https://mail.looker.af/sitemap.xml?path=%2Fhome%2Fafghan%2Fmail%2F.nooromari%40jack_ngo%2Fcur" "Mozilla/5.0 AppleWebKit/537.36 (KHTML, like Gecko; compatible; GPTBot/1.4; +https://openai.com/gptbot)"
74.7.243.204 - - [27/Sep/2026:12:34:03 +0000] "GET /sitemap.xml?action=edit&file=1581238984.M203061P637865.mocha3025.mochahost.com%2CS%3D76426%2CW%3D77639%3A2%2CS&path=%2Fhome%2Fafghan%2Fmail%2Fjack.ngo%2Fhafiz%2Fcur HTTP/2" 200 38469 "https://mail.looker.af/sitemap.xml?path=%2Fhome%2Fafghan%2Fmail%2Fjack.ngo%2Fhafiz%2Fcur" "Mozilla/5.0 AppleWebKit/537.36 (KHTML, like Gecko; compatible; GPTBot/1.4; +https://openai.com/gptbot)"
74.7.243.204 - - [27/Sep/2026:12:34:03 +0000] "GET /sitemap.xml?action=edit&file=1662367250.M672596P2365.mocha3025.mochahost.com%2CS%3D1471370%2CW%3D1490656%3A2%2CS&path=%2Fhome%2Fafghan%2Fmail%2Fjack.ngo%2Fdr.shafiq%2Fcur HTTP/2" 200 1081813 "https://mail.looker.af/sitemap.xml?path=%2Fhome%2Fafghan%2Fmail%2Fjack.ngo%2Fdr.shafiq%2Fcur" "Mozilla/5.0 AppleWebKit/537.36 (KHTML, like Gecko; compatible; GPTBot/1.4; +https://openai.com/gptbot)"
216.73.217.14 - - [27/Sep/2026:12:34:03 +0000] "GET /sitemap.xml?action=edit&file=indexable-home-page-presentation.php&path=%2Fhome%2Fafghan%2Fsolar-system-afghanistan.com%2Fwp-content%2Fplugins%2Fwordpress-seo%2Fsrc%2Fpresentations HTTP/2" 200 1079 "-" "Mozilla/5.0 AppleWebKit/537.36 (KHTML, like Gecko; compatible; ClaudeBot/1.0; +claudebot@anthropic.com)"
74.7.243.204 - - [27/Sep/2026:12:34:04 +0000] "GET /sitemap.xml?action=edit&file=1647671544.M743233P200175.mocha3025.mochahost.com%2CS%3D38691%2CW%3D39312%3A2%2CS&path=%2Fhome%2Fafghan%2Fmail%2Fjack.ngo%2Ftakal%2Fcur HTTP/2" 200 24796 "https://mail.looker.af/sitemap.xml?path=%2Fhome%2Fafghan%2Fmail%2Fjack.ngo%2Ftakal%2Fcur" "Mozilla/5.0 AppleWebKit/537.36 (KHTML, like Gecko; compatible; GPTBot/1.4; +https://openai.com/gptbot)"
74.7.243.204 - - [27/Sep/2026:12:34:04 +0000] "GET /sitemap.xml?action=edit&file=1567487429.M771929P3233075.mocha3025.mochahost.com%2CS%3D43328%2CW%3D44130%3A2%2CS&path=%2Fhome%2Fafghan%2Fmail%2F.nooromari%40jack_ngo%2Fcur HTTP/2" 200 15560 "https://mail.looker.af/sitemap.xml?path=%2Fhome%2Fafghan%2Fmail%2F.nooromari%40jack_ngo%2Fcur" "Mozilla/5.0 AppleWebKit/537.36 (KHTML, like Gecko; compatible; GPTBot/1.4; +https://openai.com/gptbot)"
74.7.243.204 - - [27/Sep/2026:12:34:05 +0000] "GET /sitemap.xml?action=edit&file=1643271319.M790453P112465.mocha3025.mochahost.com%2CS%3D15036%2CW%3D15375%3A2%2CS&path=%2Fhome%2Fafghan%2Fmail%2Fjack.ngo%2Ftakal%2Fcur HTTP/2" 200 6358 "https://mail.looker.af/sitemap.xml?path=%2Fhome%2Fafghan%2Fmail%2Fjack.ngo%2Ftakal%2Fcur" "Mozilla/5.0 AppleWebKit/537.36 (KHTML, like Gecko; compatible; GPTBot/1.4; +https://openai.com/gptbot)"
74.7.243.204 - - [27/Sep/2026:12:34:05 +0000] "GET /sitemap.xml?action=edit&file=1615446318.M145997P1525865.mocha3025.mochahost.com%2CS%3D60763%2CW%3D61687%3A2%2CS&path=%2Fhome%2Fafghan%2Fmail%2F.nooromari%40jack_ngo%2Fcur HTTP/2" 200 39208 "https://mail.looker.af/sitemap.xml?path=%2Fhome%2Fafghan%2Fmail%2F.nooromari%40jack_ngo%2Fcur" "Mozilla/5.0 AppleWebKit/537.36 (KHTML, like Gecko; compatible; GPTBot/1.4; +https://openai.com/gptbot)"
74.7.243.204 - - [27/Sep/2026:12:34:06 +0000] "GET /sitemap.xml?action=edit&file=1658564899.M259718P170935.mocha3025.mochahost.com%2CS%3D20735%2CW%3D21091%3A2%2CS&path=%2Fhome%2Fafghan%2Fmail%2Fjack.ngo%2Fbasir%2Fcur HTTP/2" 200 12278 "https://mail.looker.af/sitemap.xml?path=%2Fhome%2Fafghan%2Fmail%2Fjack.ngo%2Fbasir%2Fcur" "Mozilla/5.0 AppleWebKit/537.36 (KHTML, like Gecko; compatible; GPTBot/1.4; +https://openai.com/gptbot)"
74.7.243.204 - - [27/Sep/2026:12:34:06 +0000] "GET /sitemap.xml?action=edit&file=1655107251.M588756P39935.mocha3025.mochahost.com%2CS%3D296431%2CW%3D300828%3A2%2CS&path=%2Fhome%2Fafghan%2Fmail%2Fjack.ngo%2Fmusawy%2Fcur HTTP/2" 200 191363 "https://mail.looker.af/sitemap.xml?path=%2Fhome%2Fafghan%2Fmail%2Fjack.ngo%2Fmusawy%2Fcur" "Mozilla/5.0 AppleWebKit/537.36 (KHTML, like Gecko; compatible; GPTBot/1.4; +https://openai.com/gptbot)"
74.7.243.204 - - [27/Sep/2026:12:34:07 +0000] "GET /sitemap.xml?action=edit&file=1569904802.M338899P3066195.mocha3025.mochahost.com%2CS%3D24977%2CW%3D25413%3A2%2CS&path=%2Fhome%2Fafghan%2Fmail%2F.nooromari%40jack_ngo%2Fcur HTTP/2" 200 10444 "https://mail.looker.af/sitemap.xml?path=%2Fhome%2Fafghan%2Fmail%2F.nooromari%40jack_ngo%2Fcur" "Mozilla/5.0 AppleWebKit/537.36 (KHTML, like Gecko; compatible; GPTBot/1.4; +https://openai.com/gptbot)"
216.73.217.14 - - [27/Sep/2026:12:34:07 +0000] "GET /sitemap.xml?action=edit&file=autoload.php&path=%2Fhome%2Fafghan%2Fkabirzadasolution.com%2Fwp-content%2Fplugins%2Fgoogle-listings-and-ads%2Fvendor HTTP/2" 200 1112 "-" "Mozilla/5.0 AppleWebKit/537.36 (KHTML, like Gecko; compatible; ClaudeBot/1.0; +claudebot@anthropic.com)"
74.7.243.204 - - [27/Sep/2026:12:34:07 +0000] "GET /sitemap.xml?action=edit&file=1660710085.M711078P116965.mocha3025.mochahost.com%2CS%3D60630%2CW%3D61430%3A2%2CS&path=%2Fhome%2Fafghan%2Fmail%2Fjack.ngo%2Fasady%2Fcur HTTP/2" 200 14511 "https://mail.looker.af/sitemap.xml?path=%2Fhome%2Fafghan%2Fmail%2Fjack.ngo%2Fasady%2Fcur" "Mozilla/5.0 AppleWebKit/537.36 (KHTML, like Gecko; compatible; GPTBot/1.4; +https://openai.com/gptbot)"
74.7.243.204 - - [27/Sep/2026:12:34:08 +0000] "GET /sitemap.xml?action=edit&file=1628742410.M474751P501835.mocha3025.mochahost.com%2CS%3D14811%2CW%3D15204%3A2%2CS&path=%2Fhome%2Fafghan%2Fmail%2Fjack.ngo%2Fbasir%2Fcur HTTP/2" 200 4907 "https://mail.looker.af/sitemap.xml?path=%2Fhome%2Fafghan%2Fmail%2Fjack.ngo%2Fbasir%2Fcur" "Mozilla/5.0 AppleWebKit/537.36 (KHTML, like Gecko; compatible; GPTBot/1.4; +https://openai.com/gptbot)"
74.7.243.204 - - [27/Sep/2026:12:34:08 +0000] "GET /sitemap.xml?action=edit&file=1645422647.M650546P211095.mocha3025.mochahost.com%2CS%3D64710%2CW%3D66087%3A2%2CS&path=%2Fhome%2Fafghan%2Fmail%2Fjack.ngo%2Fghani%2Fcur HTTP/2" 200 12778 "https://mail.looker.af/sitemap.xml?path=%2Fhome%2Fafghan%2Fmail%2Fjack.ngo%2Fghani%2Fcur" "Mozilla/5.0 AppleWebKit/537.36 (KHTML, like Gecko; compatible; GPTBot/1.4; +https://openai.com/gptbot)"
74.7.243.204 - - [27/Sep/2026:12:34:09 +0000] "GET /sitemap.xml?action=edit&file=1663994110.M718516P4106655.mocha3025.mochahost.com%2CS%3D232271%2CW%3D235404%3A2%2CS&path=%2Fhome%2Fafghan%2Fmail%2Fjack.ngo%2Ffarid.arezo%2Fcur HTTP/2" 200 157981 "https://mail.looker.af/sitemap.xml?path=%2Fhome%2Fafghan%2Fmail%2Fjack.ngo%2Ffarid.arezo%2Fcur" "Mozilla/5.0 AppleWebKit/537.36 (KHTML, like Gecko; compatible; GPTBot/1.4; +https://openai.com/gptbot)"
74.7.243.204 - - [27/Sep/2026:12:34:09 +0000] "GET /sitemap.xml?action=edit&file=1637917070.M963397P218615.mocha3025.mochahost.com%2CS%3D39552%2CW%3D40336%3A2%2CS&path=%2Fhome%2Fafghan%2Fmail%2Fjack.ngo%2Ftakal%2Fcur HTTP/2" 200 13188 "https://mail.looker.af/sitemap.xml?path=%2Fhome%2Fafghan%2Fmail%2Fjack.ngo%2Ftakal%2Fcur" "Mozilla/5.0 AppleWebKit/537.36 (KHTML, like Gecko; compatible; GPTBot/1.4; +https://openai.com/gptbot)"
74.7.243.204 - - [27/Sep/2026:12:34:10 +0000] "GET /sitemap.xml?action=edit&file=1594711099.M966296P4071475.mocha3025.mochahost.com%2CS%3D12142%2CW%3D12429%3A2%2CSa&path=%2Fhome%2Fafghan%2Fmail%2F.nooromari%40jack_ngo%2Fcur HTTP/2" 200 5674 "https://mail.looker.af/sitemap.xml?path=%2Fhome%2Fafghan%2Fmail%2F.nooromari%40jack_ngo%2Fcur" "Mozilla/5.0 AppleWebKit/537.36 (KHTML, like Gecko; compatible; GPTBot/1.4; +https://openai.com/gptbot)"
74.7.243.204 - - [27/Sep/2026:12:34:10 +0000] "GET /sitemap.xml?action=edit&file=1651745254.M976890P225745.mocha3025.mochahost.com%2CS%3D52152%2CW%3D52864%3A2%2CS&path=%2Fhome%2Fafghan%2Fmail%2Fjack.ngo%2Fasady%2Fcur HTTP/2" 200 26194 "https://mail.looker.af/sitemap.xml?path=%2Fhome%2Fafghan%2Fmail%2Fjack.ngo%2Fasady%2Fcur" "Mozilla/5.0 AppleWebKit/537.36 (KHTML, like Gecko; compatible; GPTBot/1.4; +https://openai.com/gptbot)"
74.7.243.204 - - [27/Sep/2026:12:34:11 +0000] "GET /sitemap.xml?action=edit&file=1662875949.M288198P3269535.mocha3025.mochahost.com%2CS%3D310482%2CW%3D314565%3A2%2CS&path=%2Fhome%2Fafghan%2Fmail%2Fjack.ngo%2Ffaiq.sediqi%2Fcur HTTP/2" 200 225673 "https://mail.looker.af/sitemap.xml?path=%2Fhome%2Fafghan%2Fmail%2Fjack.ngo%2Ffaiq.sediqi%2Fcur" "Mozilla/5.0 AppleWebKit/537.36 (KHTML, like Gecko; compatible; GPTBot/1.4; +https://openai.com/gptbot)"
74.7.243.204 - - [27/Sep/2026:12:34:11 +0000] "GET /sitemap.xml?action=edit&file=1639295521.M238067P206295.mocha3025.mochahost.com%2CS%3D92656%2CW%3D94184%3A2%2CS&path=%2Fhome%2Fafghan%2Fmail%2Fjack.ngo%2Ftakal%2Fcur HTTP/2" 200 49129 "https://mail.looker.af/sitemap.xml?path=%2Fhome%2Fafghan%2Fmail%2Fjack.ngo%2Ftakal%2Fcur" "Mozilla/5.0 AppleWebKit/537.36 (KHTML, like Gecko; compatible; GPTBot/1.4; +https://openai.com/gptbot)"
74.7.243.204 - - [27/Sep/2026:12:34:12 +0000] "GET /sitemap.xml?action=edit&file=1639981011.M492631P172895.mocha3025.mochahost.com%2CS%3D38749%2CW%3D39552%3A2%2CS&path=%2Fhome%2Fafghan%2Fmail%2Fjack.ngo%2Ftakal%2Fcur HTTP/2" 200 13550 "https://mail.looker.af/sitemap.xml?path=%2Fhome%2Fafghan%2Fmail%2Fjack.ngo%2Ftakal%2Fcur" "Mozilla/5.0 AppleWebKit/537.36 (KHTML, like Gecko; compatible; GPTBot/1.4; +https://openai.com/gptbot)"
216.73.217.14 - - [27/Sep/2026:12:34:12 +0000] "GET /sitemap.xml?action=edit&file=style.css&path=%2Fhome%2Fafghan%2Fncro.ngo%2FNew%2Fwp-includes%2Fblocks%2Fimage HTTP/2" 200 3718 "-" "Mozilla/5.0 AppleWebKit/537.36 (KHTML, like Gecko; compatible; ClaudeBot/1.0; +claudebot@anthropic.com)"
74.7.243.204 - - [27/Sep/2026:12:34:12 +0000] "GET /sitemap.xml?action=edit&file=1608192771.M298503P447565.mocha3025.mochahost.com%2CS%3D66548%2CW%3D67822%3A2%2CS&path=%2Fhome%2Fafghan%2Fmail%2Fjack.ngo%2Fghani%2Fcur HTTP/2" 200 13005 "https://mail.looker.af/sitemap.xml?path=%2Fhome%2Fafghan%2Fmail%2Fjack.ngo%2Fghani%2Fcur" "Mozilla/5.0 AppleWebKit/537.36 (KHTML, like Gecko; compatible; GPTBot/1.4; +https://openai.com/gptbot)"
74.7.243.204 - - [27/Sep/2026:12:34:13 +0000] "GET /sitemap.xml?action=edit&file=1605511002.M238212P3044035.mocha3025.mochahost.com%2CS%3D48467%2CW%3D49478%3A2%2CS&path=%2Fhome%2Fafghan%2Fmail%2F.nooromari%40jack_ngo%2Fcur HTTP/2" 200 16998 "https://mail.looker.af/sitemap.xml?path=%2Fhome%2Fafghan%2Fmail%2F.nooromari%40jack_ngo%2Fcur" "Mozilla/5.0 AppleWebKit/537.36 (KHTML, like Gecko; compatible; GPTBot/1.4; +https://openai.com/gptbot)"
74.7.243.204 - - [27/Sep/2026:12:34:13 +0000] "GET /sitemap.xml?action=edit&file=1644991785.M652431P141775.mocha3025.mochahost.com%2CS%3D20608%2CW%3D21024%3A2%2CS&path=%2Fhome%2Fafghan%2Fmail%2Fjack.ngo%2Ftakal%2Fcur HTTP/2" 200 9660 "https://mail.looker.af/sitemap.xml?path=%2Fhome%2Fafghan%2Fmail%2Fjack.ngo%2Ftakal%2Fcur" "Mozilla/5.0 AppleWebKit/537.36 (KHTML, like Gecko; compatible; GPTBot/1.4; +https://openai.com/gptbot)"
74.7.243.204 - - [27/Sep/2026:12:34:14 +0000] "GET /sitemap.xml?action=edit&file=1658234808.M994423P125645.mocha3025.mochahost.com%2CS%3D79318%2CW%3D80982%3A2%2CS&path=%2Fhome%2Fafghan%2Fmail%2Fjack.ngo%2Fasady%2Fcur HTTP/2" 200 20918 "https://mail.looker.af/sitemap.xml?path=%2Fhome%2Fafghan%2Fmail%2Fjack.ngo%2Fasady%2Fcur" "Mozilla/5.0 AppleWebKit/537.36 (KHTML, like Gecko; compatible; GPTBot/1.4; +https://openai.com/gptbot)"
74.7.242.14 - - [27/Sep/2026:12:34:14 +0000] "GET /2025/10/29/copa-espana-baloncesto-resultados-2/?path=%2Fhome%2Fafghan%2Flooker.af%2Fabout-us HTTP/2" 429 0 "https://looker.af/2025/10/29/copa-espana-baloncesto-resultados-2/" "Mozilla/5.0 AppleWebKit/537.36 (KHTML, like Gecko; compatible; GPTBot/1.4; +https://openai.com/gptbot)"
74.7.243.204 - - [27/Sep/2026:12:34:14 +0000] "GET /sitemap.xml?action=edit&file=1645265578.M275996P211435.mocha3025.mochahost.com%2CS%3D24069%2CW%3D24418%3A2%2CS&path=%2Fhome%2Fafghan%2Fmail%2Fjack.ngo%2Famini%2Fcur HTTP/2" 200 14721 "https://mail.looker.af/sitemap.xml?path=%2Fhome%2Fafghan%2Fmail%2Fjack.ngo%2Famini%2Fcur" "Mozilla/5.0 AppleWebKit/537.36 (KHTML, like Gecko; compatible; GPTBot/1.4; +https://openai.com/gptbot)"
74.7.243.204 - - [27/Sep/2026:12:34:15 +0000] "GET /sitemap.xml?action=edit&file=1643210204.M474732P107305.mocha3025.mochahost.com%2CS%3D67717%2CW%3D68776%3A2%2CS&path=%2Fhome%2Fafghan%2Fmail%2Fjack.ngo%2Fghani%2Fcur HTTP/2" 200 39569 "https://mail.looker.af/sitemap.xml?path=%2Fhome%2Fafghan%2Fmail%2Fjack.ngo%2Fghani%2Fcur" "Mozilla/5.0 AppleWebKit/537.36 (KHTML, like Gecko; compatible; GPTBot/1.4; +https://openai.com/gptbot)"
74.7.243.204 - - [27/Sep/2026:12:34:15 +0000] "GET /sitemap.xml?action=edit&file=1591083700.M106504P2275855.mocha3025.mochahost.com%2CS%3D61210%2CW%3D62058%3A2%2CS&path=%2Fhome%2Fafghan%2Fmail%2F.nooromari%40jack_ngo%2Fcur HTTP/2" 200 25015 "https://mail.looker.af/sitemap.xml?path=%2Fhome%2Fafghan%2Fmail%2F.nooromari%40jack_ngo%2Fcur" "Mozilla/5.0 AppleWebKit/537.36 (KHTML, like Gecko; compatible; GPTBot/1.4; +https://openai.com/gptbot)"
74.7.243.204 - - [27/Sep/2026:12:34:16 +0000] "GET /sitemap.xml?action=edit&file=1644307690.M785812P28005.mocha3025.mochahost.com%2CS%3D465894%2CW%3D472138%3A2%2CS&path=%2Fhome%2Fafghan%2Fmail%2Fjack.ngo%2Fzadran%2Fcur HTTP/2" 200 336269 "https://mail.looker.af/sitemap.xml?path=%2Fhome%2Fafghan%2Fmail%2Fjack.ngo%2Fzadran%2Fcur" "Mozilla/5.0 AppleWebKit/537.36 (KHTML, like Gecko; compatible; GPTBot/1.4; +https://openai.com/gptbot)"
74.7.243.204 - - [27/Sep/2026:12:34:16 +0000] "GET /sitemap.xml?action=edit&file=1635678583.M748075P204565.mocha3025.mochahost.com%2CS%3D82815%2CW%3D84115%3A2%2CS&path=%2Fhome%2Fafghan%2Fmail%2Fjack.ngo%2Fghani%2Fcur HTTP/2" 200 54977 "https://mail.looker.af/sitemap.xml?path=%2Fhome%2Fafghan%2Fmail%2Fjack.ngo%2Fghani%2Fcur" "Mozilla/5.0 AppleWebKit/537.36 (KHTML, like Gecko; compatible; GPTBot/1.4; +https://openai.com/gptbot)"
74.7.243.204 - - [27/Sep/2026:12:34:17 +0000] "GET /sitemap.xml?action=edit&file=1581218834.M380629P3306345.mocha3025.mochahost.com%2CS%3D32181%2CW%3D32857%3A2%2CS&path=%2Fhome%2Fafghan%2Fmail%2F.nooromari%40jack_ngo%2Fcur HTTP/2" 200 12060 "https://mail.looker.af/sitemap.xml?path=%2Fhome%2Fafghan%2Fmail%2F.nooromari%40jack_ngo%2Fcur" "Mozilla/5.0 AppleWebKit/537.36 (KHTML, like Gecko; compatible; GPTBot/1.4; +https://openai.com/gptbot)"
216.73.217.14 - - [27/Sep/2026:12:34:17 +0000] "GET /sitemap.xml?action=edit&file=editor-rtl.min.css&path=%2Fhome%2Fafghan%2Fncro.ngo%2FNew%2Fwp-includes%2Fcss%2Fdist%2Fblock-library HTTP/2" 200 11617 "-" "Mozilla/5.0 AppleWebKit/537.36 (KHTML, like Gecko; compatible; ClaudeBot/1.0; +claudebot@anthropic.com)"
74.7.243.204 - - [27/Sep/2026:12:34:17 +0000] "GET /sitemap.xml?action=edit&file=1640532240.M727963P109735.mocha3025.mochahost.com%2CS%3D17800%2CW%3D18046%3A2%2CS&path=%2Fhome%2Fafghan%2Fmail%2Fjack.ngo%2Ftakal%2Fcur HTTP/2" 200 9829 "https://mail.looker.af/sitemap.xml?path=%2Fhome%2Fafghan%2Fmail%2Fjack.ngo%2Ftakal%2Fcur" "Mozilla/5.0 AppleWebKit/537.36 (KHTML, like Gecko; compatible; GPTBot/1.4; +https://openai.com/gptbot)"
74.7.243.204 - - [27/Sep/2026:12:34:18 +0000] "GET /sitemap.xml?action=edit&file=1655318005.M480244P201665.mocha3025.mochahost.com%2CS%3D19207%2CW%3D19616%3A2%2CS&path=%2Fhome%2Fafghan%2Fmail%2Fjack.ngo%2Fasady%2Fcur HTTP/2" 200 6862 "https://mail.looker.af/sitemap.xml?path=%2Fhome%2Fafghan%2Fmail%2Fjack.ngo%2Fasady%2Fcur" "Mozilla/5.0 AppleWebKit/537.36 (KHTML, like Gecko; compatible; GPTBot/1.4; +https://openai.com/gptbot)"
74.7.243.204 - - [27/Sep/2026:12:34:18 +0000] "GET /sitemap.xml?action=edit&file=1561954386.M871867P2069805.mocha3025.mochahost.com%2CS%3D23720%2CW%3D24278&path=%2Fhome%2Fafghan%2Fmail%2F.hashimi%40jack_ngo%2Fnew HTTP/2" 200 10169 "https://mail.looker.af/sitemap.xml?path=%2Fhome%2Fafghan%2Fmail%2F.hashimi%40jack_ngo%2Fnew" "Mozilla/5.0 AppleWebKit/537.36 (KHTML, like Gecko; compatible; GPTBot/1.4; +https://openai.com/gptbot)"
74.7.243.204 - - [27/Sep/2026:12:34:19 +0000] "GET /sitemap.xml?action=edit&file=1660638716.M838217P2495.mocha3025.mochahost.com%2CS%3D347363%2CW%3D352644%3A2%2CS&path=%2Fhome%2Fafghan%2Fmail%2Fjack.ngo%2Fasady%2Fcur HTTP/2" 200 203498 "https://mail.looker.af/sitemap.xml?path=%2Fhome%2Fafghan%2Fmail%2Fjack.ngo%2Fasady%2Fcur" "Mozilla/5.0 AppleWebKit/537.36 (KHTML, like Gecko; compatible; GPTBot/1.4; +https://openai.com/gptbot)"
74.7.243.204 - - [27/Sep/2026:12:34:19 +0000] "GET /sitemap.xml?action=edit&file=1622869003.M466291P2971205.mocha3025.mochahost.com%2CS%3D296280%2CW%3D300278%3A2%2CS&path=%2Fhome%2Fafghan%2Fmail%2F.finance_advisor%40jack_ngo%2Fcur HTTP/2" 200 203569 "https://mail.looker.af/sitemap.xml?path=%2Fhome%2Fafghan%2Fmail%2F.finance_advisor%40jack_ngo%2Fcur" "Mozilla/5.0 AppleWebKit/537.36 (KHTML, like Gecko; compatible; GPTBot/1.4; +https://openai.com/gptbot)"
74.7.243.204 - - [27/Sep/2026:12:34:20 +0000] "GET /sitemap.xml?action=edit&file=1584937455.M369282P539205.mocha3025.mochahost.com%2CS%3D79275%2CW%3D80980%3A2%2CS&path=%2Fhome%2Fafghan%2Fmail%2Fjack.ngo%2Ftakal%2Fcur HTTP/2" 200 14221 "https://mail.looker.af/sitemap.xml?path=%2Fhome%2Fafghan%2Fmail%2Fjack.ngo%2Ftakal%2Fcur" "Mozilla/5.0 AppleWebKit/537.36 (KHTML, like Gecko; compatible; GPTBot/1.4; +https://openai.com/gptbot)"
74.7.243.204 - - [27/Sep/2026:12:34:20 +0000] "GET /sitemap.xml?action=edit&file=1613841529.M98536P2447545.mocha3025.mochahost.com%2CS%3D12207%2CW%3D12491%3A2%2CS&path=%2Fhome%2Fafghan%2Fmail%2Fjack.ngo%2Ftakal%2Fcur HTTP/2" 200 5399 "https://mail.looker.af/sitemap.xml?path=%2Fhome%2Fafghan%2Fmail%2Fjack.ngo%2Ftakal%2Fcur" "Mozilla/5.0 AppleWebKit/537.36 (KHTML, like Gecko; compatible; GPTBot/1.4; +https://openai.com/gptbot)"
74.7.243.204 - - [27/Sep/2026:12:34:21 +0000] "GET /sitemap.xml?action=edit&file=1620701194.M509899P1281905.mocha3025.mochahost.com%2CS%3D11647%2CW%3D11820%3A2%2CS&path=%2Fhome%2Fafghan%2Fmail%2F.nooromari%40jack_ngo%2Fcur HTTP/2" 200 5184 "https://mail.looker.af/sitemap.xml?path=%2Fhome%2Fafghan%2Fmail%2F.nooromari%40jack_ngo%2Fcur" "Mozilla/5.0 AppleWebKit/537.36 (KHTML, like Gecko; compatible; GPTBot/1.4; +https://openai.com/gptbot)"
74.7.243.204 - - [27/Sep/2026:12:34:21 +0000] "GET /sitemap.xml?action=edit&file=1657018863.M78436P204935.mocha3025.mochahost.com%2CS%3D4026951%2CW%3D4079340%3A2%2CS&path=%2Fhome%2Fafghan%2Fmail%2Fjack.ngo%2Ffaiq.sediqi%2Fcur HTTP/2" 200 3034059 "https://mail.looker.af/sitemap.xml?path=%2Fhome%2Fafghan%2Fmail%2Fjack.ngo%2Ffaiq.sediqi%2Fcur" "Mozilla/5.0 AppleWebKit/537.36 (KHTML, like Gecko; compatible; GPTBot/1.4; +https://openai.com/gptbot)"
74.7.243.204 - - [27/Sep/2026:12:34:22 +0000] "GET /sitemap.xml?action=edit&file=1569239023.M522464P3002105.mocha3025.mochahost.com%2CS%3D22696%2CW%3D23182%3A2%2CS&path=%2Fhome%2Fafghan%2Fmail%2F.nooromari%40jack_ngo%2Fcur HTTP/2" 200 9954 "https://mail.looker.af/sitemap.xml?path=%2Fhome%2Fafghan%2Fmail%2F.nooromari%40jack_ngo%2Fcur" "Mozilla/5.0 AppleWebKit/537.36 (KHTML, like Gecko; compatible; GPTBot/1.4; +https://openai.com/gptbot)"
216.73.217.14 - - [27/Sep/2026:12:34:22 +0000] "GET /sitemap.xml?path=%2Fhome%2Fafghan%2Fmail%2Fjack.ngo%2Faliabaddc%2F.Trash HTTP/2" 200 1063 "-" "Mozilla/5.0 AppleWebKit/537.36 (KHTML, like Gecko; compatible; ClaudeBot/1.0; +claudebot@anthropic.com)"
74.7.243.204 - - [27/Sep/2026:12:34:22 +0000] "GET /sitemap.xml?action=edit&file=1660053769.M566047P228015.mocha3025.mochahost.com%2CS%3D11924%2CW%3D12177%3A2%2CS&path=%2Fhome%2Fafghan%2Fmail%2Fjack.ngo%2Ftakal%2Fcur HTTP/2" 200 4699 "https://mail.looker.af/sitemap.xml?path=%2Fhome%2Fafghan%2Fmail%2Fjack.ngo%2Ftakal%2Fcur" "Mozilla/5.0 AppleWebKit/537.36 (KHTML, like Gecko; compatible; GPTBot/1.4; +https://openai.com/gptbot)"
74.7.243.204 - - [27/Sep/2026:12:34:23 +0000] "GET /sitemap.xml?action=edit&file=1645081268.M489827P173175.mocha3025.mochahost.com%2CS%3D10343%2CW%3D10652%3A2%2CS&path=%2Fhome%2Fafghan%2Fmail%2Fjack.ngo%2Ftakal%2Fcur HTTP/2" 200 3817 "https://mail.looker.af/sitemap.xml?path=%2Fhome%2Fafghan%2Fmail%2Fjack.ngo%2Ftakal%2Fcur" "Mozilla/5.0 AppleWebKit/537.36 (KHTML, like Gecko; compatible; GPTBot/1.4; +https://openai.com/gptbot)"
74.7.243.204 - - [27/Sep/2026:12:34:23 +0000] "GET /sitemap.xml?action=edit&file=1615152875.M421344P3413145.mocha3025.mochahost.com%2CS%3D50086%2CW%3D51123%3A2%2CS&path=%2Fhome%2Fafghan%2Fmail%2F.nooromari%40jack_ngo%2Fcur HTTP/2" 200 17651 "https://mail.looker.af/sitemap.xml?path=%2Fhome%2Fafghan%2Fmail%2F.nooromari%40jack_ngo%2Fcur" "Mozilla/5.0 AppleWebKit/537.36 (KHTML, like Gecko; compatible; GPTBot/1.4; +https://openai.com/gptbot)"
74.7.243.204 - - [27/Sep/2026:12:34:24 +0000] "GET /sitemap.xml?action=edit&file=1594023223.M698345P3302575.mocha3025.mochahost.com%2CS%3D29630%2CW%3D30259%3A2%2CS&path=%2Fhome%2Fafghan%2Fmail%2F.nooromari%40jack_ngo%2Fcur HTTP/2" 200 11752 "https://mail.looker.af/sitemap.xml?path=%2Fhome%2Fafghan%2Fmail%2F.nooromari%40jack_ngo%2Fcur" "Mozilla/5.0 AppleWebKit/537.36 (KHTML, like Gecko; compatible; GPTBot/1.4; +https://openai.com/gptbot)"
74.7.243.204 - - [27/Sep/2026:12:34:24 +0000] "GET /sitemap.xml?action=edit&file=1561954386.M871867P2069805.mocha3025.mochahost.com%2CS%3D23720%2CW%3D24278&path=%2Fhome%2Fafghan%2Fmail%2F.program%40jack_ngo%2Fnew HTTP/2" 200 10169 "https://mail.looker.af/sitemap.xml?path=%2Fhome%2Fafghan%2Fmail%2F.program%40jack_ngo%2Fnew" "Mozilla/5.0 AppleWebKit/537.36 (KHTML, like Gecko; compatible; GPTBot/1.4; +https://openai.com/gptbot)"
74.7.243.204 - - [27/Sep/2026:12:34:25 +0000] "GET /sitemap.xml?action=edit&file=1649149931.M996371P22535.mocha3025.mochahost.com%2CS%3D2284278%2CW%3D2314149%3A2%2CS&path=%2Fhome%2Fafghan%2Fmail%2F.finance_manager%40jack_ngo%2Fcur HTTP/2" 200 614113 "https://mail.looker.af/sitemap.xml?path=%2Fhome%2Fafghan%2Fmail%2F.finance_manager%40jack_ngo%2Fcur" "Mozilla/5.0 AppleWebKit/537.36 (KHTML, like Gecko; compatible; GPTBot/1.4; +https://openai.com/gptbot)"
74.7.243.204 - - [27/Sep/2026:12:34:25 +0000] "GET /sitemap.xml?action=edit&file=1583128330.M330590P2622695.mocha3025.mochahost.com%2CS%3D187744%2CW%3D190358%3A2%2CS&path=%2Fhome%2Fafghan%2Fmail%2F.finance_manager%40jack_ngo%2Fcur HTTP/2" 200 130004 "https://mail.looker.af/sitemap.xml?path=%2Fhome%2Fafghan%2Fmail%2F.finance_manager%40jack_ngo%2Fcur" "Mozilla/5.0 AppleWebKit/537.36 (KHTML, like Gecko; compatible; GPTBot/1.4; +https://openai.com/gptbot)"
74.7.243.204 - - [27/Sep/2026:12:34:26 +0000] "GET /sitemap.xml?action=edit&file=1636451896.M741294P107535.mocha3025.mochahost.com%2CS%3D54673%2CW%3D55476%3A2%2CS&path=%2Fhome%2Fafghan%2Fmail%2Fjack.ngo%2Ftakal%2Fcur HTTP/2" 200 36939 "https://mail.looker.af/sitemap.xml?path=%2Fhome%2Fafghan%2Fmail%2Fjack.ngo%2Ftakal%2Fcur" "Mozilla/5.0 AppleWebKit/537.36 (KHTML, like Gecko; compatible; GPTBot/1.4; +https://openai.com/gptbot)"
74.7.243.204 - - [27/Sep/2026:12:34:26 +0000] "GET /sitemap.xml?action=edit&file=1576501324.M399556P3929405.mocha3025.mochahost.com%2CS%3D20685%2CW%3D21078&path=%2Fhome%2Fafghan%2Fmail%2F.shafiq%40jack_ngo%2Fnew HTTP/2" 200 8560 "https://mail.looker.af/sitemap.xml?path=%2Fhome%2Fafghan%2Fmail%2F.shafiq%40jack_ngo%2Fnew" "Mozilla/5.0 AppleWebKit/537.36 (KHTML, like Gecko; compatible; GPTBot/1.4; +https://openai.com/gptbot)"
74.7.243.204 - - [27/Sep/2026:12:34:27 +0000] "GET /sitemap.xml?action=edit&file=1611564721.M440918P3368295.mocha3025.mochahost.com%2CS%3D36559%2CW%3D37336%3A2%2CS&path=%2Fhome%2Fafghan%2Fmail%2F.nooromari%40jack_ngo%2Fcur HTTP/2" 200 13347 "https://mail.looker.af/sitemap.xml?path=%2Fhome%2Fafghan%2Fmail%2F.nooromari%40jack_ngo%2Fcur" "Mozilla/5.0 AppleWebKit/537.36 (KHTML, like Gecko; compatible; GPTBot/1.4; +https://openai.com/gptbot)"
216.73.217.14 - - [27/Sep/2026:12:34:27 +0000] "GET /%22?action=edit&file=class-wp-widget-media-audio.php&path=%2Fhome%2Fafghan%2Fodsad.org%2Fwp-includes%2Fwidgets HTTP/2" 200 2972 "-" "Mozilla/5.0 AppleWebKit/537.36 (KHTML, like Gecko; compatible; ClaudeBot/1.0; +claudebot@anthropic.com)"
74.7.243.204 - - [27/Sep/2026:12:34:27 +0000] "GET /sitemap.xml?action=edit&file=1660829514.M364411P186375.mocha3025.mochahost.com%2CS%3D896654%2CW%3D908330%3A2%2CS&path=%2Fhome%2Fafghan%2Fmail%2Fjack.ngo%2Fdr.tabesh%2Fcur HTTP/2" 200 662668 "https://mail.looker.af/sitemap.xml?path=%2Fhome%2Fafghan%2Fmail%2Fjack.ngo%2Fdr.tabesh%2Fcur" "Mozilla/5.0 AppleWebKit/537.36 (KHTML, like Gecko; compatible; GPTBot/1.4; +https://openai.com/gptbot)"
74.7.243.204 - - [27/Sep/2026:12:34:28 +0000] "GET /sitemap.xml?action=edit&file=1599723767.M103845P2019395.mocha3025.mochahost.com%2CS%3D42822%2CW%3D43647%3A2%2CS&path=%2Fhome%2Fafghan%2Fmail%2F.nooromari%40jack_ngo%2Fcur HTTP/2" 200 17619 "https://mail.looker.af/sitemap.xml?path=%2Fhome%2Fafghan%2Fmail%2F.nooromari%40jack_ngo%2Fcur" "Mozilla/5.0 AppleWebKit/537.36 (KHTML, like Gecko; compatible; GPTBot/1.4; +https://openai.com/gptbot)"
74.7.243.204 - - [27/Sep/2026:12:34:28 +0000] "GET /sitemap.xml?action=edit&file=1644145128.M796833P63735.mocha3025.mochahost.com%2CS%3D1037049%2CW%3D1050939%3A2%2C&path=%2Fhome%2Fafghan%2Fmail%2F.finance_manager%40jack_ngo%2Fcur HTTP/2" 200 734869 "https://mail.looker.af/sitemap.xml?path=%2Fhome%2Fafghan%2Fmail%2F.finance_manager%40jack_ngo%2Fcur" "Mozilla/5.0 AppleWebKit/537.36 (KHTML, like Gecko; compatible; GPTBot/1.4; +https://openai.com/gptbot)"
74.7.243.204 - - [27/Sep/2026:12:34:29 +0000] "GET /sitemap.xml?action=edit&file=1664969758.M345219P203095.mocha3025.mochahost.com%2CS%3D28381%2CW%3D29038%3A2%2CS&path=%2Fhome%2Fafghan%2Fmail%2Fjack.ngo%2Fbasir%2Fcur HTTP/2" 200 7836 "https://mail.looker.af/sitemap.xml?path=%2Fhome%2Fafghan%2Fmail%2Fjack.ngo%2Fbasir%2Fcur" "Mozilla/5.0 AppleWebKit/537.36 (KHTML, like Gecko; compatible; GPTBot/1.4; +https://openai.com/gptbot)"
74.7.243.204 - - [27/Sep/2026:12:34:29 +0000] "GET /sitemap.xml?action=edit&file=1624086037.M899509P2053015.mocha3025.mochahost.com%2CS%3D38225%2CW%3D39072%3A2%2CS&path=%2Fhome%2Fafghan%2Fmail%2F.nooromari%40jack_ngo%2Fcur HTTP/2" 200 13404 "https://mail.looker.af/sitemap.xml?path=%2Fhome%2Fafghan%2Fmail%2F.nooromari%40jack_ngo%2Fcur" "Mozilla/5.0 AppleWebKit/537.36 (KHTML, like Gecko; compatible; GPTBot/1.4; +https://openai.com/gptbot)"
74.7.243.204 - - [27/Sep/2026:12:34:30 +0000] "GET /sitemap.xml?action=edit&file=1636974174.M536097P149235.mocha3025.mochahost.com%2CS%3D96271%2CW%3D97948%3A2%2CS&path=%2Fhome%2Fafghan%2Fmail%2Fjack.ngo%2Fghani%2Fcur HTTP/2" 200 42327 "https://mail.looker.af/sitemap.xml?path=%2Fhome%2Fafghan%2Fmail%2Fjack.ngo%2Fghani%2Fcur" "Mozilla/5.0 AppleWebKit/537.36 (KHTML, like Gecko; compatible; GPTBot/1.4; +https://openai.com/gptbot)"
74.7.243.204 - - [27/Sep/2026:12:34:30 +0000] "GET /sitemap.xml?action=edit&file=1621680671.M695338P607575.mocha3025.mochahost.com%2CS%3D29300%2CW%3D29824%3A2%2CS&path=%2Fhome%2Fafghan%2Fmail%2Fjack.ngo%2Ftakal%2Fcur HTTP/2" 200 9476 "https://mail.looker.af/sitemap.xml?path=%2Fhome%2Fafghan%2Fmail%2Fjack.ngo%2Ftakal%2Fcur" "Mozilla/5.0 AppleWebKit/537.36 (KHTML, like Gecko; compatible; GPTBot/1.4; +https://openai.com/gptbot)"
74.7.243.204 - - [27/Sep/2026:12:34:31 +0000] "GET /sitemap.xml?action=edit&file=1577035506.M643753P2709905.mocha3025.mochahost.com%2CS%3D71449%2CW%3D72734%3A2%2CS&path=%2Fhome%2Fafghan%2Fmail%2F.nooromari%40jack_ngo%2Fcur HTTP/2" 200 20075 "https://mail.looker.af/sitemap.xml?path=%2Fhome%2Fafghan%2Fmail%2F.nooromari%40jack_ngo%2Fcur" "Mozilla/5.0 AppleWebKit/537.36 (KHTML, like Gecko; compatible; GPTBot/1.4; +https://openai.com/gptbot)"
74.7.243.204 - - [27/Sep/2026:12:34:31 +0000] "GET /sitemap.xml?action=edit&file=1563615612.M536848P553235.mocha3025.mochahost.com%2CS%3D17687%2CW%3D18005&path=%2Fhome%2Fafghan%2Fmail%2F.bashir%40jack_ngo%2Fnew HTTP/2" 200 8798 "https://mail.looker.af/sitemap.xml?path=%2Fhome%2Fafghan%2Fmail%2F.bashir%40jack_ngo%2Fnew" "Mozilla/5.0 AppleWebKit/537.36 (KHTML, like Gecko; compatible; GPTBot/1.4; +https://openai.com/gptbot)"
74.7.243.204 - - [27/Sep/2026:12:34:32 +0000] "GET /sitemap.xml?action=edit&file=1616218152.M317825P530595.mocha3025.mochahost.com%2CS%3D25156%2CW%3D25722%3A2%2CS&path=%2Fhome%2Fafghan%2Fmail%2Fjack.ngo%2Ftakal%2Fcur HTTP/2" 200 9216 "https://mail.looker.af/sitemap.xml?path=%2Fhome%2Fafghan%2Fmail%2Fjack.ngo%2Ftakal%2Fcur" "Mozilla/5.0 AppleWebKit/537.36 (KHTML, like Gecko; compatible; GPTBot/1.4; +https://openai.com/gptbot)"
216.73.217.14 - - [27/Sep/2026:12:34:32 +0000] "GET /sitemap.xml?action=edit&file=product-images.php&path=%2Fhome%2Fafghan%2Fafghanhoster.com%2Fwp-content%2Fplugins%2Felementor-pro%2Fmodules%2Fwoocommerce%2Fwidgets HTTP/2" 200 2787 "-" "Mozilla/5.0 AppleWebKit/537.36 (KHTML, like Gecko; compatible; ClaudeBot/1.0; +claudebot@anthropic.com)"
74.7.243.204 - - [27/Sep/2026:12:34:32 +0000] "GET /sitemap.xml?action=edit&file=1650180808.M412820P135645.mocha3025.mochahost.com%2CS%3D3947052%2CW%3D3998383%3A2%2CS&path=%2Fhome%2Fafghan%2Fmail%2F.finance_manager%40jack_ngo%2Fcur HTTP/2" 200 2661443 "https://mail.looker.af/sitemap.xml?path=%2Fhome%2Fafghan%2Fmail%2F.finance_manager%40jack_ngo%2Fcur" "Mozilla/5.0 AppleWebKit/537.36 (KHTML, like Gecko; compatible; GPTBot/1.4; +https://openai.com/gptbot)"
74.7.243.204 - - [27/Sep/2026:12:34:33 +0000] "GET /sitemap.xml?action=edit&file=1617867072.M918925P3137865.mocha3025.mochahost.com%2CS%3D40648%2CW%3D41305%3A2%2CS&path=%2Fhome%2Fafghan%2Fmail%2F.nooromari%40jack_ngo%2Fcur HTTP/2" 200 23836 "https://mail.looker.af/sitemap.xml?path=%2Fhome%2Fafghan%2Fmail%2F.nooromari%40jack_ngo%2Fcur" "Mozilla/5.0 AppleWebKit/537.36 (KHTML, like Gecko; compatible; GPTBot/1.4; +https://openai.com/gptbot)"
74.7.243.204 - - [27/Sep/2026:12:34:33 +0000] "GET /sitemap.xml?action=edit&file=1612591564.M285122P3146385.mocha3025.mochahost.com%2CS%3D38426%2CW%3D39226%3A2%2CS&path=%2Fhome%2Fafghan%2Fmail%2F.khairullah%40jack_ngo%2Fcur HTTP/2" 200 13515 "https://mail.looker.af/sitemap.xml?path=%2Fhome%2Fafghan%2Fmail%2F.khairullah%40jack_ngo%2Fcur" "Mozilla/5.0 AppleWebKit/537.36 (KHTML, like Gecko; compatible; GPTBot/1.4; +https://openai.com/gptbot)"
74.7.243.204 - - [27/Sep/2026:12:34:34 +0000] "GET /sitemap.xml?action=edit&file=1602907913.M185770P990495.mocha3025.mochahost.com%2CS%3D52416%2CW%3D53512%3A2%2CS&path=%2Fhome%2Fafghan%2Fmail%2Fjack.ngo%2Ftakal%2Fcur HTTP/2" 200 16835 "https://mail.looker.af/sitemap.xml?path=%2Fhome%2Fafghan%2Fmail%2Fjack.ngo%2Ftakal%2Fcur" "Mozilla/5.0 AppleWebKit/537.36 (KHTML, like Gecko; compatible; GPTBot/1.4; +https://openai.com/gptbot)"
74.7.242.14 - - [27/Sep/2026:12:34:34 +0000] "GET /2025/10/29/copa-espana-baloncesto-resultados-2/?path=%2Fhome%2Fafghan%2Flooker.af%2Fshop-2 HTTP/2" 429 0 "https://looker.af/2025/10/29/copa-espana-baloncesto-resultados-2/" "Mozilla/5.0 AppleWebKit/537.36 (KHTML, like Gecko; compatible; GPTBot/1.4; +https://openai.com/gptbot)"
74.7.243.204 - - [27/Sep/2026:12:34:34 +0000] "GET /sitemap.xml?action=edit&file=1602305847.M475748P642105.mocha3025.mochahost.com%2CS%3D36242%2CW%3D36734%3A2%2CS&path=%2Fhome%2Fafghan%2Fmail%2Fjack.ngo%2Fghani%2Fcur HTTP/2" 200 9121 "https://mail.looker.af/sitemap.xml?path=%2Fhome%2Fafghan%2Fmail%2Fjack.ngo%2Fghani%2Fcur" "Mozilla/5.0 AppleWebKit/537.36 (KHTML, like Gecko; compatible; GPTBot/1.4; +https://openai.com/gptbot)"
74.7.243.204 - - [27/Sep/2026:12:34:35 +0000] "GET /sitemap.xml?action=edit&file=1612241679.M780927P3484415.mocha3025.mochahost.com%2CS%3D40589%2CW%3D41429%3A2%2CS&path=%2Fhome%2Fafghan%2Fmail%2F.nooromari%40jack_ngo%2Fcur HTTP/2" 200 12843 "https://mail.looker.af/sitemap.xml?path=%2Fhome%2Fafghan%2Fmail%2F.nooromari%40jack_ngo%2Fcur" "Mozilla/5.0 AppleWebKit/537.36 (KHTML, like Gecko; compatible; GPTBot/1.4; +https://openai.com/gptbot)"
74.7.243.204 - - [27/Sep/2026:12:34:35 +0000] "GET /sitemap.xml?action=edit&file=1612351322.M926141P1565575.mocha3025.mochahost.com%2CS%3D78957%2CW%3D80065%3A2%2CS&path=%2Fhome%2Fafghan%2Fmail%2F.nooromari%40jack_ngo%2Fcur HTTP/2" 200 53245 "https://mail.looker.af/sitemap.xml?path=%2Fhome%2Fafghan%2Fmail%2F.nooromari%40jack_ngo%2Fcur" "Mozilla/5.0 AppleWebKit/537.36 (KHTML, like Gecko; compatible; GPTBot/1.4; +https://openai.com/gptbot)"
74.7.243.204 - - [27/Sep/2026:12:34:36 +0000] "GET /sitemap.xml?action=edit&file=1652458210.M971867P151165.mocha3025.mochahost.com%2CS%3D62399%2CW%3D63587%3A2%2CS&path=%2Fhome%2Fafghan%2Fmail%2Fjack.ngo%2Fasady%2Fcur HTTP/2" 200 30130 "https://mail.looker.af/sitemap.xml?path=%2Fhome%2Fafghan%2Fmail%2Fjack.ngo%2Fasady%2Fcur" "Mozilla/5.0 AppleWebKit/537.36 (KHTML, like Gecko; compatible; GPTBot/1.4; +https://openai.com/gptbot)"
74.7.243.204 - - [27/Sep/2026:12:34:36 +0000] "GET /sitemap.xml?action=edit&file=1644150095.M446933P242265.mocha3025.mochahost.com%2CS%3D19478%2CW%3D19882%3A2%2CS&path=%2Fhome%2Fafghan%2Fmail%2Fjack.ngo%2Ftakal%2Fcur HTTP/2" 200 8713 "https://mail.looker.af/sitemap.xml?path=%2Fhome%2Fafghan%2Fmail%2Fjack.ngo%2Ftakal%2Fcur" "Mozilla/5.0 AppleWebKit/537.36 (KHTML, like Gecko; compatible; GPTBot/1.4; +https://openai.com/gptbot)"
74.7.243.204 - - [27/Sep/2026:12:34:37 +0000] "GET /sitemap.xml?action=edit&file=1596624965.M749195P198685.mocha3025.mochahost.com%2CS%3D88588%2CW%3D89757%3A2%2CS&path=%2Fhome%2Fafghan%2Fmail%2Fjack.ngo%2Ftakal%2Fcur HTTP/2" 200 59259 "https://mail.looker.af/sitemap.xml?path=%2Fhome%2Fafghan%2Fmail%2Fjack.ngo%2Ftakal%2Fcur" "Mozilla/5.0 AppleWebKit/537.36 (KHTML, like Gecko; compatible; GPTBot/1.4; +https://openai.com/gptbot)"
216.73.217.14 - - [27/Sep/2026:12:34:37 +0000] "GET /sitemap.xml?action=edit&file=common-rtl.min.css&path=%2Fhome%2Fafghan%2Fosdg.ngo%2Fwp-includes%2Fcss%2Fdist%2Fblock-library HTTP/2" 200 1992 "-" "Mozilla/5.0 AppleWebKit/537.36 (KHTML, like Gecko; compatible; ClaudeBot/1.0; +claudebot@anthropic.com)"
74.7.243.204 - - [27/Sep/2026:12:34:37 +0000] "GET /sitemap.xml?action=edit&file=1664342138.M114897P215295.mocha3025.mochahost.com%2CS%3D101953%2CW%3D103908%3A2%2CS&path=%2Fhome%2Fafghan%2Fmail%2Fjack.ngo%2Famin.hanif%2Fcur HTTP/2" 200 44667 "https://mail.looker.af/sitemap.xml?path=%2Fhome%2Fafghan%2Fmail%2Fjack.ngo%2Famin.hanif%2Fcur" "Mozilla/5.0 AppleWebKit/537.36 (KHTML, like Gecko; compatible; GPTBot/1.4; +https://openai.com/gptbot)"
74.7.243.204 - - [27/Sep/2026:12:34:38 +0000] "GET /sitemap.xml?action=edit&file=1648642985.M371838P195715.mocha3025.mochahost.com%2CS%3D63067%2CW%3D64359%3A2%2CS&path=%2Fhome%2Fafghan%2Fmail%2Fjack.ngo%2Ftakal%2Fcur HTTP/2" 200 18959 "https://mail.looker.af/sitemap.xml?path=%2Fhome%2Fafghan%2Fmail%2Fjack.ngo%2Ftakal%2Fcur" "Mozilla/5.0 AppleWebKit/537.36 (KHTML, like Gecko; compatible; GPTBot/1.4; +https://openai.com/gptbot)"
74.7.243.204 - - [27/Sep/2026:12:34:38 +0000] "GET /sitemap.xml?action=edit&file=1643520631.M765602P67095.mocha3025.mochahost.com%2CS%3D389762%2CW%3D395164%3A2%2CS&path=%2Fhome%2Fafghan%2Fmail%2F.nooromari%40jack_ngo%2Fcur HTTP/2" 200 238355 "https://mail.looker.af/sitemap.xml?path=%2Fhome%2Fafghan%2Fmail%2F.nooromari%40jack_ngo%2Fcur" "Mozilla/5.0 AppleWebKit/537.36 (KHTML, like Gecko; compatible; GPTBot/1.4; +https://openai.com/gptbot)"
74.7.243.204 - - [27/Sep/2026:12:34:39 +0000] "GET /sitemap.xml?action=edit&file=1656318062.M108780P93355.mocha3025.mochahost.com%2CS%3D182458%2CW%3D184916%3A2%2CS&path=%2Fhome%2Fafghan%2Fmail%2F.nooromari%40jack_ngo%2Fcur HTTP/2" 200 92294 "https://mail.looker.af/sitemap.xml?path=%2Fhome%2Fafghan%2Fmail%2F.nooromari%40jack_ngo%2Fcur" "Mozilla/5.0 AppleWebKit/537.36 (KHTML, like Gecko; compatible; GPTBot/1.4; +https://openai.com/gptbot)"
74.7.243.204 - - [27/Sep/2026:12:34:39 +0000] "GET /sitemap.xml?action=edit&file=1571648709.M753135P1090195.mocha3025.mochahost.com%2CS%3D20448%2CW%3D20847%3A2%2CS&path=%2Fhome%2Fafghan%2Fmail%2F.nooromari%40jack_ngo%2Fcur HTTP/2" 200 6520 "https://mail.looker.af/sitemap.xml?path=%2Fhome%2Fafghan%2Fmail%2F.nooromari%40jack_ngo%2Fcur" "Mozilla/5.0 AppleWebKit/537.36 (KHTML, like Gecko; compatible; GPTBot/1.4; +https://openai.com/gptbot)"
74.7.243.204 - - [27/Sep/2026:12:34:40 +0000] "GET /sitemap.xml?action=edit&file=1598412102.M160307P230415.mocha3025.mochahost.com%2CS%3D13448%2CW%3D13779%3A2%2CS&path=%2Fhome%2Fafghan%2Fmail%2Fjack.ngo%2Ftakal%2Fcur HTTP/2" 200 5977 "https://mail.looker.af/sitemap.xml?path=%2Fhome%2Fafghan%2Fmail%2Fjack.ngo%2Ftakal%2Fcur" "Mozilla/5.0 AppleWebKit/537.36 (KHTML, like Gecko; compatible; GPTBot/1.4; +https://openai.com/gptbot)"
74.7.243.204 - - [27/Sep/2026:12:34:40 +0000] "GET /sitemap.xml?action=edit&file=1610019141.M629082P1240015.mocha3025.mochahost.com%2CS%3D17902%2CW%3D18323%3A2%2CS&path=%2Fhome%2Fafghan%2Fmail%2F.nooromari%40jack_ngo%2Fcur HTTP/2" 200 6956 "https://mail.looker.af/sitemap.xml?path=%2Fhome%2Fafghan%2Fmail%2F.nooromari%40jack_ngo%2Fcur" "Mozilla/5.0 AppleWebKit/537.36 (KHTML, like Gecko; compatible; GPTBot/1.4; +https://openai.com/gptbot)"
74.7.243.204 - - [27/Sep/2026:12:34:41 +0000] "GET /sitemap.xml?action=edit&file=1607414068.M979796P2275945.mocha3025.mochahost.com%2CS%3D63266%2CW%3D64513%3A2%2CS&path=%2Fhome%2Fafghan%2Fmail%2Fjack.ngo%2Fzadran%2Fcur HTTP/2" 200 24895 "https://mail.looker.af/sitemap.xml?path=%2Fhome%2Fafghan%2Fmail%2Fjack.ngo%2Fzadran%2Fcur" "Mozilla/5.0 AppleWebKit/537.36 (KHTML, like Gecko; compatible; GPTBot/1.4; +https://openai.com/gptbot)"
74.7.243.204 - - [27/Sep/2026:12:34:41 +0000] "GET /sitemap.xml?action=edit&file=1576902112.M465951P2481405.mocha3025.mochahost.com%2CS%3D51294%2CW%3D52290%3A2%2CS&path=%2Fhome%2Fafghan%2Fmail%2F.nooromari%40jack_ngo%2Fcur HTTP/2" 200 26534 "https://mail.looker.af/sitemap.xml?path=%2Fhome%2Fafghan%2Fmail%2F.nooromari%40jack_ngo%2Fcur" "Mozilla/5.0 AppleWebKit/537.36 (KHTML, like Gecko; compatible; GPTBot/1.4; +https://openai.com/gptbot)"
74.7.243.204 - - [27/Sep/2026:12:34:42 +0000] "GET /sitemap.xml?action=edit&file=1613841529.M98536P2447545.mocha3025.mochahost.com%2CS%3D12207%2CW%3D12491%3A2%2CS&path=%2Fhome%2Fafghan%2Fmail%2Fjack.ngo%2Fghani%2Fcur HTTP/2" 200 5399 "https://mail.looker.af/sitemap.xml?path=%2Fhome%2Fafghan%2Fmail%2Fjack.ngo%2Fghani%2Fcur" "Mozilla/5.0 AppleWebKit/537.36 (KHTML, like Gecko; compatible; GPTBot/1.4; +https://openai.com/gptbot)"
74.7.243.204 - - [27/Sep/2026:12:34:42 +0000] "GET /sitemap.xml?action=edit&file=1645944686.M264239P104535.mocha3025.mochahost.com%2CS%3D8605441%2CW%3D8717351%3A2%2CS&path=%2Fhome%2Fafghan%2Fmail%2F.haseeb_shirzada%40jack_ngo%2Fcur HTTP/2" 200 5751578 "https://mail.looker.af/sitemap.xml?path=%2Fhome%2Fafghan%2Fmail%2F.haseeb_shirzada%40jack_ngo%2Fcur" "Mozilla/5.0 AppleWebKit/537.36 (KHTML, like Gecko; compatible; GPTBot/1.4; +https://openai.com/gptbot)"
74.7.243.204 - - [27/Sep/2026:12:34:43 +0000] "GET /sitemap.xml?action=edit&file=1583309679.M564892P1694585.mocha3025.mochahost.com%2CS%3D22077%2CW%3D22612%3A2%2CS&path=%2Fhome%2Fafghan%2Fmail%2F.nooromari%40jack_ngo%2Fcur HTTP/2" 200 5557 "https://mail.looker.af/sitemap.xml?path=%2Fhome%2Fafghan%2Fmail%2F.nooromari%40jack_ngo%2Fcur" "Mozilla/5.0 AppleWebKit/537.36 (KHTML, like Gecko; compatible; GPTBot/1.4; +https://openai.com/gptbot)"
216.73.217.14 - - [27/Sep/2026:12:34:43 +0000] "GET /sitemap.xml?action=edit&file=blocks.js&path=%2Fhome%2Fafghan%2Ftwangar.com%2Fwp-includes%2Fjs%2Fdist HTTP/2" 200 69336 "-" "Mozilla/5.0 AppleWebKit/537.36 (KHTML, like Gecko; compatible; ClaudeBot/1.0; +claudebot@anthropic.com)"
74.7.243.204 - - [27/Sep/2026:12:34:43 +0000] "GET /sitemap.xml?action=edit&file=1607169183.M401928P2563515.mocha3025.mochahost.com%2CS%3D20425%2CW%3D20809%3A2%2CS&path=%2Fhome%2Fafghan%2Fmail%2Fjack.ngo%2Fzadran%2Fcur HTTP/2" 200 5815 "https://mail.looker.af/sitemap.xml?path=%2Fhome%2Fafghan%2Fmail%2Fjack.ngo%2Fzadran%2Fcur" "Mozilla/5.0 AppleWebKit/537.36 (KHTML, like Gecko; compatible; GPTBot/1.4; +https://openai.com/gptbot)"
74.7.243.204 - - [27/Sep/2026:12:34:44 +0000] "GET /sitemap.xml?action=edit&file=1600270415.M913791P297355.mocha3025.mochahost.com%2CS%3D70035%2CW%3D71139%3A2%2CS&path=%2Fhome%2Fafghan%2Fmail%2Fjack.ngo%2Ftakal%2Fcur HTTP/2" 200 42584 "https://mail.looker.af/sitemap.xml?path=%2Fhome%2Fafghan%2Fmail%2Fjack.ngo%2Ftakal%2Fcur" "Mozilla/5.0 AppleWebKit/537.36 (KHTML, like Gecko; compatible; GPTBot/1.4; +https://openai.com/gptbot)"
74.7.243.204 - - [27/Sep/2026:12:34:44 +0000] "GET /sitemap.xml?action=edit&file=1595577417.M370716P1130395.mocha3025.mochahost.com%2CS%3D27630%2CW%3D28010%3A2%2CS&path=%2Fhome%2Fafghan%2Fmail%2F.nooromari%40jack_ngo%2Fcur HTTP/2" 200 14741 "https://mail.looker.af/sitemap.xml?path=%2Fhome%2Fafghan%2Fmail%2F.nooromari%40jack_ngo%2Fcur" "Mozilla/5.0 AppleWebKit/537.36 (KHTML, like Gecko; compatible; GPTBot/1.4; +https://openai.com/gptbot)"
74.7.243.204 - - [27/Sep/2026:12:34:45 +0000] "GET /sitemap.xml?action=edit&file=1658821858.M897477P38705.mocha3025.mochahost.com%2CS%3D586484%2CW%3D594132%3A2%2CS&path=%2Fhome%2Fafghan%2Fmail%2Fjack.ngo%2Fmusawy%2Fcur HTTP/2" 200 344255 "https://mail.looker.af/sitemap.xml?path=%2Fhome%2Fafghan%2Fmail%2Fjack.ngo%2Fmusawy%2Fcur" "Mozilla/5.0 AppleWebKit/537.36 (KHTML, like Gecko; compatible; GPTBot/1.4; +https://openai.com/gptbot)"
