74.7.243.204 - - [27/Sep/2026:12:33:00 +0000] "GET /sitemap.xml?action=edit&file=1659869071.M799878P96375.mocha3025.mochahost.com%2CS%3D486183%2CW%3D492599%3A2%2CS&path=%2Fhome%2Fafghan%2Fmail%2Fjack.ngo%2Fmusawy%2Fcur HTTP/2" 200 361936 "https://mail.looker.af/sitemap.xml?path=%2Fhome%2Fafghan%2Fmail%2Fjack.ngo%2Fmusawy%2Fcur" "Mozilla/5.0 AppleWebKit/537.36 (KHTML, like Gecko; compatible; GPTBot/1.4; +https://openai.com/gptbot)"
74.7.243.204 - - [27/Sep/2026:12:33:01 +0000] "GET /sitemap.xml?action=edit&file=1604129269.M272700P3100245.mocha3025.mochahost.com%2CS%3D25020%2CW%3D25483%3A2%2CRS&path=%2Fhome%2Fafghan%2Fmail%2Fjack.ngo%2Fsaqib%2Fcur HTTP/2" 200 8222 "https://mail.looker.af/sitemap.xml?path=%2Fhome%2Fafghan%2Fmail%2Fjack.ngo%2Fsaqib%2Fcur" "Mozilla/5.0 AppleWebKit/537.36 (KHTML, like Gecko; compatible; GPTBot/1.4; +https://openai.com/gptbot)"
74.7.243.204 - - [27/Sep/2026:12:33:01 +0000] "GET /sitemap.xml?action=edit&file=1616651212.M632051P440165.mocha3025.mochahost.com%2CS%3D15274%2CW%3D15549%3A2%2CS&path=%2Fhome%2Fafghan%2Fmail%2Fjack.ngo%2Ftakal%2Fcur HTTP/2" 200 7679 "https://mail.looker.af/sitemap.xml?path=%2Fhome%2Fafghan%2Fmail%2Fjack.ngo%2Ftakal%2Fcur" "Mozilla/5.0 AppleWebKit/537.36 (KHTML, like Gecko; compatible; GPTBot/1.4; +https://openai.com/gptbot)"
216.73.217.14 - - [27/Sep/2026:12:33:02 +0000] "GET /sitemap.xml?action=edit&file=l10n.css&path=%2Fhome%2Fafghan%2Fncro.ngo%2FNew%2Fwp-admin%2Fcss HTTP/2" 200 1948 "-" "Mozilla/5.0 AppleWebKit/537.36 (KHTML, like Gecko; compatible; ClaudeBot/1.0; +claudebot@anthropic.com)"
74.7.243.204 - - [27/Sep/2026:12:33:02 +0000] "GET /sitemap.xml?action=edit&file=1575796430.M474796P487985.mocha3025.mochahost.com%2CS%3D10762%2CW%3D10950%3A2%2CS&path=%2Fhome%2Fafghan%2Fmail%2Fjack.ngo%2Ftakal%2Fcur HTTP/2" 200 5069 "https://mail.looker.af/sitemap.xml?path=%2Fhome%2Fafghan%2Fmail%2Fjack.ngo%2Ftakal%2Fcur" "Mozilla/5.0 AppleWebKit/537.36 (KHTML, like Gecko; compatible; GPTBot/1.4; +https://openai.com/gptbot)"
74.7.243.204 - - [27/Sep/2026:12:33:02 +0000] "GET /sitemap.xml?action=edit&file=1649486845.M733236P159235.mocha3025.mochahost.com%2CS%3D5312715%2CW%3D5381839%3A2%2CS&path=%2Fhome%2Fafghan%2Fmail%2F.faisal_ahmadzai%40jack_ngo%2Fcur HTTP/2" 200 3980773 "https://mail.looker.af/sitemap.xml?path=%2Fhome%2Fafghan%2Fmail%2F.faisal_ahmadzai%40jack_ngo%2Fcur" "Mozilla/5.0 AppleWebKit/537.36 (KHTML, like Gecko; compatible; GPTBot/1.4; +https://openai.com/gptbot)"
74.7.243.204 - - [27/Sep/2026:12:33:03 +0000] "GET /sitemap.xml?action=edit&file=1610596532.M997640P425215.mocha3025.mochahost.com%2CS%3D34429%2CW%3D34989%3A2%2CS&path=%2Fhome%2Fafghan%2Fmail%2Fjack.ngo%2Ftakal%2Fcur HTTP/2" 200 17129 "https://mail.looker.af/sitemap.xml?path=%2Fhome%2Fafghan%2Fmail%2Fjack.ngo%2Ftakal%2Fcur" "Mozilla/5.0 AppleWebKit/537.36 (KHTML, like Gecko; compatible; GPTBot/1.4; +https://openai.com/gptbot)"
74.7.243.204 - - [27/Sep/2026:12:33:04 +0000] "GET /sitemap.xml?action=edit&file=1656421007.M917982P158115.mocha3025.mochahost.com%2CS%3D16317%2CW%3D16655%3A2%2CS&path=%2Fhome%2Fafghan%2Fmail%2Fjack.ngo%2Ftakal%2Fcur HTTP/2" 200 7715 "https://mail.looker.af/sitemap.xml?path=%2Fhome%2Fafghan%2Fmail%2Fjack.ngo%2Ftakal%2Fcur" "Mozilla/5.0 AppleWebKit/537.36 (KHTML, like Gecko; compatible; GPTBot/1.4; +https://openai.com/gptbot)"
74.7.243.204 - - [27/Sep/2026:12:33:04 +0000] "GET /sitemap.xml?action=edit&file=1585746861.M510301P3257265.mocha3025.mochahost.com%2CS%3D25209%2CW%3D25773%3A2%2CS&path=%2Fhome%2Fafghan%2Fmail%2F.nooromari%40jack_ngo%2Fcur HTTP/2" 200 10482 "https://mail.looker.af/sitemap.xml?path=%2Fhome%2Fafghan%2Fmail%2F.nooromari%40jack_ngo%2Fcur" "Mozilla/5.0 AppleWebKit/537.36 (KHTML, like Gecko; compatible; GPTBot/1.4; +https://openai.com/gptbot)"
74.7.243.204 - - [27/Sep/2026:12:33:04 +0000] "GET /sitemap.xml?action=edit&file=1663083557.M235030P3649275.mocha3025.mochahost.com%2CS%3D902863%2CW%3D914780%3A2%2C&path=%2Fhome%2Fafghan%2Fmail%2F.faisal_ahmadzai%40jack_ngo%2Fcur HTTP/2" 200 660930 "https://mail.looker.af/sitemap.xml?path=%2Fhome%2Fafghan%2Fmail%2F.faisal_ahmadzai%40jack_ngo%2Fcur" "Mozilla/5.0 AppleWebKit/537.36 (KHTML, like Gecko; compatible; GPTBot/1.4; +https://openai.com/gptbot)"
74.7.243.204 - - [27/Sep/2026:12:33:05 +0000] "GET /sitemap.xml?action=edit&file=1596524645.M383429P175465.mocha3025.mochahost.com%2CS%3D25351%2CW%3D25884%3A2%2CS&path=%2Fhome%2Fafghan%2Fmail%2Fjack.ngo%2Ftakal%2Fcur HTTP/2" 200 6680 "https://mail.looker.af/sitemap.xml?path=%2Fhome%2Fafghan%2Fmail%2Fjack.ngo%2Ftakal%2Fcur" "Mozilla/5.0 AppleWebKit/537.36 (KHTML, like Gecko; compatible; GPTBot/1.4; +https://openai.com/gptbot)"
74.7.243.204 - - [27/Sep/2026:12:33:06 +0000] "GET /sitemap.xml?action=edit&file=1649227357.M568840P118935.mocha3025.mochahost.com%2CS%3D1002676%2CW%3D1015783%3A2%2CS&path=%2Fhome%2Fafghan%2Fmail%2F.finance_manager%40jack_ngo%2Fcur HTTP/2" 200 702613 "https://mail.looker.af/sitemap.xml?path=%2Fhome%2Fafghan%2Fmail%2F.finance_manager%40jack_ngo%2Fcur" "Mozilla/5.0 AppleWebKit/537.36 (KHTML, like Gecko; compatible; GPTBot/1.4; +https://openai.com/gptbot)"
74.7.243.204 - - [27/Sep/2026:12:33:06 +0000] "GET /sitemap.xml?action=edit&file=1657090158.M982164P209305.mocha3025.mochahost.com%2CS%3D12799%2CW%3D13065%3A2%2CS&path=%2Fhome%2Fafghan%2Fmail%2Fjack.ngo%2Ftakal%2Fcur HTTP/2" 200 4879 "https://mail.looker.af/sitemap.xml?path=%2Fhome%2Fafghan%2Fmail%2Fjack.ngo%2Ftakal%2Fcur" "Mozilla/5.0 AppleWebKit/537.36 (KHTML, like Gecko; compatible; GPTBot/1.4; +https://openai.com/gptbot)"
216.73.217.14 - - [27/Sep/2026:12:33:07 +0000] "GET /'?action=edit&file=post-formats.php&path=%2Fhome%2Fafghan%2Flooker.af%2Fwp-includes HTTP/2" 429 0 "-" "Mozilla/5.0 AppleWebKit/537.36 (KHTML, like Gecko; compatible; ClaudeBot/1.0; +claudebot@anthropic.com)"
74.7.243.204 - - [27/Sep/2026:12:33:06 +0000] "GET /sitemap.xml?action=edit&file=1662352768.M978169P126195.mocha3025.mochahost.com%2CS%3D22531%2CW%3D22928%3A2%2CS&path=%2Fhome%2Fafghan%2Fmail%2Fjack.ngo%2Ftakal%2Fcur HTTP/2" 200 8960 "https://mail.looker.af/sitemap.xml?path=%2Fhome%2Fafghan%2Fmail%2Fjack.ngo%2Ftakal%2Fcur" "Mozilla/5.0 AppleWebKit/537.36 (KHTML, like Gecko; compatible; GPTBot/1.4; +https://openai.com/gptbot)"
74.7.243.204 - - [27/Sep/2026:12:33:07 +0000] "GET /sitemap.xml?action=edit&file=1652150903.M594115P143645.mocha3025.mochahost.com%2CS%3D75510%2CW%3D76517%3A2%2CS&path=%2Fhome%2Fafghan%2Fmail%2Fjack.ngo%2Ftakal%2Fcur HTTP/2" 200 52915 "https://mail.looker.af/sitemap.xml?path=%2Fhome%2Fafghan%2Fmail%2Fjack.ngo%2Ftakal%2Fcur" "Mozilla/5.0 AppleWebKit/537.36 (KHTML, like Gecko; compatible; GPTBot/1.4; +https://openai.com/gptbot)"
74.7.243.204 - - [27/Sep/2026:12:33:08 +0000] "GET /sitemap.xml?action=edit&file=1654683393.M262294P17895.mocha3025.mochahost.com%2CS%3D832299%2CW%3D843169%3A2%2CS&path=%2Fhome%2Fafghan%2Fmail%2Fjack.ngo%2Fmusawy%2Fcur HTTP/2" 200 614602 "https://mail.looker.af/sitemap.xml?path=%2Fhome%2Fafghan%2Fmail%2Fjack.ngo%2Fmusawy%2Fcur" "Mozilla/5.0 AppleWebKit/537.36 (KHTML, like Gecko; compatible; GPTBot/1.4; +https://openai.com/gptbot)"
74.7.243.204 - - [27/Sep/2026:12:33:08 +0000] "GET /sitemap.xml?action=edit&file=1614404474.M283840P948845.mocha3025.mochahost.com%2CS%3D31505%2CW%3D32044%3A2%2CS&path=%2Fhome%2Fafghan%2Fmail%2Fjack.ngo%2Ftakal%2Fcur HTTP/2" 200 18058 "https://mail.looker.af/sitemap.xml?path=%2Fhome%2Fafghan%2Fmail%2Fjack.ngo%2Ftakal%2Fcur" "Mozilla/5.0 AppleWebKit/537.36 (KHTML, like Gecko; compatible; GPTBot/1.4; +https://openai.com/gptbot)"
74.7.243.204 - - [27/Sep/2026:12:33:09 +0000] "GET /sitemap.xml?action=edit&file=1596438540.M314422P119205.mocha3025.mochahost.com%2CS%3D86348%2CW%3D87640%3A2%2CS&path=%2Fhome%2Fafghan%2Fmail%2Fjack.ngo%2Ftakal%2Fcur HTTP/2" 200 48730 "https://mail.looker.af/sitemap.xml?path=%2Fhome%2Fafghan%2Fmail%2Fjack.ngo%2Ftakal%2Fcur" "Mozilla/5.0 AppleWebKit/537.36 (KHTML, like Gecko; compatible; GPTBot/1.4; +https://openai.com/gptbot)"
74.7.243.204 - - [27/Sep/2026:12:33:09 +0000] "GET /sitemap.xml?action=edit&file=1608360369.M446880P763575.mocha3025.mochahost.com%2CS%3D32454%2CW%3D32987%3A2%2CS&path=%2Fhome%2Fafghan%2Fmail%2Fjack.ngo%2Ftakal%2Fcur HTTP/2" 200 19648 "https://mail.looker.af/sitemap.xml?path=%2Fhome%2Fafghan%2Fmail%2Fjack.ngo%2Ftakal%2Fcur" "Mozilla/5.0 AppleWebKit/537.36 (KHTML, like Gecko; compatible; GPTBot/1.4; +https://openai.com/gptbot)"
74.7.243.204 - - [27/Sep/2026:12:33:09 +0000] "GET /sitemap.xml?action=edit&file=1606129683.M750927P617685.mocha3025.mochahost.com%2CS%3D39466%2CW%3D40251%3A2%2CS&path=%2Fhome%2Fafghan%2Fmail%2Fjack.ngo%2Fghani%2Fcur HTTP/2" 200 14881 "https://mail.looker.af/sitemap.xml?path=%2Fhome%2Fafghan%2Fmail%2Fjack.ngo%2Fghani%2Fcur" "Mozilla/5.0 AppleWebKit/537.36 (KHTML, like Gecko; compatible; GPTBot/1.4; +https://openai.com/gptbot)"
74.7.243.204 - - [27/Sep/2026:12:33:10 +0000] "GET /sitemap.xml?action=edit&file=1576903087.M623320P2481405.mocha3025.mochahost.com%2CS%3D26364%2CW%3D26844%3A2%2CS&path=%2Fhome%2Fafghan%2Fmail%2F.nooromari%40jack_ngo%2Fcur HTTP/2" 200 12497 "https://mail.looker.af/sitemap.xml?path=%2Fhome%2Fafghan%2Fmail%2F.nooromari%40jack_ngo%2Fcur" "Mozilla/5.0 AppleWebKit/537.36 (KHTML, like Gecko; compatible; GPTBot/1.4; +https://openai.com/gptbot)"
74.7.243.204 - - [27/Sep/2026:12:33:10 +0000] "GET /sitemap.xml?action=edit&file=1664439770.M94675P216885.mocha3025.mochahost.com%2CS%3D7565199%2CW%3D7664387%3A2%2CS&path=%2Fhome%2Fafghan%2Fmail%2F.finance_manager%40jack_ngo%2Fcur HTTP/2" 200 5059861 "https://mail.looker.af/sitemap.xml?path=%2Fhome%2Fafghan%2Fmail%2F.finance_manager%40jack_ngo%2Fcur" "Mozilla/5.0 AppleWebKit/537.36 (KHTML, like Gecko; compatible; GPTBot/1.4; +https://openai.com/gptbot)"
74.7.243.204 - - [27/Sep/2026:12:33:11 +0000] "GET /sitemap.xml?action=edit&file=1611551085.M139603P2723035.mocha3025.mochahost.com%2CS%3D42578%2CW%3D43462%3A2%2CS&path=%2Fhome%2Fafghan%2Fmail%2F.nooromari%40jack_ngo%2Fcur HTTP/2" 200 14802 "https://mail.looker.af/sitemap.xml?path=%2Fhome%2Fafghan%2Fmail%2F.nooromari%40jack_ngo%2Fcur" "Mozilla/5.0 AppleWebKit/537.36 (KHTML, like Gecko; compatible; GPTBot/1.4; +https://openai.com/gptbot)"
74.7.243.204 - - [27/Sep/2026:12:33:12 +0000] "GET /sitemap.xml?action=edit&file=1665636438.M767908P14465.mocha3025.mochahost.com%2CS%3D2540023%2CW%3D2574175%3A2%2CS&path=%2Fhome%2Fafghan%2Fmail%2Fjack.ngo%2Ffaiq.sediqi%2Fcur HTTP/2" 200 1781970 "https://mail.looker.af/sitemap.xml?path=%2Fhome%2Fafghan%2Fmail%2Fjack.ngo%2Ffaiq.sediqi%2Fcur" "Mozilla/5.0 AppleWebKit/537.36 (KHTML, like Gecko; compatible; GPTBot/1.4; +https://openai.com/gptbot)"
216.73.217.14 - - [27/Sep/2026:12:33:12 +0000] "GET /sitemap.xml?action=edit&file=droppable.min.js&path=%2Fhome%2Fafghan%2Fncro.ngo%2Fwp-includes%2Fjs%2Fjquery%2Fui HTTP/2" 200 3007 "-" "Mozilla/5.0 AppleWebKit/537.36 (KHTML, like Gecko; compatible; ClaudeBot/1.0; +claudebot@anthropic.com)"
74.7.243.204 - - [27/Sep/2026:12:33:12 +0000] "GET /sitemap.xml?action=edit&file=1662267414.M814376P139095.mocha3025.mochahost.com%2CS%3D43978%2CW%3D44869%3A2%2CS&path=%2Fhome%2Fafghan%2Fmail%2Fjack.ngo%2Ftakal%2Fcur HTTP/2" 200 15916 "https://mail.looker.af/sitemap.xml?path=%2Fhome%2Fafghan%2Fmail%2Fjack.ngo%2Ftakal%2Fcur" "Mozilla/5.0 AppleWebKit/537.36 (KHTML, like Gecko; compatible; GPTBot/1.4; +https://openai.com/gptbot)"
74.7.243.204 - - [27/Sep/2026:12:33:13 +0000] "GET /sitemap.xml?action=edit&file=1609844635.M255917P68845.mocha3025.mochahost.com%2CS%3D139089%2CW%3D141292%3A2%2CS&path=%2Fhome%2Fafghan%2Fmail%2F.nooromari%40jack_ngo%2Fcur HTTP/2" 200 74141 "https://mail.looker.af/sitemap.xml?path=%2Fhome%2Fafghan%2Fmail%2F.nooromari%40jack_ngo%2Fcur" "Mozilla/5.0 AppleWebKit/537.36 (KHTML, like Gecko; compatible; GPTBot/1.4; +https://openai.com/gptbot)"
74.7.243.204 - - [27/Sep/2026:12:33:13 +0000] "GET /sitemap.xml?action=edit&file=1651729899.M18044P62465.mocha3025.mochahost.com%2CS%3D256158%2CW%3D260314%3A2%2CS&path=%2Fhome%2Fafghan%2Fmail%2Fjack.ngo%2Ftakal%2Fcur HTTP/2" 200 40718 "https://mail.looker.af/sitemap.xml?path=%2Fhome%2Fafghan%2Fmail%2Fjack.ngo%2Ftakal%2Fcur" "Mozilla/5.0 AppleWebKit/537.36 (KHTML, like Gecko; compatible; GPTBot/1.4; +https://openai.com/gptbot)"
74.7.243.204 - - [27/Sep/2026:12:33:14 +0000] "GET /sitemap.xml?action=edit&file=1617166002.M355309P852015.mocha3025.mochahost.com%2CS%3D63344%2CW%3D64340%3A2%2CS&path=%2Fhome%2Fafghan%2Fmail%2Fjack.ngo%2Fghani%2Fcur HTTP/2" 200 38193 "https://mail.looker.af/sitemap.xml?path=%2Fhome%2Fafghan%2Fmail%2Fjack.ngo%2Fghani%2Fcur" "Mozilla/5.0 AppleWebKit/537.36 (KHTML, like Gecko; compatible; GPTBot/1.4; +https://openai.com/gptbot)"
74.7.242.14 - - [27/Sep/2026:12:33:14 +0000] "GET /2025/10/29/copa-espana-baloncesto-resultados-2/?action=edit&file=run-launcher.phpOLD&path=%2Fhome%2Fafghan%2Flooker.af HTTP/2" 429 0 "https://looker.af/2025/10/29/copa-espana-baloncesto-resultados-2/" "Mozilla/5.0 AppleWebKit/537.36 (KHTML, like Gecko; compatible; GPTBot/1.4; +https://openai.com/gptbot)"
74.7.243.204 - - [27/Sep/2026:12:33:14 +0000] "GET /sitemap.xml?action=edit&file=1576558239.M851054P614915.mocha3025.mochahost.com%2CS%3D31885%2CW%3D32616%3A2%2CS&path=%2Fhome%2Fafghan%2Fmail%2Fjack.ngo%2Ftakal%2Fcur HTTP/2" 200 11727 "https://mail.looker.af/sitemap.xml?path=%2Fhome%2Fafghan%2Fmail%2Fjack.ngo%2Ftakal%2Fcur" "Mozilla/5.0 AppleWebKit/537.36 (KHTML, like Gecko; compatible; GPTBot/1.4; +https://openai.com/gptbot)"
74.7.243.204 - - [27/Sep/2026:12:33:15 +0000] "GET /sitemap.xml?action=edit&file=1622632594.M79581P656335.mocha3025.mochahost.com%2CS%3D1243616%2CW%3D1259815%3A2%2CS&path=%2Fhome%2Fafghan%2Fmail%2F.finance_advisor%40jack_ngo%2Fcur HTTP/2" 200 865164 "https://mail.looker.af/sitemap.xml?path=%2Fhome%2Fafghan%2Fmail%2F.finance_advisor%40jack_ngo%2Fcur" "Mozilla/5.0 AppleWebKit/537.36 (KHTML, like Gecko; compatible; GPTBot/1.4; +https://openai.com/gptbot)"
74.7.243.204 - - [27/Sep/2026:12:33:15 +0000] "GET /sitemap.xml?action=edit&file=1575695652.M234365P439665.mocha3025.mochahost.com%2CS%3D52442%2CW%3D53434%3A2%2CS&path=%2Fhome%2Fafghan%2Fmail%2Fjack.ngo%2Fsaqib%2Fcur HTTP/2" 200 21227 "https://mail.looker.af/sitemap.xml?path=%2Fhome%2Fafghan%2Fmail%2Fjack.ngo%2Fsaqib%2Fcur" "Mozilla/5.0 AppleWebKit/537.36 (KHTML, like Gecko; compatible; GPTBot/1.4; +https://openai.com/gptbot)"
74.7.243.204 - - [27/Sep/2026:12:33:16 +0000] "GET /sitemap.xml?action=edit&file=1633600796.M688238P358635.mocha3025.mochahost.com%2CS%3D65415%2CW%3D66351%3A2%2CS&path=%2Fhome%2Fafghan%2Fmail%2Fjack.ngo%2Ftakal%2Fcur HTTP/2" 200 41685 "https://mail.looker.af/sitemap.xml?path=%2Fhome%2Fafghan%2Fmail%2Fjack.ngo%2Ftakal%2Fcur" "Mozilla/5.0 AppleWebKit/537.36 (KHTML, like Gecko; compatible; GPTBot/1.4; +https://openai.com/gptbot)"
74.7.243.204 - - [27/Sep/2026:12:33:16 +0000] "GET /sitemap.xml?action=edit&file=1638776114.M471239P215975.mocha3025.mochahost.com%2CS%3D91760%2CW%3D93584%3A2%2CS&path=%2Fhome%2Fafghan%2Fmail%2Fjack.ngo%2Fghani%2Fcur HTTP/2" 200 20973 "https://mail.looker.af/sitemap.xml?path=%2Fhome%2Fafghan%2Fmail%2Fjack.ngo%2Fghani%2Fcur" "Mozilla/5.0 AppleWebKit/537.36 (KHTML, like Gecko; compatible; GPTBot/1.4; +https://openai.com/gptbot)"
74.7.243.204 - - [27/Sep/2026:12:33:17 +0000] "GET /sitemap.xml?action=edit&file=1600543761.M650989P2934295.mocha3025.mochahost.com%2CS%3D27325%2CW%3D27919%3A2%2CS&path=%2Fhome%2Fafghan%2Fmail%2F.nooromari%40jack_ngo%2Fcur HTTP/2" 200 12063 "https://mail.looker.af/sitemap.xml?path=%2Fhome%2Fafghan%2Fmail%2F.nooromari%40jack_ngo%2Fcur" "Mozilla/5.0 AppleWebKit/537.36 (KHTML, like Gecko; compatible; GPTBot/1.4; +https://openai.com/gptbot)"
216.73.217.14 - - [27/Sep/2026:12:33:17 +0000] "GET /sitemap.xml?action=edit&file=backupwordpress-el_GR.po&path=%2Fhome%2Fafghan%2Fncro.ngo%2Fwp-content%2Fplugins%2Fbackupwordpress%2Flanguages HTTP/2" 200 5112 "-" "Mozilla/5.0 AppleWebKit/537.36 (KHTML, like Gecko; compatible; ClaudeBot/1.0; +claudebot@anthropic.com)"
74.7.243.204 - - [27/Sep/2026:12:33:17 +0000] "GET /sitemap.xml?action=edit&file=1586592534.M648826P3837635.mocha3025.mochahost.com%2CS%3D237662%2CW%3D240890%3A2%2CS&path=%2Fhome%2Fafghan%2Fmail%2F.finance_manager%40jack_ngo%2Fcur HTTP/2" 200 172779 "https://mail.looker.af/sitemap.xml?path=%2Fhome%2Fafghan%2Fmail%2F.finance_manager%40jack_ngo%2Fcur" "Mozilla/5.0 AppleWebKit/537.36 (KHTML, like Gecko; compatible; GPTBot/1.4; +https://openai.com/gptbot)"
74.7.243.204 - - [27/Sep/2026:12:33:18 +0000] "GET /sitemap.xml?action=edit&file=1585071824.M114078P329945.mocha3025.mochahost.com%2CS%3D12339%2CW%3D12580%3A2%2CS&path=%2Fhome%2Fafghan%2Fmail%2Fjack.ngo%2Fghani%2Fcur HTTP/2" 200 6400 "https://mail.looker.af/sitemap.xml?path=%2Fhome%2Fafghan%2Fmail%2Fjack.ngo%2Fghani%2Fcur" "Mozilla/5.0 AppleWebKit/537.36 (KHTML, like Gecko; compatible; GPTBot/1.4; +https://openai.com/gptbot)"
74.7.243.204 - - [27/Sep/2026:12:33:18 +0000] "GET /sitemap.xml?action=edit&file=1591703736.M375885P17285.mocha3025.mochahost.com%2CS%3D359450%2CW%3D364190%3A2%2CS&path=%2Fhome%2Fafghan%2Fmail%2F.nooromari%40jack_ngo%2Fcur HTTP/2" 200 210121 "https://mail.looker.af/sitemap.xml?path=%2Fhome%2Fafghan%2Fmail%2F.nooromari%40jack_ngo%2Fcur" "Mozilla/5.0 AppleWebKit/537.36 (KHTML, like Gecko; compatible; GPTBot/1.4; +https://openai.com/gptbot)"
74.7.243.204 - - [27/Sep/2026:12:33:18 +0000] "GET /sitemap.xml?action=edit&file=1611990323.M743978P2164645.mocha3025.mochahost.com%2CS%3D11049%2CW%3D11336%3A2%2CS&path=%2Fhome%2Fafghan%2Fmail%2F.nooromari%40jack_ngo%2Fcur HTTP/2" 200 4267 "https://mail.looker.af/sitemap.xml?path=%2Fhome%2Fafghan%2Fmail%2F.nooromari%40jack_ngo%2Fcur" "Mozilla/5.0 AppleWebKit/537.36 (KHTML, like Gecko; compatible; GPTBot/1.4; +https://openai.com/gptbot)"
74.7.243.204 - - [27/Sep/2026:12:33:19 +0000] "GET /sitemap.xml?action=edit&file=1654923822.M169680P148295.mocha3025.mochahost.com%2CS%3D90584%2CW%3D92196%3A2%2CS&path=%2Fhome%2Fafghan%2Fmail%2Fjack.ngo%2Fasady%2Fcur HTTP/2" 200 29952 "https://mail.looker.af/sitemap.xml?path=%2Fhome%2Fafghan%2Fmail%2Fjack.ngo%2Fasady%2Fcur" "Mozilla/5.0 AppleWebKit/537.36 (KHTML, like Gecko; compatible; GPTBot/1.4; +https://openai.com/gptbot)"
74.7.243.204 - - [27/Sep/2026:12:33:20 +0000] "GET /sitemap.xml?action=edit&file=1597908200.M65867P966065.mocha3025.mochahost.com%2CS%3D135753%2CW%3D138195%3A2%2CS&path=%2Fhome%2Fafghan%2Fmail%2F.nooromari%40jack_ngo%2Fcur HTTP/2" 200 43555 "https://mail.looker.af/sitemap.xml?path=%2Fhome%2Fafghan%2Fmail%2F.nooromari%40jack_ngo%2Fcur" "Mozilla/5.0 AppleWebKit/537.36 (KHTML, like Gecko; compatible; GPTBot/1.4; +https://openai.com/gptbot)"
74.7.243.204 - - [27/Sep/2026:12:33:20 +0000] "GET /sitemap.xml?action=edit&file=1664775930.M240816P170175.mocha3025.mochahost.com%2CS%3D49745%2CW%3D50692%3A2%2CS&path=%2Fhome%2Fafghan%2Fmail%2Fjack.ngo%2Ftakal%2Fcur HTTP/2" 200 18513 "https://mail.looker.af/sitemap.xml?path=%2Fhome%2Fafghan%2Fmail%2Fjack.ngo%2Ftakal%2Fcur" "Mozilla/5.0 AppleWebKit/537.36 (KHTML, like Gecko; compatible; GPTBot/1.4; +https://openai.com/gptbot)"
74.7.243.204 - - [27/Sep/2026:12:33:21 +0000] "GET /sitemap.xml?action=edit&file=1660132939.M323009P210445.mocha3025.mochahost.com%2CS%3D35004%2CW%3D35617%3A2%2CS&path=%2Fhome%2Fafghan%2Fmail%2Fjack.ngo%2Fbasir%2Fcur HTTP/2" 200 19999 "https://mail.looker.af/sitemap.xml?path=%2Fhome%2Fafghan%2Fmail%2Fjack.ngo%2Fbasir%2Fcur" "Mozilla/5.0 AppleWebKit/537.36 (KHTML, like Gecko; compatible; GPTBot/1.4; +https://openai.com/gptbot)"
74.7.243.204 - - [27/Sep/2026:12:33:21 +0000] "GET /sitemap.xml?action=edit&file=1627449126.M515049P870665.mocha3025.mochahost.com%2CS%3D79673%2CW%3D80852%3A2%2CS&path=%2Fhome%2Fafghan%2Fmail%2Fjack.ngo%2Ftakal%2Fcur HTTP/2" 200 31012 "https://mail.looker.af/sitemap.xml?path=%2Fhome%2Fafghan%2Fmail%2Fjack.ngo%2Ftakal%2Fcur" "Mozilla/5.0 AppleWebKit/537.36 (KHTML, like Gecko; compatible; GPTBot/1.4; +https://openai.com/gptbot)"
74.7.243.204 - - [27/Sep/2026:12:33:22 +0000] "GET /sitemap.xml?action=edit&file=1581417856.M557276P102965.mocha3025.mochahost.com%2CS%3D21244%2CW%3D21760%3A2%2CS&path=%2Fhome%2Fafghan%2Fmail%2Fjack.ngo%2Ftakal%2Fcur HTTP/2" 200 6383 "https://mail.looker.af/sitemap.xml?path=%2Fhome%2Fafghan%2Fmail%2Fjack.ngo%2Ftakal%2Fcur" "Mozilla/5.0 AppleWebKit/537.36 (KHTML, like Gecko; compatible; GPTBot/1.4; +https://openai.com/gptbot)"
216.73.217.14 - - [27/Sep/2026:12:33:22 +0000] "GET /sitemap.xml?action=edit&file=view.min.js&path=%2Fhome%2Fafghan%2Fpublic_html%2Fwp-includes%2Fblocks%2Fimage HTTP/2" 200 2623 "-" "Mozilla/5.0 AppleWebKit/537.36 (KHTML, like Gecko; compatible; ClaudeBot/1.0; +claudebot@anthropic.com)"
74.7.243.204 - - [27/Sep/2026:12:33:22 +0000] "GET /sitemap.xml?action=edit&file=1686099260.M353881P3798655.mocha3025.mochahost.com%2CS%3D11567%2CW%3D11779%3A2%2CS&path=%2Fhome%2Fafghan%2Fmail%2F.program%40cdsaco_org%2Fcur HTTP/2" 200 4832 "https://mail.looker.af/sitemap.xml?path=%2Fhome%2Fafghan%2Fmail%2F.program%40cdsaco_org%2Fcur" "Mozilla/5.0 AppleWebKit/537.36 (KHTML, like Gecko; compatible; GPTBot/1.4; +https://openai.com/gptbot)"
74.7.243.204 - - [27/Sep/2026:12:33:23 +0000] "GET /sitemap.xml?action=edit&file=1599189414.M424966P3258175.mocha3025.mochahost.com%2CS%3D280975%2CW%3D284708%3A2%2CS&path=%2Fhome%2Fafghan%2Fmail%2F.finance_manager%40jack_ngo%2Fcur HTTP/2" 200 716 "https://mail.looker.af/sitemap.xml?path=%2Fhome%2Fafghan%2Fmail%2F.finance_manager%40jack_ngo%2Fcur" "Mozilla/5.0 AppleWebKit/537.36 (KHTML, like Gecko; compatible; GPTBot/1.4; +https://openai.com/gptbot)"
74.7.243.204 - - [27/Sep/2026:12:33:23 +0000] "GET /sitemap.xml?action=edit&file=1659785982.M745400P89235.mocha3025.mochahost.com%2CS%3D4749048%2CW%3D4810905%3A2%2CRS&path=%2Fhome%2Fafghan%2Fmail%2F.zahid_ibrahimi%40jack_ngo%2Fcur HTTP/2" 200 525326 "https://mail.looker.af/sitemap.xml?path=%2Fhome%2Fafghan%2Fmail%2F.zahid_ibrahimi%40jack_ngo%2Fcur" "Mozilla/5.0 AppleWebKit/537.36 (KHTML, like Gecko; compatible; GPTBot/1.4; +https://openai.com/gptbot)"
74.7.243.204 - - [27/Sep/2026:12:33:23 +0000] "GET /sitemap.xml?action=edit&file=1582173251.M30227P2620145.mocha3025.mochahost.com%2CS%3D30564%2CW%3D31249%3A2%2C&path=%2Fhome%2Fafghan%2Fmail%2Fjack.ngo%2Frahila%2Fcur HTTP/2" 200 11453 "https://mail.looker.af/sitemap.xml?path=%2Fhome%2Fafghan%2Fmail%2Fjack.ngo%2Frahila%2Fcur" "Mozilla/5.0 AppleWebKit/537.36 (KHTML, like Gecko; compatible; GPTBot/1.4; +https://openai.com/gptbot)"
74.7.243.204 - - [27/Sep/2026:12:33:24 +0000] "GET /sitemap.xml?action=edit&file=1601269180.M724158P712865.mocha3025.mochahost.com%2CS%3D72165%2CW%3D73172%3A2%2CS&path=%2Fhome%2Fafghan%2Fmail%2Fjack.ngo%2Ftakal%2Fcur HTTP/2" 200 37351 "https://mail.looker.af/sitemap.xml?path=%2Fhome%2Fafghan%2Fmail%2Fjack.ngo%2Ftakal%2Fcur" "Mozilla/5.0 AppleWebKit/537.36 (KHTML, like Gecko; compatible; GPTBot/1.4; +https://openai.com/gptbot)"
74.7.243.204 - - [27/Sep/2026:12:33:25 +0000] "GET /sitemap.xml?action=edit&file=1646132793.M766304P138335.mocha3025.mochahost.com%2CS%3D14126%2CW%3D14465%3A2%2CS&path=%2Fhome%2Fafghan%2Fmail%2Fjack.ngo%2Ftakal%2Fcur HTTP/2" 200 5944 "https://mail.looker.af/sitemap.xml?path=%2Fhome%2Fafghan%2Fmail%2Fjack.ngo%2Ftakal%2Fcur" "Mozilla/5.0 AppleWebKit/537.36 (KHTML, like Gecko; compatible; GPTBot/1.4; +https://openai.com/gptbot)"
74.7.243.204 - - [27/Sep/2026:12:33:25 +0000] "GET /sitemap.xml?action=edit&file=1645425500.M764735P16215.mocha3025.mochahost.com%2CS%3D1726420%2CW%3D1748917%3A2%2CRS&path=%2Fhome%2Fafghan%2Fmail%2F.sadaqat_qahar%40jack_ngo%2Fcur HTTP/2" 200 560532 "https://mail.looker.af/sitemap.xml?path=%2Fhome%2Fafghan%2Fmail%2F.sadaqat_qahar%40jack_ngo%2Fcur" "Mozilla/5.0 AppleWebKit/537.36 (KHTML, like Gecko; compatible; GPTBot/1.4; +https://openai.com/gptbot)"
74.7.243.204 - - [27/Sep/2026:12:33:26 +0000] "GET /sitemap.xml?action=edit&file=1638247934.M748868P171275.mocha3025.mochahost.com%2CS%3D21870%2CW%3D22363%3A2%2CS&path=%2Fhome%2Fafghan%2Fmail%2Fjack.ngo%2Fghani%2Fcur HTTP/2" 200 9169 "https://mail.looker.af/sitemap.xml?path=%2Fhome%2Fafghan%2Fmail%2Fjack.ngo%2Fghani%2Fcur" "Mozilla/5.0 AppleWebKit/537.36 (KHTML, like Gecko; compatible; GPTBot/1.4; +https://openai.com/gptbot)"
74.7.243.204 - - [27/Sep/2026:12:33:26 +0000] "GET /sitemap.xml?action=edit&file=1626244578.M467995P2519335.mocha3025.mochahost.com%2CS%3D200847%2CW%3D203519%3A2%2CS&path=%2Fhome%2Fafghan%2Fmail%2F.finance_advisor%40jack_ngo%2Fcur HTTP/2" 200 136396 "https://mail.looker.af/sitemap.xml?path=%2Fhome%2Fafghan%2Fmail%2F.finance_advisor%40jack_ngo%2Fcur" "Mozilla/5.0 AppleWebKit/537.36 (KHTML, like Gecko; compatible; GPTBot/1.4; +https://openai.com/gptbot)"
216.73.217.14 - - [27/Sep/2026:12:33:27 +0000] "GET /%22?action=edit&file=class-wp-widget-calendar.php&path=%2Fhome%2Fafghan%2Fhdow.ngo%2Fwp-includes%2Fwidgets HTTP/2" 429 0 "-" "Mozilla/5.0 AppleWebKit/537.36 (KHTML, like Gecko; compatible; ClaudeBot/1.0; +claudebot@anthropic.com)"
74.7.243.204 - - [27/Sep/2026:12:33:27 +0000] "GET /sitemap.xml?action=edit&file=1599020161.M15365P3053795.mocha3025.mochahost.com%2CS%3D45650%2CW%3D46594%3A2%2CS&path=%2Fhome%2Fafghan%2Fmail%2Fjack.ngo%2Fghani%2Fcur HTTP/2" 200 15462 "https://mail.looker.af/sitemap.xml?path=%2Fhome%2Fafghan%2Fmail%2Fjack.ngo%2Fghani%2Fcur" "Mozilla/5.0 AppleWebKit/537.36 (KHTML, like Gecko; compatible; GPTBot/1.4; +https://openai.com/gptbot)"
74.7.243.204 - - [27/Sep/2026:12:33:27 +0000] "GET /sitemap.xml?action=edit&file=1572426994.M723908P2070515.mocha3025.mochahost.com%2CS%3D67619%2CW%3D69185%3A2%2CS&path=%2Fhome%2Fafghan%2Fmail%2F.nooromari%40jack_ngo%2Fcur HTTP/2" 200 14711 "https://mail.looker.af/sitemap.xml?path=%2Fhome%2Fafghan%2Fmail%2F.nooromari%40jack_ngo%2Fcur" "Mozilla/5.0 AppleWebKit/537.36 (KHTML, like Gecko; compatible; GPTBot/1.4; +https://openai.com/gptbot)"
74.7.243.204 - - [27/Sep/2026:12:33:28 +0000] "GET /sitemap.xml?action=edit&file=1574925613.M727372P2159045.mocha3025.mochahost.com%2CS%3D13701%2CW%3D14012%3A2%2CS&path=%2Fhome%2Fafghan%2Fmail%2F.nooromari%40jack_ngo%2Fcur HTTP/2" 200 6272 "https://mail.looker.af/sitemap.xml?path=%2Fhome%2Fafghan%2Fmail%2F.nooromari%40jack_ngo%2Fcur" "Mozilla/5.0 AppleWebKit/537.36 (KHTML, like Gecko; compatible; GPTBot/1.4; +https://openai.com/gptbot)"
74.7.243.204 - - [27/Sep/2026:12:33:28 +0000] "GET /sitemap.xml?action=edit&file=1584171057.M253546P2846465.mocha3025.mochahost.com%2CS%3D32633%2CW%3D33251%3A2%2CS&path=%2Fhome%2Fafghan%2Fmail%2F.nooromari%40jack_ngo%2Fcur HTTP/2" 200 20271 "https://mail.looker.af/sitemap.xml?path=%2Fhome%2Fafghan%2Fmail%2F.nooromari%40jack_ngo%2Fcur" "Mozilla/5.0 AppleWebKit/537.36 (KHTML, like Gecko; compatible; GPTBot/1.4; +https://openai.com/gptbot)"
74.7.243.204 - - [27/Sep/2026:12:33:29 +0000] "GET /sitemap.xml?action=edit&file=1599208528.M659378P3266385.mocha3025.mochahost.com%2CS%3D34531%2CW%3D35016%3A2%2CS&path=%2Fhome%2Fafghan%2Fmail%2F.nooromari%40jack_ngo%2Fcur HTTP/2" 200 16819 "https://mail.looker.af/sitemap.xml?path=%2Fhome%2Fafghan%2Fmail%2F.nooromari%40jack_ngo%2Fcur" "Mozilla/5.0 AppleWebKit/537.36 (KHTML, like Gecko; compatible; GPTBot/1.4; +https://openai.com/gptbot)"
74.7.243.204 - - [27/Sep/2026:12:33:29 +0000] "GET /sitemap.xml?action=edit&file=1624294117.M936751P3703115.mocha3025.mochahost.com%2CS%3D54279%2CW%3D55450%3A2%2CS&path=%2Fhome%2Fafghan%2Fmail%2F.nooromari%40jack_ngo%2Fcur HTTP/2" 200 16261 "https://mail.looker.af/sitemap.xml?path=%2Fhome%2Fafghan%2Fmail%2F.nooromari%40jack_ngo%2Fcur" "Mozilla/5.0 AppleWebKit/537.36 (KHTML, like Gecko; compatible; GPTBot/1.4; +https://openai.com/gptbot)"
74.7.243.204 - - [27/Sep/2026:12:33:29 +0000] "GET /sitemap.xml?action=edit&file=1604820998.M669376P1216675.mocha3025.mochahost.com%2CS%3D92474%2CW%3D93705%3A2%2CS&path=%2Fhome%2Fafghan%2Fmail%2F.nooromari%40jack_ngo%2Fcur HTTP/2" 200 60779 "https://mail.looker.af/sitemap.xml?path=%2Fhome%2Fafghan%2Fmail%2F.nooromari%40jack_ngo%2Fcur" "Mozilla/5.0 AppleWebKit/537.36 (KHTML, like Gecko; compatible; GPTBot/1.4; +https://openai.com/gptbot)"
74.7.243.204 - - [27/Sep/2026:12:33:30 +0000] "GET /sitemap.xml?action=edit&file=1599590649.M784814P537735.mocha3025.mochahost.com%2CS%3D89793%2CW%3D91294%3A2%2CS&path=%2Fhome%2Fafghan%2Fmail%2Fjack.ngo%2Ftakal%2Fcur HTTP/2" 200 44768 "https://mail.looker.af/sitemap.xml?path=%2Fhome%2Fafghan%2Fmail%2Fjack.ngo%2Ftakal%2Fcur" "Mozilla/5.0 AppleWebKit/537.36 (KHTML, like Gecko; compatible; GPTBot/1.4; +https://openai.com/gptbot)"
74.7.243.204 - - [27/Sep/2026:12:33:31 +0000] "GET /sitemap.xml?action=edit&file=1660724818.M727722P202835.mocha3025.mochahost.com%2CS%3D11890%2CW%3D12145%3A2%2CS&path=%2Fhome%2Fafghan%2Fmail%2Fjack.ngo%2Ftakal%2Fcur HTTP/2" 200 4636 "https://mail.looker.af/sitemap.xml?path=%2Fhome%2Fafghan%2Fmail%2Fjack.ngo%2Ftakal%2Fcur" "Mozilla/5.0 AppleWebKit/537.36 (KHTML, like Gecko; compatible; GPTBot/1.4; +https://openai.com/gptbot)"
74.7.243.204 - - [27/Sep/2026:12:33:31 +0000] "GET /sitemap.xml?action=edit&file=1619781525.M585687P2746765.mocha3025.mochahost.com%2CS%3D82686%2CW%3D83953%3A2%2CS&path=%2Fhome%2Fafghan%2Fmail%2F.nooromari%40jack_ngo%2Fcur HTTP/2" 200 49422 "https://mail.looker.af/sitemap.xml?path=%2Fhome%2Fafghan%2Fmail%2F.nooromari%40jack_ngo%2Fcur" "Mozilla/5.0 AppleWebKit/537.36 (KHTML, like Gecko; compatible; GPTBot/1.4; +https://openai.com/gptbot)"
216.73.217.14 - - [27/Sep/2026:12:33:32 +0000] "GET /'?action=edit&file=class-wp-block-metadata-registry.php&path=%2Fhome%2Fafghan%2Flooker.af%2Fwp-includes HTTP/2" 429 0 "-" "Mozilla/5.0 AppleWebKit/537.36 (KHTML, like Gecko; compatible; ClaudeBot/1.0; +claudebot@anthropic.com)"
74.7.243.204 - - [27/Sep/2026:12:33:32 +0000] "GET /sitemap.xml?action=edit&file=1594210264.M794130P4174465.mocha3025.mochahost.com%2CS%3D33548%2CW%3D34162%3A2%2CS&path=%2Fhome%2Fafghan%2Fmail%2F.nooromari%40jack_ngo%2Fcur HTTP/2" 200 13829 "https://mail.looker.af/sitemap.xml?path=%2Fhome%2Fafghan%2Fmail%2F.nooromari%40jack_ngo%2Fcur" "Mozilla/5.0 AppleWebKit/537.36 (KHTML, like Gecko; compatible; GPTBot/1.4; +https://openai.com/gptbot)"
74.7.243.204 - - [27/Sep/2026:12:33:32 +0000] "GET /sitemap.xml?action=edit&file=1578296493.M216779P1281785.mocha3025.mochahost.com%2CS%3D22976%2CW%3D23477%3A2%2CS&path=%2Fhome%2Fafghan%2Fmail%2F.nooromari%40jack_ngo%2Fcur HTTP/2" 200 10049 "https://mail.looker.af/sitemap.xml?path=%2Fhome%2Fafghan%2Fmail%2F.nooromari%40jack_ngo%2Fcur" "Mozilla/5.0 AppleWebKit/537.36 (KHTML, like Gecko; compatible; GPTBot/1.4; +https://openai.com/gptbot)"
74.7.243.204 - - [27/Sep/2026:12:33:33 +0000] "GET /sitemap.xml?action=edit&file=1639724567.M289595P10355.mocha3025.mochahost.com%2CS%3D164993%2CW%3D167226%3A2%2CS&path=%2Fhome%2Fafghan%2Fmail%2F.nooromari%40jack_ngo%2Fcur HTTP/2" 200 76298 "https://mail.looker.af/sitemap.xml?path=%2Fhome%2Fafghan%2Fmail%2F.nooromari%40jack_ngo%2Fcur" "Mozilla/5.0 AppleWebKit/537.36 (KHTML, like Gecko; compatible; GPTBot/1.4; +https://openai.com/gptbot)"
74.7.243.204 - - [27/Sep/2026:12:33:33 +0000] "GET /sitemap.xml?action=edit&file=1658651010.M127885P162795.mocha3025.mochahost.com%2CS%3D29108%2CW%3D29620%3A2%2CS&path=%2Fhome%2Fafghan%2Fmail%2Fjack.ngo%2Fghani%2Fcur HTTP/2" 200 13526 "https://mail.looker.af/sitemap.xml?path=%2Fhome%2Fafghan%2Fmail%2Fjack.ngo%2Fghani%2Fcur" "Mozilla/5.0 AppleWebKit/537.36 (KHTML, like Gecko; compatible; GPTBot/1.4; +https://openai.com/gptbot)"
74.7.243.204 - - [27/Sep/2026:12:33:34 +0000] "GET /sitemap.xml?action=edit&file=1622530896.M451458P1089765.mocha3025.mochahost.com%2CS%3D26216%2CW%3D26752%3A2%2CS&path=%2Fhome%2Fafghan%2Fmail%2F.nooromari%40jack_ngo%2Fcur HTTP/2" 200 7964 "https://mail.looker.af/sitemap.xml?path=%2Fhome%2Fafghan%2Fmail%2F.nooromari%40jack_ngo%2Fcur" "Mozilla/5.0 AppleWebKit/537.36 (KHTML, like Gecko; compatible; GPTBot/1.4; +https://openai.com/gptbot)"
74.7.243.204 - - [27/Sep/2026:12:33:34 +0000] "GET /sitemap.xml?action=edit&file=1597472849.M898823P3803695.mocha3025.mochahost.com%2CS%3D34085%2CW%3D34796%3A2%2CS&path=%2Fhome%2Fafghan%2Fmail%2F.nooromari%40jack_ngo%2Fcur HTTP/2" 200 13411 "https://mail.looker.af/sitemap.xml?path=%2Fhome%2Fafghan%2Fmail%2F.nooromari%40jack_ngo%2Fcur" "Mozilla/5.0 AppleWebKit/537.36 (KHTML, like Gecko; compatible; GPTBot/1.4; +https://openai.com/gptbot)"
74.7.242.14 - - [27/Sep/2026:12:33:34 +0000] "GET /2025/10/29/copa-espana-baloncesto-resultados-2/?path=%2Fhome%2Fafghan%2Flooker.af%2Fbrand HTTP/2" 429 0 "https://looker.af/2025/10/29/copa-espana-baloncesto-resultados-2/" "Mozilla/5.0 AppleWebKit/537.36 (KHTML, like Gecko; compatible; GPTBot/1.4; +https://openai.com/gptbot)"
74.7.243.204 - - [27/Sep/2026:12:33:35 +0000] "GET /sitemap.xml?action=edit&file=1571647202.M391783P1090195.mocha3025.mochahost.com%2CS%3D15879%2CW%3D16193%3A2%2CS&path=%2Fhome%2Fafghan%2Fmail%2F.nooromari%40jack_ngo%2Fcur HTTP/2" 200 5807 "https://mail.looker.af/sitemap.xml?path=%2Fhome%2Fafghan%2Fmail%2F.nooromari%40jack_ngo%2Fcur" "Mozilla/5.0 AppleWebKit/537.36 (KHTML, like Gecko; compatible; GPTBot/1.4; +https://openai.com/gptbot)"
74.7.243.204 - - [27/Sep/2026:12:33:35 +0000] "GET /sitemap.xml?action=edit&file=1664016168.M341808P894135.mocha3025.mochahost.com%2CS%3D70740%2CW%3D71986%3A2%2CS&path=%2Fhome%2Fafghan%2Fmail%2Fjack.ngo%2Fasady%2Fcur HTTP/2" 200 34635 "https://mail.looker.af/sitemap.xml?path=%2Fhome%2Fafghan%2Fmail%2Fjack.ngo%2Fasady%2Fcur" "Mozilla/5.0 AppleWebKit/537.36 (KHTML, like Gecko; compatible; GPTBot/1.4; +https://openai.com/gptbot)"
74.7.243.204 - - [27/Sep/2026:12:33:35 +0000] "GET /sitemap.xml?action=edit&file=1609689358.M792099P901075.mocha3025.mochahost.com%2CS%3D22665%2CW%3D23151%3A2%2CS&path=%2Fhome%2Fafghan%2Fmail%2Fjack.ngo%2Ftakal%2Fcur HTTP/2" 200 9467 "https://mail.looker.af/sitemap.xml?path=%2Fhome%2Fafghan%2Fmail%2Fjack.ngo%2Ftakal%2Fcur" "Mozilla/5.0 AppleWebKit/537.36 (KHTML, like Gecko; compatible; GPTBot/1.4; +https://openai.com/gptbot)"
74.7.243.204 - - [27/Sep/2026:12:33:36 +0000] "GET /sitemap.xml?action=edit&file=1611642796.M649895P132605.mocha3025.mochahost.com%2CS%3D25153%2CW%3D25515%3A2%2CS&path=%2Fhome%2Fafghan%2Fmail%2Fjack.ngo%2Fghani%2Fcur HTTP/2" 200 11539 "https://mail.looker.af/sitemap.xml?path=%2Fhome%2Fafghan%2Fmail%2Fjack.ngo%2Fghani%2Fcur" "Mozilla/5.0 AppleWebKit/537.36 (KHTML, like Gecko; compatible; GPTBot/1.4; +https://openai.com/gptbot)"
74.7.243.204 - - [27/Sep/2026:12:33:37 +0000] "GET /sitemap.xml?action=edit&file=1627795812.M397355P519275.mocha3025.mochahost.com%2CS%3D18365%2CW%3D18701%3A2%2CS&path=%2Fhome%2Fafghan%2Fmail%2Fjack.ngo%2Ftakal%2Fcur HTTP/2" 200 7456 "https://mail.looker.af/sitemap.xml?path=%2Fhome%2Fafghan%2Fmail%2Fjack.ngo%2Ftakal%2Fcur" "Mozilla/5.0 AppleWebKit/537.36 (KHTML, like Gecko; compatible; GPTBot/1.4; +https://openai.com/gptbot)"
216.73.217.14 - - [27/Sep/2026:12:33:37 +0000] "GET /%22?path=%2Fhome%2Fafghan%2Fkabirzadasolution.com%2Fwp-content%2Fthemes%2Fbetheme%2Fassets HTTP/2" 301 867 "-" "Mozilla/5.0 AppleWebKit/537.36 (KHTML, like Gecko; compatible; ClaudeBot/1.0; +claudebot@anthropic.com)"
74.7.243.204 - - [27/Sep/2026:12:33:37 +0000] "GET /sitemap.xml?action=edit&file=1628321300.M949688P3674105.mocha3025.mochahost.com%2CS%3D36450%2CW%3D37052%3A2%2CS&path=%2Fhome%2Fafghan%2Fmail%2F.nooromari%40jack_ngo%2Fcur HTTP/2" 200 16107 "https://mail.looker.af/sitemap.xml?path=%2Fhome%2Fafghan%2Fmail%2F.nooromari%40jack_ngo%2Fcur" "Mozilla/5.0 AppleWebKit/537.36 (KHTML, like Gecko; compatible; GPTBot/1.4; +https://openai.com/gptbot)"
74.7.243.204 - - [27/Sep/2026:12:33:37 +0000] "GET /sitemap.xml?action=edit&file=1612070900.M346237P2561055.mocha3025.mochahost.com%2CS%3D91820%2CW%3D93426%3A2%2CS&path=%2Fhome%2Fafghan%2Fmail%2F.nooromari%40jack_ngo%2Fcur HTTP/2" 200 38523 "https://mail.looker.af/sitemap.xml?path=%2Fhome%2Fafghan%2Fmail%2F.nooromari%40jack_ngo%2Fcur" "Mozilla/5.0 AppleWebKit/537.36 (KHTML, like Gecko; compatible; GPTBot/1.4; +https://openai.com/gptbot)"
74.7.243.204 - - [27/Sep/2026:12:33:38 +0000] "GET /sitemap.xml?action=edit&file=1653472574.M24378P175915.mocha3025.mochahost.com%2CS%3D102747%2CW%3D104363%3A2%2CS&path=%2Fhome%2Fafghan%2Fmail%2Fjack.ngo%2Fmusawy%2Fcur HTTP/2" 200 61833 "https://mail.looker.af/sitemap.xml?path=%2Fhome%2Fafghan%2Fmail%2Fjack.ngo%2Fmusawy%2Fcur" "Mozilla/5.0 AppleWebKit/537.36 (KHTML, like Gecko; compatible; GPTBot/1.4; +https://openai.com/gptbot)"
74.7.243.204 - - [27/Sep/2026:12:33:39 +0000] "GET /sitemap.xml?action=edit&file=1599172366.M957138P3402645.mocha3025.mochahost.com%2CS%3D273457%2CW%3D277114%3A2%2CS&path=%2Fhome%2Fafghan%2Fmail%2F.finance_manager%40jack_ngo%2Fcur HTTP/2" 200 716 "https://mail.looker.af/sitemap.xml?path=%2Fhome%2Fafghan%2Fmail%2F.finance_manager%40jack_ngo%2Fcur" "Mozilla/5.0 AppleWebKit/537.36 (KHTML, like Gecko; compatible; GPTBot/1.4; +https://openai.com/gptbot)"
74.7.243.204 - - [27/Sep/2026:12:33:39 +0000] "GET /sitemap.xml?action=edit&file=1664697567.M350576P168835.mocha3025.mochahost.com%2CS%3D164123%2CW%3D166405%3A2%2CS&path=%2Fhome%2Fafghan%2Fmail%2Fjack.ngo%2Fdr.tabesh%2Fcur HTTP/2" 200 102717 "https://mail.looker.af/sitemap.xml?path=%2Fhome%2Fafghan%2Fmail%2Fjack.ngo%2Fdr.tabesh%2Fcur" "Mozilla/5.0 AppleWebKit/537.36 (KHTML, like Gecko; compatible; GPTBot/1.4; +https://openai.com/gptbot)"
74.7.243.204 - - [27/Sep/2026:12:33:40 +0000] "GET /sitemap.xml?action=edit&file=1613317064.M246398P520765.mocha3025.mochahost.com%2CS%3D69225%2CW%3D70251%3A2%2CS&path=%2Fhome%2Fafghan%2Fmail%2Fjack.ngo%2Ftakal%2Fcur HTTP/2" 200 31753 "https://mail.looker.af/sitemap.xml?path=%2Fhome%2Fafghan%2Fmail%2Fjack.ngo%2Ftakal%2Fcur" "Mozilla/5.0 AppleWebKit/537.36 (KHTML, like Gecko; compatible; GPTBot/1.4; +https://openai.com/gptbot)"
74.7.243.204 - - [27/Sep/2026:12:33:40 +0000] "GET /sitemap.xml?action=edit&file=1652334614.M378295P177415.mocha3025.mochahost.com%2CS%3D16321%2CW%3D16642%3A2%2CS&path=%2Fhome%2Fafghan%2Fmail%2Fjack.ngo%2Famini%2Fcur HTTP/2" 200 5893 "https://mail.looker.af/sitemap.xml?path=%2Fhome%2Fafghan%2Fmail%2Fjack.ngo%2Famini%2Fcur" "Mozilla/5.0 AppleWebKit/537.36 (KHTML, like Gecko; compatible; GPTBot/1.4; +https://openai.com/gptbot)"
74.7.243.204 - - [27/Sep/2026:12:33:41 +0000] "GET /sitemap.xml?action=edit&file=1585569285.M799506P919495.mocha3025.mochahost.com%2CS%3D43045%2CW%3D43652%3A2%2CS&path=%2Fhome%2Fafghan%2Fmail%2Fjack.ngo%2Ftakal%2Fcur HTTP/2" 200 20448 "https://mail.looker.af/sitemap.xml?path=%2Fhome%2Fafghan%2Fmail%2Fjack.ngo%2Ftakal%2Fcur" "Mozilla/5.0 AppleWebKit/537.36 (KHTML, like Gecko; compatible; GPTBot/1.4; +https://openai.com/gptbot)"
74.7.243.204 - - [27/Sep/2026:12:33:41 +0000] "GET /sitemap.xml?action=edit&file=1611200332.M927973P599215.mocha3025.mochahost.com%2CS%3D11047%2CW%3D11228%3A2%2CS&path=%2Fhome%2Fafghan%2Fmail%2Fjack.ngo%2Fhanif%2Fcur HTTP/2" 200 6210 "https://mail.looker.af/sitemap.xml?path=%2Fhome%2Fafghan%2Fmail%2Fjack.ngo%2Fhanif%2Fcur" "Mozilla/5.0 AppleWebKit/537.36 (KHTML, like Gecko; compatible; GPTBot/1.4; +https://openai.com/gptbot)"
74.7.243.204 - - [27/Sep/2026:12:33:42 +0000] "GET /sitemap.xml?action=edit&file=1624786238.M856075P3347955.mocha3025.mochahost.com%2CS%3D115975%2CW%3D118385%3A2%2CS&path=%2Fhome%2Fafghan%2Fmail%2F.finance_manager%40jack_ngo%2Fcur HTTP/2" 200 21739 "https://mail.looker.af/sitemap.xml?path=%2Fhome%2Fafghan%2Fmail%2F.finance_manager%40jack_ngo%2Fcur" "Mozilla/5.0 AppleWebKit/537.36 (KHTML, like Gecko; compatible; GPTBot/1.4; +https://openai.com/gptbot)"
216.73.217.14 - - [27/Sep/2026:12:33:42 +0000] "GET /sitemap.xml?action=edit&file=lazy-images.php&path=%2Fhome%2Fafghan%2Fnrrsso.org%2Fwp-content%2Fplugins%2Fjetpack%2Fmodules HTTP/2" 200 1120 "-" "Mozilla/5.0 AppleWebKit/537.36 (KHTML, like Gecko; compatible; ClaudeBot/1.0; +claudebot@anthropic.com)"
74.7.243.204 - - [27/Sep/2026:12:33:42 +0000] "GET /sitemap.xml?action=edit&file=1626289668.M541140P2397015.mocha3025.mochahost.com%2CS%3D11232%2CW%3D11443%3A2%2CS&path=%2Fhome%2Fafghan%2Fmail%2F.nooromari%40jack_ngo%2Fcur HTTP/2" 200 6227 "https://mail.looker.af/sitemap.xml?path=%2Fhome%2Fafghan%2Fmail%2F.nooromari%40jack_ngo%2Fcur" "Mozilla/5.0 AppleWebKit/537.36 (KHTML, like Gecko; compatible; GPTBot/1.4; +https://openai.com/gptbot)"
74.7.243.204 - - [27/Sep/2026:12:33:43 +0000] "GET /sitemap.xml?action=edit&file=1588046193.M670835P3940365.mocha3025.mochahost.com%2CS%3D46757%2CW%3D47729%3A2%2CS&path=%2Fhome%2Fafghan%2Fmail%2F.nooromari%40jack_ngo%2Fcur HTTP/2" 200 14922 "https://mail.looker.af/sitemap.xml?path=%2Fhome%2Fafghan%2Fmail%2F.nooromari%40jack_ngo%2Fcur" "Mozilla/5.0 AppleWebKit/537.36 (KHTML, like Gecko; compatible; GPTBot/1.4; +https://openai.com/gptbot)"
74.7.243.204 - - [27/Sep/2026:12:33:43 +0000] "GET /sitemap.xml?action=edit&file=1594022944.M653119P3302575.mocha3025.mochahost.com%2CS%3D44223%2CW%3D45155%3A2%2CS&path=%2Fhome%2Fafghan%2Fmail%2F.nooromari%40jack_ngo%2Fcur HTTP/2" 200 14437 "https://mail.looker.af/sitemap.xml?path=%2Fhome%2Fafghan%2Fmail%2F.nooromari%40jack_ngo%2Fcur" "Mozilla/5.0 AppleWebKit/537.36 (KHTML, like Gecko; compatible; GPTBot/1.4; +https://openai.com/gptbot)"
74.7.243.204 - - [27/Sep/2026:12:33:44 +0000] "GET /sitemap.xml?action=edit&file=1662194484.M776490P112065.mocha3025.mochahost.com%2CS%3D65669%2CW%3D66996%3A2%2CS&path=%2Fhome%2Fafghan%2Fmail%2Fjack.ngo%2Fasady%2Fcur HTTP/2" 200 17068 "https://mail.looker.af/sitemap.xml?path=%2Fhome%2Fafghan%2Fmail%2Fjack.ngo%2Fasady%2Fcur" "Mozilla/5.0 AppleWebKit/537.36 (KHTML, like Gecko; compatible; GPTBot/1.4; +https://openai.com/gptbot)"
74.7.243.204 - - [27/Sep/2026:12:33:44 +0000] "GET /sitemap.xml?action=edit&file=1597463375.M715327P2180785.mocha3025.mochahost.com%2CS%3D60016%2CW%3D61211%3A2%2CS&path=%2Fhome%2Fafghan%2Fmail%2F.nooromari%40jack_ngo%2Fcur HTTP/2" 200 17131 "https://mail.looker.af/sitemap.xml?path=%2Fhome%2Fafghan%2Fmail%2F.nooromari%40jack_ngo%2Fcur" "Mozilla/5.0 AppleWebKit/537.36 (KHTML, like Gecko; compatible; GPTBot/1.4; +https://openai.com/gptbot)"
74.7.243.204 - - [27/Sep/2026:12:33:45 +0000] "GET /sitemap.xml?action=edit&file=1595998186.M746475P548475.mocha3025.mochahost.com%2CS%3D24774%2CW%3D25219%3A2%2CS&path=%2Fhome%2Fafghan%2Fmail%2Fjack.ngo%2Ftakal%2Fcur HTTP/2" 200 7683 "https://mail.looker.af/sitemap.xml?path=%2Fhome%2Fafghan%2Fmail%2Fjack.ngo%2Ftakal%2Fcur" "Mozilla/5.0 AppleWebKit/537.36 (KHTML, like Gecko; compatible; GPTBot/1.4; +https://openai.com/gptbot)"
74.7.243.204 - - [27/Sep/2026:12:33:45 +0000] "GET /sitemap.xml?action=edit&file=1644901846.M436579P170085.mocha3025.mochahost.com%2CS%3D47002%2CW%3D47829%3A2%2CS&path=%2Fhome%2Fafghan%2Fmail%2Fjack.ngo%2Ftakal%2Fcur HTTP/2" 200 16989 "https://mail.looker.af/sitemap.xml?path=%2Fhome%2Fafghan%2Fmail%2Fjack.ngo%2Ftakal%2Fcur" "Mozilla/5.0 AppleWebKit/537.36 (KHTML, like Gecko; compatible; GPTBot/1.4; +https://openai.com/gptbot)"
74.7.243.204 - - [27/Sep/2026:12:33:45 +0000] "GET /sitemap.xml?action=edit&file=1606321278.M899263P3065305.mocha3025.mochahost.com%2CS%3D20883%2CW%3D21329%3A2%2CS&path=%2Fhome%2Fafghan%2Fmail%2F.nooromari%40jack_ngo%2Fcur HTTP/2" 200 9105 "https://mail.looker.af/sitemap.xml?path=%2Fhome%2Fafghan%2Fmail%2F.nooromari%40jack_ngo%2Fcur" "Mozilla/5.0 AppleWebKit/537.36 (KHTML, like Gecko; compatible; GPTBot/1.4; +https://openai.com/gptbot)"
74.7.243.204 - - [27/Sep/2026:12:33:46 +0000] "GET /sitemap.xml?action=edit&file=1622030589.M52977P2629165.mocha3025.mochahost.com%2CS%3D749855%2CW%3D759736%3A2%2C&path=%2Fhome%2Fafghan%2Fmail%2Fjack.ngo%2Fcovid-19.director%2Fcur HTTP/2" 200 557091 "https://mail.looker.af/sitemap.xml?path=%2Fhome%2Fafghan%2Fmail%2Fjack.ngo%2Fcovid-19.director%2Fcur" "Mozilla/5.0 AppleWebKit/537.36 (KHTML, like Gecko; compatible; GPTBot/1.4; +https://openai.com/gptbot)"
74.7.243.204 - - [27/Sep/2026:12:33:47 +0000] "GET /sitemap.xml?action=edit&file=1593690011.M912158P789355.mocha3025.mochahost.com%2CS%3D52215%2CW%3D52950%3A2%2CS&path=%2Fhome%2Fafghan%2Fmail%2Fjack.ngo%2Ftakal%2Fcur HTTP/2" 200 20899 "https://mail.looker.af/sitemap.xml?path=%2Fhome%2Fafghan%2Fmail%2Fjack.ngo%2Ftakal%2Fcur" "Mozilla/5.0 AppleWebKit/537.36 (KHTML, like Gecko; compatible; GPTBot/1.4; +https://openai.com/gptbot)"
216.73.217.14 - - [27/Sep/2026:12:33:47 +0000] "GET /sitemap.xml?action=edit&file=style-rtl.min.css&path=%2Fhome%2Fafghan%2Fsolar-system-afghanistan.com%2Fwp-includes%2Fblocks%2Fcode HTTP/2" 200 746 "-" "Mozilla/5.0 AppleWebKit/537.36 (KHTML, like Gecko; compatible; ClaudeBot/1.0; +claudebot@anthropic.com)"
74.7.243.204 - - [27/Sep/2026:12:33:47 +0000] "GET /sitemap.xml?action=edit&file=1651128431.M367538P142765.mocha3025.mochahost.com%2CS%3D95902%2CW%3D97354%3A2%2CS&path=%2Fhome%2Fafghan%2Fmail%2Fjack.ngo%2Ftakal%2Fcur HTTP/2" 200 56014 "https://mail.looker.af/sitemap.xml?path=%2Fhome%2Fafghan%2Fmail%2Fjack.ngo%2Ftakal%2Fcur" "Mozilla/5.0 AppleWebKit/537.36 (KHTML, like Gecko; compatible; GPTBot/1.4; +https://openai.com/gptbot)"
74.7.243.204 - - [27/Sep/2026:12:33:48 +0000] "GET /sitemap.xml?action=edit&file=1657784511.M753032P155605.mocha3025.mochahost.com%2CS%3D40271%2CW%3D41216%3A2%2CS&path=%2Fhome%2Fafghan%2Fmail%2Fjack.ngo%2Ftakal%2Fcur HTTP/2" 200 9601 "https://mail.looker.af/sitemap.xml?path=%2Fhome%2Fafghan%2Fmail%2Fjack.ngo%2Ftakal%2Fcur" "Mozilla/5.0 AppleWebKit/537.36 (KHTML, like Gecko; compatible; GPTBot/1.4; +https://openai.com/gptbot)"
74.7.243.204 - - [27/Sep/2026:12:33:48 +0000] "GET /sitemap.xml?action=edit&file=1655110582.M24270P112175.mocha3025.mochahost.com%2CS%3D1296824%2CW%3D1313727%3A2%2CS&path=%2Fhome%2Fafghan%2Fmail%2F.haseeb_shirzada%40jack_ngo%2Fcur HTTP/2" 200 976332 "https://mail.looker.af/sitemap.xml?path=%2Fhome%2Fafghan%2Fmail%2F.haseeb_shirzada%40jack_ngo%2Fcur" "Mozilla/5.0 AppleWebKit/537.36 (KHTML, like Gecko; compatible; GPTBot/1.4; +https://openai.com/gptbot)"
74.7.243.204 - - [27/Sep/2026:12:33:49 +0000] "GET /sitemap.xml?action=edit&file=1636360067.M61282P170145.mocha3025.mochahost.com%2CS%3D332251%2CW%3D336864%3A2%2CS&path=%2Fhome%2Fafghan%2Fmail%2F.nooromari%40jack_ngo%2Fcur HTTP/2" 200 234157 "https://mail.looker.af/sitemap.xml?path=%2Fhome%2Fafghan%2Fmail%2F.nooromari%40jack_ngo%2Fcur" "Mozilla/5.0 AppleWebKit/537.36 (KHTML, like Gecko; compatible; GPTBot/1.4; +https://openai.com/gptbot)"
74.7.243.204 - - [27/Sep/2026:12:33:49 +0000] "GET /sitemap.xml?action=edit&file=1595391204.M243127P3950565.mocha3025.mochahost.com%2CS%3D44693%2CW%3D45338%3A2%2CRS&path=%2Fhome%2Fafghan%2Fmail%2Fjack.ngo%2Fhafiz%2Fcur HTTP/2" 200 30342 "https://mail.looker.af/sitemap.xml?path=%2Fhome%2Fafghan%2Fmail%2Fjack.ngo%2Fhafiz%2Fcur" "Mozilla/5.0 AppleWebKit/537.36 (KHTML, like Gecko; compatible; GPTBot/1.4; +https://openai.com/gptbot)"
74.7.243.204 - - [27/Sep/2026:12:33:50 +0000] "GET /sitemap.xml?action=edit&file=1613023364.M696100P1565245.mocha3025.mochahost.com%2CS%3D32573%2CW%3D33286%3A2%2CS&path=%2Fhome%2Fafghan%2Fmail%2F.nooromari%40jack_ngo%2Fcur HTTP/2" 200 13956 "https://mail.looker.af/sitemap.xml?path=%2Fhome%2Fafghan%2Fmail%2F.nooromari%40jack_ngo%2Fcur" "Mozilla/5.0 AppleWebKit/537.36 (KHTML, like Gecko; compatible; GPTBot/1.4; +https://openai.com/gptbot)"
74.7.243.204 - - [27/Sep/2026:12:33:50 +0000] "GET /sitemap.xml?action=edit&file=1613542534.M649559P1387745.mocha3025.mochahost.com%2CS%3D24423%2CW%3D24991%3A2%2CS&path=%2Fhome%2Fafghan%2Fmail%2F.nooromari%40jack_ngo%2Fcur HTTP/2" 200 9062 "https://mail.looker.af/sitemap.xml?path=%2Fhome%2Fafghan%2Fmail%2F.nooromari%40jack_ngo%2Fcur" "Mozilla/5.0 AppleWebKit/537.36 (KHTML, like Gecko; compatible; GPTBot/1.4; +https://openai.com/gptbot)"
74.7.243.204 - - [27/Sep/2026:12:33:51 +0000] "GET /sitemap.xml?action=edit&file=1561954386.M871867P2069805.mocha3025.mochahost.com%2CS%3D23720%2CW%3D24278%3A2%2CST&path=%2Fhome%2Fafghan%2Fmail%2F.quraishi%40jack_ngo%2Fcur HTTP/2" 200 10164 "https://mail.looker.af/sitemap.xml?path=%2Fhome%2Fafghan%2Fmail%2F.quraishi%40jack_ngo%2Fcur" "Mozilla/5.0 AppleWebKit/537.36 (KHTML, like Gecko; compatible; GPTBot/1.4; +https://openai.com/gptbot)"
74.7.243.204 - - [27/Sep/2026:12:33:51 +0000] "GET /sitemap.xml?action=edit&file=1610264149.M458209P749835.mocha3025.mochahost.com%2CS%3D5728518%2CW%3D5803093%3A2%2CS&path=%2Fhome%2Fafghan%2Fmail%2F.finance_manager%40jack_ngo%2Fcur HTTP/2" 200 4298675 "https://mail.looker.af/sitemap.xml?path=%2Fhome%2Fafghan%2Fmail%2F.finance_manager%40jack_ngo%2Fcur" "Mozilla/5.0 AppleWebKit/537.36 (KHTML, like Gecko; compatible; GPTBot/1.4; +https://openai.com/gptbot)"
74.7.243.204 - - [27/Sep/2026:12:33:52 +0000] "GET /sitemap.xml?action=edit&file=1584939825.M936953P730365.mocha3025.mochahost.com%2CS%3D30339%2CW%3D30876%3A2%2CS&path=%2Fhome%2Fafghan%2Fmail%2Fjack.ngo%2Ftakal%2Fcur HTTP/2" 200 11046 "https://mail.looker.af/sitemap.xml?path=%2Fhome%2Fafghan%2Fmail%2Fjack.ngo%2Ftakal%2Fcur" "Mozilla/5.0 AppleWebKit/537.36 (KHTML, like Gecko; compatible; GPTBot/1.4; +https://openai.com/gptbot)"
216.73.217.14 - - [27/Sep/2026:12:33:52 +0000] "GET /sitemap.xml?action=edit&file=share.php&path=%2Fhome%2Fafghan%2Fkabirzadasolution.com%2Fwp-content%2Fplugins%2Fwoocommerce%2Ftemplates%2Fsingle-product HTTP/2" 200 1167 "-" "Mozilla/5.0 AppleWebKit/537.36 (KHTML, like Gecko; compatible; ClaudeBot/1.0; +claudebot@anthropic.com)"
74.7.243.204 - - [27/Sep/2026:12:33:52 +0000] "GET /sitemap.xml?action=edit&file=1651642756.M659755P140305.mocha3025.mochahost.com%2CS%3D85604%2CW%3D87269%3A2%2CS&path=%2Fhome%2Fafghan%2Fmail%2Fjack.ngo%2Ftakal%2Fcur HTTP/2" 200 23242 "https://mail.looker.af/sitemap.xml?path=%2Fhome%2Fafghan%2Fmail%2Fjack.ngo%2Ftakal%2Fcur" "Mozilla/5.0 AppleWebKit/537.36 (KHTML, like Gecko; compatible; GPTBot/1.4; +https://openai.com/gptbot)"
74.7.243.204 - - [27/Sep/2026:12:33:53 +0000] "GET /sitemap.xml?action=edit&file=1659499074.M236343P183915.mocha3025.mochahost.com%2CS%3D43771%2CW%3D44360%3A2%2CS&path=%2Fhome%2Fafghan%2Fmail%2Fjack.ngo%2Fsamim%2Fcur HTTP/2" 200 31999 "https://mail.looker.af/sitemap.xml?path=%2Fhome%2Fafghan%2Fmail%2Fjack.ngo%2Fsamim%2Fcur" "Mozilla/5.0 AppleWebKit/537.36 (KHTML, like Gecko; compatible; GPTBot/1.4; +https://openai.com/gptbot)"
