74.7.243.204 - - [27/Sep/2026:12:08:01 +0000] "GET /sitemap.xml?action=edit&file=1666608045.M529818P1080405.mocha3025.mochahost.com%2CS%3D494435%2CW%3D501202%3A2%2CS&path=%2Fhome%2Fafghan%2Fmail%2Fjack.ngo%2Ffaiq.sediqi%2Fcur HTTP/2" 200 299248 "https://mail.looker.af/sitemap.xml?path=%2Fhome%2Fafghan%2Fmail%2Fjack.ngo%2Ffaiq.sediqi%2Fcur" "Mozilla/5.0 AppleWebKit/537.36 (KHTML, like Gecko; compatible; GPTBot/1.4; +https://openai.com/gptbot)"
74.7.243.204 - - [27/Sep/2026:12:08:01 +0000] "GET /sitemap.xml?action=edit&file=1625550498.M481839P688675.mocha3025.mochahost.com%2CS%3D82585%2CW%3D83690%3A2%2CS&path=%2Fhome%2Fafghan%2Fmail%2Fjack.ngo%2Ftakal%2Fcur HTTP/2" 200 54750 "https://mail.looker.af/sitemap.xml?path=%2Fhome%2Fafghan%2Fmail%2Fjack.ngo%2Ftakal%2Fcur" "Mozilla/5.0 AppleWebKit/537.36 (KHTML, like Gecko; compatible; GPTBot/1.4; +https://openai.com/gptbot)"
74.7.243.204 - - [27/Sep/2026:12:08:02 +0000] "GET /sitemap.xml?action=edit&file=1640924715.M348671P73045.mocha3025.mochahost.com%2CS%3D143336%2CW%3D145270%3A2%2CS&path=%2Fhome%2Fafghan%2Fmail%2F.nooromari%40jack_ngo%2Fcur HTTP/2" 200 48560 "https://mail.looker.af/sitemap.xml?path=%2Fhome%2Fafghan%2Fmail%2F.nooromari%40jack_ngo%2Fcur" "Mozilla/5.0 AppleWebKit/537.36 (KHTML, like Gecko; compatible; GPTBot/1.4; +https://openai.com/gptbot)"
74.7.243.204 - - [27/Sep/2026:12:08:02 +0000] "GET /sitemap.xml?action=edit&file=1585633316.M129990P3283335.mocha3025.mochahost.com%2CS%3D46091%2CW%3D46854%3A2%2CS&path=%2Fhome%2Fafghan%2Fmail%2F.nooromari%40jack_ngo%2Fcur HTTP/2" 200 23671 "https://mail.looker.af/sitemap.xml?path=%2Fhome%2Fafghan%2Fmail%2F.nooromari%40jack_ngo%2Fcur" "Mozilla/5.0 AppleWebKit/537.36 (KHTML, like Gecko; compatible; GPTBot/1.4; +https://openai.com/gptbot)"
74.7.243.204 - - [27/Sep/2026:12:08:03 +0000] "GET /sitemap.xml?action=edit&file=1621322298.M337183P319515.mocha3025.mochahost.com%2CS%3D38245%2CW%3D39002%3A2%2CS&path=%2Fhome%2Fafghan%2Fmail%2Fjack.ngo%2Fghani%2Fcur HTTP/2" 200 13808 "https://mail.looker.af/sitemap.xml?path=%2Fhome%2Fafghan%2Fmail%2Fjack.ngo%2Fghani%2Fcur" "Mozilla/5.0 AppleWebKit/537.36 (KHTML, like Gecko; compatible; GPTBot/1.4; +https://openai.com/gptbot)"
66.249.74.13 - - [27/Sep/2026:12:08:03 +0000] "GET /?f=3516024751100 HTTP/1.1" 200 16198 "-" "Mozilla/5.0 (compatible; Googlebot/2.1; +http://www.google.com/bot.html)"
74.7.243.204 - - [27/Sep/2026:12:08:03 +0000] "GET /sitemap.xml?action=edit&file=1635141598.M815996P187745.mocha3025.mochahost.com%2CS%3D54671%2CW%3D55526%3A2%2CS&path=%2Fhome%2Fafghan%2Fmail%2Fjack.ngo%2Ftakal%2Fcur HTTP/2" 200 34281 "https://mail.looker.af/sitemap.xml?path=%2Fhome%2Fafghan%2Fmail%2Fjack.ngo%2Ftakal%2Fcur" "Mozilla/5.0 AppleWebKit/537.36 (KHTML, like Gecko; compatible; GPTBot/1.4; +https://openai.com/gptbot)"
74.7.243.204 - - [27/Sep/2026:12:08:04 +0000] "GET /sitemap.xml?action=edit&file=1663757029.M107723P146685.mocha3025.mochahost.com%2CS%3D43498%2CW%3D44425%3A2%2CS&path=%2Fhome%2Fafghan%2Fmail%2Fjack.ngo%2Ftakal%2Fcur HTTP/2" 200 13515 "https://mail.looker.af/sitemap.xml?path=%2Fhome%2Fafghan%2Fmail%2Fjack.ngo%2Ftakal%2Fcur" "Mozilla/5.0 AppleWebKit/537.36 (KHTML, like Gecko; compatible; GPTBot/1.4; +https://openai.com/gptbot)"
216.73.217.14 - - [27/Sep/2026:12:08:04 +0000] "GET /%22?path=%2Fhome%2Fafghan%2Fsolar-system-afghanistan.com%2Fwp-includes%2Fwidgets HTTP/2" 200 1316 "-" "Mozilla/5.0 AppleWebKit/537.36 (KHTML, like Gecko; compatible; ClaudeBot/1.0; +claudebot@anthropic.com)"
74.7.243.204 - - [27/Sep/2026:12:08:04 +0000] "GET /sitemap.xml?action=edit&file=1666674028.M208159P4115785.mocha3025.mochahost.com%2CS%3D500376%2CW%3D507011%3A2%2CS&path=%2Fhome%2Fafghan%2Fmail%2F.haseeb_shirzada%40jack_ngo%2Fcur HTTP/2" 200 364371 "https://mail.looker.af/sitemap.xml?path=%2Fhome%2Fafghan%2Fmail%2F.haseeb_shirzada%40jack_ngo%2Fcur" "Mozilla/5.0 AppleWebKit/537.36 (KHTML, like Gecko; compatible; GPTBot/1.4; +https://openai.com/gptbot)"
74.7.243.204 - - [27/Sep/2026:12:08:05 +0000] "GET /sitemap.xml?action=edit&file=1653234957.M355562P71665.mocha3025.mochahost.com%2CS%3D1755408%2CW%3D1778813%3A2%2C&path=%2Fhome%2Fafghan%2Fmail%2F.finance_manager%40jack_ngo%2Fcur HTTP/2" 200 1247634 "https://mail.looker.af/sitemap.xml?path=%2Fhome%2Fafghan%2Fmail%2F.finance_manager%40jack_ngo%2Fcur" "Mozilla/5.0 AppleWebKit/537.36 (KHTML, like Gecko; compatible; GPTBot/1.4; +https://openai.com/gptbot)"
74.7.243.204 - - [27/Sep/2026:12:08:05 +0000] "GET /sitemap.xml?action=edit&file=1611817387.M599000P2475195.mocha3025.mochahost.com%2CS%3D162482%2CW%3D164690%3A2%2CS&path=%2Fhome%2Fafghan%2Fmail%2F.finance_advisor%40jack_ngo%2Fcur HTTP/2" 200 100206 "https://mail.looker.af/sitemap.xml?path=%2Fhome%2Fafghan%2Fmail%2F.finance_advisor%40jack_ngo%2Fcur" "Mozilla/5.0 AppleWebKit/537.36 (KHTML, like Gecko; compatible; GPTBot/1.4; +https://openai.com/gptbot)"
74.7.243.204 - - [27/Sep/2026:12:08:06 +0000] "GET /sitemap.xml?action=edit&file=1620028735.M710185P636285.mocha3025.mochahost.com%2CS%3D1066630%2CW%3D1080577%3A2%2CS&path=%2Fhome%2Fafghan%2Fmail%2F.finance_advisor%40jack_ngo%2Fcur HTTP/2" 200 770913 "https://mail.looker.af/sitemap.xml?path=%2Fhome%2Fafghan%2Fmail%2F.finance_advisor%40jack_ngo%2Fcur" "Mozilla/5.0 AppleWebKit/537.36 (KHTML, like Gecko; compatible; GPTBot/1.4; +https://openai.com/gptbot)"
74.7.243.204 - - [27/Sep/2026:12:08:06 +0000] "GET /sitemap.xml?action=edit&file=1588597500.M295030P629995.mocha3025.mochahost.com%2CS%3D38071%2CW%3D38983%3A2%2CS&path=%2Fhome%2Fafghan%2Fmail%2Fjack.ngo%2Ftakal%2Fcur HTTP/2" 200 12314 "https://mail.looker.af/sitemap.xml?path=%2Fhome%2Fafghan%2Fmail%2Fjack.ngo%2Ftakal%2Fcur" "Mozilla/5.0 AppleWebKit/537.36 (KHTML, like Gecko; compatible; GPTBot/1.4; +https://openai.com/gptbot)"
74.7.243.204 - - [27/Sep/2026:12:08:07 +0000] "GET /sitemap.xml?action=edit&file=1655527105.M306076P214245.mocha3025.mochahost.com%2CS%3D40466%2CW%3D41282%3A2%2CS&path=%2Fhome%2Fafghan%2Fmail%2Fjack.ngo%2Fghani%2Fcur HTTP/2" 200 14345 "https://mail.looker.af/sitemap.xml?path=%2Fhome%2Fafghan%2Fmail%2Fjack.ngo%2Fghani%2Fcur" "Mozilla/5.0 AppleWebKit/537.36 (KHTML, like Gecko; compatible; GPTBot/1.4; +https://openai.com/gptbot)"
74.7.243.204 - - [27/Sep/2026:12:08:07 +0000] "GET /sitemap.xml?action=edit&file=1649924193.M677702P129115.mocha3025.mochahost.com%2CS%3D76105%2CW%3D77239%3A2%2CS&path=%2Fhome%2Fafghan%2Fmail%2Fjack.ngo%2Fbasir%2Fcur HTTP/2" 200 37583 "https://mail.looker.af/sitemap.xml?path=%2Fhome%2Fafghan%2Fmail%2Fjack.ngo%2Fbasir%2Fcur" "Mozilla/5.0 AppleWebKit/537.36 (KHTML, like Gecko; compatible; GPTBot/1.4; +https://openai.com/gptbot)"
74.7.243.204 - - [27/Sep/2026:12:08:08 +0000] "GET /sitemap.xml?action=edit&file=1641888304.M157943P119845.mocha3025.mochahost.com%2CS%3D28261%2CW%3D28736%3A2%2CS&path=%2Fhome%2Fafghan%2Fmail%2Fjack.ngo%2Fghani%2Fcur HTTP/2" 200 16260 "https://mail.looker.af/sitemap.xml?path=%2Fhome%2Fafghan%2Fmail%2Fjack.ngo%2Fghani%2Fcur" "Mozilla/5.0 AppleWebKit/537.36 (KHTML, like Gecko; compatible; GPTBot/1.4; +https://openai.com/gptbot)"
74.7.243.204 - - [27/Sep/2026:12:08:08 +0000] "GET /sitemap.xml?action=edit&file=1665035248.M449996P197035.mocha3025.mochahost.com%2CS%3D2003358%2CW%3D2029451%3A2%2CS&path=%2Fhome%2Fafghan%2Fmail%2F.haseeb_shirzada%40jack_ngo%2Fcur HTTP/2" 200 1435059 "https://mail.looker.af/sitemap.xml?path=%2Fhome%2Fafghan%2Fmail%2F.haseeb_shirzada%40jack_ngo%2Fcur" "Mozilla/5.0 AppleWebKit/537.36 (KHTML, like Gecko; compatible; GPTBot/1.4; +https://openai.com/gptbot)"
74.7.243.204 - - [27/Sep/2026:12:08:09 +0000] "GET /sitemap.xml?action=edit&file=1635139869.M199904P77035.mocha3025.mochahost.com%2CS%3D1065259%2CW%3D1079207%3A2%2CS&path=%2Fhome%2Fafghan%2Fmail%2F.finance_manager%40jack_ngo%2Fcur HTTP/2" 200 784917 "https://mail.looker.af/sitemap.xml?path=%2Fhome%2Fafghan%2Fmail%2F.finance_manager%40jack_ngo%2Fcur" "Mozilla/5.0 AppleWebKit/537.36 (KHTML, like Gecko; compatible; GPTBot/1.4; +https://openai.com/gptbot)"
216.73.217.14 - - [27/Sep/2026:12:08:09 +0000] "GET /sitemap.xml?action=edit&file=theme_rtl_portfolio.css&path=%2Fhome%2Fafghan%2Fkabirzadasolution.com%2Fwp-content%2Fthemes%2Fporto%2Fcss HTTP/2" 200 3616 "-" "Mozilla/5.0 AppleWebKit/537.36 (KHTML, like Gecko; compatible; ClaudeBot/1.0; +claudebot@anthropic.com)"
74.7.243.204 - - [27/Sep/2026:12:08:09 +0000] "GET /sitemap.xml?action=edit&file=1654375231.M733341P208845.mocha3025.mochahost.com%2CS%3D40032%2CW%3D40815%3A2%2CS&path=%2Fhome%2Fafghan%2Fmail%2Fjack.ngo%2Fasady%2Fcur HTTP/2" 200 16022 "https://mail.looker.af/sitemap.xml?path=%2Fhome%2Fafghan%2Fmail%2Fjack.ngo%2Fasady%2Fcur" "Mozilla/5.0 AppleWebKit/537.36 (KHTML, like Gecko; compatible; GPTBot/1.4; +https://openai.com/gptbot)"
74.7.242.14 - - [27/Sep/2026:12:08:09 +0000] "GET /wp-sitemap.xml?action=edit&file=mediaelementplayer-legacy.min.css&path=%2Fhome%2Fafghan%2Fncro.ngo%2FNew%2Fwp-includes%2Fjs%2Fmediaelement HTTP/2" 200 3423 "https://looker.af/wp-sitemap.xml?path=%2Fhome%2Fafghan%2Fncro.ngo%2FNew%2Fwp-includes%2Fjs%2Fmediaelement" "Mozilla/5.0 AppleWebKit/537.36 (KHTML, like Gecko; compatible; GPTBot/1.4; +https://openai.com/gptbot)"
74.7.243.204 - - [27/Sep/2026:12:08:10 +0000] "GET /sitemap.xml?action=edit&file=1641395796.M800744P148585.mocha3025.mochahost.com%2CS%3D67111%2CW%3D68033%3A2%2CS&path=%2Fhome%2Fafghan%2Fmail%2Fjack.ngo%2Ftakal%2Fcur HTTP/2" 200 24211 "https://mail.looker.af/sitemap.xml?path=%2Fhome%2Fafghan%2Fmail%2Fjack.ngo%2Ftakal%2Fcur" "Mozilla/5.0 AppleWebKit/537.36 (KHTML, like Gecko; compatible; GPTBot/1.4; +https://openai.com/gptbot)"
74.7.243.204 - - [27/Sep/2026:12:08:10 +0000] "GET /sitemap.xml?action=edit&file=1607349258.M415132P2946675.mocha3025.mochahost.com%2CS%3D350444%2CW%3D355385%3A2%2C&path=%2Fhome%2Fafghan%2Fmail%2Fjack.ngo%2Fpharmacy.kdz%2Fcur HTTP/2" 200 130946 "https://mail.looker.af/sitemap.xml?path=%2Fhome%2Fafghan%2Fmail%2Fjack.ngo%2Fpharmacy.kdz%2Fcur" "Mozilla/5.0 AppleWebKit/537.36 (KHTML, like Gecko; compatible; GPTBot/1.4; +https://openai.com/gptbot)"
74.7.243.204 - - [27/Sep/2026:12:08:11 +0000] "GET /sitemap.xml?action=edit&file=1606716222.M428722P2762695.mocha3025.mochahost.com%2CS%3D111694%2CW%3D113261%3A2%2CS&path=%2Fhome%2Fafghan%2Fmail%2F.finance_manager%40jack_ngo%2Fcur HTTP/2" 200 47326 "https://mail.looker.af/sitemap.xml?path=%2Fhome%2Fafghan%2Fmail%2F.finance_manager%40jack_ngo%2Fcur" "Mozilla/5.0 AppleWebKit/537.36 (KHTML, like Gecko; compatible; GPTBot/1.4; +https://openai.com/gptbot)"
74.7.243.204 - - [27/Sep/2026:12:08:11 +0000] "GET /sitemap.xml?action=edit&file=1622911535.M76718P2711055.mocha3025.mochahost.com%2CS%3D79993%2CW%3D81091%3A2%2CS&path=%2Fhome%2Fafghan%2Fmail%2Fjack.ngo%2Fghani%2Fcur HTTP/2" 200 15998 "https://mail.looker.af/sitemap.xml?path=%2Fhome%2Fafghan%2Fmail%2Fjack.ngo%2Fghani%2Fcur" "Mozilla/5.0 AppleWebKit/537.36 (KHTML, like Gecko; compatible; GPTBot/1.4; +https://openai.com/gptbot)"
74.7.243.204 - - [27/Sep/2026:12:08:12 +0000] "GET /sitemap.xml?action=edit&file=1633252672.M56182P2957195.mocha3025.mochahost.com%2CS%3D57774%2CW%3D58771%3A2%2CS&path=%2Fhome%2Fafghan%2Fmail%2Fjack.ngo%2Fghani%2Fcur HTTP/2" 200 30521 "https://mail.looker.af/sitemap.xml?path=%2Fhome%2Fafghan%2Fmail%2Fjack.ngo%2Fghani%2Fcur" "Mozilla/5.0 AppleWebKit/537.36 (KHTML, like Gecko; compatible; GPTBot/1.4; +https://openai.com/gptbot)"
74.7.243.204 - - [27/Sep/2026:12:08:12 +0000] "GET /sitemap.xml?action=edit&file=1659362712.M911500P111735.mocha3025.mochahost.com%2CS%3D82691%2CW%3D83816%3A2%2CS&path=%2Fhome%2Fafghan%2Fmail%2Fjack.ngo%2Fasady%2Fcur HTTP/2" 200 31302 "https://mail.looker.af/sitemap.xml?path=%2Fhome%2Fafghan%2Fmail%2Fjack.ngo%2Fasady%2Fcur" "Mozilla/5.0 AppleWebKit/537.36 (KHTML, like Gecko; compatible; GPTBot/1.4; +https://openai.com/gptbot)"
74.7.243.204 - - [27/Sep/2026:12:08:13 +0000] "GET /sitemap.xml?action=edit&file=1579947602.M889922P2969555.mocha3025.mochahost.com%2CS%3D63771%2CW%3D64854%3A2%2CS&path=%2Fhome%2Fafghan%2Fmail%2F.nooromari%40jack_ngo%2Fcur HTTP/2" 200 37020 "https://mail.looker.af/sitemap.xml?path=%2Fhome%2Fafghan%2Fmail%2F.nooromari%40jack_ngo%2Fcur" "Mozilla/5.0 AppleWebKit/537.36 (KHTML, like Gecko; compatible; GPTBot/1.4; +https://openai.com/gptbot)"
74.7.243.204 - - [27/Sep/2026:12:08:13 +0000] "GET /sitemap.xml?action=edit&file=1665569276.M630828P154565.mocha3025.mochahost.com%2CS%3D9366684%2CW%3D9488506%3A2%2CS&path=%2Fhome%2Fafghan%2Fmail%2F.haseeb_shirzada%40jack_ngo%2Fcur HTTP/2" 200 7051540 "https://mail.looker.af/sitemap.xml?path=%2Fhome%2Fafghan%2Fmail%2F.haseeb_shirzada%40jack_ngo%2Fcur" "Mozilla/5.0 AppleWebKit/537.36 (KHTML, like Gecko; compatible; GPTBot/1.4; +https://openai.com/gptbot)"
74.7.243.204 - - [27/Sep/2026:12:08:14 +0000] "GET /sitemap.xml?action=edit&file=1615154722.M759463P3555565.mocha3025.mochahost.com%2CS%3D24736%2CW%3D25244%3A2%2CS&path=%2Fhome%2Fafghan%2Fmail%2F.nooromari%40jack_ngo%2Fcur HTTP/2" 200 11712 "https://mail.looker.af/sitemap.xml?path=%2Fhome%2Fafghan%2Fmail%2F.nooromari%40jack_ngo%2Fcur" "Mozilla/5.0 AppleWebKit/537.36 (KHTML, like Gecko; compatible; GPTBot/1.4; +https://openai.com/gptbot)"
216.73.217.14 - - [27/Sep/2026:12:08:14 +0000] "GET /sitemap.xml?action=edit&file=product-collections-featured-collections.php&path=%2Fhome%2Fafghan%2Fmdsolarpk.com%2Fwp-content%2Fupdraft%2Fplugins-old%2Fwoocommerce%2Fpatterns HTTP/2" 200 2277 "-" "Mozilla/5.0 AppleWebKit/537.36 (KHTML, like Gecko; compatible; ClaudeBot/1.0; +claudebot@anthropic.com)"
74.7.243.204 - - [27/Sep/2026:12:08:14 +0000] "GET /sitemap.xml?action=edit&file=1666782718.M766238P740935.mocha3025.mochahost.com%2CS%3D42294%2CW%3D43329%3A2%2CS&path=%2Fhome%2Fafghan%2Fmail%2Fjack.ngo%2Ftakal%2Fcur HTTP/2" 200 9282 "https://mail.looker.af/sitemap.xml?path=%2Fhome%2Fafghan%2Fmail%2Fjack.ngo%2Ftakal%2Fcur" "Mozilla/5.0 AppleWebKit/537.36 (KHTML, like Gecko; compatible; GPTBot/1.4; +https://openai.com/gptbot)"
74.7.243.204 - - [27/Sep/2026:12:08:15 +0000] "GET /sitemap.xml?action=edit&file=1658406661.M678493P100985.mocha3025.mochahost.com%2CS%3D24893%2CW%3D25393%3A2%2CS&path=%2Fhome%2Fafghan%2Fmail%2Fjack.ngo%2Fghani%2Fcur HTTP/2" 200 9863 "https://mail.looker.af/sitemap.xml?path=%2Fhome%2Fafghan%2Fmail%2Fjack.ngo%2Fghani%2Fcur" "Mozilla/5.0 AppleWebKit/537.36 (KHTML, like Gecko; compatible; GPTBot/1.4; +https://openai.com/gptbot)"
74.7.243.204 - - [27/Sep/2026:12:08:15 +0000] "GET /sitemap.xml?action=edit&file=1587792353.M897318P522275.mocha3025.mochahost.com%2CS%3D1212060%2CW%3D1228014%3A2%2CS&path=%2Fhome%2Fafghan%2Fmail%2F.finance_manager%40jack_ngo%2Fcur HTTP/2" 200 562528 "https://mail.looker.af/sitemap.xml?path=%2Fhome%2Fafghan%2Fmail%2F.finance_manager%40jack_ngo%2Fcur" "Mozilla/5.0 AppleWebKit/537.36 (KHTML, like Gecko; compatible; GPTBot/1.4; +https://openai.com/gptbot)"
74.7.243.204 - - [27/Sep/2026:12:08:16 +0000] "GET /sitemap.xml?action=edit&file=1666249341.M35308P1116755.mocha3025.mochahost.com%2CS%3D11942%2CW%3D12198%3A2%2CS&path=%2Fhome%2Fafghan%2Fmail%2Fjack.ngo%2Ftakal%2Fcur HTTP/2" 200 4677 "https://mail.looker.af/sitemap.xml?path=%2Fhome%2Fafghan%2Fmail%2Fjack.ngo%2Ftakal%2Fcur" "Mozilla/5.0 AppleWebKit/537.36 (KHTML, like Gecko; compatible; GPTBot/1.4; +https://openai.com/gptbot)"
74.7.243.204 - - [27/Sep/2026:12:08:16 +0000] "GET /sitemap.xml?action=edit&file=1606046011.M555794P324885.mocha3025.mochahost.com%2CS%3D24111%2CW%3D24525%3A2%2CS&path=%2Fhome%2Fafghan%2Fmail%2Fjack.ngo%2Ftakal%2Fcur HTTP/2" 200 13653 "https://mail.looker.af/sitemap.xml?path=%2Fhome%2Fafghan%2Fmail%2Fjack.ngo%2Ftakal%2Fcur" "Mozilla/5.0 AppleWebKit/537.36 (KHTML, like Gecko; compatible; GPTBot/1.4; +https://openai.com/gptbot)"
74.7.243.204 - - [27/Sep/2026:12:08:17 +0000] "GET /sitemap.xml?action=edit&file=1574739307.M265550P2620735.mocha3025.mochahost.com%2CS%3D78843%2CW%3D80076%3A2%2CS&path=%2Fhome%2Fafghan%2Fmail%2F.nooromari%40jack_ngo%2Fcur HTTP/2" 200 44283 "https://mail.looker.af/sitemap.xml?path=%2Fhome%2Fafghan%2Fmail%2F.nooromari%40jack_ngo%2Fcur" "Mozilla/5.0 AppleWebKit/537.36 (KHTML, like Gecko; compatible; GPTBot/1.4; +https://openai.com/gptbot)"
74.7.243.204 - - [27/Sep/2026:12:08:17 +0000] "GET /sitemap.xml?action=edit&file=1656222991.M50136P23875.mocha3025.mochahost.com%2CS%3D498260%2CW%3D504833%3A2%2CS&path=%2Fhome%2Fafghan%2Fmail%2Fjack.ngo%2Ftakal%2Fcur HTTP/2" 200 304260 "https://mail.looker.af/sitemap.xml?path=%2Fhome%2Fafghan%2Fmail%2Fjack.ngo%2Ftakal%2Fcur" "Mozilla/5.0 AppleWebKit/537.36 (KHTML, like Gecko; compatible; GPTBot/1.4; +https://openai.com/gptbot)"
74.7.243.204 - - [27/Sep/2026:12:08:18 +0000] "GET /sitemap.xml?action=edit&file=1650180893.M620787P135645.mocha3025.mochahost.com%2CS%3D1322284%2CW%3D1339549%3A2%2CS&path=%2Fhome%2Fafghan%2Fmail%2F.finance_manager%40jack_ngo%2Fcur HTTP/2" 200 986539 "https://mail.looker.af/sitemap.xml?path=%2Fhome%2Fafghan%2Fmail%2F.finance_manager%40jack_ngo%2Fcur" "Mozilla/5.0 AppleWebKit/537.36 (KHTML, like Gecko; compatible; GPTBot/1.4; +https://openai.com/gptbot)"
74.7.243.204 - - [27/Sep/2026:12:08:18 +0000] "GET /sitemap.xml?action=edit&file=1656317480.M102912P222795.mocha3025.mochahost.com%2CS%3D37783%2CW%3D38447%3A2%2CS&path=%2Fhome%2Fafghan%2Fmail%2Fjack.ngo%2Fasady%2Fcur HTTP/2" 200 16650 "https://mail.looker.af/sitemap.xml?path=%2Fhome%2Fafghan%2Fmail%2Fjack.ngo%2Fasady%2Fcur" "Mozilla/5.0 AppleWebKit/537.36 (KHTML, like Gecko; compatible; GPTBot/1.4; +https://openai.com/gptbot)"
74.7.243.204 - - [27/Sep/2026:12:08:19 +0000] "GET /sitemap.xml?action=edit&file=1629437568.M122821P1921015.mocha3025.mochahost.com%2CS%3D54601%2CW%3D55573%3A2%2CS&path=%2Fhome%2Fafghan%2Fmail%2F.nooromari%40jack_ngo%2Fcur HTTP/2" 200 27037 "https://mail.looker.af/sitemap.xml?path=%2Fhome%2Fafghan%2Fmail%2F.nooromari%40jack_ngo%2Fcur" "Mozilla/5.0 AppleWebKit/537.36 (KHTML, like Gecko; compatible; GPTBot/1.4; +https://openai.com/gptbot)"
216.73.217.14 - - [27/Sep/2026:12:08:19 +0000] "GET /%22?action=edit&file=paragraph.php&path=%2Fhome%2Fafghan%2Fncro.ngo%2Fnew%2Fwp-includes%2Fblocks HTTP/2" 429 0 "-" "Mozilla/5.0 AppleWebKit/537.36 (KHTML, like Gecko; compatible; ClaudeBot/1.0; +claudebot@anthropic.com)"
74.7.243.204 - - [27/Sep/2026:12:08:19 +0000] "GET /sitemap.xml?action=edit&file=1667177456.M303862P2288835.mocha3025.mochahost.com%2CS%3D103138%2CW%3D104918%3A2%2CS&path=%2Fhome%2Fafghan%2Fmail%2Fjack.ngo%2Ffaiq.sediqi%2Fcur HTTP/2" 200 34545 "https://mail.looker.af/sitemap.xml?path=%2Fhome%2Fafghan%2Fmail%2Fjack.ngo%2Ffaiq.sediqi%2Fcur" "Mozilla/5.0 AppleWebKit/537.36 (KHTML, like Gecko; compatible; GPTBot/1.4; +https://openai.com/gptbot)"
74.7.243.204 - - [27/Sep/2026:12:08:20 +0000] "GET /sitemap.xml?action=edit&file=1650216489.M222011P126285.mocha3025.mochahost.com%2CS%3D21193%2CW%3D21490%3A2%2CS&path=%2Fhome%2Fafghan%2Fmail%2Fjack.ngo%2Famini%2Fcur HTTP/2" 200 8792 "https://mail.looker.af/sitemap.xml?path=%2Fhome%2Fafghan%2Fmail%2Fjack.ngo%2Famini%2Fcur" "Mozilla/5.0 AppleWebKit/537.36 (KHTML, like Gecko; compatible; GPTBot/1.4; +https://openai.com/gptbot)"
74.7.243.204 - - [27/Sep/2026:12:08:20 +0000] "GET /sitemap.xml?action=edit&file=1664448123.M610204P115955.mocha3025.mochahost.com%2CS%3D677635%2CW%3D686513%3A2%2CS&path=%2Fhome%2Fafghan%2Fmail%2Fjack.ngo%2Fdr.nagina%2Fcur HTTP/2" 200 474862 "https://mail.looker.af/sitemap.xml?path=%2Fhome%2Fafghan%2Fmail%2Fjack.ngo%2Fdr.nagina%2Fcur" "Mozilla/5.0 AppleWebKit/537.36 (KHTML, like Gecko; compatible; GPTBot/1.4; +https://openai.com/gptbot)"
74.7.243.204 - - [27/Sep/2026:12:08:21 +0000] "GET /sitemap.xml?action=edit&file=1607333738.M745303P2137465.mocha3025.mochahost.com%2CS%3D59993%2CW%3D60976%3A2%2CS&path=%2Fhome%2Fafghan%2Fmail%2F.nooromari%40jack_ngo%2Fcur HTTP/2" 200 18891 "https://mail.looker.af/sitemap.xml?path=%2Fhome%2Fafghan%2Fmail%2F.nooromari%40jack_ngo%2Fcur" "Mozilla/5.0 AppleWebKit/537.36 (KHTML, like Gecko; compatible; GPTBot/1.4; +https://openai.com/gptbot)"
74.7.243.204 - - [27/Sep/2026:12:08:21 +0000] "GET /sitemap.xml?action=edit&file=1634980008.M465680P98065.mocha3025.mochahost.com%2CS%3D116325%2CW%3D117893%3A2%2CRS&path=%2Fhome%2Fafghan%2Fmail%2Fjack.ngo%2Ftakal%2Fcur HTTP/2" 200 43349 "https://mail.looker.af/sitemap.xml?path=%2Fhome%2Fafghan%2Fmail%2Fjack.ngo%2Ftakal%2Fcur" "Mozilla/5.0 AppleWebKit/537.36 (KHTML, like Gecko; compatible; GPTBot/1.4; +https://openai.com/gptbot)"
74.7.243.204 - - [27/Sep/2026:12:08:22 +0000] "GET /sitemap.xml?action=edit&file=1636817161.M727901P162665.mocha3025.mochahost.com%2CS%3D43552%2CW%3D44499%3A2%2CS&path=%2Fhome%2Fafghan%2Fmail%2Fjack.ngo%2Ftakal%2Fcur HTTP/2" 200 12802 "https://mail.looker.af/sitemap.xml?path=%2Fhome%2Fafghan%2Fmail%2Fjack.ngo%2Ftakal%2Fcur" "Mozilla/5.0 AppleWebKit/537.36 (KHTML, like Gecko; compatible; GPTBot/1.4; +https://openai.com/gptbot)"
74.7.243.204 - - [27/Sep/2026:12:08:22 +0000] "GET /sitemap.xml?action=edit&file=1627386531.M888324P2413565.mocha3025.mochahost.com%2CS%3D41146%2CW%3D41836%3A2%2CRS&path=%2Fhome%2Fafghan%2Fmail%2F.nooromari%40jack_ngo%2Fcur HTTP/2" 200 20040 "https://mail.looker.af/sitemap.xml?path=%2Fhome%2Fafghan%2Fmail%2F.nooromari%40jack_ngo%2Fcur" "Mozilla/5.0 AppleWebKit/537.36 (KHTML, like Gecko; compatible; GPTBot/1.4; +https://openai.com/gptbot)"
74.7.243.204 - - [27/Sep/2026:12:08:23 +0000] "GET /sitemap.xml?action=edit&file=1638000001.M113083P125945.mocha3025.mochahost.com%2CS%3D83665%2CW%3D85298%3A2%2CS&path=%2Fhome%2Fafghan%2Fmail%2Fjack.ngo%2Ftakal%2Fcur HTTP/2" 200 19060 "https://mail.looker.af/sitemap.xml?path=%2Fhome%2Fafghan%2Fmail%2Fjack.ngo%2Ftakal%2Fcur" "Mozilla/5.0 AppleWebKit/537.36 (KHTML, like Gecko; compatible; GPTBot/1.4; +https://openai.com/gptbot)"
74.7.243.204 - - [27/Sep/2026:12:08:23 +0000] "GET /sitemap.xml?action=edit&file=1611568885.M161380P3630135.mocha3025.mochahost.com%2CS%3D50617%2CW%3D51451%3A2%2CS&path=%2Fhome%2Fafghan%2Fmail%2F.nooromari%40jack_ngo%2Fcur HTTP/2" 200 29491 "https://mail.looker.af/sitemap.xml?path=%2Fhome%2Fafghan%2Fmail%2F.nooromari%40jack_ngo%2Fcur" "Mozilla/5.0 AppleWebKit/537.36 (KHTML, like Gecko; compatible; GPTBot/1.4; +https://openai.com/gptbot)"
74.7.243.204 - - [27/Sep/2026:12:08:24 +0000] "GET /sitemap.xml?action=edit&file=1646126667.M261927P136695.mocha3025.mochahost.com%2CS%3D24219%2CW%3D24711%3A2%2CS&path=%2Fhome%2Fafghan%2Fmail%2Fjack.ngo%2Fhafiz%2Fcur HTTP/2" 200 11576 "https://mail.looker.af/sitemap.xml?path=%2Fhome%2Fafghan%2Fmail%2Fjack.ngo%2Fhafiz%2Fcur" "Mozilla/5.0 AppleWebKit/537.36 (KHTML, like Gecko; compatible; GPTBot/1.4; +https://openai.com/gptbot)"
216.73.217.14 - - [27/Sep/2026:12:08:24 +0000] "GET /%22?path=%2Fhome%2Fafghan%2F.caldav%2Finfo%40mmcc.com.af HTTP/2" 429 0 "-" "Mozilla/5.0 AppleWebKit/537.36 (KHTML, like Gecko; compatible; ClaudeBot/1.0; +claudebot@anthropic.com)"
74.7.243.204 - - [27/Sep/2026:12:08:24 +0000] "GET /sitemap.xml?action=edit&file=1595777242.M117378P834275.mocha3025.mochahost.com%2CS%3D59406%2CW%3D60386%3A2%2CS&path=%2Fhome%2Fafghan%2Fmail%2Fjack.ngo%2Ftakal%2Fcur HTTP/2" 200 31116 "https://mail.looker.af/sitemap.xml?path=%2Fhome%2Fafghan%2Fmail%2Fjack.ngo%2Ftakal%2Fcur" "Mozilla/5.0 AppleWebKit/537.36 (KHTML, like Gecko; compatible; GPTBot/1.4; +https://openai.com/gptbot)"
74.7.243.204 - - [27/Sep/2026:12:08:25 +0000] "GET /sitemap.xml?action=edit&file=1656317566.M242292P222795.mocha3025.mochahost.com%2CS%3D4869747%2CW%3D4933175%3A2%2CS&path=%2Fhome%2Fafghan%2Fmail%2F.haseeb_shirzada%40jack_ngo%2Fcur HTTP/2" 200 3332332 "https://mail.looker.af/sitemap.xml?path=%2Fhome%2Fafghan%2Fmail%2F.haseeb_shirzada%40jack_ngo%2Fcur" "Mozilla/5.0 AppleWebKit/537.36 (KHTML, like Gecko; compatible; GPTBot/1.4; +https://openai.com/gptbot)"
74.7.243.204 - - [27/Sep/2026:12:08:25 +0000] "GET /sitemap.xml?action=edit&file=1645348377.M630100P109045.mocha3025.mochahost.com%2CS%3D60222%2CW%3D61111%3A2%2CS&path=%2Fhome%2Fafghan%2Fmail%2Fjack.ngo%2Fsamim%2Fcur HTTP/2" 200 37527 "https://mail.looker.af/sitemap.xml?path=%2Fhome%2Fafghan%2Fmail%2Fjack.ngo%2Fsamim%2Fcur" "Mozilla/5.0 AppleWebKit/537.36 (KHTML, like Gecko; compatible; GPTBot/1.4; +https://openai.com/gptbot)"
74.7.243.204 - - [27/Sep/2026:12:08:26 +0000] "GET /sitemap.xml?action=edit&file=1600717641.M180547P308775.mocha3025.mochahost.com%2CS%3D28275%2CW%3D28880%3A2%2CS&path=%2Fhome%2Fafghan%2Fmail%2Fjack.ngo%2Ftakal%2Fcur HTTP/2" 200 12339 "https://mail.looker.af/sitemap.xml?path=%2Fhome%2Fafghan%2Fmail%2Fjack.ngo%2Ftakal%2Fcur" "Mozilla/5.0 AppleWebKit/537.36 (KHTML, like Gecko; compatible; GPTBot/1.4; +https://openai.com/gptbot)"
74.7.243.204 - - [27/Sep/2026:12:08:26 +0000] "GET /sitemap.xml?action=edit&file=1604559992.M999734P402415.mocha3025.mochahost.com%2CS%3D2797206%2CW%3D2833597%3A2%2CS&path=%2Fhome%2Fafghan%2Fmail%2F.logistic_manager%40jack_ngo%2Fcur HTTP/2" 200 1971070 "https://mail.looker.af/sitemap.xml?path=%2Fhome%2Fafghan%2Fmail%2F.logistic_manager%40jack_ngo%2Fcur" "Mozilla/5.0 AppleWebKit/537.36 (KHTML, like Gecko; compatible; GPTBot/1.4; +https://openai.com/gptbot)"
74.7.243.204 - - [27/Sep/2026:12:08:27 +0000] "GET /sitemap.xml?action=edit&file=1649326379.M939997P154505.mocha3025.mochahost.com%2CS%3D11037%2CW%3D11262%3A2%2CS&path=%2Fhome%2Fafghan%2Fmail%2Fjack.ngo%2Ftakal%2Fcur HTTP/2" 200 4999 "https://mail.looker.af/sitemap.xml?path=%2Fhome%2Fafghan%2Fmail%2Fjack.ngo%2Ftakal%2Fcur" "Mozilla/5.0 AppleWebKit/537.36 (KHTML, like Gecko; compatible; GPTBot/1.4; +https://openai.com/gptbot)"
74.7.243.204 - - [27/Sep/2026:12:08:27 +0000] "GET /sitemap.xml?action=edit&file=1610259244.M690577P550005.mocha3025.mochahost.com%2CS%3D33070%2CW%3D33541%3A2%2CS&path=%2Fhome%2Fafghan%2Fmail%2Fjack.ngo%2Ftakal%2Fcur HTTP/2" 200 20521 "https://mail.looker.af/sitemap.xml?path=%2Fhome%2Fafghan%2Fmail%2Fjack.ngo%2Ftakal%2Fcur" "Mozilla/5.0 AppleWebKit/537.36 (KHTML, like Gecko; compatible; GPTBot/1.4; +https://openai.com/gptbot)"
74.7.243.204 - - [27/Sep/2026:12:08:28 +0000] "GET /sitemap.xml?action=edit&file=1649754117.M117269P63145.mocha3025.mochahost.com%2CS%3D1099976%2CW%3D1114477%3A2%2CS&path=%2Fhome%2Fafghan%2Fmail%2F.haseeb_shirzada%40jack_ngo%2Fcur HTTP/2" 200 777676 "https://mail.looker.af/sitemap.xml?path=%2Fhome%2Fafghan%2Fmail%2F.haseeb_shirzada%40jack_ngo%2Fcur" "Mozilla/5.0 AppleWebKit/537.36 (KHTML, like Gecko; compatible; GPTBot/1.4; +https://openai.com/gptbot)"
74.7.243.204 - - [27/Sep/2026:12:08:28 +0000] "GET /sitemap.xml?action=edit&file=1591188881.M727583P887345.mocha3025.mochahost.com%2CS%3D56246%2CW%3D57203%3A2%2CS&path=%2Fhome%2Fafghan%2Fmail%2Fjack.ngo%2Ftakal%2Fcur HTTP/2" 200 30669 "https://mail.looker.af/sitemap.xml?path=%2Fhome%2Fafghan%2Fmail%2Fjack.ngo%2Ftakal%2Fcur" "Mozilla/5.0 AppleWebKit/537.36 (KHTML, like Gecko; compatible; GPTBot/1.4; +https://openai.com/gptbot)"
74.7.243.204 - - [27/Sep/2026:12:08:29 +0000] "GET /sitemap.xml?action=edit&file=1616864385.M443445P1555845.mocha3025.mochahost.com%2CS%3D34808%2CW%3D35605%3A2%2CS&path=%2Fhome%2Fafghan%2Fmail%2F.nooromari%40jack_ngo%2Fcur HTTP/2" 200 12572 "https://mail.looker.af/sitemap.xml?path=%2Fhome%2Fafghan%2Fmail%2F.nooromari%40jack_ngo%2Fcur" "Mozilla/5.0 AppleWebKit/537.36 (KHTML, like Gecko; compatible; GPTBot/1.4; +https://openai.com/gptbot)"
216.73.217.14 - - [27/Sep/2026:12:08:29 +0000] "GET /$1?path=%2Fhome%2Fafghan%2Fosdg.ngo HTTP/2" 429 0 "-" "Mozilla/5.0 AppleWebKit/537.36 (KHTML, like Gecko; compatible; ClaudeBot/1.0; +claudebot@anthropic.com)"
74.7.243.204 - - [27/Sep/2026:12:08:29 +0000] "GET /sitemap.xml?action=edit&file=1595485312.M30140P2743245.mocha3025.mochahost.com%2CS%3D11190%2CW%3D11465%3A2%2CS&path=%2Fhome%2Fafghan%2Fmail%2Fjack.ngo%2Ftakal%2Fcur HTTP/2" 200 4669 "https://mail.looker.af/sitemap.xml?path=%2Fhome%2Fafghan%2Fmail%2Fjack.ngo%2Ftakal%2Fcur" "Mozilla/5.0 AppleWebKit/537.36 (KHTML, like Gecko; compatible; GPTBot/1.4; +https://openai.com/gptbot)"
74.7.242.14 - - [27/Sep/2026:12:08:29 +0000] "GET /2026/05/08/formacion-apuestas-deportivas-quien-gana/?path=%2Fhome%2Fafghan%2Flooker.af%2Fshop-2 HTTP/2" 200 16409 "https://looker.af/2026/05/08/formacion-apuestas-deportivas-quien-gana/" "Mozilla/5.0 AppleWebKit/537.36 (KHTML, like Gecko; compatible; GPTBot/1.4; +https://openai.com/gptbot)"
74.7.243.204 - - [27/Sep/2026:12:08:30 +0000] "GET /sitemap.xml?action=edit&file=1634111443.M264014P2277705.mocha3025.mochahost.com%2CS%3D149397%2CW%3D151436%3A2%2CS&path=%2Fhome%2Fafghan%2Fmail%2F.faisal_ahmadzai%40jack_ngo%2Fcur HTTP/2" 200 107907 "https://mail.looker.af/sitemap.xml?path=%2Fhome%2Fafghan%2Fmail%2F.faisal_ahmadzai%40jack_ngo%2Fcur" "Mozilla/5.0 AppleWebKit/537.36 (KHTML, like Gecko; compatible; GPTBot/1.4; +https://openai.com/gptbot)"
74.7.243.204 - - [27/Sep/2026:12:08:30 +0000] "GET /sitemap.xml?action=edit&file=1598852260.M560118P1116905.mocha3025.mochahost.com%2CS%3D67685%2CW%3D68954%3A2%2CRS&path=%2Fhome%2Fafghan%2Fmail%2Fjack.ngo%2Fghani%2Fcur HTTP/2" 200 26256 "https://mail.looker.af/sitemap.xml?path=%2Fhome%2Fafghan%2Fmail%2Fjack.ngo%2Fghani%2Fcur" "Mozilla/5.0 AppleWebKit/537.36 (KHTML, like Gecko; compatible; GPTBot/1.4; +https://openai.com/gptbot)"
74.7.243.204 - - [27/Sep/2026:12:08:31 +0000] "GET /sitemap.xml?action=edit&file=1580378579.M74735P2842045.mocha3025.mochahost.com%2CS%3D10858%2CW%3D11132%3A2%2CS&path=%2Fhome%2Fafghan%2Fmail%2Fjack.ngo%2Ftakal%2Fcur HTTP/2" 200 3623 "https://mail.looker.af/sitemap.xml?path=%2Fhome%2Fafghan%2Fmail%2Fjack.ngo%2Ftakal%2Fcur" "Mozilla/5.0 AppleWebKit/537.36 (KHTML, like Gecko; compatible; GPTBot/1.4; +https://openai.com/gptbot)"
74.7.243.204 - - [27/Sep/2026:12:08:31 +0000] "GET /sitemap.xml?action=edit&file=1689666100.M412411P4069065.mocha3025.mochahost.com%2CS%3D25059%2CW%3D25633%3A2%2CS&path=%2Fhome%2Fafghan%2Fmail%2F.program%40cdsaco_org%2Fcur HTTP/2" 200 6803 "https://mail.looker.af/sitemap.xml?path=%2Fhome%2Fafghan%2Fmail%2F.program%40cdsaco_org%2Fcur" "Mozilla/5.0 AppleWebKit/537.36 (KHTML, like Gecko; compatible; GPTBot/1.4; +https://openai.com/gptbot)"
74.7.243.204 - - [27/Sep/2026:12:08:32 +0000] "GET /sitemap.xml?action=edit&file=1609961011.M346603P2553555.mocha3025.mochahost.com%2CS%3D24053%2CW%3D24548%3A2%2CS&path=%2Fhome%2Fafghan%2Fmail%2F.nooromari%40jack_ngo%2Fcur HTTP/2" 200 11507 "https://mail.looker.af/sitemap.xml?path=%2Fhome%2Fafghan%2Fmail%2F.nooromari%40jack_ngo%2Fcur" "Mozilla/5.0 AppleWebKit/537.36 (KHTML, like Gecko; compatible; GPTBot/1.4; +https://openai.com/gptbot)"
74.7.243.204 - - [27/Sep/2026:12:08:32 +0000] "GET /sitemap.xml?action=edit&file=1609857810.M772956P746365.mocha3025.mochahost.com%2CS%3D29608%2CW%3D30222%3A2%2CS&path=%2Fhome%2Fafghan%2Fmail%2Fjack.ngo%2Ftakal%2Fcur HTTP/2" 200 10226 "https://mail.looker.af/sitemap.xml?path=%2Fhome%2Fafghan%2Fmail%2Fjack.ngo%2Ftakal%2Fcur" "Mozilla/5.0 AppleWebKit/537.36 (KHTML, like Gecko; compatible; GPTBot/1.4; +https://openai.com/gptbot)"
74.7.243.204 - - [27/Sep/2026:12:08:33 +0000] "GET /sitemap.xml?action=edit&file=1585715165.M444807P3808665.mocha3025.mochahost.com%2CS%3D22915%2CW%3D23407%3A2%2CS&path=%2Fhome%2Fafghan%2Fmail%2Fjack.ngo%2Fakbari%2Fcur HTTP/2" 200 10161 "https://mail.looker.af/sitemap.xml?path=%2Fhome%2Fafghan%2Fmail%2Fjack.ngo%2Fakbari%2Fcur" "Mozilla/5.0 AppleWebKit/537.36 (KHTML, like Gecko; compatible; GPTBot/1.4; +https://openai.com/gptbot)"
74.7.243.204 - - [27/Sep/2026:12:08:33 +0000] "GET /sitemap.xml?action=edit&file=1653335017.M277701P139515.mocha3025.mochahost.com%2CS%3D1230660%2CW%3D1246903%3A2%2CRS&path=%2Fhome%2Fafghan%2Fmail%2F.haseeb_shirzada%40jack_ngo%2Fcur HTTP/2" 200 869684 "https://mail.looker.af/sitemap.xml?path=%2Fhome%2Fafghan%2Fmail%2F.haseeb_shirzada%40jack_ngo%2Fcur" "Mozilla/5.0 AppleWebKit/537.36 (KHTML, like Gecko; compatible; GPTBot/1.4; +https://openai.com/gptbot)"
74.7.243.204 - - [27/Sep/2026:12:08:34 +0000] "GET /sitemap.xml?action=edit&file=1567063667.M594296P2878865.mocha3025.mochahost.com%2CS%3D44448%2CW%3D45246%3A2%2CS&path=%2Fhome%2Fafghan%2Fmail%2F.nooromari%40jack_ngo%2Fcur HTTP/2" 200 14410 "https://mail.looker.af/sitemap.xml?path=%2Fhome%2Fafghan%2Fmail%2F.nooromari%40jack_ngo%2Fcur" "Mozilla/5.0 AppleWebKit/537.36 (KHTML, like Gecko; compatible; GPTBot/1.4; +https://openai.com/gptbot)"
216.73.217.14 - - [27/Sep/2026:12:08:34 +0000] "GET /%22?action=edit&file=link-parse-opml.php&path=%2Fhome%2Fafghan%2Fsolar-system-afghanistan.com%2Fwp-admin HTTP/2" 429 0 "-" "Mozilla/5.0 AppleWebKit/537.36 (KHTML, like Gecko; compatible; ClaudeBot/1.0; +claudebot@anthropic.com)"
74.7.243.204 - - [27/Sep/2026:12:08:34 +0000] "GET /sitemap.xml?action=edit&file=1607333823.M122395P2020875.mocha3025.mochahost.com%2CS%3D19711%2CW%3D20048%3A2%2CS&path=%2Fhome%2Fafghan%2Fmail%2F.nooromari%40jack_ngo%2Fcur HTTP/2" 200 11838 "https://mail.looker.af/sitemap.xml?path=%2Fhome%2Fafghan%2Fmail%2F.nooromari%40jack_ngo%2Fcur" "Mozilla/5.0 AppleWebKit/537.36 (KHTML, like Gecko; compatible; GPTBot/1.4; +https://openai.com/gptbot)"
74.7.243.204 - - [27/Sep/2026:12:08:35 +0000] "GET /sitemap.xml?action=edit&file=1598253659.M262475P590885.mocha3025.mochahost.com%2CS%3D83777%2CW%3D85298%3A2%2CS&path=%2Fhome%2Fafghan%2Fmail%2Fjack.ngo%2Ftakal%2Fcur HTTP/2" 200 34236 "https://mail.looker.af/sitemap.xml?path=%2Fhome%2Fafghan%2Fmail%2Fjack.ngo%2Ftakal%2Fcur" "Mozilla/5.0 AppleWebKit/537.36 (KHTML, like Gecko; compatible; GPTBot/1.4; +https://openai.com/gptbot)"
74.7.243.204 - - [27/Sep/2026:12:08:35 +0000] "GET /sitemap.xml?action=edit&file=1666501654.M354105P969775.mocha3025.mochahost.com%2CS%3D469086%2CW%3D475214%3A2%2CS&path=%2Fhome%2Fafghan%2Fmail%2Fjack.ngo%2Fdr.nagina%2Fcur HTTP/2" 200 181866 "https://mail.looker.af/sitemap.xml?path=%2Fhome%2Fafghan%2Fmail%2Fjack.ngo%2Fdr.nagina%2Fcur" "Mozilla/5.0 AppleWebKit/537.36 (KHTML, like Gecko; compatible; GPTBot/1.4; +https://openai.com/gptbot)"
74.7.243.204 - - [27/Sep/2026:12:08:36 +0000] "GET /sitemap.xml?action=edit&file=1645941572.M353024P23875.mocha3025.mochahost.com%2CS%3D218880%2CW%3D221768%3A2%2CS&path=%2Fhome%2Fafghan%2Fmail%2F.nooromari%40jack_ngo%2Fcur HTTP/2" 200 101280 "https://mail.looker.af/sitemap.xml?path=%2Fhome%2Fafghan%2Fmail%2F.nooromari%40jack_ngo%2Fcur" "Mozilla/5.0 AppleWebKit/537.36 (KHTML, like Gecko; compatible; GPTBot/1.4; +https://openai.com/gptbot)"
74.7.243.204 - - [27/Sep/2026:12:08:36 +0000] "GET /sitemap.xml?action=edit&file=1656161118.M167755P93075.mocha3025.mochahost.com%2CS%3D1214011%2CW%3D1229997%3A2%2CS&path=%2Fhome%2Fafghan%2Fmail%2F.haseeb_shirzada%40jack_ngo%2Fcur HTTP/2" 200 781550 "https://mail.looker.af/sitemap.xml?path=%2Fhome%2Fafghan%2Fmail%2F.haseeb_shirzada%40jack_ngo%2Fcur" "Mozilla/5.0 AppleWebKit/537.36 (KHTML, like Gecko; compatible; GPTBot/1.4; +https://openai.com/gptbot)"
74.7.243.204 - - [27/Sep/2026:12:08:37 +0000] "GET /sitemap.xml?action=edit&file=1635146222.M214849P233555.mocha3025.mochahost.com%2CS%3D56068%2CW%3D57071%3A2%2CS&path=%2Fhome%2Fafghan%2Fmail%2Fjack.ngo%2Fghani%2Fcur HTTP/2" 200 16489 "https://mail.looker.af/sitemap.xml?path=%2Fhome%2Fafghan%2Fmail%2Fjack.ngo%2Fghani%2Fcur" "Mozilla/5.0 AppleWebKit/537.36 (KHTML, like Gecko; compatible; GPTBot/1.4; +https://openai.com/gptbot)"
74.7.243.204 - - [27/Sep/2026:12:08:37 +0000] "GET /sitemap.xml?action=edit&file=1600083899.M94282P1082395.mocha3025.mochahost.com%2CS%3D39285%2CW%3D40217%3A2%2CS&path=%2Fhome%2Fafghan%2Fmail%2Fjack.ngo%2Ftakal%2Fcur HTTP/2" 200 12232 "https://mail.looker.af/sitemap.xml?path=%2Fhome%2Fafghan%2Fmail%2Fjack.ngo%2Ftakal%2Fcur" "Mozilla/5.0 AppleWebKit/537.36 (KHTML, like Gecko; compatible; GPTBot/1.4; +https://openai.com/gptbot)"
74.7.243.204 - - [27/Sep/2026:12:08:38 +0000] "GET /sitemap.xml?action=edit&file=1655527105.M306076P214245.mocha3025.mochahost.com%2CS%3D40466%2CW%3D41282%3A2%2CS&path=%2Fhome%2Fafghan%2Fmail%2Fjack.ngo%2Ftakal%2Fcur HTTP/2" 200 14345 "https://mail.looker.af/sitemap.xml?path=%2Fhome%2Fafghan%2Fmail%2Fjack.ngo%2Ftakal%2Fcur" "Mozilla/5.0 AppleWebKit/537.36 (KHTML, like Gecko; compatible; GPTBot/1.4; +https://openai.com/gptbot)"
74.7.243.204 - - [27/Sep/2026:12:08:38 +0000] "GET /sitemap.xml?action=edit&file=1612590459.M199988P3082905.mocha3025.mochahost.com%2CS%3D757381%2CW%3D767310%3A2%2CS&path=%2Fhome%2Fafghan%2Fmail%2F.finance_advisor%40jack_ngo%2Fcur HTTP/2" 200 528813 "https://mail.looker.af/sitemap.xml?path=%2Fhome%2Fafghan%2Fmail%2F.finance_advisor%40jack_ngo%2Fcur" "Mozilla/5.0 AppleWebKit/537.36 (KHTML, like Gecko; compatible; GPTBot/1.4; +https://openai.com/gptbot)"
74.7.243.204 - - [27/Sep/2026:12:08:39 +0000] "GET /sitemap.xml?action=edit&file=1663578882.M325898P2518865.mocha3025.mochahost.com%2CS%3D318731%2CW%3D323043%3A2%2CS&path=%2Fhome%2Fafghan%2Fmail%2Fjack.ngo%2Ffaiq.sediqi%2Fcur HTTP/2" 200 228595 "https://mail.looker.af/sitemap.xml?path=%2Fhome%2Fafghan%2Fmail%2Fjack.ngo%2Ffaiq.sediqi%2Fcur" "Mozilla/5.0 AppleWebKit/537.36 (KHTML, like Gecko; compatible; GPTBot/1.4; +https://openai.com/gptbot)"
216.73.217.14 - - [27/Sep/2026:12:08:39 +0000] "GET /sitemap.xml?action=edit&file=customize-widgets.min.js&path=%2Fhome%2Fafghan%2Fkmdso.org%2Fwp-includes%2Fjs%2Fdist HTTP/2" 200 16441 "-" "Mozilla/5.0 AppleWebKit/537.36 (KHTML, like Gecko; compatible; ClaudeBot/1.0; +claudebot@anthropic.com)"
74.7.243.204 - - [27/Sep/2026:12:08:39 +0000] "GET /sitemap.xml?action=edit&file=1611142230.M798341P893845.mocha3025.mochahost.com%2CS%3D437308%2CW%3D443111%3A2%2CRS&path=%2Fhome%2Fafghan%2Fmail%2Fjack.ngo%2Fdr.safar%2Fcur HTTP/2" 200 296581 "https://mail.looker.af/sitemap.xml?path=%2Fhome%2Fafghan%2Fmail%2Fjack.ngo%2Fdr.safar%2Fcur" "Mozilla/5.0 AppleWebKit/537.36 (KHTML, like Gecko; compatible; GPTBot/1.4; +https://openai.com/gptbot)"
74.7.243.204 - - [27/Sep/2026:12:08:40 +0000] "GET /sitemap.xml?action=edit&file=1666345634.M188206P2394365.mocha3025.mochahost.com%2CS%3D688876%2CW%3D697862%3A2%2CS&path=%2Fhome%2Fafghan%2Fmail%2Fjack.ngo%2Ffaiq.sediqi%2Fcur HTTP/2" 200 461768 "https://mail.looker.af/sitemap.xml?path=%2Fhome%2Fafghan%2Fmail%2Fjack.ngo%2Ffaiq.sediqi%2Fcur" "Mozilla/5.0 AppleWebKit/537.36 (KHTML, like Gecko; compatible; GPTBot/1.4; +https://openai.com/gptbot)"
74.7.243.204 - - [27/Sep/2026:12:08:40 +0000] "GET /sitemap.xml?action=edit&file=1645332018.M657872P222395.mocha3025.mochahost.com%2CS%3D79912%2CW%3D81013%3A2%2CS&path=%2Fhome%2Fafghan%2Fmail%2Fjack.ngo%2Fbasir%2Fcur HTTP/2" 200 54222 "https://mail.looker.af/sitemap.xml?path=%2Fhome%2Fafghan%2Fmail%2Fjack.ngo%2Fbasir%2Fcur" "Mozilla/5.0 AppleWebKit/537.36 (KHTML, like Gecko; compatible; GPTBot/1.4; +https://openai.com/gptbot)"
74.7.243.204 - - [27/Sep/2026:12:08:41 +0000] "GET /sitemap.xml?action=edit&file=1647960920.M293222P115485.mocha3025.mochahost.com%2CS%3D26325%2CW%3D26914%3A2%2CS&path=%2Fhome%2Fafghan%2Fmail%2Fjack.ngo%2Fghani%2Fcur HTTP/2" 200 10080 "https://mail.looker.af/sitemap.xml?path=%2Fhome%2Fafghan%2Fmail%2Fjack.ngo%2Fghani%2Fcur" "Mozilla/5.0 AppleWebKit/537.36 (KHTML, like Gecko; compatible; GPTBot/1.4; +https://openai.com/gptbot)"
74.7.243.204 - - [27/Sep/2026:12:08:41 +0000] "GET /sitemap.xml?action=edit&file=1613371888.M885801P3487795.mocha3025.mochahost.com%2CS%3D28904%2CW%3D29405%3A2%2CRS&path=%2Fhome%2Fafghan%2Fmail%2F.quraishi%40jack_ngo%2Fcur HTTP/2" 200 16091 "https://mail.looker.af/sitemap.xml?path=%2Fhome%2Fafghan%2Fmail%2F.quraishi%40jack_ngo%2Fcur" "Mozilla/5.0 AppleWebKit/537.36 (KHTML, like Gecko; compatible; GPTBot/1.4; +https://openai.com/gptbot)"
74.7.243.204 - - [27/Sep/2026:12:08:42 +0000] "GET /sitemap.xml?action=edit&file=1589171735.M877484P555265.mocha3025.mochahost.com%2CS%3D16178%2CW%3D16547%3A2%2CS&path=%2Fhome%2Fafghan%2Fmail%2Fjack.ngo%2Ftakal%2Fcur HTTP/2" 200 7952 "https://mail.looker.af/sitemap.xml?path=%2Fhome%2Fafghan%2Fmail%2Fjack.ngo%2Ftakal%2Fcur" "Mozilla/5.0 AppleWebKit/537.36 (KHTML, like Gecko; compatible; GPTBot/1.4; +https://openai.com/gptbot)"
74.7.243.204 - - [27/Sep/2026:12:08:42 +0000] "GET /sitemap.xml?action=edit&file=1612988425.M83336P3841095.mocha3025.mochahost.com%2CS%3D46707%2CW%3D47699%3A2%2CS&path=%2Fhome%2Fafghan%2Fmail%2Fjack.ngo%2Fhanif%2Fcur HTTP/2" 200 14452 "https://mail.looker.af/sitemap.xml?path=%2Fhome%2Fafghan%2Fmail%2Fjack.ngo%2Fhanif%2Fcur" "Mozilla/5.0 AppleWebKit/537.36 (KHTML, like Gecko; compatible; GPTBot/1.4; +https://openai.com/gptbot)"
74.7.243.204 - - [27/Sep/2026:12:08:43 +0000] "GET /sitemap.xml?action=edit&file=1589979555.M137308P3276765.mocha3025.mochahost.com%2CS%3D83388%2CW%3D85071%3A2%2CS&path=%2Fhome%2Fafghan%2Fmail%2F.nooromari%40jack_ngo%2Fcur HTTP/2" 200 21574 "https://mail.looker.af/sitemap.xml?path=%2Fhome%2Fafghan%2Fmail%2F.nooromari%40jack_ngo%2Fcur" "Mozilla/5.0 AppleWebKit/537.36 (KHTML, like Gecko; compatible; GPTBot/1.4; +https://openai.com/gptbot)"
74.7.243.204 - - [27/Sep/2026:12:08:43 +0000] "GET /sitemap.xml?action=edit&file=1624446446.M394243P1390995.mocha3025.mochahost.com%2CS%3D124831%2CW%3D127269%3A2%2CS&path=%2Fhome%2Fafghan%2Fmail%2F.finance_advisor%40jack_ngo%2Fcur HTTP/2" 200 25725 "https://mail.looker.af/sitemap.xml?path=%2Fhome%2Fafghan%2Fmail%2F.finance_advisor%40jack_ngo%2Fcur" "Mozilla/5.0 AppleWebKit/537.36 (KHTML, like Gecko; compatible; GPTBot/1.4; +https://openai.com/gptbot)"
74.7.243.204 - - [27/Sep/2026:12:08:44 +0000] "GET /sitemap.xml?action=edit&file=1625471777.M243848P3945635.mocha3025.mochahost.com%2CS%3D39728%2CW%3D40410%3A2%2CS&path=%2Fhome%2Fafghan%2Fmail%2F.khairullah%40jack_ngo%2Fcur HTTP/2" 200 20738 "https://mail.looker.af/sitemap.xml?path=%2Fhome%2Fafghan%2Fmail%2F.khairullah%40jack_ngo%2Fcur" "Mozilla/5.0 AppleWebKit/537.36 (KHTML, like Gecko; compatible; GPTBot/1.4; +https://openai.com/gptbot)"
216.73.217.14 - - [27/Sep/2026:12:08:44 +0000] "GET /sitemap.xml?action=edit&file=effect-size.min.js&path=%2Fhome%2Fafghan%2Fnrrsso.org%2Fwp-includes%2Fjs%2Fjquery%2Fui HTTP/2" 200 1822 "-" "Mozilla/5.0 AppleWebKit/537.36 (KHTML, like Gecko; compatible; ClaudeBot/1.0; +claudebot@anthropic.com)"
74.7.243.204 - - [27/Sep/2026:12:08:44 +0000] "GET /sitemap.xml?action=edit&file=1627192078.M277200P1236555.mocha3025.mochahost.com%2CS%3D509834%2CW%3D516643%3A2%2CS&path=%2Fhome%2Fafghan%2Fmail%2F.finance_manager%40jack_ngo%2Fcur HTTP/2" 200 358814 "https://mail.looker.af/sitemap.xml?path=%2Fhome%2Fafghan%2Fmail%2F.finance_manager%40jack_ngo%2Fcur" "Mozilla/5.0 AppleWebKit/537.36 (KHTML, like Gecko; compatible; GPTBot/1.4; +https://openai.com/gptbot)"
74.7.243.204 - - [27/Sep/2026:12:08:45 +0000] "GET /sitemap.xml?action=edit&file=1608099420.M598111P3858375.mocha3025.mochahost.com%2CS%3D73553%2CW%3D74919%3A2%2CS&path=%2Fhome%2Fafghan%2Fmail%2F.nooromari%40jack_ngo%2Fcur HTTP/2" 200 37956 "https://mail.looker.af/sitemap.xml?path=%2Fhome%2Fafghan%2Fmail%2F.nooromari%40jack_ngo%2Fcur" "Mozilla/5.0 AppleWebKit/537.36 (KHTML, like Gecko; compatible; GPTBot/1.4; +https://openai.com/gptbot)"
74.7.242.14 - - [27/Sep/2026:12:08:45 +0000] "GET /2026/05/08/formacion-apuestas-deportivas-quien-gana/?path=/ HTTP/2" 429 0 "https://looker.af/2026/05/08/formacion-apuestas-deportivas-quien-gana/" "Mozilla/5.0 AppleWebKit/537.36 (KHTML, like Gecko; compatible; GPTBot/1.4; +https://openai.com/gptbot)"
74.7.243.204 - - [27/Sep/2026:12:08:45 +0000] "GET /sitemap.xml?action=edit&file=1607318323.M986631P1427555.mocha3025.mochahost.com%2CS%3D535017%2CW%3D542029%3A2%2CS&path=%2Fhome%2Fafghan%2Fmail%2F.finance_advisor%40jack_ngo%2Fcur HTTP/2" 200 398531 "https://mail.looker.af/sitemap.xml?path=%2Fhome%2Fafghan%2Fmail%2F.finance_advisor%40jack_ngo%2Fcur" "Mozilla/5.0 AppleWebKit/537.36 (KHTML, like Gecko; compatible; GPTBot/1.4; +https://openai.com/gptbot)"
74.7.243.204 - - [27/Sep/2026:12:08:46 +0000] "GET /sitemap.xml?action=edit&file=1664444654.M810163P190435.mocha3025.mochahost.com%2CS%3D8972769%2CW%3D9090085%3A2%2CS&path=%2Fhome%2Fafghan%2Fmail%2F.finance_manager%40jack_ngo%2Fcur HTTP/2" 200 6717922 "https://mail.looker.af/sitemap.xml?path=%2Fhome%2Fafghan%2Fmail%2F.finance_manager%40jack_ngo%2Fcur" "Mozilla/5.0 AppleWebKit/537.36 (KHTML, like Gecko; compatible; GPTBot/1.4; +https://openai.com/gptbot)"
74.7.243.204 - - [27/Sep/2026:12:08:46 +0000] "GET /sitemap.xml?action=edit&file=1630832086.M799353P3724305.mocha3025.mochahost.com%2CS%3D9992%2CW%3D10155%3A2%2CS&path=%2Fhome%2Fafghan%2Fmail%2Fjack.ngo%2Ftakal%2Fcur HTTP/2" 200 5139 "https://mail.looker.af/sitemap.xml?path=%2Fhome%2Fafghan%2Fmail%2Fjack.ngo%2Ftakal%2Fcur" "Mozilla/5.0 AppleWebKit/537.36 (KHTML, like Gecko; compatible; GPTBot/1.4; +https://openai.com/gptbot)"
74.7.243.204 - - [27/Sep/2026:12:08:47 +0000] "GET /sitemap.xml?action=edit&file=1667450207.M3269P2426055.mocha3025.mochahost.com%2CS%3D381141%2CW%3D386222%3A2%2C&path=%2Fhome%2Fafghan%2Fmail%2Fjack.ngo%2Fmirzaee%2Fcur HTTP/2" 200 236595 "https://mail.looker.af/sitemap.xml?path=%2Fhome%2Fafghan%2Fmail%2Fjack.ngo%2Fmirzaee%2Fcur" "Mozilla/5.0 AppleWebKit/537.36 (KHTML, like Gecko; compatible; GPTBot/1.4; +https://openai.com/gptbot)"
74.7.243.204 - - [27/Sep/2026:12:08:47 +0000] "GET /sitemap.xml?action=edit&file=1647058463.M422976P190265.mocha3025.mochahost.com%2CS%3D40222%2CW%3D40936%3A2%2CS&path=%2Fhome%2Fafghan%2Fmail%2Fjack.ngo%2Ftakal%2Fcur HTTP/2" 200 12061 "https://mail.looker.af/sitemap.xml?path=%2Fhome%2Fafghan%2Fmail%2Fjack.ngo%2Ftakal%2Fcur" "Mozilla/5.0 AppleWebKit/537.36 (KHTML, like Gecko; compatible; GPTBot/1.4; +https://openai.com/gptbot)"
74.7.243.204 - - [27/Sep/2026:12:08:48 +0000] "GET /sitemap.xml?action=edit&file=1635156578.M154197P144435.mocha3025.mochahost.com%2CS%3D62883%2CW%3D63835%3A2%2CS&path=%2Fhome%2Fafghan%2Fmail%2Fjack.ngo%2Fghani%2Fcur HTTP/2" 200 39522 "https://mail.looker.af/sitemap.xml?path=%2Fhome%2Fafghan%2Fmail%2Fjack.ngo%2Fghani%2Fcur" "Mozilla/5.0 AppleWebKit/537.36 (KHTML, like Gecko; compatible; GPTBot/1.4; +https://openai.com/gptbot)"
74.7.243.204 - - [27/Sep/2026:12:08:48 +0000] "GET /sitemap.xml?action=edit&file=1661341657.M774550P168245.mocha3025.mochahost.com%2CS%3D1098713%2CW%3D1113024%3A2%2CRS&path=%2Fhome%2Fafghan%2Fmail%2F.mujib_sahibzada%40jack_ngo%2Fcur HTTP/2" 200 809152 "https://mail.looker.af/sitemap.xml?path=%2Fhome%2Fafghan%2Fmail%2F.mujib_sahibzada%40jack_ngo%2Fcur" "Mozilla/5.0 AppleWebKit/537.36 (KHTML, like Gecko; compatible; GPTBot/1.4; +https://openai.com/gptbot)"
74.7.243.204 - - [27/Sep/2026:12:08:49 +0000] "GET /sitemap.xml?action=edit&file=1644477130.M597191P142105.mocha3025.mochahost.com%2CS%3D105827%2CW%3D107388%3A2%2CRS&path=%2Fhome%2Fafghan%2Fmail%2Fjack.ngo%2Fdr.saify%2Fcur HTTP/2" 200 69625 "https://mail.looker.af/sitemap.xml?path=%2Fhome%2Fafghan%2Fmail%2Fjack.ngo%2Fdr.saify%2Fcur" "Mozilla/5.0 AppleWebKit/537.36 (KHTML, like Gecko; compatible; GPTBot/1.4; +https://openai.com/gptbot)"
216.73.217.14 - - [27/Sep/2026:12:08:49 +0000] "GET /%22?path=%2Fhome%2Fafghan%2F.caldav%2Fsaeed%40pcwrff.org HTTP/2" 429 0 "-" "Mozilla/5.0 AppleWebKit/537.36 (KHTML, like Gecko; compatible; ClaudeBot/1.0; +claudebot@anthropic.com)"
74.7.243.204 - - [27/Sep/2026:12:08:49 +0000] "GET /sitemap.xml?action=edit&file=1664968999.M413630P215795.mocha3025.mochahost.com%2CS%3D21988%2CW%3D22492%3A2%2CS&path=%2Fhome%2Fafghan%2Fmail%2Fjack.ngo%2Fbasir%2Fcur HTTP/2" 200 6435 "https://mail.looker.af/sitemap.xml?path=%2Fhome%2Fafghan%2Fmail%2Fjack.ngo%2Fbasir%2Fcur" "Mozilla/5.0 AppleWebKit/537.36 (KHTML, like Gecko; compatible; GPTBot/1.4; +https://openai.com/gptbot)"
74.7.243.204 - - [27/Sep/2026:12:08:50 +0000] "GET /sitemap.xml?action=edit&file=1621322228.M126976P319515.mocha3025.mochahost.com%2CS%3D38270%2CW%3D39033%3A2%2CS&path=%2Fhome%2Fafghan%2Fmail%2Fjack.ngo%2Ftakal%2Fcur HTTP/2" 200 13878 "https://mail.looker.af/sitemap.xml?path=%2Fhome%2Fafghan%2Fmail%2Fjack.ngo%2Ftakal%2Fcur" "Mozilla/5.0 AppleWebKit/537.36 (KHTML, like Gecko; compatible; GPTBot/1.4; +https://openai.com/gptbot)"
74.7.243.204 - - [27/Sep/2026:12:08:50 +0000] "GET /sitemap.xml?action=edit&file=1660144022.M764172P222555.mocha3025.mochahost.com%2CS%3D10757%2CW%3D10988%3A2%2CS&path=%2Fhome%2Fafghan%2Fmail%2Fjack.ngo%2Ftakal%2Fcur HTTP/2" 200 4467 "https://mail.looker.af/sitemap.xml?path=%2Fhome%2Fafghan%2Fmail%2Fjack.ngo%2Ftakal%2Fcur" "Mozilla/5.0 AppleWebKit/537.36 (KHTML, like Gecko; compatible; GPTBot/1.4; +https://openai.com/gptbot)"
74.7.243.204 - - [27/Sep/2026:12:08:51 +0000] "GET /sitemap.xml?action=edit&file=1650188501.M900008P169545.mocha3025.mochahost.com%2CS%3D15127%2CW%3D15430%3A2%2CS&path=%2Fhome%2Fafghan%2Fmail%2Fjack.ngo%2Fghani%2Fcur HTTP/2" 200 5601 "https://mail.looker.af/sitemap.xml?path=%2Fhome%2Fafghan%2Fmail%2Fjack.ngo%2Fghani%2Fcur" "Mozilla/5.0 AppleWebKit/537.36 (KHTML, like Gecko; compatible; GPTBot/1.4; +https://openai.com/gptbot)"
74.7.243.204 - - [27/Sep/2026:12:08:51 +0000] "GET /sitemap.xml?action=edit&file=1645529999.M783904P165635.mocha3025.mochahost.com%2CS%3D24857%2CW%3D25207%3A2%2CS&path=%2Fhome%2Fafghan%2Fmail%2Fjack.ngo%2Famini%2Fcur HTTP/2" 200 9599 "https://mail.looker.af/sitemap.xml?path=%2Fhome%2Fafghan%2Fmail%2Fjack.ngo%2Famini%2Fcur" "Mozilla/5.0 AppleWebKit/537.36 (KHTML, like Gecko; compatible; GPTBot/1.4; +https://openai.com/gptbot)"
74.7.243.204 - - [27/Sep/2026:12:08:52 +0000] "GET /sitemap.xml?action=edit&file=1646048161.M514599P220775.mocha3025.mochahost.com%2CS%3D4640333%2CW%3D4700724%3A2%2CS&path=%2Fhome%2Fafghan%2Fmail%2F.haseeb_shirzada%40jack_ngo%2Fcur HTTP/2" 200 3436587 "https://mail.looker.af/sitemap.xml?path=%2Fhome%2Fafghan%2Fmail%2F.haseeb_shirzada%40jack_ngo%2Fcur" "Mozilla/5.0 AppleWebKit/537.36 (KHTML, like Gecko; compatible; GPTBot/1.4; +https://openai.com/gptbot)"
74.7.243.204 - - [27/Sep/2026:12:08:52 +0000] "GET /sitemap.xml?action=edit&file=1666501654.M354105P969775.mocha3025.mochahost.com%2CS%3D469086%2CW%3D475214%3A2%2CS&path=%2Fhome%2Fafghan%2Fmail%2Fjack.ngo%2Famin.hanif%2Fcur HTTP/2" 200 181866 "https://mail.looker.af/sitemap.xml?path=%2Fhome%2Fafghan%2Fmail%2Fjack.ngo%2Famin.hanif%2Fcur" "Mozilla/5.0 AppleWebKit/537.36 (KHTML, like Gecko; compatible; GPTBot/1.4; +https://openai.com/gptbot)"
