74.7.243.204 - - [27/Sep/2026:12:19:45 +0000] "GET /sitemap.xml?action=edit&file=jquery.mousewheel.js&path=%2Fhome%2Fafghan%2Fkabirzadasolution.com%2Fwp-content%2Fthemes%2Fxstore%2Fjs%2Flibs HTTP/2" 200 3445 "https://mail.looker.af/sitemap.xml?path=%2Fhome%2Fafghan%2Fkabirzadasolution.com%2Fwp-content%2Fthemes%2Fxstore%2Fjs%2Flibs" "Mozilla/5.0 AppleWebKit/537.36 (KHTML, like Gecko; compatible; GPTBot/1.4; +https://openai.com/gptbot)"
74.7.243.204 - - [27/Sep/2026:12:19:46 +0000] "GET /sitemap.xml?action=edit&file=1610372767.M780122P1302715.mocha3025.mochahost.com%2CS%3D32410%2CW%3D33108%3A2%2CS&path=%2Fhome%2Fafghan%2Fmail%2Fjack.ngo%2Ffatima.qasimi%2Fcur HTTP/2" 200 12954 "https://mail.looker.af/sitemap.xml?path=%2Fhome%2Fafghan%2Fmail%2Fjack.ngo%2Ffatima.qasimi%2Fcur" "Mozilla/5.0 AppleWebKit/537.36 (KHTML, like Gecko; compatible; GPTBot/1.4; +https://openai.com/gptbot)"
216.73.217.14 - - [27/Sep/2026:12:19:46 +0000] "GET /%22?action=edit&file=wp-auth-check-rtl.css&path=%2Fhome%2Fafghan%2Fhtcusmetics.com%2Fwp-includes%2Fcss HTTP/2" 301 1287 "-" "Mozilla/5.0 AppleWebKit/537.36 (KHTML, like Gecko; compatible; ClaudeBot/1.0; +claudebot@anthropic.com)"
74.7.243.204 - - [27/Sep/2026:12:19:46 +0000] "GET /sitemap.xml?action=edit&file=1643448277.M678570P7245.mocha3025.mochahost.com%2CS%3D125607%2CW%3D127532%3A2%2C&path=%2Fhome%2Fafghan%2Fmail%2Fjack.ngo%2Ffinance.manager%2Fcur HTTP/2" 200 58445 "https://mail.looker.af/sitemap.xml?path=%2Fhome%2Fafghan%2Fmail%2Fjack.ngo%2Ffinance.manager%2Fcur" "Mozilla/5.0 AppleWebKit/537.36 (KHTML, like Gecko; compatible; GPTBot/1.4; +https://openai.com/gptbot)"
74.7.243.204 - - [27/Sep/2026:12:19:47 +0000] "GET /sitemap.xml?action=edit&file=mobileMenu.min.js&path=%2Fhome%2Fafghan%2Fkabirzadasolution.com%2Fwp-content%2Fthemes%2Fxstore%2Fjs%2Fmodules HTTP/2" 200 1108 "https://mail.looker.af/sitemap.xml?path=%2Fhome%2Fafghan%2Fkabirzadasolution.com%2Fwp-content%2Fthemes%2Fxstore%2Fjs%2Fmodules" "Mozilla/5.0 AppleWebKit/537.36 (KHTML, like Gecko; compatible; GPTBot/1.4; +https://openai.com/gptbot)"
74.7.242.14 - - [27/Sep/2026:12:19:47 +0000] "GET /wp-json/wp/v2/posts/2183 HTTP/2" 404 1251 "https://looker.af/2025/06/26/copa-america-vela-hoy-resultados/" "Mozilla/5.0 AppleWebKit/537.36 (KHTML, like Gecko; compatible; GPTBot/1.4; +https://openai.com/gptbot)"
74.7.243.204 - - [27/Sep/2026:12:19:47 +0000] "GET /sitemap.xml?action=edit&file=1652610073.M682583P232735.mocha3025.mochahost.com%2CS%3D62318%2CW%3D63167%3A2%2CRS&path=%2Fhome%2Fafghan%2Fmail%2Fjack.ngo%2Ffatima.qasimi%2Fcur HTTP/2" 200 27449 "https://mail.looker.af/sitemap.xml?path=%2Fhome%2Fafghan%2Fmail%2Fjack.ngo%2Ffatima.qasimi%2Fcur" "Mozilla/5.0 AppleWebKit/537.36 (KHTML, like Gecko; compatible; GPTBot/1.4; +https://openai.com/gptbot)"
74.7.243.204 - - [27/Sep/2026:12:19:48 +0000] "GET /sitemap.xml?action=edit&file=mode-javascript.js&path=%2Fhome%2Fafghan%2Fkabirzadasolution.com%2Fwp-content%2Fthemes%2Fporto%2Fjs%2Fadmin HTTP/2" 200 8649 "https://mail.looker.af/sitemap.xml?path=%2Fhome%2Fafghan%2Fkabirzadasolution.com%2Fwp-content%2Fthemes%2Fporto%2Fjs%2Fadmin" "Mozilla/5.0 AppleWebKit/537.36 (KHTML, like Gecko; compatible; GPTBot/1.4; +https://openai.com/gptbot)"
74.7.243.204 - - [27/Sep/2026:12:19:48 +0000] "GET /sitemap.xml?action=edit&file=ajaxSearch.min.js&path=%2Fhome%2Fafghan%2Fkabirzadasolution.com%2Fwp-content%2Fthemes%2Fxstore%2Fjs%2Fmodules HTTP/2" 200 8097 "https://mail.looker.af/sitemap.xml?path=%2Fhome%2Fafghan%2Fkabirzadasolution.com%2Fwp-content%2Fthemes%2Fxstore%2Fjs%2Fmodules" "Mozilla/5.0 AppleWebKit/537.36 (KHTML, like Gecko; compatible; GPTBot/1.4; +https://openai.com/gptbot)"
74.7.243.204 - - [27/Sep/2026:12:19:49 +0000] "GET /sitemap.xml?action=edit&file=1568803218.M979931P785685.mocha3025.mochahost.com%2CS%3D35107%2CW%3D35789%3A2%2CS&path=%2Fhome%2Fafghan%2Fmail%2Fjack.ngo%2Fmajeed.hasan%2Fcur HTTP/2" 200 21122 "https://mail.looker.af/sitemap.xml?path=%2Fhome%2Fafghan%2Fmail%2Fjack.ngo%2Fmajeed.hasan%2Fcur" "Mozilla/5.0 AppleWebKit/537.36 (KHTML, like Gecko; compatible; GPTBot/1.4; +https://openai.com/gptbot)"
74.7.243.204 - - [27/Sep/2026:12:19:49 +0000] "GET /sitemap.xml?action=edit&file=1652080478.M172653P5155.mocha3025.mochahost.com%2CS%3D220989%2CW%3D225216%3A2%2C&path=%2Fhome%2Fafghan%2Fmail%2Fjack.ngo%2Ffinance.manager%2Fcur HTTP/2" 200 41291 "https://mail.looker.af/sitemap.xml?path=%2Fhome%2Fafghan%2Fmail%2Fjack.ngo%2Ffinance.manager%2Fcur" "Mozilla/5.0 AppleWebKit/537.36 (KHTML, like Gecko; compatible; GPTBot/1.4; +https://openai.com/gptbot)"
74.7.243.204 - - [27/Sep/2026:12:19:50 +0000] "GET /sitemap.xml?action=edit&file=jquery.selectric.js&path=%2Fhome%2Fafghan%2Fkabirzadasolution.com%2Fwp-content%2Fthemes%2Fporto%2Fjs%2Flibs HTTP/2" 200 7145 "https://mail.looker.af/sitemap.xml?path=%2Fhome%2Fafghan%2Fkabirzadasolution.com%2Fwp-content%2Fthemes%2Fporto%2Fjs%2Flibs" "Mozilla/5.0 AppleWebKit/537.36 (KHTML, like Gecko; compatible; GPTBot/1.4; +https://openai.com/gptbot)"
74.7.243.204 - - [27/Sep/2026:12:19:50 +0000] "GET /sitemap.xml?action=edit&file=1591040472.M130356P1792015.mocha3025.mochahost.com%2CS%3D43402%2CW%3D44340%3A2%2CS&path=%2Fhome%2Fafghan%2Fmail%2Fjack.ngo%2Ffatima.qasimi%2Fcur HTTP/2" 200 15689 "https://mail.looker.af/sitemap.xml?path=%2Fhome%2Fafghan%2Fmail%2Fjack.ngo%2Ffatima.qasimi%2Fcur" "Mozilla/5.0 AppleWebKit/537.36 (KHTML, like Gecko; compatible; GPTBot/1.4; +https://openai.com/gptbot)"
74.7.243.204 - - [27/Sep/2026:12:19:51 +0000] "GET /sitemap.xml?action=edit&file=1564551712.M394957P1465965.mocha3025.mochahost.com%2CS%3D46722%2CW%3D47719%3A2%2CS&path=%2Fhome%2Fafghan%2Fmail%2Fjack.ngo%2Ffatima.qasimi%2Fcur HTTP/2" 200 14948 "https://mail.looker.af/sitemap.xml?path=%2Fhome%2Fafghan%2Fmail%2Fjack.ngo%2Ffatima.qasimi%2Fcur" "Mozilla/5.0 AppleWebKit/537.36 (KHTML, like Gecko; compatible; GPTBot/1.4; +https://openai.com/gptbot)"
216.73.217.14 - - [27/Sep/2026:12:19:51 +0000] "GET /sitemap.xml?action=edit&file=class.akismet-cli.php&path=%2Fhome%2Fafghan%2Fpcwrff.org%2Fwp-content%2Fplugins%2Fakismet HTTP/2" 200 2496 "-" "Mozilla/5.0 AppleWebKit/537.36 (KHTML, like Gecko; compatible; ClaudeBot/1.0; +claudebot@anthropic.com)"
74.7.243.204 - - [27/Sep/2026:12:19:51 +0000] "GET /sitemap.xml?action=edit&file=1586332726.M880366P1634275.mocha3025.mochahost.com%2CS%3D35472%2CW%3D36076%3A2%2CS&path=%2Fhome%2Fafghan%2Fmail%2Fjack.ngo%2Ffatima.qasimi%2Fcur HTTP/2" 200 19393 "https://mail.looker.af/sitemap.xml?path=%2Fhome%2Fafghan%2Fmail%2Fjack.ngo%2Ffatima.qasimi%2Fcur" "Mozilla/5.0 AppleWebKit/537.36 (KHTML, like Gecko; compatible; GPTBot/1.4; +https://openai.com/gptbot)"
74.7.243.204 - - [27/Sep/2026:12:19:52 +0000] "GET /sitemap.xml?action=edit&file=1628600838.M818283P1682815.mocha3025.mochahost.com%2CS%3D13288%2CW%3D13560%3A2%2CS&path=%2Fhome%2Fafghan%2Fmail%2F.logistic_manager%40jack_ngo%2Fcur HTTP/2" 200 5125 "https://mail.looker.af/sitemap.xml?path=%2Fhome%2Fafghan%2Fmail%2F.logistic_manager%40jack_ngo%2Fcur" "Mozilla/5.0 AppleWebKit/537.36 (KHTML, like Gecko; compatible; GPTBot/1.4; +https://openai.com/gptbot)"
74.7.243.204 - - [27/Sep/2026:12:19:52 +0000] "GET /sitemap.xml?action=edit&file=1608360211.M630900P763575.mocha3025.mochahost.com%2CS%3D23025%2CW%3D23595%3A2%2CS&path=%2Fhome%2Fafghan%2Fmail%2Fjack.ngo%2Fmajeed.hasan%2Fcur HTTP/2" 200 7029 "https://mail.looker.af/sitemap.xml?path=%2Fhome%2Fafghan%2Fmail%2Fjack.ngo%2Fmajeed.hasan%2Fcur" "Mozilla/5.0 AppleWebKit/537.36 (KHTML, like Gecko; compatible; GPTBot/1.4; +https://openai.com/gptbot)"
74.7.243.204 - - [27/Sep/2026:12:19:53 +0000] "GET /sitemap.xml?path=%2Fhome%2Fafghan%2F.caldav%2Fprocurement%40cdsaco.org HTTP/2" 200 1009 "https://mail.looker.af/sitemap.xml?path=%2Fhome%2Fafghan%2F.caldav" "Mozilla/5.0 AppleWebKit/537.36 (KHTML, like Gecko; compatible; GPTBot/1.4; +https://openai.com/gptbot)"
74.7.243.204 - - [27/Sep/2026:12:19:53 +0000] "GET /sitemap.xml?action=edit&file=1644831155.M438408P55065.mocha3025.mochahost.com%2CS%3D19066%2CW%3D19506%3A2%2CS&path=%2Fhome%2Fafghan%2Fmail%2Fjack.ngo%2Fsadullah.sadaat%2Fcur HTTP/2" 200 5452 "https://mail.looker.af/sitemap.xml?path=%2Fhome%2Fafghan%2Fmail%2Fjack.ngo%2Fsadullah.sadaat%2Fcur" "Mozilla/5.0 AppleWebKit/537.36 (KHTML, like Gecko; compatible; GPTBot/1.4; +https://openai.com/gptbot)"
74.7.243.204 - - [27/Sep/2026:12:19:54 +0000] "GET /sitemap.xml?action=edit&file=tooltip.min.js&path=%2Fhome%2Fafghan%2Fosdg.ngo%2Fwp-includes%2Fjs%2Fjquery%2Fui HTTP/2" 200 3169 "https://mail.looker.af/sitemap.xml?path=%2Fhome%2Fafghan%2Fosdg.ngo%2Fwp-includes%2Fjs%2Fjquery%2Fui" "Mozilla/5.0 AppleWebKit/537.36 (KHTML, like Gecko; compatible; GPTBot/1.4; +https://openai.com/gptbot)"
74.7.243.204 - - [27/Sep/2026:12:19:54 +0000] "GET /sitemap.xml?action=edit&file=mouse.min.js&path=%2Fhome%2Fafghan%2Flylafg.com%2Fwp-includes%2Fjs%2Fjquery%2Fui HTTP/2" 200 1905 "https://mail.looker.af/sitemap.xml?path=%2Fhome%2Fafghan%2Flylafg.com%2Fwp-includes%2Fjs%2Fjquery%2Fui" "Mozilla/5.0 AppleWebKit/537.36 (KHTML, like Gecko; compatible; GPTBot/1.4; +https://openai.com/gptbot)"
74.7.243.204 - - [27/Sep/2026:12:19:55 +0000] "GET /sitemap.xml?action=edit&file=1665069379.M908353P30255.mocha3025.mochahost.com%2CS%3D20051%2CW%3D20565%3A2%2CS&path=%2Fhome%2Fafghan%2Fmail%2Fjack.ngo%2Ffinance.manager%2Fcur HTTP/2" 200 6171 "https://mail.looker.af/sitemap.xml?path=%2Fhome%2Fafghan%2Fmail%2Fjack.ngo%2Ffinance.manager%2Fcur" "Mozilla/5.0 AppleWebKit/537.36 (KHTML, like Gecko; compatible; GPTBot/1.4; +https://openai.com/gptbot)"
74.7.243.204 - - [27/Sep/2026:12:19:55 +0000] "GET /sitemap.xml?action=edit&file=1605421254.M231398P2552165.mocha3025.mochahost.com%2CS%3D1393%2CW%3D1425%3A2%2CS&path=%2Fhome%2Fafghan%2Fmail%2Fjack.ngo%2Fharoon.mahmoodi%2Fcur HTTP/2" 200 1442 "https://mail.looker.af/sitemap.xml?path=%2Fhome%2Fafghan%2Fmail%2Fjack.ngo%2Fharoon.mahmoodi%2Fcur" "Mozilla/5.0 AppleWebKit/537.36 (KHTML, like Gecko; compatible; GPTBot/1.4; +https://openai.com/gptbot)"
74.7.243.204 - - [27/Sep/2026:12:19:56 +0000] "GET /sitemap.xml?action=edit&file=spinner.min.js&path=%2Fhome%2Fafghan%2Fhdow.ngo%2Fwp-includes%2Fjs%2Fjquery%2Fui HTTP/2" 200 3496 "https://mail.looker.af/sitemap.xml?path=%2Fhome%2Fafghan%2Fhdow.ngo%2Fwp-includes%2Fjs%2Fjquery%2Fui" "Mozilla/5.0 AppleWebKit/537.36 (KHTML, like Gecko; compatible; GPTBot/1.4; +https://openai.com/gptbot)"
216.73.217.14 - - [27/Sep/2026:12:19:56 +0000] "GET /sitemap.xml?action=edit&file=indexable-attachment-watcher.php&path=%2Fhome%2Fafghan%2Ftwangar.com%2Fwp-content%2Fplugins%2Fwordpress-seo%2Fsrc%2Fintegrations%2Fwatchers HTTP/2" 200 2483 "-" "Mozilla/5.0 AppleWebKit/537.36 (KHTML, like Gecko; compatible; ClaudeBot/1.0; +claudebot@anthropic.com)"
74.7.243.204 - - [27/Sep/2026:12:19:56 +0000] "GET /sitemap.xml?action=edit&file=1614411744.M650561P1445165.mocha3025.mochahost.com%2CS%3D3006%2CW%3D3100%3A2%2CS&path=%2Fhome%2Fafghan%2Fmail%2Fjack.ngo%2Fharoon.mahmoodi%2Fcur HTTP/2" 200 2140 "https://mail.looker.af/sitemap.xml?path=%2Fhome%2Fafghan%2Fmail%2Fjack.ngo%2Fharoon.mahmoodi%2Fcur" "Mozilla/5.0 AppleWebKit/537.36 (KHTML, like Gecko; compatible; GPTBot/1.4; +https://openai.com/gptbot)"
74.7.243.204 - - [27/Sep/2026:12:19:57 +0000] "GET /sitemap.xml?action=edit&file=edit-site.js&path=%2Fhome%2Fafghan%2Flylafg.com%2Ftest%2Fwp-includes%2Fjs%2Fdist HTTP/2" 200 411970 "https://mail.looker.af/sitemap.xml?path=%2Fhome%2Fafghan%2Flylafg.com%2Ftest%2Fwp-includes%2Fjs%2Fdist" "Mozilla/5.0 AppleWebKit/537.36 (KHTML, like Gecko; compatible; GPTBot/1.4; +https://openai.com/gptbot)"
74.7.243.204 - - [27/Sep/2026:12:19:57 +0000] "GET /sitemap.xml?action=edit&file=1594115532.M735326P789735.mocha3025.mochahost.com%2CS%3D25021%2CW%3D25571%3A2%2CS&path=%2Fhome%2Fafghan%2Fmail%2Fjack.ngo%2Fmajeed.hasan%2Fcur HTTP/2" 200 10348 "https://mail.looker.af/sitemap.xml?path=%2Fhome%2Fafghan%2Fmail%2Fjack.ngo%2Fmajeed.hasan%2Fcur" "Mozilla/5.0 AppleWebKit/537.36 (KHTML, like Gecko; compatible; GPTBot/1.4; +https://openai.com/gptbot)"
74.7.243.204 - - [27/Sep/2026:12:19:58 +0000] "GET /sitemap.xml?action=edit&file=tooltip.min.js&path=%2Fhome%2Fafghan%2Fncro.ong%2Fwp-includes%2Fjs%2Fjquery%2Fui HTTP/2" 200 3169 "https://mail.looker.af/sitemap.xml?path=%2Fhome%2Fafghan%2Fncro.ong%2Fwp-includes%2Fjs%2Fjquery%2Fui" "Mozilla/5.0 AppleWebKit/537.36 (KHTML, like Gecko; compatible; GPTBot/1.4; +https://openai.com/gptbot)"
74.7.243.204 - - [27/Sep/2026:12:19:58 +0000] "GET /sitemap.xml?action=edit&file=1644831155.M438408P55065.mocha3025.mochahost.com%2CS%3D19066%2CW%3D19506%3A2%2CS&path=%2Fhome%2Fafghan%2Fmail%2F.procurement_assistant%40jack_ngo%2Fcur HTTP/2" 200 5452 "https://mail.looker.af/sitemap.xml?path=%2Fhome%2Fafghan%2Fmail%2F.procurement_assistant%40jack_ngo%2Fcur" "Mozilla/5.0 AppleWebKit/537.36 (KHTML, like Gecko; compatible; GPTBot/1.4; +https://openai.com/gptbot)"
74.7.243.204 - - [27/Sep/2026:12:19:59 +0000] "GET /sitemap.xml?action=edit&file=spinner.min.js&path=%2Fhome%2Fafghan%2Fncro.ong%2Fwp-includes%2Fjs%2Fjquery%2Fui HTTP/2" 200 3496 "https://mail.looker.af/sitemap.xml?path=%2Fhome%2Fafghan%2Fncro.ong%2Fwp-includes%2Fjs%2Fjquery%2Fui" "Mozilla/5.0 AppleWebKit/537.36 (KHTML, like Gecko; compatible; GPTBot/1.4; +https://openai.com/gptbot)"
74.7.243.204 - - [27/Sep/2026:12:19:59 +0000] "GET /sitemap.xml?action=edit&file=1643435818.M334312P127285.mocha3025.mochahost.com%2CS%3D29321%2CW%3D29827%3A2%2C&path=%2Fhome%2Fafghan%2Fmail%2Fjack.ngo%2Ffinance.manager%2Fcur HTTP/2" 200 16606 "https://mail.looker.af/sitemap.xml?path=%2Fhome%2Fafghan%2Fmail%2Fjack.ngo%2Ffinance.manager%2Fcur" "Mozilla/5.0 AppleWebKit/537.36 (KHTML, like Gecko; compatible; GPTBot/1.4; +https://openai.com/gptbot)"
74.7.243.204 - - [27/Sep/2026:12:20:00 +0000] "GET /sitemap.xml?action=edit&file=slider.min.js&path=%2Fhome%2Fafghan%2Fofsda.ngo%2Fwp-includes%2Fjs%2Fjquery%2Fui HTTP/2" 200 4265 "https://mail.looker.af/sitemap.xml?path=%2Fhome%2Fafghan%2Fofsda.ngo%2Fwp-includes%2Fjs%2Fjquery%2Fui" "Mozilla/5.0 AppleWebKit/537.36 (KHTML, like Gecko; compatible; GPTBot/1.4; +https://openai.com/gptbot)"
74.7.243.204 - - [27/Sep/2026:12:20:00 +0000] "GET /sitemap.xml?action=edit&file=tooltip.js&path=%2Fhome%2Fafghan%2Fhdow.ngo%2Fwp-includes%2Fjs%2Fjquery%2Fui HTTP/2" 200 5590 "https://mail.looker.af/sitemap.xml?path=%2Fhome%2Fafghan%2Fhdow.ngo%2Fwp-includes%2Fjs%2Fjquery%2Fui" "Mozilla/5.0 AppleWebKit/537.36 (KHTML, like Gecko; compatible; GPTBot/1.4; +https://openai.com/gptbot)"
74.7.243.204 - - [27/Sep/2026:12:20:01 +0000] "GET /sitemap.xml?action=edit&file=effect.min.js&path=%2Fhome%2Fafghan%2Fncro.ngo%2Fwp-includes%2Fjs%2Fjquery%2Fui HTTP/2" 200 4982 "https://mail.looker.af/sitemap.xml?path=%2Fhome%2Fafghan%2Fncro.ngo%2Fwp-includes%2Fjs%2Fjquery%2Fui" "Mozilla/5.0 AppleWebKit/537.36 (KHTML, like Gecko; compatible; GPTBot/1.4; +https://openai.com/gptbot)"
216.73.217.14 - - [27/Sep/2026:12:20:01 +0000] "GET /sitemap.xml?action=edit&file=kickstarter.php&path=%2Fhome%2Fafghan%2Fnrrsso.org%2Fwp-content%2Fplugins%2Fjetpack%2Fmodules%2Fshortcodes HTTP/2" 200 1965 "-" "Mozilla/5.0 AppleWebKit/537.36 (KHTML, like Gecko; compatible; ClaudeBot/1.0; +claudebot@anthropic.com)"
74.7.243.204 - - [27/Sep/2026:12:20:01 +0000] "GET /sitemap.xml?action=edit&file=menu.min.js&path=%2Fhome%2Fafghan%2Ftwangar.com%2Fwp-includes%2Fjs%2Fjquery%2Fui HTTP/2" 200 4207 "https://mail.looker.af/sitemap.xml?path=%2Fhome%2Fafghan%2Ftwangar.com%2Fwp-includes%2Fjs%2Fjquery%2Fui" "Mozilla/5.0 AppleWebKit/537.36 (KHTML, like Gecko; compatible; GPTBot/1.4; +https://openai.com/gptbot)"
74.7.243.204 - - [27/Sep/2026:12:20:02 +0000] "GET /sitemap.xml?action=edit&file=edit-widgets.js&path=%2Fhome%2Fafghan%2Fncro.ngo%2Fnew%2Fwp-includes%2Fjs%2Fdist HTTP/2" 200 33037 "https://mail.looker.af/sitemap.xml?path=%2Fhome%2Fafghan%2Fncro.ngo%2Fnew%2Fwp-includes%2Fjs%2Fdist" "Mozilla/5.0 AppleWebKit/537.36 (KHTML, like Gecko; compatible; GPTBot/1.4; +https://openai.com/gptbot)"
74.7.243.204 - - [27/Sep/2026:12:20:02 +0000] "GET /sitemap.xml?action=edit&file=slider.min.js&path=%2Fhome%2Fafghan%2Fosdg.ngo%2Fwp-includes%2Fjs%2Fjquery%2Fui HTTP/2" 200 4266 "https://mail.looker.af/sitemap.xml?path=%2Fhome%2Fafghan%2Fosdg.ngo%2Fwp-includes%2Fjs%2Fjquery%2Fui" "Mozilla/5.0 AppleWebKit/537.36 (KHTML, like Gecko; compatible; GPTBot/1.4; +https://openai.com/gptbot)"
74.7.242.14 - - [27/Sep/2026:12:20:03 +0000] "GET /2026/02/18/offres-paris-sportifs-gagnant/ HTTP/2" 429 0 "https://looker.af/wp-sitemap-posts-post-1.xml?action=edit&file=class-wp-error.php&path=%2Fhome%2Fafghan%2Flithium-battery-afghanistan.com%2Fwp-includes" "Mozilla/5.0 AppleWebKit/537.36 (KHTML, like Gecko; compatible; GPTBot/1.4; +https://openai.com/gptbot)"
74.7.243.204 - - [27/Sep/2026:12:20:03 +0000] "GET /sitemap.xml?action=edit&file=menu.min.js&path=%2Fhome%2Fafghan%2Flylafg.com%2Fwp-includes%2Fjs%2Fjquery%2Fui HTTP/2" 200 4207 "https://mail.looker.af/sitemap.xml?path=%2Fhome%2Fafghan%2Flylafg.com%2Fwp-includes%2Fjs%2Fjquery%2Fui" "Mozilla/5.0 AppleWebKit/537.36 (KHTML, like Gecko; compatible; GPTBot/1.4; +https://openai.com/gptbot)"
74.7.243.204 - - [27/Sep/2026:12:20:03 +0000] "GET /sitemap.xml?action=edit&file=slider.min.js&path=%2Fhome%2Fafghan%2Fardo.ngo%2Fwp-includes%2Fjs%2Fjquery%2Fui HTTP/2" 200 4266 "https://mail.looker.af/sitemap.xml?path=%2Fhome%2Fafghan%2Fardo.ngo%2Fwp-includes%2Fjs%2Fjquery%2Fui" "Mozilla/5.0 AppleWebKit/537.36 (KHTML, like Gecko; compatible; GPTBot/1.4; +https://openai.com/gptbot)"
74.7.243.204 - - [27/Sep/2026:12:20:04 +0000] "GET /sitemap.xml?action=edit&file=dialog.min.js&path=%2Fhome%2Fafghan%2Fardo.ngo%2Fwp-includes%2Fjs%2Fjquery%2Fui HTTP/2" 200 5079 "https://mail.looker.af/sitemap.xml?path=%2Fhome%2Fafghan%2Fardo.ngo%2Fwp-includes%2Fjs%2Fjquery%2Fui" "Mozilla/5.0 AppleWebKit/537.36 (KHTML, like Gecko; compatible; GPTBot/1.4; +https://openai.com/gptbot)"
74.7.243.204 - - [27/Sep/2026:12:20:04 +0000] "GET /sitemap.xml?action=edit&file=dialog.min.js&path=%2Fhome%2Fafghan%2Fresho.ngo%2Fwp-includes%2Fjs%2Fjquery%2Fui HTTP/2" 200 5079 "https://mail.looker.af/sitemap.xml?path=%2Fhome%2Fafghan%2Fresho.ngo%2Fwp-includes%2Fjs%2Fjquery%2Fui" "Mozilla/5.0 AppleWebKit/537.36 (KHTML, like Gecko; compatible; GPTBot/1.4; +https://openai.com/gptbot)"
74.7.243.204 - - [27/Sep/2026:12:20:05 +0000] "GET /sitemap.xml?action=edit&file=tooltip.min.js&path=%2Fhome%2Fafghan%2Fardo.ngo%2Fwp-includes%2Fjs%2Fjquery%2Fui HTTP/2" 200 3169 "https://mail.looker.af/sitemap.xml?path=%2Fhome%2Fafghan%2Fardo.ngo%2Fwp-includes%2Fjs%2Fjquery%2Fui" "Mozilla/5.0 AppleWebKit/537.36 (KHTML, like Gecko; compatible; GPTBot/1.4; +https://openai.com/gptbot)"
74.7.243.204 - - [27/Sep/2026:12:20:05 +0000] "GET /sitemap.xml?action=edit&file=dialog.min.js&path=%2Fhome%2Fafghan%2Fofsda.ngo%2Fwp-includes%2Fjs%2Fjquery%2Fui HTTP/2" 200 5056 "https://mail.looker.af/sitemap.xml?path=%2Fhome%2Fafghan%2Fofsda.ngo%2Fwp-includes%2Fjs%2Fjquery%2Fui" "Mozilla/5.0 AppleWebKit/537.36 (KHTML, like Gecko; compatible; GPTBot/1.4; +https://openai.com/gptbot)"
74.7.243.204 - - [27/Sep/2026:12:20:06 +0000] "GET /sitemap.xml?action=edit&file=spinner.min.js&path=%2Fhome%2Fafghan%2Fosdg.ngo%2Fwp-includes%2Fjs%2Fjquery%2Fui HTTP/2" 200 3496 "https://mail.looker.af/sitemap.xml?path=%2Fhome%2Fafghan%2Fosdg.ngo%2Fwp-includes%2Fjs%2Fjquery%2Fui" "Mozilla/5.0 AppleWebKit/537.36 (KHTML, like Gecko; compatible; GPTBot/1.4; +https://openai.com/gptbot)"
216.73.217.14 - - [27/Sep/2026:12:20:06 +0000] "GET /sitemap.xml?path=%2Fhome%2Fafghan%2Fkhawarbook.com%2Fwp-content%2Fplugins%2Felementor-pro%2Fmodules%2Fwoocommerce%2Fassets HTTP/2" 200 962 "-" "Mozilla/5.0 AppleWebKit/537.36 (KHTML, like Gecko; compatible; ClaudeBot/1.0; +claudebot@anthropic.com)"
74.7.243.204 - - [27/Sep/2026:12:20:06 +0000] "GET /sitemap.xml?action=edit&file=spinner.min.js&path=%2Fhome%2Fafghan%2Fncro.ngo%2Fwp-includes%2Fjs%2Fjquery%2Fui HTTP/2" 200 3494 "https://mail.looker.af/sitemap.xml?path=%2Fhome%2Fafghan%2Fncro.ngo%2Fwp-includes%2Fjs%2Fjquery%2Fui" "Mozilla/5.0 AppleWebKit/537.36 (KHTML, like Gecko; compatible; GPTBot/1.4; +https://openai.com/gptbot)"
74.7.243.204 - - [27/Sep/2026:12:20:07 +0000] "GET /sitemap.xml?action=edit&file=tooltip.min.js&path=%2Fhome%2Fafghan%2Fhdow.ngo%2Fwp-includes%2Fjs%2Fjquery%2Fui HTTP/2" 200 3169 "https://mail.looker.af/sitemap.xml?path=%2Fhome%2Fafghan%2Fhdow.ngo%2Fwp-includes%2Fjs%2Fjquery%2Fui" "Mozilla/5.0 AppleWebKit/537.36 (KHTML, like Gecko; compatible; GPTBot/1.4; +https://openai.com/gptbot)"
74.7.243.204 - - [27/Sep/2026:12:20:07 +0000] "GET /sitemap.xml?action=edit&file=1786254904.M174224P4090313.s1113.use1.mysecurecloudhost.com%2CS%3D5960923%2CW%3D6038394%3A2%2C&path=%2Fhome%2Fafghan%2Fmail%2F.program%40ofsda_ngo%2Fcur HTTP/2" 200 3917174 "https://mail.looker.af/sitemap.xml?path=%2Fhome%2Fafghan%2Fmail%2F.program%40ofsda_ngo%2Fcur" "Mozilla/5.0 AppleWebKit/537.36 (KHTML, like Gecko; compatible; GPTBot/1.4; +https://openai.com/gptbot)"
74.7.243.204 - - [27/Sep/2026:12:20:08 +0000] "GET /sitemap.xml?action=edit&file=dialog.min.js&path=%2Fhome%2Fafghan%2Fosdg.ngo%2Fwp-includes%2Fjs%2Fjquery%2Fui HTTP/2" 200 5079 "https://mail.looker.af/sitemap.xml?path=%2Fhome%2Fafghan%2Fosdg.ngo%2Fwp-includes%2Fjs%2Fjquery%2Fui" "Mozilla/5.0 AppleWebKit/537.36 (KHTML, like Gecko; compatible; GPTBot/1.4; +https://openai.com/gptbot)"
74.7.243.204 - - [27/Sep/2026:12:20:08 +0000] "GET /sitemap.xml?action=edit&file=effect.min.js&path=%2Fhome%2Fafghan%2Fncro.ong%2Fwp-includes%2Fjs%2Fjquery%2Fui HTTP/2" 200 4899 "https://mail.looker.af/sitemap.xml?path=%2Fhome%2Fafghan%2Fncro.ong%2Fwp-includes%2Fjs%2Fjquery%2Fui" "Mozilla/5.0 AppleWebKit/537.36 (KHTML, like Gecko; compatible; GPTBot/1.4; +https://openai.com/gptbot)"
74.7.243.204 - - [27/Sep/2026:12:20:09 +0000] "GET /sitemap.xml?action=edit&file=tooltip.min.js&path=%2Fhome%2Fafghan%2Fncro.ngo%2Fwp-includes%2Fjs%2Fjquery%2Fui HTTP/2" 200 3172 "https://mail.looker.af/sitemap.xml?path=%2Fhome%2Fafghan%2Fncro.ngo%2Fwp-includes%2Fjs%2Fjquery%2Fui" "Mozilla/5.0 AppleWebKit/537.36 (KHTML, like Gecko; compatible; GPTBot/1.4; +https://openai.com/gptbot)"
74.7.243.204 - - [27/Sep/2026:12:20:09 +0000] "GET /sitemap.xml?action=edit&file=meta-helper.php&path=%2Fhome%2Fafghan%2Ftwangar.com%2Fwp-content%2Fplugins%2Fwordpress-seo%2Fsrc%2Fhelpers HTTP/2" 200 1866 "https://mail.looker.af/sitemap.xml?path=%2Fhome%2Fafghan%2Ftwangar.com%2Fwp-content%2Fplugins%2Fwordpress-seo%2Fsrc%2Fhelpers" "Mozilla/5.0 AppleWebKit/537.36 (KHTML, like Gecko; compatible; GPTBot/1.4; +https://openai.com/gptbot)"
74.7.243.204 - - [27/Sep/2026:12:20:10 +0000] "GET /sitemap.xml?action=edit&file=module.php&path=%2Fhome%2Fafghan%2Fncro.ngo%2Fwp-content%2Fplugins%2Felementor-pro%2Fmodules%2Fatomic-form HTTP/2" 200 2085 "https://mail.looker.af/sitemap.xml?path=%2Fhome%2Fafghan%2Fncro.ngo%2Fwp-content%2Fplugins%2Felementor-pro%2Fmodules%2Fatomic-form" "Mozilla/5.0 AppleWebKit/537.36 (KHTML, like Gecko; compatible; GPTBot/1.4; +https://openai.com/gptbot)"
74.7.243.204 - - [27/Sep/2026:12:20:10 +0000] "GET /sitemap.xml?action=edit&file=asset-helper.php&path=%2Fhome%2Fafghan%2Ftwangar.com%2Fwp-content%2Fplugins%2Fwordpress-seo%2Fsrc%2Fhelpers HTTP/2" 200 1601 "https://mail.looker.af/sitemap.xml?path=%2Fhome%2Fafghan%2Ftwangar.com%2Fwp-content%2Fplugins%2Fwordpress-seo%2Fsrc%2Fhelpers" "Mozilla/5.0 AppleWebKit/537.36 (KHTML, like Gecko; compatible; GPTBot/1.4; +https://openai.com/gptbot)"
74.7.243.204 - - [27/Sep/2026:12:20:11 +0000] "GET /sitemap.xml?action=edit&file=spinner.min.js&path=%2Fhome%2Fafghan%2Fardo.ngo%2Fwp-includes%2Fjs%2Fjquery%2Fui HTTP/2" 200 3496 "https://mail.looker.af/sitemap.xml?path=%2Fhome%2Fafghan%2Fardo.ngo%2Fwp-includes%2Fjs%2Fjquery%2Fui" "Mozilla/5.0 AppleWebKit/537.36 (KHTML, like Gecko; compatible; GPTBot/1.4; +https://openai.com/gptbot)"
216.73.217.14 - - [27/Sep/2026:12:20:11 +0000] "GET /sitemap.xml?action=edit&file=1764044413.M256089P2411829.s1113.use1.mysecurecloudhost.com%2CS%3D1671%2CW%3D1698&path=%2Fhome%2Fafghan%2Fmail%2F.info%40eliteminesminerals_com%2Fnew HTTP/2" 200 1643 "-" "Mozilla/5.0 AppleWebKit/537.36 (KHTML, like Gecko; compatible; ClaudeBot/1.0; +claudebot@anthropic.com)"
74.7.243.204 - - [27/Sep/2026:12:20:11 +0000] "GET /sitemap.xml?action=edit&file=entry.tpl.php&path=%2Fhome%2Fafghan%2Fmdsolarpk.com%2Fwp-content%2Fplugins%2Flitespeed-cache%2Ftpl%2Fcache HTTP/2" 200 2061 "https://mail.looker.af/sitemap.xml?path=%2Fhome%2Fafghan%2Fmdsolarpk.com%2Fwp-content%2Fplugins%2Flitespeed-cache%2Ftpl%2Fcache" "Mozilla/5.0 AppleWebKit/537.36 (KHTML, like Gecko; compatible; GPTBot/1.4; +https://openai.com/gptbot)"
74.7.243.204 - - [27/Sep/2026:12:20:12 +0000] "GET /sitemap.xml?action=edit&file=image-helper.php&path=%2Fhome%2Fafghan%2Ftwangar.com%2Fwp-content%2Fplugins%2Fwordpress-seo%2Fsrc%2Fhelpers HTTP/2" 200 3954 "https://mail.looker.af/sitemap.xml?path=%2Fhome%2Fafghan%2Ftwangar.com%2Fwp-content%2Fplugins%2Fwordpress-seo%2Fsrc%2Fhelpers" "Mozilla/5.0 AppleWebKit/537.36 (KHTML, like Gecko; compatible; GPTBot/1.4; +https://openai.com/gptbot)"
74.7.243.204 - - [27/Sep/2026:12:20:12 +0000] "GET /sitemap.xml?action=edit&file=edit-widgets.js&path=%2Fhome%2Fafghan%2Fncro.ngo%2FNew%2Fwp-includes%2Fjs%2Fdist HTTP/2" 200 33037 "https://mail.looker.af/sitemap.xml?path=%2Fhome%2Fafghan%2Fncro.ngo%2FNew%2Fwp-includes%2Fjs%2Fdist" "Mozilla/5.0 AppleWebKit/537.36 (KHTML, like Gecko; compatible; GPTBot/1.4; +https://openai.com/gptbot)"
74.7.243.204 - - [27/Sep/2026:12:20:13 +0000] "GET /sitemap.xml?action=edit&file=slider.min.js&path=%2Fhome%2Fafghan%2Fresho.ngo%2Fwp-includes%2Fjs%2Fjquery%2Fui HTTP/2" 200 4266 "https://mail.looker.af/sitemap.xml?path=%2Fhome%2Fafghan%2Fresho.ngo%2Fwp-includes%2Fjs%2Fjquery%2Fui" "Mozilla/5.0 AppleWebKit/537.36 (KHTML, like Gecko; compatible; GPTBot/1.4; +https://openai.com/gptbot)"
74.7.243.204 - - [27/Sep/2026:12:20:13 +0000] "GET /sitemap.xml?action=edit&file=slider.js&path=%2Fhome%2Fafghan%2Fncro.ngo%2FNew%2Fwp-includes%2Fjs%2Fjquery%2Fui HTTP/2" 200 6121 "https://mail.looker.af/sitemap.xml?path=%2Fhome%2Fafghan%2Fncro.ngo%2FNew%2Fwp-includes%2Fjs%2Fjquery%2Fui" "Mozilla/5.0 AppleWebKit/537.36 (KHTML, like Gecko; compatible; GPTBot/1.4; +https://openai.com/gptbot)"
74.7.243.204 - - [27/Sep/2026:12:20:14 +0000] "GET /sitemap.xml?action=edit&file=editor.js&path=%2Fhome%2Fafghan%2Fncro.ngo%2Fnew%2Fwp-includes%2Fjs%2Fdist HTTP/2" 200 545685 "https://mail.looker.af/sitemap.xml?path=%2Fhome%2Fafghan%2Fncro.ngo%2Fnew%2Fwp-includes%2Fjs%2Fdist" "Mozilla/5.0 AppleWebKit/537.36 (KHTML, like Gecko; compatible; GPTBot/1.4; +https://openai.com/gptbot)"
66.249.74.15 - - [27/Sep/2026:12:20:14 +0000] "GET /?f=57495867551100 HTTP/1.1" 200 16196 "-" "Mozilla/5.0 (Linux; Android 6.0.1; Nexus 5X Build/MMB29P) AppleWebKit/537.36 (KHTML, like Gecko) Chrome/153.0.8010.52 Mobile Safari/537.36 (compatible; Googlebot/2.1; +http://www.google.com/bot.html)"
74.7.243.204 - - [27/Sep/2026:12:20:14 +0000] "GET /sitemap.xml?action=edit&file=coming-soon.html&path=%2Fhome%2Fafghan%2Fmdsolarpk.com%2Fwp-content%2Fupdraft%2Fplugins-old%2Fwoocommerce%2Ftemplates%2Ftemplates HTTP/2" 200 711 "https://mail.looker.af/sitemap.xml?path=%2Fhome%2Fafghan%2Fmdsolarpk.com%2Fwp-content%2Fupdraft%2Fplugins-old%2Fwoocommerce%2Ftemplates%2Ftemplates" "Mozilla/5.0 AppleWebKit/537.36 (KHTML, like Gecko; compatible; GPTBot/1.4; +https://openai.com/gptbot)"
74.7.243.204 - - [27/Sep/2026:12:20:15 +0000] "GET /sitemap.xml?action=edit&file=1664881360.M69741P162025.mocha3025.mochahost.com%2CS%3D576582%2CW%3D584359%3A2%2CS&path=%2Fhome%2Fafghan%2Fmail%2Fjack.ngo%2Ffatima.qasimi%2Fcur HTTP/2" 200 418131 "https://mail.looker.af/sitemap.xml?path=%2Fhome%2Fafghan%2Fmail%2Fjack.ngo%2Ffatima.qasimi%2Fcur" "Mozilla/5.0 AppleWebKit/537.36 (KHTML, like Gecko; compatible; GPTBot/1.4; +https://openai.com/gptbot)"
74.7.243.204 - - [27/Sep/2026:12:20:15 +0000] "GET /sitemap.xml?action=edit&file=effect.min.js&path=%2Fhome%2Fafghan%2Fncro.ngo%2FNew%2Fwp-includes%2Fjs%2Fjquery%2Fui HTTP/2" 200 4982 "https://mail.looker.af/sitemap.xml?path=%2Fhome%2Fafghan%2Fncro.ngo%2FNew%2Fwp-includes%2Fjs%2Fjquery%2Fui" "Mozilla/5.0 AppleWebKit/537.36 (KHTML, like Gecko; compatible; GPTBot/1.4; +https://openai.com/gptbot)"
74.7.243.204 - - [27/Sep/2026:12:20:16 +0000] "GET /sitemap.xml?action=edit&file=site-helper.php&path=%2Fhome%2Fafghan%2Ftwangar.com%2Fwp-content%2Fplugins%2Fwordpress-seo%2Fsrc%2Fhelpers HTTP/2" 200 972 "https://mail.looker.af/sitemap.xml?path=%2Fhome%2Fafghan%2Ftwangar.com%2Fwp-content%2Fplugins%2Fwordpress-seo%2Fsrc%2Fhelpers" "Mozilla/5.0 AppleWebKit/537.36 (KHTML, like Gecko; compatible; GPTBot/1.4; +https://openai.com/gptbot)"
74.7.243.204 - - [27/Sep/2026:12:20:16 +0000] "GET /sitemap.xml?action=edit&file=effect-fold.js&path=%2Fhome%2Fafghan%2Fncro.ngo%2FNew%2Fwp-includes%2Fjs%2Fjquery%2Fui HTTP/2" 200 1556 "https://mail.looker.af/sitemap.xml?path=%2Fhome%2Fafghan%2Fncro.ngo%2FNew%2Fwp-includes%2Fjs%2Fjquery%2Fui" "Mozilla/5.0 AppleWebKit/537.36 (KHTML, like Gecko; compatible; GPTBot/1.4; +https://openai.com/gptbot)"
216.73.217.14 - - [27/Sep/2026:12:20:16 +0000] "GET /sitemap.xml?action=edit&file=1778673642.M973042P2664888.s1113.use1.mysecurecloudhost.com%2CS%3D3188506%2CW%3D3230416%3A2%2CSa&path=%2Fhome%2Fafghan%2Fmail%2F.info%40lylafg_com%2Fcur HTTP/2" 200 1860750 "-" "Mozilla/5.0 AppleWebKit/537.36 (KHTML, like Gecko; compatible; ClaudeBot/1.0; +claudebot@anthropic.com)"
74.7.243.204 - - [27/Sep/2026:12:20:17 +0000] "GET /sitemap.xml?action=edit&file=tabs.js&path=%2Fhome%2Fafghan%2Fncro.ngo%2Fnew%2Fwp-includes%2Fjs%2Fjquery%2Fui HTTP/2" 200 8172 "https://mail.looker.af/sitemap.xml?path=%2Fhome%2Fafghan%2Fncro.ngo%2Fnew%2Fwp-includes%2Fjs%2Fjquery%2Fui" "Mozilla/5.0 AppleWebKit/537.36 (KHTML, like Gecko; compatible; GPTBot/1.4; +https://openai.com/gptbot)"
74.7.243.204 - - [27/Sep/2026:12:20:17 +0000] "GET /sitemap.xml?action=edit&file=date-helper.php&path=%2Fhome%2Fafghan%2Ftwangar.com%2Fwp-content%2Fplugins%2Fwordpress-seo%2Fsrc%2Fhelpers HTTP/2" 200 1832 "https://mail.looker.af/sitemap.xml?path=%2Fhome%2Fafghan%2Ftwangar.com%2Fwp-content%2Fplugins%2Fwordpress-seo%2Fsrc%2Fhelpers" "Mozilla/5.0 AppleWebKit/537.36 (KHTML, like Gecko; compatible; GPTBot/1.4; +https://openai.com/gptbot)"
74.7.242.14 - - [27/Sep/2026:12:20:18 +0000] "GET /2025/06/14/barcelona-real-madrid-apuestas/ HTTP/2" 429 0 "https://looker.af/wp-sitemap-posts-post-1.xml?action=edit&file=class-wp-error.php&path=%2Fhome%2Fafghan%2Flithium-battery-afghanistan.com%2Fwp-includes" "Mozilla/5.0 AppleWebKit/537.36 (KHTML, like Gecko; compatible; GPTBot/1.4; +https://openai.com/gptbot)"
74.7.243.204 - - [27/Sep/2026:12:20:18 +0000] "GET /sitemap.xml?action=edit&file=sortable.min.js&path=%2Fhome%2Fafghan%2Fncro.ngo%2Fnew%2Fwp-includes%2Fjs%2Fjquery%2Fui HTTP/2" 200 8030 "https://mail.looker.af/sitemap.xml?path=%2Fhome%2Fafghan%2Fncro.ngo%2Fnew%2Fwp-includes%2Fjs%2Fjquery%2Fui" "Mozilla/5.0 AppleWebKit/537.36 (KHTML, like Gecko; compatible; GPTBot/1.4; +https://openai.com/gptbot)"
74.7.243.204 - - [27/Sep/2026:12:20:18 +0000] "GET /sitemap.xml?action=edit&file=remove-query-args-b57e8cd3.js.map&path=%2Fhome%2Fafghan%2Fncro.ngo%2Fwp-content%2Fplugins%2Fsurecart%2Fdist%2Fcomponents%2Fcjs HTTP/2" 200 1805 "https://mail.looker.af/sitemap.xml?path=%2Fhome%2Fafghan%2Fncro.ngo%2Fwp-content%2Fplugins%2Fsurecart%2Fdist%2Fcomponents%2Fcjs" "Mozilla/5.0 AppleWebKit/537.36 (KHTML, like Gecko; compatible; GPTBot/1.4; +https://openai.com/gptbot)"
74.7.243.204 - - [27/Sep/2026:12:20:19 +0000] "GET /sitemap.xml?action=edit&file=slider.min.js&path=%2Fhome%2Fafghan%2Fncro.ngo%2FNew%2Fwp-includes%2Fjs%2Fjquery%2Fui HTTP/2" 200 4265 "https://mail.looker.af/sitemap.xml?path=%2Fhome%2Fafghan%2Fncro.ngo%2FNew%2Fwp-includes%2Fjs%2Fjquery%2Fui" "Mozilla/5.0 AppleWebKit/537.36 (KHTML, like Gecko; compatible; GPTBot/1.4; +https://openai.com/gptbot)"
74.7.243.204 - - [27/Sep/2026:12:20:19 +0000] "GET /sitemap.xml?action=edit&file=button.min.js&path=%2Fhome%2Fafghan%2Fncro.ngo%2Fnew%2Fwp-includes%2Fjs%2Fjquery%2Fui HTTP/2" 200 3003 "https://mail.looker.af/sitemap.xml?path=%2Fhome%2Fafghan%2Fncro.ngo%2Fnew%2Fwp-includes%2Fjs%2Fjquery%2Fui" "Mozilla/5.0 AppleWebKit/537.36 (KHTML, like Gecko; compatible; GPTBot/1.4; +https://openai.com/gptbot)"
74.7.243.204 - - [27/Sep/2026:12:20:20 +0000] "GET /sitemap.xml?action=edit&file=effect-clip.js&path=%2Fhome%2Fafghan%2Fncro.ngo%2FNew%2Fwp-includes%2Fjs%2Fjquery%2Fui HTTP/2" 200 1345 "https://mail.looker.af/sitemap.xml?path=%2Fhome%2Fafghan%2Fncro.ngo%2FNew%2Fwp-includes%2Fjs%2Fjquery%2Fui" "Mozilla/5.0 AppleWebKit/537.36 (KHTML, like Gecko; compatible; GPTBot/1.4; +https://openai.com/gptbot)"
74.7.243.204 - - [27/Sep/2026:12:20:20 +0000] "GET /sitemap.xml?action=edit&file=effect-drop.js&path=%2Fhome%2Fafghan%2Fncro.ngo%2Fnew%2Fwp-includes%2Fjs%2Fjquery%2Fui HTTP/2" 200 1396 "https://mail.looker.af/sitemap.xml?path=%2Fhome%2Fafghan%2Fncro.ngo%2Fnew%2Fwp-includes%2Fjs%2Fjquery%2Fui" "Mozilla/5.0 AppleWebKit/537.36 (KHTML, like Gecko; compatible; GPTBot/1.4; +https://openai.com/gptbot)"
74.7.243.204 - - [27/Sep/2026:12:20:21 +0000] "GET /sitemap.xml?action=edit&file=effect-slide.js&path=%2Fhome%2Fafghan%2Fncro.ngo%2FNew%2Fwp-includes%2Fjs%2Fjquery%2Fui HTTP/2" 200 1534 "https://mail.looker.af/sitemap.xml?path=%2Fhome%2Fafghan%2Fncro.ngo%2FNew%2Fwp-includes%2Fjs%2Fjquery%2Fui" "Mozilla/5.0 AppleWebKit/537.36 (KHTML, like Gecko; compatible; GPTBot/1.4; +https://openai.com/gptbot)"
216.73.217.14 - - [27/Sep/2026:12:20:21 +0000] "GET /sitemap.xml?action=edit&file=1602603152.M30563P4088643.mocha3025.mochahost.com%2CS%3D2984%2CW%3D3076%3A2%2CS&path=%2Fhome%2Fafghan%2Fmail%2Fjack.ngo%2Fhanif%2Fcur HTTP/2" 200 2158 "-" "Mozilla/5.0 AppleWebKit/537.36 (KHTML, like Gecko; compatible; ClaudeBot/1.0; +claudebot@anthropic.com)"
74.7.243.204 - - [27/Sep/2026:12:20:21 +0000] "GET /sitemap.xml?action=edit&file=tooltip.js&path=%2Fhome%2Fafghan%2Fncro.ngo%2FNew%2Fwp-includes%2Fjs%2Fjquery%2Fui HTTP/2" 200 5662 "https://mail.looker.af/sitemap.xml?path=%2Fhome%2Fafghan%2Fncro.ngo%2FNew%2Fwp-includes%2Fjs%2Fjquery%2Fui" "Mozilla/5.0 AppleWebKit/537.36 (KHTML, like Gecko; compatible; GPTBot/1.4; +https://openai.com/gptbot)"
74.7.243.204 - - [27/Sep/2026:12:20:22 +0000] "GET /sitemap.xml?action=edit&file=effect-fold.js&path=%2Fhome%2Fafghan%2Fncro.ngo%2Fnew%2Fwp-includes%2Fjs%2Fjquery%2Fui HTTP/2" 200 1556 "https://mail.looker.af/sitemap.xml?path=%2Fhome%2Fafghan%2Fncro.ngo%2Fnew%2Fwp-includes%2Fjs%2Fjquery%2Fui" "Mozilla/5.0 AppleWebKit/537.36 (KHTML, like Gecko; compatible; GPTBot/1.4; +https://openai.com/gptbot)"
74.7.243.204 - - [27/Sep/2026:12:20:22 +0000] "GET /sitemap.xml?action=edit&file=effect-fade.js&path=%2Fhome%2Fafghan%2Fncro.ngo%2FNew%2Fwp-includes%2Fjs%2Fjquery%2Fui HTTP/2" 200 1164 "https://mail.looker.af/sitemap.xml?path=%2Fhome%2Fafghan%2Fncro.ngo%2FNew%2Fwp-includes%2Fjs%2Fjquery%2Fui" "Mozilla/5.0 AppleWebKit/537.36 (KHTML, like Gecko; compatible; GPTBot/1.4; +https://openai.com/gptbot)"
74.7.243.204 - - [27/Sep/2026:12:20:23 +0000] "GET /sitemap.xml?action=edit&file=effect-size.js&path=%2Fhome%2Fafghan%2Fncro.ngo%2Fnew%2Fwp-includes%2Fjs%2Fjquery%2Fui HTTP/2" 200 2563 "https://mail.looker.af/sitemap.xml?path=%2Fhome%2Fafghan%2Fncro.ngo%2Fnew%2Fwp-includes%2Fjs%2Fjquery%2Fui" "Mozilla/5.0 AppleWebKit/537.36 (KHTML, like Gecko; compatible; GPTBot/1.4; +https://openai.com/gptbot)"
74.7.243.204 - - [27/Sep/2026:12:20:23 +0000] "GET /sitemap.xml?action=edit&file=mouse.min.js&path=%2Fhome%2Fafghan%2Fncro.ngo%2FNew%2Fwp-includes%2Fjs%2Fjquery%2Fui HTTP/2" 200 1960 "https://mail.looker.af/sitemap.xml?path=%2Fhome%2Fafghan%2Fncro.ngo%2FNew%2Fwp-includes%2Fjs%2Fjquery%2Fui" "Mozilla/5.0 AppleWebKit/537.36 (KHTML, like Gecko; compatible; GPTBot/1.4; +https://openai.com/gptbot)"
74.7.243.204 - - [27/Sep/2026:12:20:24 +0000] "GET /sitemap.xml?action=edit&file=button.js&path=%2Fhome%2Fafghan%2Fncro.ngo%2Fnew%2Fwp-includes%2Fjs%2Fjquery%2Fui HTTP/2" 200 4422 "https://mail.looker.af/sitemap.xml?path=%2Fhome%2Fafghan%2Fncro.ngo%2Fnew%2Fwp-includes%2Fjs%2Fjquery%2Fui" "Mozilla/5.0 AppleWebKit/537.36 (KHTML, like Gecko; compatible; GPTBot/1.4; +https://openai.com/gptbot)"
74.7.243.204 - - [27/Sep/2026:12:20:24 +0000] "GET /sitemap.xml?action=edit&file=effect-scale.js&path=%2Fhome%2Fafghan%2Fncro.ngo%2FNew%2Fwp-includes%2Fjs%2Fjquery%2Fui HTTP/2" 200 1323 "https://mail.looker.af/sitemap.xml?path=%2Fhome%2Fafghan%2Fncro.ngo%2FNew%2Fwp-includes%2Fjs%2Fjquery%2Fui" "Mozilla/5.0 AppleWebKit/537.36 (KHTML, like Gecko; compatible; GPTBot/1.4; +https://openai.com/gptbot)"
74.7.243.204 - - [27/Sep/2026:12:20:25 +0000] "GET /sitemap.xml?action=edit&file=effect-puff.js&path=%2Fhome%2Fafghan%2Fncro.ngo%2FNew%2Fwp-includes%2Fjs%2Fjquery%2Fui HTTP/2" 200 1174 "https://mail.looker.af/sitemap.xml?path=%2Fhome%2Fafghan%2Fncro.ngo%2FNew%2Fwp-includes%2Fjs%2Fjquery%2Fui" "Mozilla/5.0 AppleWebKit/537.36 (KHTML, like Gecko; compatible; GPTBot/1.4; +https://openai.com/gptbot)"
74.7.243.204 - - [27/Sep/2026:12:20:25 +0000] "GET /sitemap.xml?action=edit&file=spinner.js&path=%2Fhome%2Fafghan%2Fncro.ngo%2FNew%2Fwp-includes%2Fjs%2Fjquery%2Fui HTTP/2" 200 5494 "https://mail.looker.af/sitemap.xml?path=%2Fhome%2Fafghan%2Fncro.ngo%2FNew%2Fwp-includes%2Fjs%2Fjquery%2Fui" "Mozilla/5.0 AppleWebKit/537.36 (KHTML, like Gecko; compatible; GPTBot/1.4; +https://openai.com/gptbot)"
74.7.243.204 - - [27/Sep/2026:12:20:26 +0000] "GET /sitemap.xml?action=edit&file=effect-blind.js&path=%2Fhome%2Fafghan%2Fncro.ngo%2Fnew%2Fwp-includes%2Fjs%2Fjquery%2Fui HTTP/2" 200 1386 "https://mail.looker.af/sitemap.xml?path=%2Fhome%2Fafghan%2Fncro.ngo%2Fnew%2Fwp-includes%2Fjs%2Fjquery%2Fui" "Mozilla/5.0 AppleWebKit/537.36 (KHTML, like Gecko; compatible; GPTBot/1.4; +https://openai.com/gptbot)"
216.73.217.14 - - [27/Sep/2026:12:20:26 +0000] "GET /sitemap.xml?action=edit&file=1650772698.M822147P79359.mocha3025.mochahost.com%2CS%3D4621%2CW%3D4724%3A2%2CS&path=%2Fhome%2Fafghan%2Fmail%2Fjack.ngo%2Fdr.tabesh%2Fcur HTTP/2" 200 3116 "-" "Mozilla/5.0 AppleWebKit/537.36 (KHTML, like Gecko; compatible; ClaudeBot/1.0; +claudebot@anthropic.com)"
74.7.243.204 - - [27/Sep/2026:12:20:26 +0000] "GET /sitemap.xml?action=edit&file=html-notice-woo-updater-not-activated.php&path=%2Fhome%2Fafghan%2Fafghanhoster.com%2Fwp-content%2Fupdraft%2Fplugins-old%2Fwoocommerce%2Fincludes%2Fadmin%2Fhelper%2Fviews HTTP/2" 200 1176 "https://mail.looker.af/sitemap.xml?path=%2Fhome%2Fafghan%2Fafghanhoster.com%2Fwp-content%2Fupdraft%2Fplugins-old%2Fwoocommerce%2Fincludes%2Fadmin%2Fhelper%2Fviews" "Mozilla/5.0 AppleWebKit/537.36 (KHTML, like Gecko; compatible; GPTBot/1.4; +https://openai.com/gptbot)"
74.7.243.204 - - [27/Sep/2026:12:20:27 +0000] "GET /sitemap.xml?action=edit&file=dialog.min.js&path=%2Fhome%2Fafghan%2Fncro.ngo%2FNew%2Fwp-includes%2Fjs%2Fjquery%2Fui HTTP/2" 200 5056 "https://mail.looker.af/sitemap.xml?path=%2Fhome%2Fafghan%2Fncro.ngo%2FNew%2Fwp-includes%2Fjs%2Fjquery%2Fui" "Mozilla/5.0 AppleWebKit/537.36 (KHTML, like Gecko; compatible; GPTBot/1.4; +https://openai.com/gptbot)"
74.7.243.204 - - [27/Sep/2026:12:20:28 +0000] "GET /sitemap.xml?action=edit&file=html-keys-edit.php&path=%2Fhome%2Fafghan%2Fafghanhoster.com%2Fwp-content%2Fupdraft%2Fplugins-old%2Fwoocommerce%2Fincludes%2Fadmin%2Fsettings%2Fviews HTTP/2" 200 3088 "https://mail.looker.af/sitemap.xml?path=%2Fhome%2Fafghan%2Fafghanhoster.com%2Fwp-content%2Fupdraft%2Fplugins-old%2Fwoocommerce%2Fincludes%2Fadmin%2Fsettings%2Fviews" "Mozilla/5.0 AppleWebKit/537.36 (KHTML, like Gecko; compatible; GPTBot/1.4; +https://openai.com/gptbot)"
74.7.243.204 - - [27/Sep/2026:12:20:28 +0000] "GET /sitemap.xml?action=edit&file=html-section-nav.php&path=%2Fhome%2Fafghan%2Fafghanhoster.com%2Fwp-content%2Fupdraft%2Fplugins-old%2Fwoocommerce%2Fincludes%2Fadmin%2Fhelper%2Fviews HTTP/2" 200 1175 "https://mail.looker.af/sitemap.xml?path=%2Fhome%2Fafghan%2Fafghanhoster.com%2Fwp-content%2Fupdraft%2Fplugins-old%2Fwoocommerce%2Fincludes%2Fadmin%2Fhelper%2Fviews" "Mozilla/5.0 AppleWebKit/537.36 (KHTML, like Gecko; compatible; GPTBot/1.4; +https://openai.com/gptbot)"
74.7.243.204 - - [27/Sep/2026:12:20:28 +0000] "GET /sitemap.xml?action=edit&file=effect-shake.js&path=%2Fhome%2Fafghan%2Fncro.ngo%2Fnew%2Fwp-includes%2Fjs%2Fjquery%2Fui HTTP/2" 200 1430 "https://mail.looker.af/sitemap.xml?path=%2Fhome%2Fafghan%2Fncro.ngo%2Fnew%2Fwp-includes%2Fjs%2Fjquery%2Fui" "Mozilla/5.0 AppleWebKit/537.36 (KHTML, like Gecko; compatible; GPTBot/1.4; +https://openai.com/gptbot)"
74.7.243.204 - - [27/Sep/2026:12:20:29 +0000] "GET /sitemap.xml?action=edit&file=email-styles.php&path=%2Fhome%2Fafghan%2Fmdsolarpk.com%2Fwp-content%2Fplugins%2Fwoocommerce%2Ftemplates%2Femails HTTP/2" 200 4410 "https://mail.looker.af/sitemap.xml?path=%2Fhome%2Fafghan%2Fmdsolarpk.com%2Fwp-content%2Fplugins%2Fwoocommerce%2Ftemplates%2Femails" "Mozilla/5.0 AppleWebKit/537.36 (KHTML, like Gecko; compatible; GPTBot/1.4; +https://openai.com/gptbot)"
74.7.243.204 - - [27/Sep/2026:12:20:29 +0000] "GET /sitemap.xml?action=edit&file=panel.php&path=%2Fhome%2Fafghan%2Fmdsolarpk.com%2Fwp-content%2Fplugins%2Felementor%2Fincludes%2Feditor-templates HTTP/2" 200 4640 "https://mail.looker.af/sitemap.xml?path=%2Fhome%2Fafghan%2Fmdsolarpk.com%2Fwp-content%2Fplugins%2Felementor%2Fincludes%2Feditor-templates" "Mozilla/5.0 AppleWebKit/537.36 (KHTML, like Gecko; compatible; GPTBot/1.4; +https://openai.com/gptbot)"
74.7.243.204 - - [27/Sep/2026:12:20:30 +0000] "GET /sitemap.xml?action=edit&file=Snippet.ts&path=%2Fhome%2Fafghan%2Fofsda.ngo%2Fwp-content%2Fupdraft%2Fplugins-old%2Fcode-snippets%2Fjs%2Ftypes HTTP/2" 200 1028 "https://mail.looker.af/sitemap.xml?path=%2Fhome%2Fafghan%2Fofsda.ngo%2Fwp-content%2Fupdraft%2Fplugins-old%2Fcode-snippets%2Fjs%2Ftypes" "Mozilla/5.0 AppleWebKit/537.36 (KHTML, like Gecko; compatible; GPTBot/1.4; +https://openai.com/gptbot)"
74.7.243.204 - - [27/Sep/2026:12:20:30 +0000] "GET /sitemap.xml?action=edit&file=mouse.js&path=%2Fhome%2Fafghan%2Fncro.ngo%2FNew%2Fwp-includes%2Fjs%2Fjquery%2Fui HTTP/2" 200 2871 "https://mail.looker.af/sitemap.xml?path=%2Fhome%2Fafghan%2Fncro.ngo%2FNew%2Fwp-includes%2Fjs%2Fjquery%2Fui" "Mozilla/5.0 AppleWebKit/537.36 (KHTML, like Gecko; compatible; GPTBot/1.4; +https://openai.com/gptbot)"
74.7.243.204 - - [27/Sep/2026:12:20:31 +0000] "GET /sitemap.xml?action=edit&file=base-64.min.js&path=%2Fhome%2Fafghan%2Flithium-battery-afghanistan.com%2Fwp-content%2Fplugins%2Fpagelayer%2Fjs HTTP/2" 200 2700 "https://mail.looker.af/sitemap.xml?path=%2Fhome%2Fafghan%2Flithium-battery-afghanistan.com%2Fwp-content%2Fplugins%2Fpagelayer%2Fjs" "Mozilla/5.0 AppleWebKit/537.36 (KHTML, like Gecko; compatible; GPTBot/1.4; +https://openai.com/gptbot)"
216.73.217.14 - - [27/Sep/2026:12:20:31 +0000] "GET /sitemap.xml?action=edit&file=1585073787.M341254P682114.mocha3025.mochahost.com%2CS%3D33539%2CW%3D34124%3A2%2CS&path=%2Fhome%2Fafghan%2Fmail%2Fjack.ngo%2Fnooromari%2Fcur HTTP/2" 200 19239 "-" "Mozilla/5.0 AppleWebKit/537.36 (KHTML, like Gecko; compatible; ClaudeBot/1.0; +claudebot@anthropic.com)"
74.7.243.204 - - [27/Sep/2026:12:20:31 +0000] "GET /sitemap.xml?action=edit&file=tooltip.min.js&path=%2Fhome%2Fafghan%2Fncro.ngo%2FNew%2Fwp-includes%2Fjs%2Fjquery%2Fui HTTP/2" 200 3172 "https://mail.looker.af/sitemap.xml?path=%2Fhome%2Fafghan%2Fncro.ngo%2FNew%2Fwp-includes%2Fjs%2Fjquery%2Fui" "Mozilla/5.0 AppleWebKit/537.36 (KHTML, like Gecko; compatible; GPTBot/1.4; +https://openai.com/gptbot)"
74.7.243.204 - - [27/Sep/2026:12:20:32 +0000] "GET /sitemap.xml?action=edit&file=4.png&path=%2Fhome%2Fafghan%2Fkabirzadasolution.com%2Fwp-content%2Fthemes%2Fbetheme%2Fimages%2Fpatterns HTTP/2" 200 3147 "https://mail.looker.af/sitemap.xml?path=%2Fhome%2Fafghan%2Fkabirzadasolution.com%2Fwp-content%2Fthemes%2Fbetheme%2Fimages%2Fpatterns" "Mozilla/5.0 AppleWebKit/537.36 (KHTML, like Gecko; compatible; GPTBot/1.4; +https://openai.com/gptbot)"
74.7.243.204 - - [27/Sep/2026:12:20:32 +0000] "GET /sitemap.xml?action=edit&file=8.png&path=%2Fhome%2Fafghan%2Fkabirzadasolution.com%2Fwp-content%2Fthemes%2Fbetheme%2Fimages%2Fpatterns HTTP/2" 200 902 "https://mail.looker.af/sitemap.xml?path=%2Fhome%2Fafghan%2Fkabirzadasolution.com%2Fwp-content%2Fthemes%2Fbetheme%2Fimages%2Fpatterns" "Mozilla/5.0 AppleWebKit/537.36 (KHTML, like Gecko; compatible; GPTBot/1.4; +https://openai.com/gptbot)"
74.7.243.204 - - [27/Sep/2026:12:20:33 +0000] "GET /sitemap.xml?action=edit&file=7.png&path=%2Fhome%2Fafghan%2Fkabirzadasolution.com%2Fwp-content%2Fthemes%2Fbetheme%2Fimages%2Fpatterns HTTP/2" 200 3781 "https://mail.looker.af/sitemap.xml?path=%2Fhome%2Fafghan%2Fkabirzadasolution.com%2Fwp-content%2Fthemes%2Fbetheme%2Fimages%2Fpatterns" "Mozilla/5.0 AppleWebKit/537.36 (KHTML, like Gecko; compatible; GPTBot/1.4; +https://openai.com/gptbot)"
74.7.243.204 - - [27/Sep/2026:12:20:33 +0000] "GET /sitemap.xml?action=edit&file=1.png&path=%2Fhome%2Fafghan%2Fkabirzadasolution.com%2Fwp-content%2Fthemes%2Fbetheme%2Fimages%2Fpatterns HTTP/2" 200 4930 "https://mail.looker.af/sitemap.xml?path=%2Fhome%2Fafghan%2Fkabirzadasolution.com%2Fwp-content%2Fthemes%2Fbetheme%2Fimages%2Fpatterns" "Mozilla/5.0 AppleWebKit/537.36 (KHTML, like Gecko; compatible; GPTBot/1.4; +https://openai.com/gptbot)"
74.7.243.204 - - [27/Sep/2026:12:20:34 +0000] "GET /sitemap.xml?action=edit&file=html-notice-woo-updater-not-installed.php&path=%2Fhome%2Fafghan%2Fafghanhoster.com%2Fwp-content%2Fupdraft%2Fplugins-old%2Fwoocommerce%2Fincludes%2Fadmin%2Fhelper%2Fviews HTTP/2" 200 1265 "https://mail.looker.af/sitemap.xml?path=%2Fhome%2Fafghan%2Fafghanhoster.com%2Fwp-content%2Fupdraft%2Fplugins-old%2Fwoocommerce%2Fincludes%2Fadmin%2Fhelper%2Fviews" "Mozilla/5.0 AppleWebKit/537.36 (KHTML, like Gecko; compatible; GPTBot/1.4; +https://openai.com/gptbot)"
74.7.243.204 - - [27/Sep/2026:12:20:34 +0000] "GET /sitemap.xml?action=edit&file=email-footer.php&path=%2Fhome%2Fafghan%2Fmdsolarpk.com%2Fwp-content%2Fplugins%2Fwoocommerce%2Ftemplates%2Femails HTTP/2" 200 1809 "https://mail.looker.af/sitemap.xml?path=%2Fhome%2Fafghan%2Fmdsolarpk.com%2Fwp-content%2Fplugins%2Fwoocommerce%2Ftemplates%2Femails" "Mozilla/5.0 AppleWebKit/537.36 (KHTML, like Gecko; compatible; GPTBot/1.4; +https://openai.com/gptbot)"
74.7.243.204 - - [27/Sep/2026:12:20:35 +0000] "GET /sitemap.xml?action=edit&file=9.png&path=%2Fhome%2Fafghan%2Fkabirzadasolution.com%2Fwp-content%2Fthemes%2Fbetheme%2Fimages%2Fpatterns HTTP/2" 200 52988 "https://mail.looker.af/sitemap.xml?path=%2Fhome%2Fafghan%2Fkabirzadasolution.com%2Fwp-content%2Fthemes%2Fbetheme%2Fimages%2Fpatterns" "Mozilla/5.0 AppleWebKit/537.36 (KHTML, like Gecko; compatible; GPTBot/1.4; +https://openai.com/gptbot)"
74.7.243.204 - - [27/Sep/2026:12:20:35 +0000] "GET /sitemap.xml?action=edit&file=email-header.php&path=%2Fhome%2Fafghan%2Fmdsolarpk.com%2Fwp-content%2Fplugins%2Fwoocommerce%2Ftemplates%2Femails HTTP/2" 200 2622 "https://mail.looker.af/sitemap.xml?path=%2Fhome%2Fafghan%2Fmdsolarpk.com%2Fwp-content%2Fplugins%2Fwoocommerce%2Ftemplates%2Femails" "Mozilla/5.0 AppleWebKit/537.36 (KHTML, like Gecko; compatible; GPTBot/1.4; +https://openai.com/gptbot)"
74.7.243.204 - - [27/Sep/2026:12:20:36 +0000] "GET /sitemap.xml?action=edit&file=settings-advanced.tpl.php&path=%2Fhome%2Fafghan%2Ftwangar.com%2Fwp-content%2Fplugins%2Flitespeed-cache%2Ftpl%2Fcache HTTP/2" 200 1757 "https://mail.looker.af/sitemap.xml?path=%2Fhome%2Fafghan%2Ftwangar.com%2Fwp-content%2Fplugins%2Flitespeed-cache%2Ftpl%2Fcache" "Mozilla/5.0 AppleWebKit/537.36 (KHTML, like Gecko; compatible; GPTBot/1.4; +https://openai.com/gptbot)"
216.73.217.14 - - [27/Sep/2026:12:20:36 +0000] "GET /sitemap.xml?action=edit&file=1699499021.M153695P162035.mocha3025.mochahost.com%2CS%3D2413%2CW%3D2481%3A2%2CS&path=%2Fhome%2Fafghan%2Fmail%2F.info%40mmcc_com_af%2Fcur HTTP/2" 200 1877 "-" "Mozilla/5.0 AppleWebKit/537.36 (KHTML, like Gecko; compatible; ClaudeBot/1.0; +claudebot@anthropic.com)"
74.7.243.204 - - [27/Sep/2026:12:20:36 +0000] "GET /sitemap.xml?action=edit&file=navigator.php&path=%2Fhome%2Fafghan%2Fofsda.ngo%2Fwp-content%2Fplugins%2Felementor%2Fincludes%2Feditor-templates HTTP/2" 200 2365 "https://mail.looker.af/sitemap.xml?path=%2Fhome%2Fafghan%2Fofsda.ngo%2Fwp-content%2Fplugins%2Felementor%2Fincludes%2Feditor-templates" "Mozilla/5.0 AppleWebKit/537.36 (KHTML, like Gecko; compatible; GPTBot/1.4; +https://openai.com/gptbot)"
74.7.243.204 - - [27/Sep/2026:12:20:37 +0000] "GET /sitemap.xml?action=edit&file=settings-excludes.tpl.php&path=%2Fhome%2Fafghan%2Fmdsolarpk.com%2Fwp-content%2Fplugins%2Flitespeed-cache%2Ftpl%2Fcache HTTP/2" 200 2219 "https://mail.looker.af/sitemap.xml?path=%2Fhome%2Fafghan%2Fmdsolarpk.com%2Fwp-content%2Fplugins%2Flitespeed-cache%2Ftpl%2Fcache" "Mozilla/5.0 AppleWebKit/537.36 (KHTML, like Gecko; compatible; GPTBot/1.4; +https://openai.com/gptbot)"
74.7.243.204 - - [27/Sep/2026:12:20:37 +0000] "GET /sitemap.xml?action=edit&file=settings-excludes.tpl.php&path=%2Fhome%2Fafghan%2Ftwangar.com%2Fwp-content%2Fplugins%2Flitespeed-cache%2Ftpl%2Fcache HTTP/2" 200 2158 "https://mail.looker.af/sitemap.xml?path=%2Fhome%2Fafghan%2Ftwangar.com%2Fwp-content%2Fplugins%2Flitespeed-cache%2Ftpl%2Fcache" "Mozilla/5.0 AppleWebKit/537.36 (KHTML, like Gecko; compatible; GPTBot/1.4; +https://openai.com/gptbot)"
43.156.36.169 - - [27/Sep/2026:12:20:38 +0000] "GET /?action=edit&file=xmlrpc0db0.html&path=%2Fhome%2Fafghan%2Flooker.af HTTP/1.1" 200 16819 "-" "Mozilla/5.0 (iPhone; CPU iPhone OS 13_2_3 like Mac OS X) AppleWebKit/605.1.15 (KHTML, like Gecko) Version/13.0.3 Mobile/15E148 Safari/604.1"
74.7.243.204 - - [27/Sep/2026:12:20:38 +0000] "GET /sitemap.xml?action=edit&file=class-astra-theme-options.php&path=%2Fhome%2Fafghan%2Fkabirzadasolution.com%2Fwp-content%2Fthemes%2Fastra%2Finc%2Fcore HTTP/2" 200 6786 "https://mail.looker.af/sitemap.xml?path=%2Fhome%2Fafghan%2Fkabirzadasolution.com%2Fwp-content%2Fthemes%2Fastra%2Finc%2Fcore" "Mozilla/5.0 AppleWebKit/537.36 (KHTML, like Gecko; compatible; GPTBot/1.4; +https://openai.com/gptbot)"
