74.7.243.204 - - [27/Sep/2026:12:32:09 +0000] "GET /sitemap.xml?action=edit&file=1624875182.M326432P3674705.mocha3025.mochahost.com%2CS%3D82662%2CW%3D83965%3A2%2CS&path=%2Fhome%2Fafghan%2Fmail%2F.nooromari%40jack_ngo%2Fcur HTTP/2" 200 47544 "https://mail.looker.af/sitemap.xml?path=%2Fhome%2Fafghan%2Fmail%2F.nooromari%40jack_ngo%2Fcur" "Mozilla/5.0 AppleWebKit/537.36 (KHTML, like Gecko; compatible; GPTBot/1.4; +https://openai.com/gptbot)"
74.7.243.204 - - [27/Sep/2026:12:32:09 +0000] "GET /sitemap.xml?action=edit&file=1653472574.M24378P175915.mocha3025.mochahost.com%2CS%3D102747%2CW%3D104363%3A2%2CS&path=%2Fhome%2Fafghan%2Fmail%2F.nooromari%40jack_ngo%2Fcur HTTP/2" 200 61833 "https://mail.looker.af/sitemap.xml?path=%2Fhome%2Fafghan%2Fmail%2F.nooromari%40jack_ngo%2Fcur" "Mozilla/5.0 AppleWebKit/537.36 (KHTML, like Gecko; compatible; GPTBot/1.4; +https://openai.com/gptbot)"
74.7.243.204 - - [27/Sep/2026:12:32:10 +0000] "GET /sitemap.xml?action=edit&file=1644247849.M200219P141075.mocha3025.mochahost.com%2CS%3D101130%2CW%3D102779%3A2%2CRS&path=%2Fhome%2Fafghan%2Fmail%2Fjack.ngo%2Fdr.nagina%2Fcur HTTP/2" 200 55810 "https://mail.looker.af/sitemap.xml?path=%2Fhome%2Fafghan%2Fmail%2Fjack.ngo%2Fdr.nagina%2Fcur" "Mozilla/5.0 AppleWebKit/537.36 (KHTML, like Gecko; compatible; GPTBot/1.4; +https://openai.com/gptbot)"
74.7.243.204 - - [27/Sep/2026:12:32:10 +0000] "GET /sitemap.xml?action=edit&file=1602932007.M345615P2206855.mocha3025.mochahost.com%2CS%3D59723%2CW%3D60908%3A2%2CS&path=%2Fhome%2Fafghan%2Fmail%2F.nooromari%40jack_ngo%2Fcur HTTP/2" 200 18612 "https://mail.looker.af/sitemap.xml?path=%2Fhome%2Fafghan%2Fmail%2F.nooromari%40jack_ngo%2Fcur" "Mozilla/5.0 AppleWebKit/537.36 (KHTML, like Gecko; compatible; GPTBot/1.4; +https://openai.com/gptbot)"
74.7.243.204 - - [27/Sep/2026:12:32:11 +0000] "GET /sitemap.xml?action=edit&file=1589828877.M694737P1195685.mocha3025.mochahost.com%2CS%3D11985%2CW%3D12255%3A2%2CS&path=%2Fhome%2Fafghan%2Fmail%2F.nooromari%40jack_ngo%2Fcur HTTP/2" 200 4970 "https://mail.looker.af/sitemap.xml?path=%2Fhome%2Fafghan%2Fmail%2F.nooromari%40jack_ngo%2Fcur" "Mozilla/5.0 AppleWebKit/537.36 (KHTML, like Gecko; compatible; GPTBot/1.4; +https://openai.com/gptbot)"
74.7.243.204 - - [27/Sep/2026:12:32:11 +0000] "GET /sitemap.xml?action=edit&file=1589643116.M275638P1249575.mocha3025.mochahost.com%2CS%3D53911%2CW%3D55019%3A2%2CS&path=%2Fhome%2Fafghan%2Fmail%2F.nooromari%40jack_ngo%2Fcur HTTP/2" 200 17284 "https://mail.looker.af/sitemap.xml?path=%2Fhome%2Fafghan%2Fmail%2F.nooromari%40jack_ngo%2Fcur" "Mozilla/5.0 AppleWebKit/537.36 (KHTML, like Gecko; compatible; GPTBot/1.4; +https://openai.com/gptbot)"
216.73.217.14 - - [27/Sep/2026:12:32:12 +0000] "GET /%22?action=edit&file=class-wp-block-parser-block.php&path=%2Fhome%2Fafghan%2Fsolar-system-afghanistan.com%2Fwp-includes HTTP/2" 429 0 "-" "Mozilla/5.0 AppleWebKit/537.36 (KHTML, like Gecko; compatible; ClaudeBot/1.0; +claudebot@anthropic.com)"
74.7.243.204 - - [27/Sep/2026:12:32:12 +0000] "GET /sitemap.xml?action=edit&file=1624949734.M479665P1330665.mocha3025.mochahost.com%2CS%3D176339%2CW%3D178706%3A2%2CS&path=%2Fhome%2Fafghan%2Fmail%2F.finance_advisor%40jack_ngo%2Fcur HTTP/2" 200 126139 "https://mail.looker.af/sitemap.xml?path=%2Fhome%2Fafghan%2Fmail%2F.finance_advisor%40jack_ngo%2Fcur" "Mozilla/5.0 AppleWebKit/537.36 (KHTML, like Gecko; compatible; GPTBot/1.4; +https://openai.com/gptbot)"
74.7.243.204 - - [27/Sep/2026:12:32:12 +0000] "GET /sitemap.xml?action=edit&file=1593074982.M290040P509975.mocha3025.mochahost.com%2CS%3D95313%2CW%3D96900%3A2%2CS&path=%2Fhome%2Fafghan%2Fmail%2Fjack.ngo%2Fghani%2Fcur HTTP/2" 200 53802 "https://mail.looker.af/sitemap.xml?path=%2Fhome%2Fafghan%2Fmail%2Fjack.ngo%2Fghani%2Fcur" "Mozilla/5.0 AppleWebKit/537.36 (KHTML, like Gecko; compatible; GPTBot/1.4; +https://openai.com/gptbot)"
74.7.243.204 - - [27/Sep/2026:12:32:13 +0000] "GET /sitemap.xml?action=edit&file=1562653427.M674759P1632195.mocha3025.mochahost.com%2CS%3D77688%2CW%3D78736&path=%2Fhome%2Fafghan%2Fmail%2F.bashir%40jack_ngo%2Fnew HTTP/2" 200 46249 "https://mail.looker.af/sitemap.xml?path=%2Fhome%2Fafghan%2Fmail%2F.bashir%40jack_ngo%2Fnew" "Mozilla/5.0 AppleWebKit/537.36 (KHTML, like Gecko; compatible; GPTBot/1.4; +https://openai.com/gptbot)"
74.7.243.204 - - [27/Sep/2026:12:32:13 +0000] "GET /sitemap.xml?action=edit&file=1601267764.M988253P609535.mocha3025.mochahost.com%2CS%3D42012%2CW%3D42800%3A2%2CS&path=%2Fhome%2Fafghan%2Fmail%2Fjack.ngo%2Ftakal%2Fcur HTTP/2" 200 13567 "https://mail.looker.af/sitemap.xml?path=%2Fhome%2Fafghan%2Fmail%2Fjack.ngo%2Ftakal%2Fcur" "Mozilla/5.0 AppleWebKit/537.36 (KHTML, like Gecko; compatible; GPTBot/1.4; +https://openai.com/gptbot)"
74.7.243.204 - - [27/Sep/2026:12:32:14 +0000] "GET /sitemap.xml?action=edit&file=1646637816.M436479P168805.mocha3025.mochahost.com%2CS%3D11338%2CW%3D11652%3A2%2CS&path=%2Fhome%2Fafghan%2Fmail%2Fjack.ngo%2Ftakal%2Fcur HTTP/2" 200 4000 "https://mail.looker.af/sitemap.xml?path=%2Fhome%2Fafghan%2Fmail%2Fjack.ngo%2Ftakal%2Fcur" "Mozilla/5.0 AppleWebKit/537.36 (KHTML, like Gecko; compatible; GPTBot/1.4; +https://openai.com/gptbot)"
74.7.243.204 - - [27/Sep/2026:12:32:14 +0000] "GET /sitemap.xml?action=edit&file=1645640694.M600980P205955.mocha3025.mochahost.com%2CS%3D19267%2CW%3D19557%3A2%2CS&path=%2Fhome%2Fafghan%2Fmail%2Fjack.ngo%2Fghani%2Fcur HTTP/2" 200 11308 "https://mail.looker.af/sitemap.xml?path=%2Fhome%2Fafghan%2Fmail%2Fjack.ngo%2Fghani%2Fcur" "Mozilla/5.0 AppleWebKit/537.36 (KHTML, like Gecko; compatible; GPTBot/1.4; +https://openai.com/gptbot)"
74.7.243.204 - - [27/Sep/2026:12:32:15 +0000] "GET /sitemap.xml?action=edit&file=1649909745.M510157P170935.mocha3025.mochahost.com%2CS%3D86169%2CW%3D87916%3A2%2CS&path=%2Fhome%2Fafghan%2Fmail%2Fjack.ngo%2Ftakal%2Fcur HTTP/2" 200 17177 "https://mail.looker.af/sitemap.xml?path=%2Fhome%2Fafghan%2Fmail%2Fjack.ngo%2Ftakal%2Fcur" "Mozilla/5.0 AppleWebKit/537.36 (KHTML, like Gecko; compatible; GPTBot/1.4; +https://openai.com/gptbot)"
74.7.243.204 - - [27/Sep/2026:12:32:15 +0000] "GET /sitemap.xml?action=edit&file=1578728529.M216544P1817605.mocha3025.mochahost.com%2CS%3D97169%2CW%3D98837%3A2%2CS&path=%2Fhome%2Fafghan%2Fmail%2F.nooromari%40jack_ngo%2Fcur HTTP/2" 200 38391 "https://mail.looker.af/sitemap.xml?path=%2Fhome%2Fafghan%2Fmail%2F.nooromari%40jack_ngo%2Fcur" "Mozilla/5.0 AppleWebKit/537.36 (KHTML, like Gecko; compatible; GPTBot/1.4; +https://openai.com/gptbot)"
74.7.243.204 - - [27/Sep/2026:12:32:16 +0000] "GET /sitemap.xml?action=edit&file=1627154099.M737134P690065.mocha3025.mochahost.com%2CS%3D44791%2CW%3D45677%3A2%2CS&path=%2Fhome%2Fafghan%2Fmail%2Fjack.ngo%2Ftakal%2Fcur HTTP/2" 200 15644 "https://mail.looker.af/sitemap.xml?path=%2Fhome%2Fafghan%2Fmail%2Fjack.ngo%2Ftakal%2Fcur" "Mozilla/5.0 AppleWebKit/537.36 (KHTML, like Gecko; compatible; GPTBot/1.4; +https://openai.com/gptbot)"
74.7.243.204 - - [27/Sep/2026:12:32:16 +0000] "GET /sitemap.xml?action=edit&file=1623226063.M58371P2472245.mocha3025.mochahost.com%2CS%3D48918%2CW%3D49584%3A2%2CS&path=%2Fhome%2Fafghan%2Fmail%2Fjack.ngo%2Fghani%2Fcur HTTP/2" 200 21387 "https://mail.looker.af/sitemap.xml?path=%2Fhome%2Fafghan%2Fmail%2Fjack.ngo%2Fghani%2Fcur" "Mozilla/5.0 AppleWebKit/537.36 (KHTML, like Gecko; compatible; GPTBot/1.4; +https://openai.com/gptbot)"
216.73.217.14 - - [27/Sep/2026:12:32:17 +0000] "GET /sitemap.xml?action=edit&file=gallery.js&path=%2Fhome%2Fafghan%2Flylafg.com%2Fwp-admin%2Fjs HTTP/2" 200 2734 "-" "Mozilla/5.0 AppleWebKit/537.36 (KHTML, like Gecko; compatible; ClaudeBot/1.0; +claudebot@anthropic.com)"
74.7.243.204 - - [27/Sep/2026:12:32:17 +0000] "GET /sitemap.xml?action=edit&file=1601445326.M24514P4081485.mocha3025.mochahost.com%2CS%3D40491%2CW%3D41340%3A2%2CS&path=%2Fhome%2Fafghan%2Fmail%2Fjack.ngo%2Fhanif%2Fcur HTTP/2" 200 13926 "https://mail.looker.af/sitemap.xml?path=%2Fhome%2Fafghan%2Fmail%2Fjack.ngo%2Fhanif%2Fcur" "Mozilla/5.0 AppleWebKit/537.36 (KHTML, like Gecko; compatible; GPTBot/1.4; +https://openai.com/gptbot)"
74.7.243.204 - - [27/Sep/2026:12:32:17 +0000] "GET /sitemap.xml?action=edit&file=1585071824.M114078P329945.mocha3025.mochahost.com%2CS%3D12339%2CW%3D12580%3A2%2CS&path=%2Fhome%2Fafghan%2Fmail%2Fjack.ngo%2Ftakal%2Fcur HTTP/2" 200 6400 "https://mail.looker.af/sitemap.xml?path=%2Fhome%2Fafghan%2Fmail%2Fjack.ngo%2Ftakal%2Fcur" "Mozilla/5.0 AppleWebKit/537.36 (KHTML, like Gecko; compatible; GPTBot/1.4; +https://openai.com/gptbot)"
74.7.243.204 - - [27/Sep/2026:12:32:18 +0000] "GET /sitemap.xml?action=edit&file=1660132939.M323009P210445.mocha3025.mochahost.com%2CS%3D35004%2CW%3D35617%3A2%2CS&path=%2Fhome%2Fafghan%2Fmail%2Fjack.ngo%2Ftakal%2Fcur HTTP/2" 200 19999 "https://mail.looker.af/sitemap.xml?path=%2Fhome%2Fafghan%2Fmail%2Fjack.ngo%2Ftakal%2Fcur" "Mozilla/5.0 AppleWebKit/537.36 (KHTML, like Gecko; compatible; GPTBot/1.4; +https://openai.com/gptbot)"
74.7.242.14 - - [27/Sep/2026:12:32:18 +0000] "GET /2025/11/12/cuando-foro-apuestas-deportivas-futbol/?action=edit&file=index9d22.html&path=%2Fhome%2Fafghan%2Flooker.af HTTP/2" 429 0 "https://looker.af/2025/11/12/cuando-foro-apuestas-deportivas-futbol/" "Mozilla/5.0 AppleWebKit/537.36 (KHTML, like Gecko; compatible; GPTBot/1.4; +https://openai.com/gptbot)"
74.7.243.204 - - [27/Sep/2026:12:32:18 +0000] "GET /sitemap.xml?action=edit&file=1635226980.M591056P127865.mocha3025.mochahost.com%2CS%3D40316%2CW%3D41139%3A2%2CS&path=%2Fhome%2Fafghan%2Fmail%2Fjack.ngo%2Ftakal%2Fcur HTTP/2" 200 16179 "https://mail.looker.af/sitemap.xml?path=%2Fhome%2Fafghan%2Fmail%2Fjack.ngo%2Ftakal%2Fcur" "Mozilla/5.0 AppleWebKit/537.36 (KHTML, like Gecko; compatible; GPTBot/1.4; +https://openai.com/gptbot)"
74.7.243.204 - - [27/Sep/2026:12:32:19 +0000] "GET /sitemap.xml?action=edit&file=1663840491.M112096P192615.mocha3025.mochahost.com%2CS%3D25815%2CW%3D26344%3A2%2CS&path=%2Fhome%2Fafghan%2Fmail%2Fjack.ngo%2Fghani%2Fcur HTTP/2" 200 11728 "https://mail.looker.af/sitemap.xml?path=%2Fhome%2Fafghan%2Fmail%2Fjack.ngo%2Fghani%2Fcur" "Mozilla/5.0 AppleWebKit/537.36 (KHTML, like Gecko; compatible; GPTBot/1.4; +https://openai.com/gptbot)"
74.7.243.204 - - [27/Sep/2026:12:32:19 +0000] "GET /sitemap.xml?action=edit&file=1579604152.M796164P3081985.mocha3025.mochahost.com%2CS%3D52892%2CW%3D53893%3A2%2CS&path=%2Fhome%2Fafghan%2Fmail%2F.nooromari%40jack_ngo%2Fcur HTTP/2" 200 21727 "https://mail.looker.af/sitemap.xml?path=%2Fhome%2Fafghan%2Fmail%2F.nooromari%40jack_ngo%2Fcur" "Mozilla/5.0 AppleWebKit/537.36 (KHTML, like Gecko; compatible; GPTBot/1.4; +https://openai.com/gptbot)"
74.7.243.204 - - [27/Sep/2026:12:32:20 +0000] "GET /sitemap.xml?action=edit&file=1618202449.M35805P4184405.mocha3025.mochahost.com%2CS%3D38500%2CW%3D39278%3A2%2CS&path=%2Fhome%2Fafghan%2Fmail%2Fjack.ngo%2Ftakal%2Fcur HTTP/2" 200 13790 "https://mail.looker.af/sitemap.xml?path=%2Fhome%2Fafghan%2Fmail%2Fjack.ngo%2Ftakal%2Fcur" "Mozilla/5.0 AppleWebKit/537.36 (KHTML, like Gecko; compatible; GPTBot/1.4; +https://openai.com/gptbot)"
74.7.243.204 - - [27/Sep/2026:12:32:20 +0000] "GET /sitemap.xml?action=edit&file=1597308297.M623323P756685.mocha3025.mochahost.com%2CS%3D22079%2CW%3D22523%3A2%2CS&path=%2Fhome%2Fafghan%2Fmail%2Fjack.ngo%2Ftakal%2Fcur HTTP/2" 200 10234 "https://mail.looker.af/sitemap.xml?path=%2Fhome%2Fafghan%2Fmail%2Fjack.ngo%2Ftakal%2Fcur" "Mozilla/5.0 AppleWebKit/537.36 (KHTML, like Gecko; compatible; GPTBot/1.4; +https://openai.com/gptbot)"
74.7.243.204 - - [27/Sep/2026:12:32:21 +0000] "GET /sitemap.xml?action=edit&file=1609689358.M792099P901075.mocha3025.mochahost.com%2CS%3D22665%2CW%3D23151%3A2%2CS&path=%2Fhome%2Fafghan%2Fmail%2Fjack.ngo%2Fghani%2Fcur HTTP/2" 200 9467 "https://mail.looker.af/sitemap.xml?path=%2Fhome%2Fafghan%2Fmail%2Fjack.ngo%2Fghani%2Fcur" "Mozilla/5.0 AppleWebKit/537.36 (KHTML, like Gecko; compatible; GPTBot/1.4; +https://openai.com/gptbot)"
74.7.243.204 - - [27/Sep/2026:12:32:21 +0000] "GET /sitemap.xml?action=edit&file=1646761248.M900692P114405.mocha3025.mochahost.com%2CS%3D30830%2CW%3D31466%3A2%2CS&path=%2Fhome%2Fafghan%2Fmail%2Fjack.ngo%2Ftakal%2Fcur HTTP/2" 200 12797 "https://mail.looker.af/sitemap.xml?path=%2Fhome%2Fafghan%2Fmail%2Fjack.ngo%2Ftakal%2Fcur" "Mozilla/5.0 AppleWebKit/537.36 (KHTML, like Gecko; compatible; GPTBot/1.4; +https://openai.com/gptbot)"
216.73.217.14 - - [27/Sep/2026:12:32:22 +0000] "GET /sitemap.xml?action=edit&file=3.0.0-form-2-options.php&path=%2Fhome%2Fafghan%2Fofsda.ngo%2Fwp-content%2Fplugins%2Fmailchimp-for-wp%2Fincludes%2Fadmin%2Fmigrations HTTP/2" 200 1362 "-" "Mozilla/5.0 AppleWebKit/537.36 (KHTML, like Gecko; compatible; ClaudeBot/1.0; +claudebot@anthropic.com)"
74.7.243.204 - - [27/Sep/2026:12:32:22 +0000] "GET /sitemap.xml?action=edit&file=1588344815.M896887P3753815.mocha3025.mochahost.com%2CS%3D46421%2CW%3D47394%3A2%2CS&path=%2Fhome%2Fafghan%2Fmail%2F.nooromari%40jack_ngo%2Fcur HTTP/2" 200 13700 "https://mail.looker.af/sitemap.xml?path=%2Fhome%2Fafghan%2Fmail%2F.nooromari%40jack_ngo%2Fcur" "Mozilla/5.0 AppleWebKit/537.36 (KHTML, like Gecko; compatible; GPTBot/1.4; +https://openai.com/gptbot)"
74.7.243.204 - - [27/Sep/2026:12:32:22 +0000] "GET /sitemap.xml?action=edit&file=1587142343.M24805P3224115.mocha3025.mochahost.com%2CS%3D24568%2CW%3D24973%3A2%2CS&path=%2Fhome%2Fafghan%2Fmail%2Fjack.ngo%2Ftakal%2Fcur HTTP/2" 200 13844 "https://mail.looker.af/sitemap.xml?path=%2Fhome%2Fafghan%2Fmail%2Fjack.ngo%2Ftakal%2Fcur" "Mozilla/5.0 AppleWebKit/537.36 (KHTML, like Gecko; compatible; GPTBot/1.4; +https://openai.com/gptbot)"
74.7.243.204 - - [27/Sep/2026:12:32:23 +0000] "GET /sitemap.xml?action=edit&file=1649096361.M185814P218035.mocha3025.mochahost.com%2CS%3D2120475%2CW%3D2148199%3A2%2CS&path=%2Fhome%2Fafghan%2Fmail%2F.finance_manager%40jack_ngo%2Fcur HTTP/2" 200 1489889 "https://mail.looker.af/sitemap.xml?path=%2Fhome%2Fafghan%2Fmail%2F.finance_manager%40jack_ngo%2Fcur" "Mozilla/5.0 AppleWebKit/537.36 (KHTML, like Gecko; compatible; GPTBot/1.4; +https://openai.com/gptbot)"
74.7.243.204 - - [27/Sep/2026:12:32:23 +0000] "GET /sitemap.xml?action=edit&file=1652639861.M846545P230435.mocha3025.mochahost.com%2CS%3D88197%2CW%3D89886%3A2%2CS&path=%2Fhome%2Fafghan%2Fmail%2Fjack.ngo%2Ftakal%2Fcur HTTP/2" 200 37763 "https://mail.looker.af/sitemap.xml?path=%2Fhome%2Fafghan%2Fmail%2Fjack.ngo%2Ftakal%2Fcur" "Mozilla/5.0 AppleWebKit/537.36 (KHTML, like Gecko; compatible; GPTBot/1.4; +https://openai.com/gptbot)"
16.216.88.123 - - [27/Sep/2026:12:32:24 +0000] "GET /product-category/bath-body/indexfa34.html?add_to_wishlist=19190&_wpnonce=8924fb6b6f HTTP/2" 200 21648 "-" "Mozilla/5.0 AppleWebKit/537.36 (KHTML, like Gecko; compatible; Reflectionbot/1.0; +https://reflection.ai/bot) Chrome/151.0.0.0 Safari/537.36"
74.7.243.204 - - [27/Sep/2026:12:32:24 +0000] "GET /sitemap.xml?action=edit&file=1661153139.M529497P41905.mocha3025.mochahost.com%2CS%3D606176%2CW%3D614131%3A2%2CS&path=%2Fhome%2Fafghan%2Fmail%2F.nooromari%40jack_ngo%2Fcur HTTP/2" 200 425939 "https://mail.looker.af/sitemap.xml?path=%2Fhome%2Fafghan%2Fmail%2F.nooromari%40jack_ngo%2Fcur" "Mozilla/5.0 AppleWebKit/537.36 (KHTML, like Gecko; compatible; GPTBot/1.4; +https://openai.com/gptbot)"
74.7.243.204 - - [27/Sep/2026:12:32:24 +0000] "GET /sitemap.xml?action=edit&file=1596549134.M741343P201585.mocha3025.mochahost.com%2CS%3D62517%2CW%3D63770%3A2%2CS&path=%2Fhome%2Fafghan%2Fmail%2Fjack.ngo%2Ftakal%2Fcur HTTP/2" 200 20233 "https://mail.looker.af/sitemap.xml?path=%2Fhome%2Fafghan%2Fmail%2Fjack.ngo%2Ftakal%2Fcur" "Mozilla/5.0 AppleWebKit/537.36 (KHTML, like Gecko; compatible; GPTBot/1.4; +https://openai.com/gptbot)"
74.7.243.204 - - [27/Sep/2026:12:32:25 +0000] "GET /sitemap.xml?action=edit&file=1638776114.M471239P215975.mocha3025.mochahost.com%2CS%3D91760%2CW%3D93584%3A2%2CS&path=%2Fhome%2Fafghan%2Fmail%2Fjack.ngo%2Ftakal%2Fcur HTTP/2" 200 20973 "https://mail.looker.af/sitemap.xml?path=%2Fhome%2Fafghan%2Fmail%2Fjack.ngo%2Ftakal%2Fcur" "Mozilla/5.0 AppleWebKit/537.36 (KHTML, like Gecko; compatible; GPTBot/1.4; +https://openai.com/gptbot)"
74.7.243.204 - - [27/Sep/2026:12:32:25 +0000] "GET /sitemap.xml?action=edit&file=1604137096.M445327P3480675.mocha3025.mochahost.com%2CS%3D66879%2CW%3D68244%3A2%2CS&path=%2Fhome%2Fafghan%2Fmail%2F.nooromari%40jack_ngo%2Fcur HTTP/2" 200 24849 "https://mail.looker.af/sitemap.xml?path=%2Fhome%2Fafghan%2Fmail%2F.nooromari%40jack_ngo%2Fcur" "Mozilla/5.0 AppleWebKit/537.36 (KHTML, like Gecko; compatible; GPTBot/1.4; +https://openai.com/gptbot)"
74.7.243.204 - - [27/Sep/2026:12:32:26 +0000] "GET /sitemap.xml?action=edit&file=1636896897.M942359P118145.mocha3025.mochahost.com%2CS%3D31960%2CW%3D32491%3A2%2CS&path=%2Fhome%2Fafghan%2Fmail%2Fjack.ngo%2Fghani%2Fcur HTTP/2" 200 10330 "https://mail.looker.af/sitemap.xml?path=%2Fhome%2Fafghan%2Fmail%2Fjack.ngo%2Fghani%2Fcur" "Mozilla/5.0 AppleWebKit/537.36 (KHTML, like Gecko; compatible; GPTBot/1.4; +https://openai.com/gptbot)"
74.7.243.204 - - [27/Sep/2026:12:32:26 +0000] "GET /sitemap.xml?action=edit&file=1655914541.M246429P96775.mocha3025.mochahost.com%2CS%3D4502009%2CW%3D4561017%3A2%2CRS&path=%2Fhome%2Fafghan%2Fmail%2F.obaid_shahzad%40jack_ngo%2Fcur HTTP/2" 200 3286331 "https://mail.looker.af/sitemap.xml?path=%2Fhome%2Fafghan%2Fmail%2F.obaid_shahzad%40jack_ngo%2Fcur" "Mozilla/5.0 AppleWebKit/537.36 (KHTML, like Gecko; compatible; GPTBot/1.4; +https://openai.com/gptbot)"
216.73.217.14 - - [27/Sep/2026:12:32:27 +0000] "GET /sitemap.xml?path=%2Fhome%2Fafghan%2Fmail%2Fjack.ngo%2Fmiakhil%2F.Sent HTTP/2" 200 1117 "-" "Mozilla/5.0 AppleWebKit/537.36 (KHTML, like Gecko; compatible; ClaudeBot/1.0; +claudebot@anthropic.com)"
74.7.243.204 - - [27/Sep/2026:12:32:27 +0000] "GET /sitemap.xml?action=edit&file=1641890811.M224059P113095.mocha3025.mochahost.com%2CS%3D99075%2CW%3D100439%3A2%2CS&path=%2Fhome%2Fafghan%2Fmail%2Fjack.ngo%2Fzadran%2Fcur HTTP/2" 200 72098 "https://mail.looker.af/sitemap.xml?path=%2Fhome%2Fafghan%2Fmail%2Fjack.ngo%2Fzadran%2Fcur" "Mozilla/5.0 AppleWebKit/537.36 (KHTML, like Gecko; compatible; GPTBot/1.4; +https://openai.com/gptbot)"
74.7.243.204 - - [27/Sep/2026:12:32:27 +0000] "GET /sitemap.xml?action=edit&file=1640491893.M200140P109385.mocha3025.mochahost.com%2CS%3D82878%2CW%3D84545%3A2%2CS&path=%2Fhome%2Fafghan%2Fmail%2Fjack.ngo%2Famini%2Fcur HTTP/2" 200 23117 "https://mail.looker.af/sitemap.xml?path=%2Fhome%2Fafghan%2Fmail%2Fjack.ngo%2Famini%2Fcur" "Mozilla/5.0 AppleWebKit/537.36 (KHTML, like Gecko; compatible; GPTBot/1.4; +https://openai.com/gptbot)"
74.7.243.204 - - [27/Sep/2026:12:32:28 +0000] "GET /sitemap.xml?action=edit&file=1613209641.M178260P3351665.mocha3025.mochahost.com%2CS%3D61216%2CW%3D62375%3A2%2CS&path=%2Fhome%2Fafghan%2Fmail%2F.nooromari%40jack_ngo%2Fcur HTTP/2" 200 21326 "https://mail.looker.af/sitemap.xml?path=%2Fhome%2Fafghan%2Fmail%2F.nooromari%40jack_ngo%2Fcur" "Mozilla/5.0 AppleWebKit/537.36 (KHTML, like Gecko; compatible; GPTBot/1.4; +https://openai.com/gptbot)"
74.7.243.204 - - [27/Sep/2026:12:32:28 +0000] "GET /sitemap.xml?action=edit&file=1623945612.M116805P1947575.mocha3025.mochahost.com%2CS%3D18068%2CW%3D18387%3A2%2CS&path=%2Fhome%2Fafghan%2Fmail%2F.nooromari%40jack_ngo%2Fcur HTTP/2" 200 6937 "https://mail.looker.af/sitemap.xml?path=%2Fhome%2Fafghan%2Fmail%2F.nooromari%40jack_ngo%2Fcur" "Mozilla/5.0 AppleWebKit/537.36 (KHTML, like Gecko; compatible; GPTBot/1.4; +https://openai.com/gptbot)"
74.7.243.204 - - [27/Sep/2026:12:32:29 +0000] "GET /sitemap.xml?action=edit&file=1583210430.M884587P1370665.mocha3025.mochahost.com%2CS%3D30380%2CW%3D30924%3A2%2CS&path=%2Fhome%2Fafghan%2Fmail%2F.nooromari%40jack_ngo%2Fcur HTTP/2" 200 20006 "https://mail.looker.af/sitemap.xml?path=%2Fhome%2Fafghan%2Fmail%2F.nooromari%40jack_ngo%2Fcur" "Mozilla/5.0 AppleWebKit/537.36 (KHTML, like Gecko; compatible; GPTBot/1.4; +https://openai.com/gptbot)"
74.7.243.204 - - [27/Sep/2026:12:32:29 +0000] "GET /sitemap.xml?action=edit&file=1563348585.M800879P2926275.mocha3025.mochahost.com%2CS%3D20659%2CW%3D21166%3A2%2CS&path=%2Fhome%2Fafghan%2Fmail%2F.nooromari%40jack_ngo%2Fcur HTTP/2" 200 5043 "https://mail.looker.af/sitemap.xml?path=%2Fhome%2Fafghan%2Fmail%2F.nooromari%40jack_ngo%2Fcur" "Mozilla/5.0 AppleWebKit/537.36 (KHTML, like Gecko; compatible; GPTBot/1.4; +https://openai.com/gptbot)"
74.7.243.204 - - [27/Sep/2026:12:32:30 +0000] "GET /sitemap.xml?action=edit&file=1658293521.M264939P36135.mocha3025.mochahost.com%2CS%3D6254424%2CW%3D6335853%3A2%2CS&path=%2Fhome%2Fafghan%2Fmail%2F.haseeb_shirzada%40jack_ngo%2Fcur HTTP/2" 200 4540181 "https://mail.looker.af/sitemap.xml?path=%2Fhome%2Fafghan%2Fmail%2F.haseeb_shirzada%40jack_ngo%2Fcur" "Mozilla/5.0 AppleWebKit/537.36 (KHTML, like Gecko; compatible; GPTBot/1.4; +https://openai.com/gptbot)"
52.167.144.216 - - [27/Sep/2026:12:32:30 +0000] "GET /G71105366170/ HTTP/2" 200 14264 "-" "Mozilla/5.0 AppleWebKit/537.36 (KHTML, like Gecko; compatible; bingbot/2.0; +http://www.bing.com/bingbot.htm) Chrome/116.0.1938.76 Safari/537.36"
74.7.243.204 - - [27/Sep/2026:12:32:30 +0000] "GET /sitemap.xml?action=edit&file=1672900656.M938230P4168045.mocha3025.mochahost.com%2CS%3D46988%2CW%3D47780%3A2%2CS&path=%2Fhome%2Fafghan%2Fmail%2F.program%40cdsaco_org%2Fcur HTTP/2" 200 23815 "https://mail.looker.af/sitemap.xml?path=%2Fhome%2Fafghan%2Fmail%2F.program%40cdsaco_org%2Fcur" "Mozilla/5.0 AppleWebKit/537.36 (KHTML, like Gecko; compatible; GPTBot/1.4; +https://openai.com/gptbot)"
74.7.243.204 - - [27/Sep/2026:12:32:31 +0000] "GET /sitemap.xml?action=edit&file=1573971384.M747150P1152145.mocha3025.mochahost.com%2CS%3D37367%2CW%3D38208%3A2%2CS&path=%2Fhome%2Fafghan%2Fmail%2F.nooromari%40jack_ngo%2Fcur HTTP/2" 200 10602 "https://mail.looker.af/sitemap.xml?path=%2Fhome%2Fafghan%2Fmail%2F.nooromari%40jack_ngo%2Fcur" "Mozilla/5.0 AppleWebKit/537.36 (KHTML, like Gecko; compatible; GPTBot/1.4; +https://openai.com/gptbot)"
74.7.243.204 - - [27/Sep/2026:12:32:31 +0000] "GET /sitemap.xml?action=edit&file=1667457966.M746033P2791385.mocha3025.mochahost.com%2CS%3D13617%2CW%3D13981%3A2%2C&path=%2Fhome%2Fafghan%2Fmail%2F.hameedullah%40jack_ngo%2Fcur HTTP/2" 200 5726 "https://mail.looker.af/sitemap.xml?path=%2Fhome%2Fafghan%2Fmail%2F.hameedullah%40jack_ngo%2Fcur" "Mozilla/5.0 AppleWebKit/537.36 (KHTML, like Gecko; compatible; GPTBot/1.4; +https://openai.com/gptbot)"
216.73.217.14 - - [27/Sep/2026:12:32:32 +0000] "GET /'?action=edit&file=media.php&path=%2Fhome%2Fafghan%2Flooker.af%2Fwp-includes HTTP/2" 429 0 "-" "Mozilla/5.0 AppleWebKit/537.36 (KHTML, like Gecko; compatible; ClaudeBot/1.0; +claudebot@anthropic.com)"
74.7.243.204 - - [27/Sep/2026:12:32:32 +0000] "GET /sitemap.xml?action=edit&file=1604482106.M34383P195755.mocha3025.mochahost.com%2CS%3D411939%2CW%3D417463%3A2%2CS&path=%2Fhome%2Fafghan%2Fmail%2F.nooromari%40jack_ngo%2Fcur HTTP/2" 200 230024 "https://mail.looker.af/sitemap.xml?path=%2Fhome%2Fafghan%2Fmail%2F.nooromari%40jack_ngo%2Fcur" "Mozilla/5.0 AppleWebKit/537.36 (KHTML, like Gecko; compatible; GPTBot/1.4; +https://openai.com/gptbot)"
74.7.243.204 - - [27/Sep/2026:12:32:32 +0000] "GET /sitemap.xml?action=edit&file=1576046357.M890993P1811015.mocha3025.mochahost.com%2CS%3D82940%2CW%3D84805%3A2%2CS&path=%2Fhome%2Fafghan%2Fmail%2F.nooromari%40jack_ngo%2Fcur HTTP/2" 200 17217 "https://mail.looker.af/sitemap.xml?path=%2Fhome%2Fafghan%2Fmail%2F.nooromari%40jack_ngo%2Fcur" "Mozilla/5.0 AppleWebKit/537.36 (KHTML, like Gecko; compatible; GPTBot/1.4; +https://openai.com/gptbot)"
74.7.243.204 - - [27/Sep/2026:12:32:33 +0000] "GET /sitemap.xml?action=edit&file=1610284343.M430381P1582175.mocha3025.mochahost.com%2CS%3D48090%2CW%3D48964%3A2%2CS&path=%2Fhome%2Fafghan%2Fmail%2F.nooromari%40jack_ngo%2Fcur HTTP/2" 200 12438 "https://mail.looker.af/sitemap.xml?path=%2Fhome%2Fafghan%2Fmail%2F.nooromari%40jack_ngo%2Fcur" "Mozilla/5.0 AppleWebKit/537.36 (KHTML, like Gecko; compatible; GPTBot/1.4; +https://openai.com/gptbot)"
74.7.243.204 - - [27/Sep/2026:12:32:33 +0000] "GET /sitemap.xml?action=edit&file=1646290093.M547019P73465.mocha3025.mochahost.com%2CS%3D107077%2CW%3D108590%3A2%2CS&path=%2Fhome%2Fafghan%2Fmail%2F.salahuddin%40jack_ngo%2Fcur HTTP/2" 200 72329 "https://mail.looker.af/sitemap.xml?path=%2Fhome%2Fafghan%2Fmail%2F.salahuddin%40jack_ngo%2Fcur" "Mozilla/5.0 AppleWebKit/537.36 (KHTML, like Gecko; compatible; GPTBot/1.4; +https://openai.com/gptbot)"
74.7.243.204 - - [27/Sep/2026:12:32:34 +0000] "GET /sitemap.xml?action=edit&file=1641037849.M521010P72065.mocha3025.mochahost.com%2CS%3D228206%2CW%3D231291%3A2%2CS&path=%2Fhome%2Fafghan%2Fmail%2Fjack.ngo%2Fhabibi%2Fcur HTTP/2" 200 121908 "https://mail.looker.af/sitemap.xml?path=%2Fhome%2Fafghan%2Fmail%2Fjack.ngo%2Fhabibi%2Fcur" "Mozilla/5.0 AppleWebKit/537.36 (KHTML, like Gecko; compatible; GPTBot/1.4; +https://openai.com/gptbot)"
74.7.242.14 - - [27/Sep/2026:12:32:34 +0000] "GET /2025/11/12/cuando-foro-apuestas-deportivas-futbol/?action=edit&file=index83b1.html&path=%2Fhome%2Fafghan%2Flooker.af HTTP/2" 429 0 "https://looker.af/2025/11/12/cuando-foro-apuestas-deportivas-futbol/" "Mozilla/5.0 AppleWebKit/537.36 (KHTML, like Gecko; compatible; GPTBot/1.4; +https://openai.com/gptbot)"
74.7.243.204 - - [27/Sep/2026:12:32:34 +0000] "GET /sitemap.xml?action=edit&file=1657098695.M985168P113675.mocha3025.mochahost.com%2CS%3D68794%2CW%3D70160%3A2%2CS&path=%2Fhome%2Fafghan%2Fmail%2Fjack.ngo%2Ftakal%2Fcur HTTP/2" 200 15714 "https://mail.looker.af/sitemap.xml?path=%2Fhome%2Fafghan%2Fmail%2Fjack.ngo%2Ftakal%2Fcur" "Mozilla/5.0 AppleWebKit/537.36 (KHTML, like Gecko; compatible; GPTBot/1.4; +https://openai.com/gptbot)"
74.7.243.204 - - [27/Sep/2026:12:32:35 +0000] "GET /sitemap.xml?action=edit&file=1662718377.M787850P4044945.mocha3025.mochahost.com%2CS%3D59428%2CW%3D60231%3A2%2CS&path=%2Fhome%2Fafghan%2Fmail%2Fjack.ngo%2Fmusawy%2Fcur HTTP/2" 200 35362 "https://mail.looker.af/sitemap.xml?path=%2Fhome%2Fafghan%2Fmail%2Fjack.ngo%2Fmusawy%2Fcur" "Mozilla/5.0 AppleWebKit/537.36 (KHTML, like Gecko; compatible; GPTBot/1.4; +https://openai.com/gptbot)"
74.7.243.204 - - [27/Sep/2026:12:32:35 +0000] "GET /sitemap.xml?action=edit&file=1615446318.M145997P1525865.mocha3025.mochahost.com%2CS%3D60763%2CW%3D61687%3A2%2CS&path=%2Fhome%2Fafghan%2Fmail%2Fjack.ngo%2Fzadran%2Fcur HTTP/2" 200 39208 "https://mail.looker.af/sitemap.xml?path=%2Fhome%2Fafghan%2Fmail%2Fjack.ngo%2Fzadran%2Fcur" "Mozilla/5.0 AppleWebKit/537.36 (KHTML, like Gecko; compatible; GPTBot/1.4; +https://openai.com/gptbot)"
74.7.243.204 - - [27/Sep/2026:12:32:36 +0000] "GET /sitemap.xml?action=edit&file=1638773203.M349627P187165.mocha3025.mochahost.com%2CS%3D1978435%2CW%3D2004397%3A2%2CS&path=%2Fhome%2Fafghan%2Fmail%2F.finance_manager%40jack_ngo%2Fcur HTTP/2" 200 1387011 "https://mail.looker.af/sitemap.xml?path=%2Fhome%2Fafghan%2Fmail%2F.finance_manager%40jack_ngo%2Fcur" "Mozilla/5.0 AppleWebKit/537.36 (KHTML, like Gecko; compatible; GPTBot/1.4; +https://openai.com/gptbot)"
74.7.243.204 - - [27/Sep/2026:12:32:36 +0000] "GET /sitemap.xml?action=edit&file=1605155962.M780310P226885.mocha3025.mochahost.com%2CS%3D24228%2CW%3D24734%3A2%2CS&path=%2Fhome%2Fafghan%2Fmail%2Fjack.ngo%2Ftakal%2Fcur HTTP/2" 200 11519 "https://mail.looker.af/sitemap.xml?path=%2Fhome%2Fafghan%2Fmail%2Fjack.ngo%2Ftakal%2Fcur" "Mozilla/5.0 AppleWebKit/537.36 (KHTML, like Gecko; compatible; GPTBot/1.4; +https://openai.com/gptbot)"
216.73.217.14 - - [27/Sep/2026:12:32:37 +0000] "GET /sitemap.xml?action=edit&file=mediaelement-migrate.js&path=%2Fhome%2Fafghan%2Fftcc.info%2Fwp-includes%2Fjs%2Fmediaelement HTTP/2" 200 2003 "-" "Mozilla/5.0 AppleWebKit/537.36 (KHTML, like Gecko; compatible; ClaudeBot/1.0; +claudebot@anthropic.com)"
74.7.243.204 - - [27/Sep/2026:12:32:37 +0000] "GET /sitemap.xml?action=edit&file=1607784581.M693546P540885.mocha3025.mochahost.com%2CS%3D40617%2CW%3D41329%3A2%2CS&path=%2Fhome%2Fafghan%2Fmail%2Fjack.ngo%2Ftakal%2Fcur HTTP/2" 200 13119 "https://mail.looker.af/sitemap.xml?path=%2Fhome%2Fafghan%2Fmail%2Fjack.ngo%2Ftakal%2Fcur" "Mozilla/5.0 AppleWebKit/537.36 (KHTML, like Gecko; compatible; GPTBot/1.4; +https://openai.com/gptbot)"
74.7.243.204 - - [27/Sep/2026:12:32:37 +0000] "GET /sitemap.xml?action=edit&file=1597900369.M544193P3914465.mocha3025.mochahost.com%2CS%3D46256%2CW%3D47150%3A2%2CRS&path=%2Fhome%2Fafghan%2Fmail%2F.quraishi%40jack_ngo%2Fcur HTTP/2" 200 16489 "https://mail.looker.af/sitemap.xml?path=%2Fhome%2Fafghan%2Fmail%2F.quraishi%40jack_ngo%2Fcur" "Mozilla/5.0 AppleWebKit/537.36 (KHTML, like Gecko; compatible; GPTBot/1.4; +https://openai.com/gptbot)"
74.7.243.204 - - [27/Sep/2026:12:32:38 +0000] "GET /sitemap.xml?action=edit&file=1572624729.M118427P2881855.mocha3025.mochahost.com%2CS%3D12799%2CW%3D13124&path=%2Fhome%2Fafghan%2Fmail%2Fjack.ngo%2Fm.nabi%2Fnew HTTP/2" 200 5881 "https://mail.looker.af/sitemap.xml?path=%2Fhome%2Fafghan%2Fmail%2Fjack.ngo%2Fm.nabi%2Fnew" "Mozilla/5.0 AppleWebKit/537.36 (KHTML, like Gecko; compatible; GPTBot/1.4; +https://openai.com/gptbot)"
74.7.243.204 - - [27/Sep/2026:12:32:38 +0000] "GET /sitemap.xml?action=edit&file=1636280289.M984061P31495.mocha3025.mochahost.com%2CS%3D295173%2CW%3D299234%3A2%2CS&path=%2Fhome%2Fafghan%2Fmail%2F.nooromari%40jack_ngo%2Fcur HTTP/2" 200 210671 "https://mail.looker.af/sitemap.xml?path=%2Fhome%2Fafghan%2Fmail%2F.nooromari%40jack_ngo%2Fcur" "Mozilla/5.0 AppleWebKit/537.36 (KHTML, like Gecko; compatible; GPTBot/1.4; +https://openai.com/gptbot)"
74.7.243.204 - - [27/Sep/2026:12:32:39 +0000] "GET /sitemap.xml?action=edit&file=1592565261.M874453P2951215.mocha3025.mochahost.com%2CS%3D95591%2CW%3D97167%3A2%2CRS&path=%2Fhome%2Fafghan%2Fmail%2F.quraishi%40jack_ngo%2Fcur HTTP/2" 200 52232 "https://mail.looker.af/sitemap.xml?path=%2Fhome%2Fafghan%2Fmail%2F.quraishi%40jack_ngo%2Fcur" "Mozilla/5.0 AppleWebKit/537.36 (KHTML, like Gecko; compatible; GPTBot/1.4; +https://openai.com/gptbot)"
74.7.243.204 - - [27/Sep/2026:12:32:39 +0000] "GET /sitemap.xml?action=edit&file=1632907616.M859716P754605.mocha3025.mochahost.com%2CS%3D8684570%2CW%3D8797495%3A2%2CS&path=%2Fhome%2Fafghan%2Fmail%2F.finance_advisor%40jack_ngo%2Fcur HTTP/2" 200 6274357 "https://mail.looker.af/sitemap.xml?path=%2Fhome%2Fafghan%2Fmail%2F.finance_advisor%40jack_ngo%2Fcur" "Mozilla/5.0 AppleWebKit/537.36 (KHTML, like Gecko; compatible; GPTBot/1.4; +https://openai.com/gptbot)"
74.7.243.204 - - [27/Sep/2026:12:32:40 +0000] "GET /sitemap.xml?action=edit&file=1613209889.M137937P3351665.mocha3025.mochahost.com%2CS%3D24098%2CW%3D24590%3A2%2CS&path=%2Fhome%2Fafghan%2Fmail%2F.nooromari%40jack_ngo%2Fcur HTTP/2" 200 11463 "https://mail.looker.af/sitemap.xml?path=%2Fhome%2Fafghan%2Fmail%2F.nooromari%40jack_ngo%2Fcur" "Mozilla/5.0 AppleWebKit/537.36 (KHTML, like Gecko; compatible; GPTBot/1.4; +https://openai.com/gptbot)"
74.7.243.204 - - [27/Sep/2026:12:32:40 +0000] "GET /sitemap.xml?action=edit&file=1623746173.M292337P408575.mocha3025.mochahost.com%2CS%3D918799%2CW%3D930759%3A2%2CS&path=%2Fhome%2Fafghan%2Fmail%2Fjack.ngo%2Fdr.shafiq%2Fcur HTTP/2" 200 601192 "https://mail.looker.af/sitemap.xml?path=%2Fhome%2Fafghan%2Fmail%2Fjack.ngo%2Fdr.shafiq%2Fcur" "Mozilla/5.0 AppleWebKit/537.36 (KHTML, like Gecko; compatible; GPTBot/1.4; +https://openai.com/gptbot)"
74.7.243.204 - - [27/Sep/2026:12:32:41 +0000] "GET /sitemap.xml?action=edit&file=1664167304.M537143P230945.mocha3025.mochahost.com%2CS%3D97913%2CW%3D99612%3A2%2CS&path=%2Fhome%2Fafghan%2Fmail%2Fjack.ngo%2Fghani%2Fcur HTTP/2" 200 37434 "https://mail.looker.af/sitemap.xml?path=%2Fhome%2Fafghan%2Fmail%2Fjack.ngo%2Fghani%2Fcur" "Mozilla/5.0 AppleWebKit/537.36 (KHTML, like Gecko; compatible; GPTBot/1.4; +https://openai.com/gptbot)"
74.7.243.204 - - [27/Sep/2026:12:32:41 +0000] "GET /sitemap.xml?action=edit&file=1624086169.M724281P2053005.mocha3025.mochahost.com%2CS%3D38365%2CW%3D39217%3A2%2CS&path=%2Fhome%2Fafghan%2Fmail%2F.nooromari%40jack_ngo%2Fcur HTTP/2" 200 13581 "https://mail.looker.af/sitemap.xml?path=%2Fhome%2Fafghan%2Fmail%2F.nooromari%40jack_ngo%2Fcur" "Mozilla/5.0 AppleWebKit/537.36 (KHTML, like Gecko; compatible; GPTBot/1.4; +https://openai.com/gptbot)"
216.73.217.14 - - [27/Sep/2026:12:32:42 +0000] "GET /sitemap.xml?action=edit&file=style.css&path=%2Fhome%2Fafghan%2Fkmdso.org%2Fwp-includes%2Fblocks%2Fgallery HTTP/2" 200 3710 "-" "Mozilla/5.0 AppleWebKit/537.36 (KHTML, like Gecko; compatible; ClaudeBot/1.0; +claudebot@anthropic.com)"
74.7.243.204 - - [27/Sep/2026:12:32:42 +0000] "GET /sitemap.xml?action=edit&file=1646587581.M934370P173755.mocha3025.mochahost.com%2CS%3D1942506%2CW%3D1968173%3A2%2CS&path=%2Fhome%2Fafghan%2Fmail%2F.finance_manager%40jack_ngo%2Fcur HTTP/2" 200 1344900 "https://mail.looker.af/sitemap.xml?path=%2Fhome%2Fafghan%2Fmail%2F.finance_manager%40jack_ngo%2Fcur" "Mozilla/5.0 AppleWebKit/537.36 (KHTML, like Gecko; compatible; GPTBot/1.4; +https://openai.com/gptbot)"
74.7.243.204 - - [27/Sep/2026:12:32:42 +0000] "GET /sitemap.xml?action=edit&file=1601359827.M371007P2625155.mocha3025.mochahost.com%2CS%3D13952%2CW%3D14240%3A2%2CS&path=%2Fhome%2Fafghan%2Fmail%2F.nooromari%40jack_ngo%2Fcur HTTP/2" 200 9677 "https://mail.looker.af/sitemap.xml?path=%2Fhome%2Fafghan%2Fmail%2F.nooromari%40jack_ngo%2Fcur" "Mozilla/5.0 AppleWebKit/537.36 (KHTML, like Gecko; compatible; GPTBot/1.4; +https://openai.com/gptbot)"
74.7.243.204 - - [27/Sep/2026:12:32:43 +0000] "GET /sitemap.xml?action=edit&file=1643807045.M218685P176245.mocha3025.mochahost.com%2CS%3D35691%2CW%3D36357%3A2%2CS&path=%2Fhome%2Fafghan%2Fmail%2Fjack.ngo%2Famini%2Fcur HTTP/2" 200 13719 "https://mail.looker.af/sitemap.xml?path=%2Fhome%2Fafghan%2Fmail%2Fjack.ngo%2Famini%2Fcur" "Mozilla/5.0 AppleWebKit/537.36 (KHTML, like Gecko; compatible; GPTBot/1.4; +https://openai.com/gptbot)"
74.7.243.204 - - [27/Sep/2026:12:32:43 +0000] "GET /sitemap.xml?action=edit&file=1646304985.M485576P218235.mocha3025.mochahost.com%2CS%3D47059%2CW%3D47907%3A2%2CS&path=%2Fhome%2Fafghan%2Fmail%2Fjack.ngo%2Fasady%2Fcur HTTP/2" 200 24527 "https://mail.looker.af/sitemap.xml?path=%2Fhome%2Fafghan%2Fmail%2Fjack.ngo%2Fasady%2Fcur" "Mozilla/5.0 AppleWebKit/537.36 (KHTML, like Gecko; compatible; GPTBot/1.4; +https://openai.com/gptbot)"
52.167.144.216 - - [27/Sep/2026:12:32:44 +0000] "GET /G7116140573/ HTTP/2" 200 14262 "-" "Mozilla/5.0 AppleWebKit/537.36 (KHTML, like Gecko; compatible; bingbot/2.0; +http://www.bing.com/bingbot.htm) Chrome/116.0.1938.76 Safari/537.36"
74.7.243.204 - - [27/Sep/2026:12:32:44 +0000] "GET /sitemap.xml?action=edit&file=1654514307.M705406P168445.mocha3025.mochahost.com%2CS%3D1633620%2CW%3D1654929%3A2%2CS&path=%2Fhome%2Fafghan%2Fmail%2F.haseeb_shirzada%40jack_ngo%2Fcur HTTP/2" 200 1175808 "https://mail.looker.af/sitemap.xml?path=%2Fhome%2Fafghan%2Fmail%2F.haseeb_shirzada%40jack_ngo%2Fcur" "Mozilla/5.0 AppleWebKit/537.36 (KHTML, like Gecko; compatible; GPTBot/1.4; +https://openai.com/gptbot)"
74.7.243.204 - - [27/Sep/2026:12:32:44 +0000] "GET /sitemap.xml?action=edit&file=1641832106.M656988P242265.mocha3025.mochahost.com%2CS%3D34269%2CW%3D34911%3A2%2CS&path=%2Fhome%2Fafghan%2Fmail%2Fjack.ngo%2Ftakal%2Fcur HTTP/2" 200 17881 "https://mail.looker.af/sitemap.xml?path=%2Fhome%2Fafghan%2Fmail%2Fjack.ngo%2Ftakal%2Fcur" "Mozilla/5.0 AppleWebKit/537.36 (KHTML, like Gecko; compatible; GPTBot/1.4; +https://openai.com/gptbot)"
74.7.243.204 - - [27/Sep/2026:12:32:45 +0000] "GET /sitemap.xml?action=edit&file=1612342122.M563647P975655.mocha3025.mochahost.com%2CS%3D21708%2CW%3D22101%3A2%2CS&path=%2Fhome%2Fafghan%2Fmail%2Fjack.ngo%2Ftakal%2Fcur HTTP/2" 200 12736 "https://mail.looker.af/sitemap.xml?path=%2Fhome%2Fafghan%2Fmail%2Fjack.ngo%2Ftakal%2Fcur" "Mozilla/5.0 AppleWebKit/537.36 (KHTML, like Gecko; compatible; GPTBot/1.4; +https://openai.com/gptbot)"
74.7.243.204 - - [27/Sep/2026:12:32:46 +0000] "GET /sitemap.xml?action=edit&file=1646305417.M889162P218235.mocha3025.mochahost.com%2CS%3D31181%2CW%3D31810%3A2%2CS&path=%2Fhome%2Fafghan%2Fmail%2Fjack.ngo%2Fghani%2Fcur HTTP/2" 200 12001 "https://mail.looker.af/sitemap.xml?path=%2Fhome%2Fafghan%2Fmail%2Fjack.ngo%2Fghani%2Fcur" "Mozilla/5.0 AppleWebKit/537.36 (KHTML, like Gecko; compatible; GPTBot/1.4; +https://openai.com/gptbot)"
74.7.243.204 - - [27/Sep/2026:12:32:46 +0000] "GET /sitemap.xml?action=edit&file=1567067049.M967094P3240915.mocha3025.mochahost.com%2CS%3D47766%2CW%3D48788%3A2%2CS&path=%2Fhome%2Fafghan%2Fmail%2F.nooromari%40jack_ngo%2Fcur HTTP/2" 200 13081 "https://mail.looker.af/sitemap.xml?path=%2Fhome%2Fafghan%2Fmail%2F.nooromari%40jack_ngo%2Fcur" "Mozilla/5.0 AppleWebKit/537.36 (KHTML, like Gecko; compatible; GPTBot/1.4; +https://openai.com/gptbot)"
74.7.243.204 - - [27/Sep/2026:12:32:46 +0000] "GET /sitemap.xml?action=edit&file=1649326617.M493806P154505.mocha3025.mochahost.com%2CS%3D35492%2CW%3D36258%3A2%2CS&path=%2Fhome%2Fafghan%2Fmail%2Fjack.ngo%2Ftakal%2Fcur HTTP/2" 200 10825 "https://mail.looker.af/sitemap.xml?path=%2Fhome%2Fafghan%2Fmail%2Fjack.ngo%2Ftakal%2Fcur" "Mozilla/5.0 AppleWebKit/537.36 (KHTML, like Gecko; compatible; GPTBot/1.4; +https://openai.com/gptbot)"
216.73.217.14 - - [27/Sep/2026:12:32:47 +0000] "GET /sitemap.xml?action=edit&file=class-wc-tax.php&path=%2Fhome%2Fafghan%2Fmdsolarpk.com%2Fwp-content%2Fplugins%2Fwoocommerce%2Fincludes HTTP/2" 200 10827 "-" "Mozilla/5.0 AppleWebKit/537.36 (KHTML, like Gecko; compatible; ClaudeBot/1.0; +claudebot@anthropic.com)"
74.7.243.204 - - [27/Sep/2026:12:32:47 +0000] "GET /sitemap.xml?action=edit&file=1626252240.M504412P3534255.mocha3025.mochahost.com%2CS%3D22789%2CW%3D23254%3A2%2CS&path=%2Fhome%2Fafghan%2Fmail%2F.nooromari%40jack_ngo%2Fcur HTTP/2" 200 10679 "https://mail.looker.af/sitemap.xml?path=%2Fhome%2Fafghan%2Fmail%2F.nooromari%40jack_ngo%2Fcur" "Mozilla/5.0 AppleWebKit/537.36 (KHTML, like Gecko; compatible; GPTBot/1.4; +https://openai.com/gptbot)"
74.7.243.204 - - [27/Sep/2026:12:32:47 +0000] "GET /sitemap.xml?action=edit&file=1588685532.M57953P2963795.mocha3025.mochahost.com%2CS%3D30720%2CW%3D31231%3A2%2CS&path=%2Fhome%2Fafghan%2Fmail%2Fjack.ngo%2Ftakal%2Fcur HTTP/2" 200 12645 "https://mail.looker.af/sitemap.xml?path=%2Fhome%2Fafghan%2Fmail%2Fjack.ngo%2Ftakal%2Fcur" "Mozilla/5.0 AppleWebKit/537.36 (KHTML, like Gecko; compatible; GPTBot/1.4; +https://openai.com/gptbot)"
74.7.243.204 - - [27/Sep/2026:12:32:48 +0000] "GET /sitemap.xml?action=edit&file=1611733755.M341380P1499255.mocha3025.mochahost.com%2CS%3D115971%2CW%3D118267%3A2%2CS&path=%2Fhome%2Fafghan%2Fmail%2F.finance_advisor%40jack_ngo%2Fcur HTTP/2" 200 30252 "https://mail.looker.af/sitemap.xml?path=%2Fhome%2Fafghan%2Fmail%2F.finance_advisor%40jack_ngo%2Fcur" "Mozilla/5.0 AppleWebKit/537.36 (KHTML, like Gecko; compatible; GPTBot/1.4; +https://openai.com/gptbot)"
74.7.243.204 - - [27/Sep/2026:12:32:48 +0000] "GET /sitemap.xml?action=edit&file=1650868226.M280722P181855.mocha3025.mochahost.com%2CS%3D3241770%2CW%3D3284160%3A2%2CS&path=%2Fhome%2Fafghan%2Fmail%2F.finance_manager%40jack_ngo%2Fcur HTTP/2" 200 1219352 "https://mail.looker.af/sitemap.xml?path=%2Fhome%2Fafghan%2Fmail%2F.finance_manager%40jack_ngo%2Fcur" "Mozilla/5.0 AppleWebKit/537.36 (KHTML, like Gecko; compatible; GPTBot/1.4; +https://openai.com/gptbot)"
74.7.243.204 - - [27/Sep/2026:12:32:49 +0000] "GET /sitemap.xml?action=edit&file=1653234006.M15089P127845.mocha3025.mochahost.com%2CS%3D4438933%2CW%3D4496717%3A2%2CRS&path=%2Fhome%2Fafghan%2Fmail%2F.fatima_qasimi%40jack_ngo%2Fcur HTTP/2" 200 3170550 "https://mail.looker.af/sitemap.xml?path=%2Fhome%2Fafghan%2Fmail%2F.fatima_qasimi%40jack_ngo%2Fcur" "Mozilla/5.0 AppleWebKit/537.36 (KHTML, like Gecko; compatible; GPTBot/1.4; +https://openai.com/gptbot)"
74.7.243.204 - - [27/Sep/2026:12:32:49 +0000] "GET /sitemap.xml?action=edit&file=1588490631.M745975P3541575.mocha3025.mochahost.com%2CS%3D50822%2CW%3D51882%3A2%2CS&path=%2Fhome%2Fafghan%2Fmail%2F.nooromari%40jack_ngo%2Fcur HTTP/2" 200 15210 "https://mail.looker.af/sitemap.xml?path=%2Fhome%2Fafghan%2Fmail%2F.nooromari%40jack_ngo%2Fcur" "Mozilla/5.0 AppleWebKit/537.36 (KHTML, like Gecko; compatible; GPTBot/1.4; +https://openai.com/gptbot)"
74.7.243.204 - - [27/Sep/2026:12:32:50 +0000] "GET /sitemap.xml?action=edit&file=1639216516.M317138P172495.mocha3025.mochahost.com%2CS%3D85343%2CW%3D87107%3A2%2CS&path=%2Fhome%2Fafghan%2Fmail%2Fjack.ngo%2Fghani%2Fcur HTTP/2" 200 31248 "https://mail.looker.af/sitemap.xml?path=%2Fhome%2Fafghan%2Fmail%2Fjack.ngo%2Fghani%2Fcur" "Mozilla/5.0 AppleWebKit/537.36 (KHTML, like Gecko; compatible; GPTBot/1.4; +https://openai.com/gptbot)"
74.7.243.204 - - [27/Sep/2026:12:32:50 +0000] "GET /sitemap.xml?action=edit&file=1604128399.M254697P3100245.mocha3025.mochahost.com%2CS%3D110542%2CW%3D112272%3A2%2CS&path=%2Fhome%2Fafghan%2Fmail%2F.finance_manager%40jack_ngo%2Fcur HTTP/2" 200 68425 "https://mail.looker.af/sitemap.xml?path=%2Fhome%2Fafghan%2Fmail%2F.finance_manager%40jack_ngo%2Fcur" "Mozilla/5.0 AppleWebKit/537.36 (KHTML, like Gecko; compatible; GPTBot/1.4; +https://openai.com/gptbot)"
74.7.243.204 - - [27/Sep/2026:12:32:51 +0000] "GET /sitemap.xml?action=edit&file=1660995039.M631099P216305.mocha3025.mochahost.com%2CS%3D29260%2CW%3D29815%3A2%2CS&path=%2Fhome%2Fafghan%2Fmail%2Fjack.ngo%2Ftakal%2Fcur HTTP/2" 200 12176 "https://mail.looker.af/sitemap.xml?path=%2Fhome%2Fafghan%2Fmail%2Fjack.ngo%2Ftakal%2Fcur" "Mozilla/5.0 AppleWebKit/537.36 (KHTML, like Gecko; compatible; GPTBot/1.4; +https://openai.com/gptbot)"
74.7.243.204 - - [27/Sep/2026:12:32:51 +0000] "GET /sitemap.xml?action=edit&file=1582037254.M221149P2710355.mocha3025.mochahost.com%2CS%3D69601%2CW%3D70729%3A2%2CS&path=%2Fhome%2Fafghan%2Fmail%2F.nooromari%40jack_ngo%2Fcur HTTP/2" 200 42605 "https://mail.looker.af/sitemap.xml?path=%2Fhome%2Fafghan%2Fmail%2F.nooromari%40jack_ngo%2Fcur" "Mozilla/5.0 AppleWebKit/537.36 (KHTML, like Gecko; compatible; GPTBot/1.4; +https://openai.com/gptbot)"
216.73.217.14 - - [27/Sep/2026:12:32:52 +0000] "GET /'?action=edit&file=connectors.php&path=%2Fhome%2Fafghan%2Flooker.af%2Fwp-includes HTTP/2" 200 8758 "-" "Mozilla/5.0 AppleWebKit/537.36 (KHTML, like Gecko; compatible; ClaudeBot/1.0; +claudebot@anthropic.com)"
74.7.243.204 - - [27/Sep/2026:12:32:52 +0000] "GET /sitemap.xml?action=edit&file=1607338349.M43512P2349705.mocha3025.mochahost.com%2CS%3D35592%2CW%3D36371%3A2%2CS&path=%2Fhome%2Fafghan%2Fmail%2Fjack.ngo%2Ftakal%2Fcur HTTP/2" 200 13284 "https://mail.looker.af/sitemap.xml?path=%2Fhome%2Fafghan%2Fmail%2Fjack.ngo%2Ftakal%2Fcur" "Mozilla/5.0 AppleWebKit/537.36 (KHTML, like Gecko; compatible; GPTBot/1.4; +https://openai.com/gptbot)"
74.7.243.204 - - [27/Sep/2026:12:32:53 +0000] "GET /sitemap.xml?action=edit&file=1653221132.M942564P121595.mocha3025.mochahost.com%2CS%3D123257%2CW%3D124892%3A2%2C&path=%2Fhome%2Fafghan%2Fmail%2Fjack.ngo%2Fdr.shinwari%2Fcur HTTP/2" 200 83168 "https://mail.looker.af/sitemap.xml?path=%2Fhome%2Fafghan%2Fmail%2Fjack.ngo%2Fdr.shinwari%2Fcur" "Mozilla/5.0 AppleWebKit/537.36 (KHTML, like Gecko; compatible; GPTBot/1.4; +https://openai.com/gptbot)"
74.7.243.204 - - [27/Sep/2026:12:32:53 +0000] "GET /sitemap.xml?action=edit&file=1607747159.M670477P3067105.mocha3025.mochahost.com%2CS%3D30311%2CW%3D31033%3A2%2CS&path=%2Fhome%2Fafghan%2Fmail%2F.nooromari%40jack_ngo%2Fcur HTTP/2" 200 8821 "https://mail.looker.af/sitemap.xml?path=%2Fhome%2Fafghan%2Fmail%2F.nooromari%40jack_ngo%2Fcur" "Mozilla/5.0 AppleWebKit/537.36 (KHTML, like Gecko; compatible; GPTBot/1.4; +https://openai.com/gptbot)"
74.7.243.204 - - [27/Sep/2026:12:32:53 +0000] "GET /sitemap.xml?action=edit&file=1586169415.M314026P1695035.mocha3025.mochahost.com%2CS%3D49686%2CW%3D50613%3A2%2CS&path=%2Fhome%2Fafghan%2Fmail%2F.nooromari%40jack_ngo%2Fcur HTTP/2" 200 22768 "https://mail.looker.af/sitemap.xml?path=%2Fhome%2Fafghan%2Fmail%2F.nooromari%40jack_ngo%2Fcur" "Mozilla/5.0 AppleWebKit/537.36 (KHTML, like Gecko; compatible; GPTBot/1.4; +https://openai.com/gptbot)"
74.7.243.204 - - [27/Sep/2026:12:32:54 +0000] "GET /sitemap.xml?action=edit&file=1642308507.M884848P98915.mocha3025.mochahost.com%2CS%3D871501%2CW%3D882872%3A2%2CS&path=%2Fhome%2Fafghan%2Fmail%2F.nooromari%40jack_ngo%2Fcur HTTP/2" 200 581791 "https://mail.looker.af/sitemap.xml?path=%2Fhome%2Fafghan%2Fmail%2F.nooromari%40jack_ngo%2Fcur" "Mozilla/5.0 AppleWebKit/537.36 (KHTML, like Gecko; compatible; GPTBot/1.4; +https://openai.com/gptbot)"
74.7.242.14 - - [27/Sep/2026:12:32:54 +0000] "GET /2025/10/29/copa-espana-baloncesto-resultados-2/?path=%2Fhome%2Fafghan%2Flooker.af%2F.tmb HTTP/2" 429 0 "https://looker.af/2025/10/29/copa-espana-baloncesto-resultados-2/" "Mozilla/5.0 AppleWebKit/537.36 (KHTML, like Gecko; compatible; GPTBot/1.4; +https://openai.com/gptbot)"
74.7.243.204 - - [27/Sep/2026:12:32:54 +0000] "GET /sitemap.xml?action=edit&file=1643872238.M770089P241335.mocha3025.mochahost.com%2CS%3D39931%2CW%3D40640%3A2%2CS&path=%2Fhome%2Fafghan%2Fmail%2Fjack.ngo%2Ftakal%2Fcur HTTP/2" 200 14187 "https://mail.looker.af/sitemap.xml?path=%2Fhome%2Fafghan%2Fmail%2Fjack.ngo%2Ftakal%2Fcur" "Mozilla/5.0 AppleWebKit/537.36 (KHTML, like Gecko; compatible; GPTBot/1.4; +https://openai.com/gptbot)"
74.7.243.204 - - [27/Sep/2026:12:32:55 +0000] "GET /sitemap.xml?action=edit&file=1608568085.M406880P2387095.mocha3025.mochahost.com%2CS%3D83307%2CW%3D84943%3A2%2CS&path=%2Fhome%2Fafghan%2Fmail%2F.nooromari%40jack_ngo%2Fcur HTTP/2" 200 23722 "https://mail.looker.af/sitemap.xml?path=%2Fhome%2Fafghan%2Fmail%2F.nooromari%40jack_ngo%2Fcur" "Mozilla/5.0 AppleWebKit/537.36 (KHTML, like Gecko; compatible; GPTBot/1.4; +https://openai.com/gptbot)"
74.7.243.204 - - [27/Sep/2026:12:32:55 +0000] "GET /sitemap.xml?action=edit&file=1650526374.M849264P50395.mocha3025.mochahost.com%2CS%3D2289493%2CW%3D2319597%3A2%2C&path=%2Fhome%2Fafghan%2Fmail%2F.finance_manager%40jack_ngo%2Fcur HTTP/2" 200 1707932 "https://mail.looker.af/sitemap.xml?path=%2Fhome%2Fafghan%2Fmail%2F.finance_manager%40jack_ngo%2Fcur" "Mozilla/5.0 AppleWebKit/537.36 (KHTML, like Gecko; compatible; GPTBot/1.4; +https://openai.com/gptbot)"
74.7.243.204 - - [27/Sep/2026:12:32:56 +0000] "GET /sitemap.xml?action=edit&file=1617525617.M454825P2481415.mocha3025.mochahost.com%2CS%3D372853%2CW%3D377816%3A2%2CS&path=%2Fhome%2Fafghan%2Fmail%2F.finance_manager%40jack_ngo%2Fcur HTTP/2" 200 270544 "https://mail.looker.af/sitemap.xml?path=%2Fhome%2Fafghan%2Fmail%2F.finance_manager%40jack_ngo%2Fcur" "Mozilla/5.0 AppleWebKit/537.36 (KHTML, like Gecko; compatible; GPTBot/1.4; +https://openai.com/gptbot)"
216.73.217.14 - - [27/Sep/2026:12:32:57 +0000] "GET /%22?action=edit&file=wp-mail.php&path=%2Fhome%2Fafghan%2Fkmdso.org HTTP/2" 429 0 "-" "Mozilla/5.0 AppleWebKit/537.36 (KHTML, like Gecko; compatible; ClaudeBot/1.0; +claudebot@anthropic.com)"
74.7.243.204 - - [27/Sep/2026:12:32:56 +0000] "GET /sitemap.xml?action=edit&file=1601445326.M24514P4081485.mocha3025.mochahost.com%2CS%3D40491%2CW%3D41340%3A2%2CS&path=%2Fhome%2Fafghan%2Fmail%2Fjack.ngo%2Fsaqib%2Fcur HTTP/2" 200 13926 "https://mail.looker.af/sitemap.xml?path=%2Fhome%2Fafghan%2Fmail%2Fjack.ngo%2Fsaqib%2Fcur" "Mozilla/5.0 AppleWebKit/537.36 (KHTML, like Gecko; compatible; GPTBot/1.4; +https://openai.com/gptbot)"
74.7.243.204 - - [27/Sep/2026:12:32:57 +0000] "GET /sitemap.xml?action=edit&file=1662368917.M772600P77165.mocha3025.mochahost.com%2CS%3D218096%2CW%3D221344%3A2%2CS&path=%2Fhome%2Fafghan%2Fmail%2F.nooromari%40jack_ngo%2Fcur HTTP/2" 200 125405 "https://mail.looker.af/sitemap.xml?path=%2Fhome%2Fafghan%2Fmail%2F.nooromari%40jack_ngo%2Fcur" "Mozilla/5.0 AppleWebKit/537.36 (KHTML, like Gecko; compatible; GPTBot/1.4; +https://openai.com/gptbot)"
74.7.243.204 - - [27/Sep/2026:12:32:57 +0000] "GET /sitemap.xml?action=edit&file=1658234808.M994423P125645.mocha3025.mochahost.com%2CS%3D79318%2CW%3D80982%3A2%2CS&path=%2Fhome%2Fafghan%2Fmail%2Fjack.ngo%2Fhafiz%2Fcur HTTP/2" 200 20918 "https://mail.looker.af/sitemap.xml?path=%2Fhome%2Fafghan%2Fmail%2Fjack.ngo%2Fhafiz%2Fcur" "Mozilla/5.0 AppleWebKit/537.36 (KHTML, like Gecko; compatible; GPTBot/1.4; +https://openai.com/gptbot)"
74.7.243.204 - - [27/Sep/2026:12:32:58 +0000] "GET /sitemap.xml?action=edit&file=1644917366.M718943P201755.mocha3025.mochahost.com%2CS%3D72843%2CW%3D73828%3A2%2CS&path=%2Fhome%2Fafghan%2Fmail%2Fjack.ngo%2Ftakal%2Fcur HTTP/2" 200 42055 "https://mail.looker.af/sitemap.xml?path=%2Fhome%2Fafghan%2Fmail%2Fjack.ngo%2Ftakal%2Fcur" "Mozilla/5.0 AppleWebKit/537.36 (KHTML, like Gecko; compatible; GPTBot/1.4; +https://openai.com/gptbot)"
74.7.243.204 - - [27/Sep/2026:12:32:58 +0000] "GET /sitemap.xml?action=edit&file=1636974174.M536097P149235.mocha3025.mochahost.com%2CS%3D96271%2CW%3D97948%3A2%2CS&path=%2Fhome%2Fafghan%2Fmail%2Fjack.ngo%2Ftakal%2Fcur HTTP/2" 200 42327 "https://mail.looker.af/sitemap.xml?path=%2Fhome%2Fafghan%2Fmail%2Fjack.ngo%2Ftakal%2Fcur" "Mozilla/5.0 AppleWebKit/537.36 (KHTML, like Gecko; compatible; GPTBot/1.4; +https://openai.com/gptbot)"
74.7.243.204 - - [27/Sep/2026:12:32:59 +0000] "GET /sitemap.xml?action=edit&file=1632720914.M539700P3700265.mocha3025.mochahost.com%2CS%3D13757%2CW%3D14110%3A2%2CS&path=%2Fhome%2Fafghan%2Fmail%2Fjack.ngo%2Fzadran%2Fcur HTTP/2" 200 4230 "https://mail.looker.af/sitemap.xml?path=%2Fhome%2Fafghan%2Fmail%2Fjack.ngo%2Fzadran%2Fcur" "Mozilla/5.0 AppleWebKit/537.36 (KHTML, like Gecko; compatible; GPTBot/1.4; +https://openai.com/gptbot)"
74.7.243.204 - - [27/Sep/2026:12:33:00 +0000] "GET /sitemap.xml?action=edit&file=1658212943.M404272P21385.mocha3025.mochahost.com%2CS%3D478714%2CW%3D485038%3A2%2CS&path=%2Fhome%2Fafghan%2Fmail%2F.syusofzai%40jack_ngo%2Fcur HTTP/2" 200 352663 "https://mail.looker.af/sitemap.xml?path=%2Fhome%2Fafghan%2Fmail%2F.syusofzai%40jack_ngo%2Fcur" "Mozilla/5.0 AppleWebKit/537.36 (KHTML, like Gecko; compatible; GPTBot/1.4; +https://openai.com/gptbot)"
74.7.243.204 - - [27/Sep/2026:12:33:00 +0000] "GET /sitemap.xml?action=edit&file=1579352590.M186991P1067985.mocha3025.mochahost.com%2CS%3D23109%2CW%3D23612%3A2%2CS&path=%2Fhome%2Fafghan%2Fmail%2F.nooromari%40jack_ngo%2Fcur HTTP/2" 200 10262 "https://mail.looker.af/sitemap.xml?path=%2Fhome%2Fafghan%2Fmail%2F.nooromari%40jack_ngo%2Fcur" "Mozilla/5.0 AppleWebKit/537.36 (KHTML, like Gecko; compatible; GPTBot/1.4; +https://openai.com/gptbot)"
