74.7.243.204 - - [27/Sep/2026:12:30:24 +0000] "GET /sitemap.xml?action=edit&file=1604378724.M673531P2893505.mocha3025.mochahost.com%2CS%3D34007%2CW%3D34531%3A2%2CS&path=%2Fhome%2Fafghan%2Fmail%2F.nooromari%40jack_ngo%2Fcur HTTP/2" 200 14772 "https://mail.looker.af/sitemap.xml?path=%2Fhome%2Fafghan%2Fmail%2F.nooromari%40jack_ngo%2Fcur" "Mozilla/5.0 AppleWebKit/537.36 (KHTML, like Gecko; compatible; GPTBot/1.4; +https://openai.com/gptbot)"
74.7.243.204 - - [27/Sep/2026:12:30:24 +0000] "GET /sitemap.xml?action=edit&file=1574658547.M158442P2434835.mocha3025.mochahost.com%2CS%3D19898%2CW%3D20358%3A2%2CS&path=%2Fhome%2Fafghan%2Fmail%2Fjack.ngo%2Frahila%2Fcur HTTP/2" 200 6654 "https://mail.looker.af/sitemap.xml?path=%2Fhome%2Fafghan%2Fmail%2Fjack.ngo%2Frahila%2Fcur" "Mozilla/5.0 AppleWebKit/537.36 (KHTML, like Gecko; compatible; GPTBot/1.4; +https://openai.com/gptbot)"
74.7.243.204 - - [27/Sep/2026:12:30:25 +0000] "GET /sitemap.xml?action=edit&file=1607796553.M101307P1107735.mocha3025.mochahost.com%2CS%3D38971%2CW%3D39767%3A2%2CS&path=%2Fhome%2Fafghan%2Fmail%2F.nooromari%40jack_ngo%2Fcur HTTP/2" 200 15097 "https://mail.looker.af/sitemap.xml?path=%2Fhome%2Fafghan%2Fmail%2F.nooromari%40jack_ngo%2Fcur" "Mozilla/5.0 AppleWebKit/537.36 (KHTML, like Gecko; compatible; GPTBot/1.4; +https://openai.com/gptbot)"
74.7.243.204 - - [27/Sep/2026:12:30:25 +0000] "GET /sitemap.xml?action=edit&file=1665678694.M870742P97315.mocha3025.mochahost.com%2CS%3D2019743%2CW%3D2046071%3A2%2CS&path=%2Fhome%2Fafghan%2Fmail%2Fjack.ngo%2Ffaiq.sediqi%2Fcur HTTP/2" 200 1514996 "https://mail.looker.af/sitemap.xml?path=%2Fhome%2Fafghan%2Fmail%2Fjack.ngo%2Ffaiq.sediqi%2Fcur" "Mozilla/5.0 AppleWebKit/537.36 (KHTML, like Gecko; compatible; GPTBot/1.4; +https://openai.com/gptbot)"
74.7.243.204 - - [27/Sep/2026:12:30:26 +0000] "GET /sitemap.xml?action=edit&file=1652174805.M397017P140805.mocha3025.mochahost.com%2CS%3D1530544%2CW%3D1550611%3A2%2CS&path=%2Fhome%2Fafghan%2Fmail%2F.haseeb_shirzada%40jack_ngo%2Fcur HTTP/2" 200 1146811 "https://mail.looker.af/sitemap.xml?path=%2Fhome%2Fafghan%2Fmail%2F.haseeb_shirzada%40jack_ngo%2Fcur" "Mozilla/5.0 AppleWebKit/537.36 (KHTML, like Gecko; compatible; GPTBot/1.4; +https://openai.com/gptbot)"
216.73.217.14 - - [27/Sep/2026:12:30:26 +0000] "GET /%22?action=edit&file=options-reading.php&path=%2Fhome%2Fafghan%2Fhtcosmetics.com.pk%2Fwp-admin HTTP/2" 429 0 "-" "Mozilla/5.0 AppleWebKit/537.36 (KHTML, like Gecko; compatible; ClaudeBot/1.0; +claudebot@anthropic.com)"
74.7.243.204 - - [27/Sep/2026:12:30:26 +0000] "GET /sitemap.xml?action=edit&file=1595241125.M546188P2043995.mocha3025.mochahost.com%2CS%3D96310%2CW%3D97805%3A2%2CS&path=%2Fhome%2Fafghan%2Fmail%2F.nooromari%40jack_ngo%2Fcur HTTP/2" 200 27291 "https://mail.looker.af/sitemap.xml?path=%2Fhome%2Fafghan%2Fmail%2F.nooromari%40jack_ngo%2Fcur" "Mozilla/5.0 AppleWebKit/537.36 (KHTML, like Gecko; compatible; GPTBot/1.4; +https://openai.com/gptbot)"
74.7.243.204 - - [27/Sep/2026:12:30:26 +0000] "GET /sitemap.xml?action=edit&file=1570528809.M83732P4112535.mocha3025.mochahost.com%2CS%3D44813%2CW%3D45667%3A2%2CS&path=%2Fhome%2Fafghan%2Fmail%2Fjack.ngo%2Fsaqib%2Fcur HTTP/2" 200 24087 "https://mail.looker.af/sitemap.xml?path=%2Fhome%2Fafghan%2Fmail%2Fjack.ngo%2Fsaqib%2Fcur" "Mozilla/5.0 AppleWebKit/537.36 (KHTML, like Gecko; compatible; GPTBot/1.4; +https://openai.com/gptbot)"
74.7.243.204 - - [27/Sep/2026:12:30:27 +0000] "GET /sitemap.xml?action=edit&file=1619079049.M618251P1128275.mocha3025.mochahost.com%2CS%3D970774%2CW%3D983423%3A2%2CS&path=%2Fhome%2Fafghan%2Fmail%2F.faisal_ahmadzai%40jack_ngo%2Fcur HTTP/2" 200 719519 "https://mail.looker.af/sitemap.xml?path=%2Fhome%2Fafghan%2Fmail%2F.faisal_ahmadzai%40jack_ngo%2Fcur" "Mozilla/5.0 AppleWebKit/537.36 (KHTML, like Gecko; compatible; GPTBot/1.4; +https://openai.com/gptbot)"
74.7.243.204 - - [27/Sep/2026:12:30:28 +0000] "GET /sitemap.xml?action=edit&file=1593074982.M290040P509975.mocha3025.mochahost.com%2CS%3D95313%2CW%3D96900%3A2%2CS&path=%2Fhome%2Fafghan%2Fmail%2Fjack.ngo%2Ftakal%2Fcur HTTP/2" 200 53802 "https://mail.looker.af/sitemap.xml?path=%2Fhome%2Fafghan%2Fmail%2Fjack.ngo%2Ftakal%2Fcur" "Mozilla/5.0 AppleWebKit/537.36 (KHTML, like Gecko; compatible; GPTBot/1.4; +https://openai.com/gptbot)"
74.7.243.204 - - [27/Sep/2026:12:30:28 +0000] "GET /sitemap.xml?action=edit&file=1598684334.M279814P1631715.mocha3025.mochahost.com%2CS%3D32402%2CW%3D33069%3A2%2CRS&path=%2Fhome%2Fafghan%2Fmail%2Fjack.ngo%2Fghani%2Fcur HTTP/2" 200 13384 "https://mail.looker.af/sitemap.xml?path=%2Fhome%2Fafghan%2Fmail%2Fjack.ngo%2Fghani%2Fcur" "Mozilla/5.0 AppleWebKit/537.36 (KHTML, like Gecko; compatible; GPTBot/1.4; +https://openai.com/gptbot)"
74.7.243.204 - - [27/Sep/2026:12:30:29 +0000] "GET /sitemap.xml?action=edit&file=1609230838.M525389P2261315.mocha3025.mochahost.com%2CS%3D52014%2CW%3D52913%3A2%2CS&path=%2Fhome%2Fafghan%2Fmail%2F.nooromari%40jack_ngo%2Fcur HTTP/2" 200 13586 "https://mail.looker.af/sitemap.xml?path=%2Fhome%2Fafghan%2Fmail%2F.nooromari%40jack_ngo%2Fcur" "Mozilla/5.0 AppleWebKit/537.36 (KHTML, like Gecko; compatible; GPTBot/1.4; +https://openai.com/gptbot)"
74.7.243.204 - - [27/Sep/2026:12:30:29 +0000] "GET /sitemap.xml?action=edit&file=1667458022.M173621P2791385.mocha3025.mochahost.com%2CS%3D11617%2CW%3D11904%3A2%2C&path=%2Fhome%2Fafghan%2Fmail%2F.hameedullah%40jack_ngo%2Fcur HTTP/2" 200 5481 "https://mail.looker.af/sitemap.xml?path=%2Fhome%2Fafghan%2Fmail%2F.hameedullah%40jack_ngo%2Fcur" "Mozilla/5.0 AppleWebKit/537.36 (KHTML, like Gecko; compatible; GPTBot/1.4; +https://openai.com/gptbot)"
74.7.243.204 - - [27/Sep/2026:12:30:30 +0000] "GET /sitemap.xml?action=edit&file=1621678116.M559382P3633455.mocha3025.mochahost.com%2CS%3D65239%2CW%3D66207%3A2%2CS&path=%2Fhome%2Fafghan%2Fmail%2F.nooromari%40jack_ngo%2Fcur HTTP/2" 200 39125 "https://mail.looker.af/sitemap.xml?path=%2Fhome%2Fafghan%2Fmail%2F.nooromari%40jack_ngo%2Fcur" "Mozilla/5.0 AppleWebKit/537.36 (KHTML, like Gecko; compatible; GPTBot/1.4; +https://openai.com/gptbot)"
74.7.243.204 - - [27/Sep/2026:12:30:30 +0000] "GET /sitemap.xml?action=edit&file=1601961685.M970034P1208355.mocha3025.mochahost.com%2CS%3D23947%2CW%3D24389%3A2%2CS&path=%2Fhome%2Fafghan%2Fmail%2F.nooromari%40jack_ngo%2Fcur HTTP/2" 200 14656 "https://mail.looker.af/sitemap.xml?path=%2Fhome%2Fafghan%2Fmail%2F.nooromari%40jack_ngo%2Fcur" "Mozilla/5.0 AppleWebKit/537.36 (KHTML, like Gecko; compatible; GPTBot/1.4; +https://openai.com/gptbot)"
74.7.243.204 - - [27/Sep/2026:12:30:31 +0000] "GET /sitemap.xml?action=edit&file=1606130142.M215808P617685.mocha3025.mochahost.com%2CS%3D83729%2CW%3D85456%3A2%2CS&path=%2Fhome%2Fafghan%2Fmail%2Fjack.ngo%2Fsaqib%2Fcur HTTP/2" 200 14924 "https://mail.looker.af/sitemap.xml?path=%2Fhome%2Fafghan%2Fmail%2Fjack.ngo%2Fsaqib%2Fcur" "Mozilla/5.0 AppleWebKit/537.36 (KHTML, like Gecko; compatible; GPTBot/1.4; +https://openai.com/gptbot)"
216.73.217.14 - - [27/Sep/2026:12:30:31 +0000] "GET /sitemap.xml?action=edit&file=effect-pulsate.js&path=%2Fhome%2Fafghan%2Fmdsolarpk.com%2Fprds%2Fwp-includes%2Fjs%2Fjquery%2Fui HTTP/2" 200 1386 "-" "Mozilla/5.0 AppleWebKit/537.36 (KHTML, like Gecko; compatible; ClaudeBot/1.0; +claudebot@anthropic.com)"
74.7.243.204 - - [27/Sep/2026:12:30:31 +0000] "GET /sitemap.xml?action=edit&file=1655360483.M59125P171845.mocha3025.mochahost.com%2CS%3D467328%2CW%3D473705%3A2%2CS&path=%2Fhome%2Fafghan%2Fmail%2F.nooromari%40jack_ngo%2Fcur HTTP/2" 200 326874 "https://mail.looker.af/sitemap.xml?path=%2Fhome%2Fafghan%2Fmail%2F.nooromari%40jack_ngo%2Fcur" "Mozilla/5.0 AppleWebKit/537.36 (KHTML, like Gecko; compatible; GPTBot/1.4; +https://openai.com/gptbot)"
74.7.243.204 - - [27/Sep/2026:12:30:32 +0000] "GET /sitemap.xml?action=edit&file=1659625530.M958936P148255.mocha3025.mochahost.com%2CS%3D81170%2CW%3D82544%3A2%2CS&path=%2Fhome%2Fafghan%2Fmail%2Fjack.ngo%2Fasady%2Fcur HTTP/2" 200 42152 "https://mail.looker.af/sitemap.xml?path=%2Fhome%2Fafghan%2Fmail%2Fjack.ngo%2Fasady%2Fcur" "Mozilla/5.0 AppleWebKit/537.36 (KHTML, like Gecko; compatible; GPTBot/1.4; +https://openai.com/gptbot)"
74.7.243.204 - - [27/Sep/2026:12:30:32 +0000] "GET /sitemap.xml?action=edit&file=1644862380.M753287P191255.mocha3025.mochahost.com%2CS%3D18735%2CW%3D19122%3A2%2CS&path=%2Fhome%2Fafghan%2Fmail%2Fjack.ngo%2Ftakal%2Fcur HTTP/2" 200 7853 "https://mail.looker.af/sitemap.xml?path=%2Fhome%2Fafghan%2Fmail%2Fjack.ngo%2Ftakal%2Fcur" "Mozilla/5.0 AppleWebKit/537.36 (KHTML, like Gecko; compatible; GPTBot/1.4; +https://openai.com/gptbot)"
74.7.243.204 - - [27/Sep/2026:12:30:33 +0000] "GET /sitemap.xml?action=edit&file=1613973856.M643970P1651145.mocha3025.mochahost.com%2CS%3D182762%2CW%3D185215%3A2%2CS&path=%2Fhome%2Fafghan%2Fmail%2Fjack.ngo%2Fhamed.faizi%2Fcur HTTP/2" 200 119944 "https://mail.looker.af/sitemap.xml?path=%2Fhome%2Fafghan%2Fmail%2Fjack.ngo%2Fhamed.faizi%2Fcur" "Mozilla/5.0 AppleWebKit/537.36 (KHTML, like Gecko; compatible; GPTBot/1.4; +https://openai.com/gptbot)"
74.7.243.204 - - [27/Sep/2026:12:30:33 +0000] "GET /sitemap.xml?action=edit&file=1662033120.M855216P193885.mocha3025.mochahost.com%2CS%3D36724%2CW%3D37274%3A2%2CS&path=%2Fhome%2Fafghan%2Fmail%2Fjack.ngo%2Ftakal%2Fcur HTTP/2" 200 19772 "https://mail.looker.af/sitemap.xml?path=%2Fhome%2Fafghan%2Fmail%2Fjack.ngo%2Ftakal%2Fcur" "Mozilla/5.0 AppleWebKit/537.36 (KHTML, like Gecko; compatible; GPTBot/1.4; +https://openai.com/gptbot)"
74.7.243.204 - - [27/Sep/2026:12:30:34 +0000] "GET /sitemap.xml?action=edit&file=1641200291.M318070P176415.mocha3025.mochahost.com%2CS%3D34486%2CW%3D35203%3A2%2CS&path=%2Fhome%2Fafghan%2Fmail%2Fjack.ngo%2Ftakal%2Fcur HTTP/2" 200 10419 "https://mail.looker.af/sitemap.xml?path=%2Fhome%2Fafghan%2Fmail%2Fjack.ngo%2Ftakal%2Fcur" "Mozilla/5.0 AppleWebKit/537.36 (KHTML, like Gecko; compatible; GPTBot/1.4; +https://openai.com/gptbot)"
74.7.243.204 - - [27/Sep/2026:12:30:34 +0000] "GET /sitemap.xml?action=edit&file=1612796010.M712418P764975.mocha3025.mochahost.com%2CS%3D80748%2CW%3D81966%3A2%2CS&path=%2Fhome%2Fafghan%2Fmail%2Fjack.ngo%2Ftakal%2Fcur HTTP/2" 200 50285 "https://mail.looker.af/sitemap.xml?path=%2Fhome%2Fafghan%2Fmail%2Fjack.ngo%2Ftakal%2Fcur" "Mozilla/5.0 AppleWebKit/537.36 (KHTML, like Gecko; compatible; GPTBot/1.4; +https://openai.com/gptbot)"
74.7.243.204 - - [27/Sep/2026:12:30:35 +0000] "GET /sitemap.xml?action=edit&file=1592912317.M874552P194185.mocha3025.mochahost.com%2CS%3D47214%2CW%3D48206%3A2%2CS&path=%2Fhome%2Fafghan%2Fmail%2Fjack.ngo%2Ftakal%2Fcur HTTP/2" 200 12416 "https://mail.looker.af/sitemap.xml?path=%2Fhome%2Fafghan%2Fmail%2Fjack.ngo%2Ftakal%2Fcur" "Mozilla/5.0 AppleWebKit/537.36 (KHTML, like Gecko; compatible; GPTBot/1.4; +https://openai.com/gptbot)"
74.7.243.204 - - [27/Sep/2026:12:30:35 +0000] "GET /sitemap.xml?action=edit&file=1634535908.M112918P2559845.mocha3025.mochahost.com%2CS%3D25081%2CW%3D25569%3A2%2CS&path=%2Fhome%2Fafghan%2Fmail%2F.nooromari%40jack_ngo%2Fcur HTTP/2" 200 9721 "https://mail.looker.af/sitemap.xml?path=%2Fhome%2Fafghan%2Fmail%2F.nooromari%40jack_ngo%2Fcur" "Mozilla/5.0 AppleWebKit/537.36 (KHTML, like Gecko; compatible; GPTBot/1.4; +https://openai.com/gptbot)"
74.7.243.204 - - [27/Sep/2026:12:30:36 +0000] "GET /sitemap.xml?action=edit&file=1562328044.M855722P2538205.mocha3025.mochahost.com%2CS%3D57399%2CW%3D58191%3A2%2CST&path=%2Fhome%2Fafghan%2Fmail%2F.quraishi%40jack_ngo%2Fcur HTTP/2" 200 22928 "https://mail.looker.af/sitemap.xml?path=%2Fhome%2Fafghan%2Fmail%2F.quraishi%40jack_ngo%2Fcur" "Mozilla/5.0 AppleWebKit/537.36 (KHTML, like Gecko; compatible; GPTBot/1.4; +https://openai.com/gptbot)"
216.73.217.14 - - [27/Sep/2026:12:30:36 +0000] "GET /sitemap.xml?action=edit&file=editor-elements.css&path=%2Fhome%2Fafghan%2Flithium-battery-afghanistan.com%2Fwp-includes%2Fcss%2Fdist%2Fblock-library HTTP/2" 200 727 "-" "Mozilla/5.0 AppleWebKit/537.36 (KHTML, like Gecko; compatible; ClaudeBot/1.0; +claudebot@anthropic.com)"
74.7.243.204 - - [27/Sep/2026:12:30:36 +0000] "GET /sitemap.xml?action=edit&file=1646557754.M782963P137865.mocha3025.mochahost.com%2CS%3D363798%2CW%3D369059%3A2%2C&path=%2Fhome%2Fafghan%2Fmail%2Fjack.ngo%2Fdr.shinwari%2Fcur HTTP/2" 200 196324 "https://mail.looker.af/sitemap.xml?path=%2Fhome%2Fafghan%2Fmail%2Fjack.ngo%2Fdr.shinwari%2Fcur" "Mozilla/5.0 AppleWebKit/537.36 (KHTML, like Gecko; compatible; GPTBot/1.4; +https://openai.com/gptbot)"
74.7.243.204 - - [27/Sep/2026:12:30:37 +0000] "GET /sitemap.xml?action=edit&file=1624366752.M261688P2920385.mocha3025.mochahost.com%2CS%3D59031%2CW%3D60094%3A2%2CS&path=%2Fhome%2Fafghan%2Fmail%2F.nooromari%40jack_ngo%2Fcur HTTP/2" 200 25032 "https://mail.looker.af/sitemap.xml?path=%2Fhome%2Fafghan%2Fmail%2F.nooromari%40jack_ngo%2Fcur" "Mozilla/5.0 AppleWebKit/537.36 (KHTML, like Gecko; compatible; GPTBot/1.4; +https://openai.com/gptbot)"
74.7.243.204 - - [27/Sep/2026:12:30:37 +0000] "GET /sitemap.xml?action=edit&file=1663478606.M22785P1412355.mocha3025.mochahost.com%2CS%3D54970%2CW%3D55824%3A2%2CS&path=%2Fhome%2Fafghan%2Fmail%2Fjack.ngo%2Fhafiz%2Fcur HTTP/2" 200 36369 "https://mail.looker.af/sitemap.xml?path=%2Fhome%2Fafghan%2Fmail%2Fjack.ngo%2Fhafiz%2Fcur" "Mozilla/5.0 AppleWebKit/537.36 (KHTML, like Gecko; compatible; GPTBot/1.4; +https://openai.com/gptbot)"
74.7.243.204 - - [27/Sep/2026:12:30:38 +0000] "GET /sitemap.xml?action=edit&file=1589358322.M934190P1177995.mocha3025.mochahost.com%2CS%3D22584%2CW%3D23077%3A2%2CS&path=%2Fhome%2Fafghan%2Fmail%2F.nooromari%40jack_ngo%2Fcur HTTP/2" 200 9989 "https://mail.looker.af/sitemap.xml?path=%2Fhome%2Fafghan%2Fmail%2F.nooromari%40jack_ngo%2Fcur" "Mozilla/5.0 AppleWebKit/537.36 (KHTML, like Gecko; compatible; GPTBot/1.4; +https://openai.com/gptbot)"
74.7.243.204 - - [27/Sep/2026:12:30:38 +0000] "GET /sitemap.xml?action=edit&file=1584603191.M726929P159135.mocha3025.mochahost.com%2CS%3D163689%2CW%3D166073%3A2%2CS&path=%2Fhome%2Fafghan%2Fmail%2F.hameedullah%40jack_ngo%2Fcur HTTP/2" 200 113128 "https://mail.looker.af/sitemap.xml?path=%2Fhome%2Fafghan%2Fmail%2F.hameedullah%40jack_ngo%2Fcur" "Mozilla/5.0 AppleWebKit/537.36 (KHTML, like Gecko; compatible; GPTBot/1.4; +https://openai.com/gptbot)"
74.7.242.14 - - [27/Sep/2026:12:30:38 +0000] "GET /2025/11/12/cuando-foro-apuestas-deportivas-futbol/?action=edit&file=index64b4.html&path=%2Fhome%2Fafghan%2Flooker.af HTTP/2" 429 0 "https://looker.af/2025/11/12/cuando-foro-apuestas-deportivas-futbol/" "Mozilla/5.0 AppleWebKit/537.36 (KHTML, like Gecko; compatible; GPTBot/1.4; +https://openai.com/gptbot)"
74.7.243.204 - - [27/Sep/2026:12:30:39 +0000] "GET /sitemap.xml?action=edit&file=1624942079.M789178P1408985.mocha3025.mochahost.com%2CS%3D34123%2CW%3D34843%3A2%2CS&path=%2Fhome%2Fafghan%2Fmail%2F.nooromari%40jack_ngo%2Fcur HTTP/2" 200 12597 "https://mail.looker.af/sitemap.xml?path=%2Fhome%2Fafghan%2Fmail%2F.nooromari%40jack_ngo%2Fcur" "Mozilla/5.0 AppleWebKit/537.36 (KHTML, like Gecko; compatible; GPTBot/1.4; +https://openai.com/gptbot)"
74.7.243.204 - - [27/Sep/2026:12:30:39 +0000] "GET /sitemap.xml?action=edit&file=1605183564.M309638P1716715.mocha3025.mochahost.com%2CS%3D318875%2CW%3D323098%3A2%2C&path=%2Fhome%2Fafghan%2Fmail%2Fjack.ngo%2Fmajeed.hasan%2Fcur HTTP/2" 200 225462 "https://mail.looker.af/sitemap.xml?path=%2Fhome%2Fafghan%2Fmail%2Fjack.ngo%2Fmajeed.hasan%2Fcur" "Mozilla/5.0 AppleWebKit/537.36 (KHTML, like Gecko; compatible; GPTBot/1.4; +https://openai.com/gptbot)"
74.7.243.204 - - [27/Sep/2026:12:30:40 +0000] "GET /sitemap.xml?action=edit&file=1638763949.M365160P225615.mocha3025.mochahost.com%2CS%3D32482%2CW%3D32943%3A2%2CS&path=%2Fhome%2Fafghan%2Fmail%2Fjack.ngo%2Fghani%2Fcur HTTP/2" 200 15304 "https://mail.looker.af/sitemap.xml?path=%2Fhome%2Fafghan%2Fmail%2Fjack.ngo%2Fghani%2Fcur" "Mozilla/5.0 AppleWebKit/537.36 (KHTML, like Gecko; compatible; GPTBot/1.4; +https://openai.com/gptbot)"
74.7.243.204 - - [27/Sep/2026:12:30:40 +0000] "GET /sitemap.xml?action=edit&file=1634013269.M728660P434285.mocha3025.mochahost.com%2CS%3D11253%2CW%3D11431%3A2%2CS&path=%2Fhome%2Fafghan%2Fmail%2Fjack.ngo%2Fghani%2Fcur HTTP/2" 200 5738 "https://mail.looker.af/sitemap.xml?path=%2Fhome%2Fafghan%2Fmail%2Fjack.ngo%2Fghani%2Fcur" "Mozilla/5.0 AppleWebKit/537.36 (KHTML, like Gecko; compatible; GPTBot/1.4; +https://openai.com/gptbot)"
74.7.243.204 - - [27/Sep/2026:12:30:41 +0000] "GET /sitemap.xml?action=edit&file=1568817754.M199060P2316965.mocha3025.mochahost.com%2CS%3D20862%2CW%3D21375%3A2%2CS&path=%2Fhome%2Fafghan%2Fmail%2F.nooromari%40jack_ngo%2Fcur HTTP/2" 200 5356 "https://mail.looker.af/sitemap.xml?path=%2Fhome%2Fafghan%2Fmail%2F.nooromari%40jack_ngo%2Fcur" "Mozilla/5.0 AppleWebKit/537.36 (KHTML, like Gecko; compatible; GPTBot/1.4; +https://openai.com/gptbot)"
74.7.243.204 - - [27/Sep/2026:12:30:41 +0000] "GET /sitemap.xml?action=edit&file=1643872238.M770089P241335.mocha3025.mochahost.com%2CS%3D39931%2CW%3D40640%3A2%2CS&path=%2Fhome%2Fafghan%2Fmail%2Fjack.ngo%2Fasady%2Fcur HTTP/2" 200 14187 "https://mail.looker.af/sitemap.xml?path=%2Fhome%2Fafghan%2Fmail%2Fjack.ngo%2Fasady%2Fcur" "Mozilla/5.0 AppleWebKit/537.36 (KHTML, like Gecko; compatible; GPTBot/1.4; +https://openai.com/gptbot)"
216.73.217.14 - - [27/Sep/2026:12:30:41 +0000] "GET /sitemap.xml?action=edit&file=jquery.schedule.js&path=%2Fhome%2Fafghan%2Fkmdso.org%2Fwp-includes%2Fjs%2Fjquery HTTP/2" 200 1911 "-" "Mozilla/5.0 AppleWebKit/537.36 (KHTML, like Gecko; compatible; ClaudeBot/1.0; +claudebot@anthropic.com)"
74.7.243.204 - - [27/Sep/2026:12:30:41 +0000] "GET /sitemap.xml?action=edit&file=1579352590.M186991P1067985.mocha3025.mochahost.com%2CS%3D23109%2CW%3D23612%3A2%2CS&path=%2Fhome%2Fafghan%2Fmail%2Fjack.ngo%2Frahila%2Fcur HTTP/2" 200 10262 "https://mail.looker.af/sitemap.xml?path=%2Fhome%2Fafghan%2Fmail%2Fjack.ngo%2Frahila%2Fcur" "Mozilla/5.0 AppleWebKit/537.36 (KHTML, like Gecko; compatible; GPTBot/1.4; +https://openai.com/gptbot)"
74.7.243.204 - - [27/Sep/2026:12:30:42 +0000] "GET /sitemap.xml?action=edit&file=1603880292.M639940P571615.mocha3025.mochahost.com%2CS%3D26101%2CW%3D26696%3A2%2CS&path=%2Fhome%2Fafghan%2Fmail%2Fjack.ngo%2Ftakal%2Fcur HTTP/2" 200 9406 "https://mail.looker.af/sitemap.xml?path=%2Fhome%2Fafghan%2Fmail%2Fjack.ngo%2Ftakal%2Fcur" "Mozilla/5.0 AppleWebKit/537.36 (KHTML, like Gecko; compatible; GPTBot/1.4; +https://openai.com/gptbot)"
74.7.243.204 - - [27/Sep/2026:12:30:42 +0000] "GET /sitemap.xml?action=edit&file=1642992001.M253389P241105.mocha3025.mochahost.com%2CS%3D10079%2CW%3D10247%3A2%2CS&path=%2Fhome%2Fafghan%2Fmail%2Fjack.ngo%2Fghani%2Fcur HTTP/2" 200 4432 "https://mail.looker.af/sitemap.xml?path=%2Fhome%2Fafghan%2Fmail%2Fjack.ngo%2Fghani%2Fcur" "Mozilla/5.0 AppleWebKit/537.36 (KHTML, like Gecko; compatible; GPTBot/1.4; +https://openai.com/gptbot)"
74.7.243.204 - - [27/Sep/2026:12:30:43 +0000] "GET /sitemap.xml?action=edit&file=1611043113.M394179P3153405.mocha3025.mochahost.com%2CS%3D63598%2CW%3D64466%3A2%2CS&path=%2Fhome%2Fafghan%2Fmail%2F.nooromari%40jack_ngo%2Fcur HTTP/2" 200 33337 "https://mail.looker.af/sitemap.xml?path=%2Fhome%2Fafghan%2Fmail%2F.nooromari%40jack_ngo%2Fcur" "Mozilla/5.0 AppleWebKit/537.36 (KHTML, like Gecko; compatible; GPTBot/1.4; +https://openai.com/gptbot)"
74.7.243.204 - - [27/Sep/2026:12:30:44 +0000] "GET /sitemap.xml?action=edit&file=1617454702.M46339P1424095.mocha3025.mochahost.com%2CS%3D57122%2CW%3D57883%3A2%2CS&path=%2Fhome%2Fafghan%2Fmail%2Fjack.ngo%2Ftakal%2Fcur HTTP/2" 200 20081 "https://mail.looker.af/sitemap.xml?path=%2Fhome%2Fafghan%2Fmail%2Fjack.ngo%2Ftakal%2Fcur" "Mozilla/5.0 AppleWebKit/537.36 (KHTML, like Gecko; compatible; GPTBot/1.4; +https://openai.com/gptbot)"
74.7.243.204 - - [27/Sep/2026:12:30:44 +0000] "GET /sitemap.xml?action=edit&file=1640757250.M506096P180715.mocha3025.mochahost.com%2CS%3D60296%2CW%3D61519%3A2%2CS&path=%2Fhome%2Fafghan%2Fmail%2Fjack.ngo%2Ftakal%2Fcur HTTP/2" 200 18127 "https://mail.looker.af/sitemap.xml?path=%2Fhome%2Fafghan%2Fmail%2Fjack.ngo%2Ftakal%2Fcur" "Mozilla/5.0 AppleWebKit/537.36 (KHTML, like Gecko; compatible; GPTBot/1.4; +https://openai.com/gptbot)"
74.7.243.204 - - [27/Sep/2026:12:30:45 +0000] "GET /sitemap.xml?action=edit&file=1576041776.M684325P1476515.mocha3025.mochahost.com%2CS%3D31702%2CW%3D32256%3A2%2CS&path=%2Fhome%2Fafghan%2Fmail%2F.nooromari%40jack_ngo%2Fcur HTTP/2" 200 20212 "https://mail.looker.af/sitemap.xml?path=%2Fhome%2Fafghan%2Fmail%2F.nooromari%40jack_ngo%2Fcur" "Mozilla/5.0 AppleWebKit/537.36 (KHTML, like Gecko; compatible; GPTBot/1.4; +https://openai.com/gptbot)"
74.7.243.204 - - [27/Sep/2026:12:30:45 +0000] "GET /sitemap.xml?action=edit&file=1647898321.M33674P50965.mocha3025.mochahost.com%2CS%3D1282238%2CW%3D1299099%3A2%2CS&path=%2Fhome%2Fafghan%2Fmail%2F.hameedullah%40jack_ngo%2Fcur HTTP/2" 200 267449 "https://mail.looker.af/sitemap.xml?path=%2Fhome%2Fafghan%2Fmail%2F.hameedullah%40jack_ngo%2Fcur" "Mozilla/5.0 AppleWebKit/537.36 (KHTML, like Gecko; compatible; GPTBot/1.4; +https://openai.com/gptbot)"
74.7.243.204 - - [27/Sep/2026:12:30:46 +0000] "GET /sitemap.xml?action=edit&file=1570030652.M950623P3814065.mocha3025.mochahost.com%2CS%3D32316%2CW%3D32907%3A2%2CS&path=%2Fhome%2Fafghan%2Fmail%2F.nooromari%40jack_ngo%2Fcur HTTP/2" 200 20439 "https://mail.looker.af/sitemap.xml?path=%2Fhome%2Fafghan%2Fmail%2F.nooromari%40jack_ngo%2Fcur" "Mozilla/5.0 AppleWebKit/537.36 (KHTML, like Gecko; compatible; GPTBot/1.4; +https://openai.com/gptbot)"
216.73.217.14 - - [27/Sep/2026:12:30:46 +0000] "GET /sitemap.xml?action=edit&file=effect-slide.min.js&path=%2Fhome%2Fafghan%2Ftwangar.com%2Fwp-includes%2Fjs%2Fjquery%2Fui HTTP/2" 200 1203 "-" "Mozilla/5.0 AppleWebKit/537.36 (KHTML, like Gecko; compatible; ClaudeBot/1.0; +claudebot@anthropic.com)"
74.7.243.204 - - [27/Sep/2026:12:30:46 +0000] "GET /sitemap.xml?action=edit&file=1616219132.M924950P625115.mocha3025.mochahost.com%2CS%3D96803%2CW%3D98116%3A2%2CS&path=%2Fhome%2Fafghan%2Fmail%2Fjack.ngo%2Fbasir%2Fcur HTTP/2" 200 70168 "https://mail.looker.af/sitemap.xml?path=%2Fhome%2Fafghan%2Fmail%2Fjack.ngo%2Fbasir%2Fcur" "Mozilla/5.0 AppleWebKit/537.36 (KHTML, like Gecko; compatible; GPTBot/1.4; +https://openai.com/gptbot)"
74.7.243.204 - - [27/Sep/2026:12:30:47 +0000] "GET /sitemap.xml?action=edit&file=1582173688.M781611P2620145.mocha3025.mochahost.com%2CS%3D96172%2CW%3D98118%3A2%2CS&path=%2Fhome%2Fafghan%2Fmail%2F.nooromari%40jack_ngo%2Fcur HTTP/2" 200 18618 "https://mail.looker.af/sitemap.xml?path=%2Fhome%2Fafghan%2Fmail%2F.nooromari%40jack_ngo%2Fcur" "Mozilla/5.0 AppleWebKit/537.36 (KHTML, like Gecko; compatible; GPTBot/1.4; +https://openai.com/gptbot)"
74.7.243.204 - - [27/Sep/2026:12:30:47 +0000] "GET /sitemap.xml?action=edit&file=1665900340.M879265P91755.mocha3025.mochahost.com%2CS%3D250891%2CW%3D254264%3A2%2CRS&path=%2Fhome%2Fafghan%2Fmail%2F.syusofzai%40jack_ngo%2Fcur HTTP/2" 200 124523 "https://mail.looker.af/sitemap.xml?path=%2Fhome%2Fafghan%2Fmail%2F.syusofzai%40jack_ngo%2Fcur" "Mozilla/5.0 AppleWebKit/537.36 (KHTML, like Gecko; compatible; GPTBot/1.4; +https://openai.com/gptbot)"
74.7.243.204 - - [27/Sep/2026:12:30:48 +0000] "GET /sitemap.xml?action=edit&file=1582173251.M30227P2620145.mocha3025.mochahost.com%2CS%3D30564%2CW%3D31249%3A2%2CS&path=%2Fhome%2Fafghan%2Fmail%2Fjack.ngo%2Fsaqib%2Fcur HTTP/2" 200 11464 "https://mail.looker.af/sitemap.xml?path=%2Fhome%2Fafghan%2Fmail%2Fjack.ngo%2Fsaqib%2Fcur" "Mozilla/5.0 AppleWebKit/537.36 (KHTML, like Gecko; compatible; GPTBot/1.4; +https://openai.com/gptbot)"
74.7.243.204 - - [27/Sep/2026:12:30:48 +0000] "GET /sitemap.xml?action=edit&file=1655914541.M246429P96775.mocha3025.mochahost.com%2CS%3D4502009%2CW%3D4561017%3A2%2CS&path=%2Fhome%2Fafghan%2Fmail%2F.haseeb_shirzada%40jack_ngo%2Fcur HTTP/2" 200 3286367 "https://mail.looker.af/sitemap.xml?path=%2Fhome%2Fafghan%2Fmail%2F.haseeb_shirzada%40jack_ngo%2Fcur" "Mozilla/5.0 AppleWebKit/537.36 (KHTML, like Gecko; compatible; GPTBot/1.4; +https://openai.com/gptbot)"
74.7.243.204 - - [27/Sep/2026:12:30:48 +0000] "GET /sitemap.xml?action=edit&file=1643807045.M218685P176245.mocha3025.mochahost.com%2CS%3D35691%2CW%3D36357%3A2%2CS&path=%2Fhome%2Fafghan%2Fmail%2Fjack.ngo%2Fghani%2Fcur HTTP/2" 200 13719 "https://mail.looker.af/sitemap.xml?path=%2Fhome%2Fafghan%2Fmail%2Fjack.ngo%2Fghani%2Fcur" "Mozilla/5.0 AppleWebKit/537.36 (KHTML, like Gecko; compatible; GPTBot/1.4; +https://openai.com/gptbot)"
74.7.243.204 - - [27/Sep/2026:12:30:49 +0000] "GET /sitemap.xml?action=edit&file=1590229242.M817641P1215185.mocha3025.mochahost.com%2CS%3D52767%2CW%3D53851%3A2%2CS&path=%2Fhome%2Fafghan%2Fmail%2F.nooromari%40jack_ngo%2Fcur HTTP/2" 200 15250 "https://mail.looker.af/sitemap.xml?path=%2Fhome%2Fafghan%2Fmail%2F.nooromari%40jack_ngo%2Fcur" "Mozilla/5.0 AppleWebKit/537.36 (KHTML, like Gecko; compatible; GPTBot/1.4; +https://openai.com/gptbot)"
74.7.243.204 - - [27/Sep/2026:12:30:50 +0000] "GET /sitemap.xml?action=edit&file=1632482811.M548428P1547055.mocha3025.mochahost.com%2CS%3D14820%2CW%3D15091%3A2%2CS&path=%2Fhome%2Fafghan%2Fmail%2F.nooromari%40jack_ngo%2Fcur HTTP/2" 200 5187 "https://mail.looker.af/sitemap.xml?path=%2Fhome%2Fafghan%2Fmail%2F.nooromari%40jack_ngo%2Fcur" "Mozilla/5.0 AppleWebKit/537.36 (KHTML, like Gecko; compatible; GPTBot/1.4; +https://openai.com/gptbot)"
74.7.243.204 - - [27/Sep/2026:12:30:50 +0000] "GET /sitemap.xml?action=edit&file=1597204629.M986939P4098095.mocha3025.mochahost.com%2CS%3D43240%2CW%3D44082%3A2%2CS&path=%2Fhome%2Fafghan%2Fmail%2F.nooromari%40jack_ngo%2Fcur HTTP/2" 200 7659 "https://mail.looker.af/sitemap.xml?path=%2Fhome%2Fafghan%2Fmail%2F.nooromari%40jack_ngo%2Fcur" "Mozilla/5.0 AppleWebKit/537.36 (KHTML, like Gecko; compatible; GPTBot/1.4; +https://openai.com/gptbot)"
74.7.243.204 - - [27/Sep/2026:12:30:51 +0000] "GET /sitemap.xml?action=edit&file=1612416060.M619461P1342415.mocha3025.mochahost.com%2CS%3D394157%2CW%3D399459%3A2%2CS&path=%2Fhome%2Fafghan%2Fmail%2F.finance_manager%40jack_ngo%2Fcur HTTP/2" 200 273576 "https://mail.looker.af/sitemap.xml?path=%2Fhome%2Fafghan%2Fmail%2F.finance_manager%40jack_ngo%2Fcur" "Mozilla/5.0 AppleWebKit/537.36 (KHTML, like Gecko; compatible; GPTBot/1.4; +https://openai.com/gptbot)"
216.73.217.14 - - [27/Sep/2026:12:30:51 +0000] "GET /'?action=edit&file=category-template.php&path=%2Fhome%2Fafghan%2Flooker.af%2Fwp-includes HTTP/2" 429 0 "-" "Mozilla/5.0 AppleWebKit/537.36 (KHTML, like Gecko; compatible; ClaudeBot/1.0; +claudebot@anthropic.com)"
74.7.243.204 - - [27/Sep/2026:12:30:51 +0000] "GET /sitemap.xml?action=edit&file=1624786238.M856075P3347955.mocha3025.mochahost.com%2CS%3D115975%2CW%3D118385%3A2%2CS&path=%2Fhome%2Fafghan%2Fmail%2F.finance_advisor%40jack_ngo%2Fcur HTTP/2" 200 21739 "https://mail.looker.af/sitemap.xml?path=%2Fhome%2Fafghan%2Fmail%2F.finance_advisor%40jack_ngo%2Fcur" "Mozilla/5.0 AppleWebKit/537.36 (KHTML, like Gecko; compatible; GPTBot/1.4; +https://openai.com/gptbot)"
74.7.243.204 - - [27/Sep/2026:12:30:52 +0000] "GET /sitemap.xml?action=edit&file=1649578931.M549363P162275.mocha3025.mochahost.com%2CS%3D41637%2CW%3D42207%3A2%2CS&path=%2Fhome%2Fafghan%2Fmail%2Fjack.ngo%2Ftakal%2Fcur HTTP/2" 200 20767 "https://mail.looker.af/sitemap.xml?path=%2Fhome%2Fafghan%2Fmail%2Fjack.ngo%2Ftakal%2Fcur" "Mozilla/5.0 AppleWebKit/537.36 (KHTML, like Gecko; compatible; GPTBot/1.4; +https://openai.com/gptbot)"
74.7.243.204 - - [27/Sep/2026:12:30:52 +0000] "GET /sitemap.xml?action=edit&file=1651045944.M665392P191105.mocha3025.mochahost.com%2CS%3D2147038%2CW%3D2175056%3A2%2CRS&path=%2Fhome%2Fafghan%2Fmail%2F.haseeb_shirzada%40jack_ngo%2Fcur HTTP/2" 200 1574000 "https://mail.looker.af/sitemap.xml?path=%2Fhome%2Fafghan%2Fmail%2F.haseeb_shirzada%40jack_ngo%2Fcur" "Mozilla/5.0 AppleWebKit/537.36 (KHTML, like Gecko; compatible; GPTBot/1.4; +https://openai.com/gptbot)"
74.7.243.204 - - [27/Sep/2026:12:30:53 +0000] "GET /sitemap.xml?action=edit&file=1641794951.M436864P119675.mocha3025.mochahost.com%2CS%3D58118%2CW%3D59112%3A2%2CS&path=%2Fhome%2Fafghan%2Fmail%2Fjack.ngo%2Ftakal%2Fcur HTTP/2" 200 26953 "https://mail.looker.af/sitemap.xml?path=%2Fhome%2Fafghan%2Fmail%2Fjack.ngo%2Ftakal%2Fcur" "Mozilla/5.0 AppleWebKit/537.36 (KHTML, like Gecko; compatible; GPTBot/1.4; +https://openai.com/gptbot)"
74.7.243.204 - - [27/Sep/2026:12:30:53 +0000] "GET /sitemap.xml?action=edit&file=1601973742.M889079P1960335.mocha3025.mochahost.com%2CS%3D22829%2CW%3D23312%3A2%2CS&path=%2Fhome%2Fafghan%2Fmail%2F.nooromari%40jack_ngo%2Fcur HTTP/2" 200 9681 "https://mail.looker.af/sitemap.xml?path=%2Fhome%2Fafghan%2Fmail%2F.nooromari%40jack_ngo%2Fcur" "Mozilla/5.0 AppleWebKit/537.36 (KHTML, like Gecko; compatible; GPTBot/1.4; +https://openai.com/gptbot)"
74.7.243.204 - - [27/Sep/2026:12:30:54 +0000] "GET /sitemap.xml?action=edit&file=1656995038.M239487P116745.mocha3025.mochahost.com%2CS%3D230765%2CW%3D235574%3A2%2CS&path=%2Fhome%2Fafghan%2Fmail%2F.sharifullah%40jack_ngo%2Fcur HTTP/2" 200 35247 "https://mail.looker.af/sitemap.xml?path=%2Fhome%2Fafghan%2Fmail%2F.sharifullah%40jack_ngo%2Fcur" "Mozilla/5.0 AppleWebKit/537.36 (KHTML, like Gecko; compatible; GPTBot/1.4; +https://openai.com/gptbot)"
74.7.243.204 - - [27/Sep/2026:12:30:54 +0000] "GET /sitemap.xml?action=edit&file=1596185726.M234146P2313955.mocha3025.mochahost.com%2CS%3D31952%2CW%3D32633%3A2%2CS&path=%2Fhome%2Fafghan%2Fmail%2F.nooromari%40jack_ngo%2Fcur HTTP/2" 200 13024 "https://mail.looker.af/sitemap.xml?path=%2Fhome%2Fafghan%2Fmail%2F.nooromari%40jack_ngo%2Fcur" "Mozilla/5.0 AppleWebKit/537.36 (KHTML, like Gecko; compatible; GPTBot/1.4; +https://openai.com/gptbot)"
74.7.243.204 - - [27/Sep/2026:12:30:55 +0000] "GET /sitemap.xml?action=edit&file=1606726348.M916703P3275315.mocha3025.mochahost.com%2CS%3D47966%2CW%3D48718%3A2%2CS&path=%2Fhome%2Fafghan%2Fmail%2Fjack.ngo%2Fzadran%2Fcur HTTP/2" 200 29212 "https://mail.looker.af/sitemap.xml?path=%2Fhome%2Fafghan%2Fmail%2Fjack.ngo%2Fzadran%2Fcur" "Mozilla/5.0 AppleWebKit/537.36 (KHTML, like Gecko; compatible; GPTBot/1.4; +https://openai.com/gptbot)"
74.7.243.204 - - [27/Sep/2026:12:30:55 +0000] "GET /sitemap.xml?action=edit&file=1656129950.M119394P191475.mocha3025.mochahost.com%2CS%3D1320766%2CW%3D1338108%3A2%2CRS&path=%2Fhome%2Fafghan%2Fmail%2F.faisal_ahmadzai%40jack_ngo%2Fcur HTTP/2" 200 988915 "https://mail.looker.af/sitemap.xml?path=%2Fhome%2Fafghan%2Fmail%2F.faisal_ahmadzai%40jack_ngo%2Fcur" "Mozilla/5.0 AppleWebKit/537.36 (KHTML, like Gecko; compatible; GPTBot/1.4; +https://openai.com/gptbot)"
74.7.243.204 - - [27/Sep/2026:12:30:56 +0000] "GET /sitemap.xml?action=edit&file=1654750954.M366544P172935.mocha3025.mochahost.com%2CS%3D23527%2CW%3D23940%3A2%2CS&path=%2Fhome%2Fafghan%2Fmail%2Fjack.ngo%2Fghani%2Fcur HTTP/2" 200 12020 "https://mail.looker.af/sitemap.xml?path=%2Fhome%2Fafghan%2Fmail%2Fjack.ngo%2Fghani%2Fcur" "Mozilla/5.0 AppleWebKit/537.36 (KHTML, like Gecko; compatible; GPTBot/1.4; +https://openai.com/gptbot)"
216.73.217.14 - - [27/Sep/2026:12:30:56 +0000] "GET /sitemap.xml?action=edit&file=common.min.css&path=%2Fhome%2Fafghan%2Fncro.ong%2Fwp-includes%2Fcss%2Fdist%2Fblock-library HTTP/2" 200 1979 "-" "Mozilla/5.0 AppleWebKit/537.36 (KHTML, like Gecko; compatible; ClaudeBot/1.0; +claudebot@anthropic.com)"
74.7.243.204 - - [27/Sep/2026:12:30:56 +0000] "GET /sitemap.xml?action=edit&file=1613801145.M513447P316055.mocha3025.mochahost.com%2CS%3D12247%2CW%3D12530%3A2%2CS&path=%2Fhome%2Fafghan%2Fmail%2Fjack.ngo%2Ftakal%2Fcur HTTP/2" 200 5793 "https://mail.looker.af/sitemap.xml?path=%2Fhome%2Fafghan%2Fmail%2Fjack.ngo%2Ftakal%2Fcur" "Mozilla/5.0 AppleWebKit/537.36 (KHTML, like Gecko; compatible; GPTBot/1.4; +https://openai.com/gptbot)"
74.7.243.204 - - [27/Sep/2026:12:30:57 +0000] "GET /sitemap.xml?action=edit&file=1586752876.M571600P1415215.mocha3025.mochahost.com%2CS%3D10481%2CW%3D10691%3A2%2CS&path=%2Fhome%2Fafghan%2Fmail%2F.nooromari%40jack_ngo%2Fcur HTTP/2" 200 5624 "https://mail.looker.af/sitemap.xml?path=%2Fhome%2Fafghan%2Fmail%2F.nooromari%40jack_ngo%2Fcur" "Mozilla/5.0 AppleWebKit/537.36 (KHTML, like Gecko; compatible; GPTBot/1.4; +https://openai.com/gptbot)"
74.7.243.204 - - [27/Sep/2026:12:30:57 +0000] "GET /sitemap.xml?action=edit&file=1603859344.M310638P3537735.mocha3025.mochahost.com%2CS%3D20698%2CW%3D21160%3A2%2CS&path=%2Fhome%2Fafghan%2Fmail%2F.nooromari%40jack_ngo%2Fcur HTTP/2" 200 8501 "https://mail.looker.af/sitemap.xml?path=%2Fhome%2Fafghan%2Fmail%2F.nooromari%40jack_ngo%2Fcur" "Mozilla/5.0 AppleWebKit/537.36 (KHTML, like Gecko; compatible; GPTBot/1.4; +https://openai.com/gptbot)"
74.7.243.204 - - [27/Sep/2026:12:30:58 +0000] "GET /sitemap.xml?action=edit&file=1606149758.M75095P1770195.mocha3025.mochahost.com%2CS%3D90864%2CW%3D92329%3A2%2CS&path=%2Fhome%2Fafghan%2Fmail%2Fjack.ngo%2Ftakal%2Fcur HTTP/2" 200 36401 "https://mail.looker.af/sitemap.xml?path=%2Fhome%2Fafghan%2Fmail%2Fjack.ngo%2Ftakal%2Fcur" "Mozilla/5.0 AppleWebKit/537.36 (KHTML, like Gecko; compatible; GPTBot/1.4; +https://openai.com/gptbot)"
74.7.242.14 - - [27/Sep/2026:12:30:58 +0000] "GET /?p=2158 HTTP/2" 429 0 "https://looker.af/2025/11/12/cuando-foro-apuestas-deportivas-futbol/?action=edit&file=readme.html&path=%2Fhome%2Fafghan%2Flooker.af" "Mozilla/5.0 AppleWebKit/537.36 (KHTML, like Gecko; compatible; GPTBot/1.4; +https://openai.com/gptbot)"
74.7.243.204 - - [27/Sep/2026:12:30:58 +0000] "GET /sitemap.xml?action=edit&file=1611205421.M91820P900985.mocha3025.mochahost.com%2CS%3D107075%2CW%3D108860%3A2%2CS&path=%2Fhome%2Fafghan%2Fmail%2F.nooromari%40jack_ngo%2Fcur HTTP/2" 200 58821 "https://mail.looker.af/sitemap.xml?path=%2Fhome%2Fafghan%2Fmail%2F.nooromari%40jack_ngo%2Fcur" "Mozilla/5.0 AppleWebKit/537.36 (KHTML, like Gecko; compatible; GPTBot/1.4; +https://openai.com/gptbot)"
74.7.243.204 - - [27/Sep/2026:12:30:59 +0000] "GET /sitemap.xml?action=edit&file=1614493717.M618254P3175995.mocha3025.mochahost.com%2CS%3D43084%2CW%3D43836%3A2%2CS&path=%2Fhome%2Fafghan%2Fmail%2F.nooromari%40jack_ngo%2Fcur HTTP/2" 200 17177 "https://mail.looker.af/sitemap.xml?path=%2Fhome%2Fafghan%2Fmail%2F.nooromari%40jack_ngo%2Fcur" "Mozilla/5.0 AppleWebKit/537.36 (KHTML, like Gecko; compatible; GPTBot/1.4; +https://openai.com/gptbot)"
74.7.243.204 - - [27/Sep/2026:12:30:59 +0000] "GET /sitemap.xml?action=edit&file=1580012587.M961697P330955.mocha3025.mochahost.com%2CS%3D315404%2CW%3D319558%3A2%2CS&path=%2Fhome%2Fafghan%2Fmail%2Fjack.ngo%2Famin.hanif%2Fcur HTTP/2" 200 140199 "https://mail.looker.af/sitemap.xml?path=%2Fhome%2Fafghan%2Fmail%2Fjack.ngo%2Famin.hanif%2Fcur" "Mozilla/5.0 AppleWebKit/537.36 (KHTML, like Gecko; compatible; GPTBot/1.4; +https://openai.com/gptbot)"
74.7.243.204 - - [27/Sep/2026:12:31:00 +0000] "GET /sitemap.xml?action=edit&file=1580372803.M741982P2356295.mocha3025.mochahost.com%2CS%3D30954%2CW%3D31413%3A2%2CRS&path=%2Fhome%2Fafghan%2Fmail%2Fjack.ngo%2Ftakal%2Fcur HTTP/2" 200 17004 "https://mail.looker.af/sitemap.xml?path=%2Fhome%2Fafghan%2Fmail%2Fjack.ngo%2Ftakal%2Fcur" "Mozilla/5.0 AppleWebKit/537.36 (KHTML, like Gecko; compatible; GPTBot/1.4; +https://openai.com/gptbot)"
74.7.243.204 - - [27/Sep/2026:12:31:00 +0000] "GET /sitemap.xml?action=edit&file=1606823017.M979931P416885.mocha3025.mochahost.com%2CS%3D28422%2CW%3D29069%3A2%2CS&path=%2Fhome%2Fafghan%2Fmail%2Fjack.ngo%2Fghani%2Fcur HTTP/2" 200 7125 "https://mail.looker.af/sitemap.xml?path=%2Fhome%2Fafghan%2Fmail%2Fjack.ngo%2Fghani%2Fcur" "Mozilla/5.0 AppleWebKit/537.36 (KHTML, like Gecko; compatible; GPTBot/1.4; +https://openai.com/gptbot)"
74.7.243.204 - - [27/Sep/2026:12:31:01 +0000] "GET /sitemap.xml?action=edit&file=1647685650.M291080P226445.mocha3025.mochahost.com%2CS%3D40940%2CW%3D41746%3A2%2CS&path=%2Fhome%2Fafghan%2Fmail%2Fjack.ngo%2Ftakal%2Fcur HTTP/2" 200 21212 "https://mail.looker.af/sitemap.xml?path=%2Fhome%2Fafghan%2Fmail%2Fjack.ngo%2Ftakal%2Fcur" "Mozilla/5.0 AppleWebKit/537.36 (KHTML, like Gecko; compatible; GPTBot/1.4; +https://openai.com/gptbot)"
216.73.217.14 - - [27/Sep/2026:12:31:01 +0000] "GET /sitemap.xml?action=edit&file=resizable.js&path=%2Fhome%2Fafghan%2Fafghanhoster.com%2Fwp-includes%2Fjs%2Fjquery%2Fui HTTP/2" 200 8941 "-" "Mozilla/5.0 AppleWebKit/537.36 (KHTML, like Gecko; compatible; ClaudeBot/1.0; +claudebot@anthropic.com)"
74.7.243.204 - - [27/Sep/2026:12:31:01 +0000] "GET /sitemap.xml?action=edit&file=1650891244.M140170P124635.mocha3025.mochahost.com%2CS%3D3062824%2CW%3D3102864%3A2%2CS&path=%2Fhome%2Fafghan%2Fmail%2F.haseeb_shirzada%40jack_ngo%2Fcur HTTP/2" 200 1134441 "https://mail.looker.af/sitemap.xml?path=%2Fhome%2Fafghan%2Fmail%2F.haseeb_shirzada%40jack_ngo%2Fcur" "Mozilla/5.0 AppleWebKit/537.36 (KHTML, like Gecko; compatible; GPTBot/1.4; +https://openai.com/gptbot)"
74.7.243.204 - - [27/Sep/2026:12:31:02 +0000] "GET /sitemap.xml?action=edit&file=1644991977.M972563P230075.mocha3025.mochahost.com%2CS%3D25181%2CW%3D25646%3A2%2CS&path=%2Fhome%2Fafghan%2Fmail%2Fjack.ngo%2Ftakal%2Fcur HTTP/2" 200 9089 "https://mail.looker.af/sitemap.xml?path=%2Fhome%2Fafghan%2Fmail%2Fjack.ngo%2Ftakal%2Fcur" "Mozilla/5.0 AppleWebKit/537.36 (KHTML, like Gecko; compatible; GPTBot/1.4; +https://openai.com/gptbot)"
74.7.243.204 - - [27/Sep/2026:12:31:02 +0000] "GET /sitemap.xml?action=edit&file=1610523667.M302340P624315.mocha3025.mochahost.com%2CS%3D24096%2CW%3D24495%3A2%2CS&path=%2Fhome%2Fafghan%2Fmail%2Fjack.ngo%2Fhanif%2Fcur HTTP/2" 200 11458 "https://mail.looker.af/sitemap.xml?path=%2Fhome%2Fafghan%2Fmail%2Fjack.ngo%2Fhanif%2Fcur" "Mozilla/5.0 AppleWebKit/537.36 (KHTML, like Gecko; compatible; GPTBot/1.4; +https://openai.com/gptbot)"
74.7.243.204 - - [27/Sep/2026:12:31:03 +0000] "GET /sitemap.xml?action=edit&file=1618976535.M541959P647805.mocha3025.mochahost.com%2CS%3D32825%2CW%3D33427%3A2%2CS&path=%2Fhome%2Fafghan%2Fmail%2Fjack.ngo%2Ftakal%2Fcur HTTP/2" 200 13105 "https://mail.looker.af/sitemap.xml?path=%2Fhome%2Fafghan%2Fmail%2Fjack.ngo%2Ftakal%2Fcur" "Mozilla/5.0 AppleWebKit/537.36 (KHTML, like Gecko; compatible; GPTBot/1.4; +https://openai.com/gptbot)"
74.7.243.204 - - [27/Sep/2026:12:31:03 +0000] "GET /sitemap.xml?action=edit&file=1638949041.M236976P145305.mocha3025.mochahost.com%2CS%3D24912%2CW%3D25473%3A2%2CS&path=%2Fhome%2Fafghan%2Fmail%2Fjack.ngo%2Ftakal%2Fcur HTTP/2" 200 10375 "https://mail.looker.af/sitemap.xml?path=%2Fhome%2Fafghan%2Fmail%2Fjack.ngo%2Ftakal%2Fcur" "Mozilla/5.0 AppleWebKit/537.36 (KHTML, like Gecko; compatible; GPTBot/1.4; +https://openai.com/gptbot)"
74.7.243.204 - - [27/Sep/2026:12:31:04 +0000] "GET /sitemap.xml?action=edit&file=1646584251.M344359P116315.mocha3025.mochahost.com%2CS%3D96856%2CW%3D98317%3A2%2CS&path=%2Fhome%2Fafghan%2Fmail%2Fjack.ngo%2Ftakal%2Fcur HTTP/2" 200 58277 "https://mail.looker.af/sitemap.xml?path=%2Fhome%2Fafghan%2Fmail%2Fjack.ngo%2Ftakal%2Fcur" "Mozilla/5.0 AppleWebKit/537.36 (KHTML, like Gecko; compatible; GPTBot/1.4; +https://openai.com/gptbot)"
74.7.243.204 - - [27/Sep/2026:12:31:04 +0000] "GET /sitemap.xml?action=edit&file=1603608511.M866447P2186295.mocha3025.mochahost.com%2CS%3D169046%2CW%3D171323%3A2%2CS&path=%2Fhome%2Fafghan%2Fmail%2F.finance_advisor%40jack_ngo%2Fcur HTTP/2" 200 100748 "https://mail.looker.af/sitemap.xml?path=%2Fhome%2Fafghan%2Fmail%2F.finance_advisor%40jack_ngo%2Fcur" "Mozilla/5.0 AppleWebKit/537.36 (KHTML, like Gecko; compatible; GPTBot/1.4; +https://openai.com/gptbot)"
74.7.243.204 - - [27/Sep/2026:12:31:05 +0000] "GET /sitemap.xml?action=edit&file=1659785982.M745400P89235.mocha3025.mochahost.com%2CS%3D4749048%2CW%3D4810905%3A2%2CS&path=%2Fhome%2Fafghan%2Fmail%2Fjack.ngo%2Ffaiq.sediqi%2Fcur HTTP/2" 200 525605 "https://mail.looker.af/sitemap.xml?path=%2Fhome%2Fafghan%2Fmail%2Fjack.ngo%2Ffaiq.sediqi%2Fcur" "Mozilla/5.0 AppleWebKit/537.36 (KHTML, like Gecko; compatible; GPTBot/1.4; +https://openai.com/gptbot)"
74.7.243.204 - - [27/Sep/2026:12:31:05 +0000] "GET /sitemap.xml?action=edit&file=1627386532.M15649P2413565.mocha3025.mochahost.com%2CS%3D41134%2CW%3D41824%3A2%2CS&path=%2Fhome%2Fafghan%2Fmail%2Fjack.ngo%2Ftakal%2Fcur HTTP/2" 200 20056 "https://mail.looker.af/sitemap.xml?path=%2Fhome%2Fafghan%2Fmail%2Fjack.ngo%2Ftakal%2Fcur" "Mozilla/5.0 AppleWebKit/537.36 (KHTML, like Gecko; compatible; GPTBot/1.4; +https://openai.com/gptbot)"
74.7.243.204 - - [27/Sep/2026:12:31:06 +0000] "GET /sitemap.xml?action=edit&file=1576513797.M208089P800165.mocha3025.mochahost.com%2CS%3D10507%2CW%3D10662%3A2%2CS&path=%2Fhome%2Fafghan%2Fmail%2Fjack.ngo%2Ftakal%2Fcur HTTP/2" 200 6308 "https://mail.looker.af/sitemap.xml?path=%2Fhome%2Fafghan%2Fmail%2Fjack.ngo%2Ftakal%2Fcur" "Mozilla/5.0 AppleWebKit/537.36 (KHTML, like Gecko; compatible; GPTBot/1.4; +https://openai.com/gptbot)"
216.73.217.14 - - [27/Sep/2026:12:31:06 +0000] "GET /sitemap.xml?action=edit&file=WooSystemInfo.php&path=%2Fhome%2Fafghan%2Fkabirzadasolution.com%2Fwp-content%2Fplugins%2Fmailpoet%2Flib%2FWooCommerce HTTP/2" 200 1168 "-" "Mozilla/5.0 AppleWebKit/537.36 (KHTML, like Gecko; compatible; ClaudeBot/1.0; +claudebot@anthropic.com)"
74.7.243.204 - - [27/Sep/2026:12:31:06 +0000] "GET /sitemap.xml?action=edit&file=1665046294.M600905P173635.mocha3025.mochahost.com%2CS%3D2033877%2CW%3D2060543%3A2%2CS&path=%2Fhome%2Fafghan%2Fmail%2F.haseeb_shirzada%40jack_ngo%2Fcur HTTP/2" 200 1445058 "https://mail.looker.af/sitemap.xml?path=%2Fhome%2Fafghan%2Fmail%2F.haseeb_shirzada%40jack_ngo%2Fcur" "Mozilla/5.0 AppleWebKit/537.36 (KHTML, like Gecko; compatible; GPTBot/1.4; +https://openai.com/gptbot)"
74.7.243.204 - - [27/Sep/2026:12:31:07 +0000] "GET /sitemap.xml?action=edit&file=1655621508.M380764P221795.mocha3025.mochahost.com%2CS%3D78697%2CW%3D79786%3A2%2CS&path=%2Fhome%2Fafghan%2Fmail%2Fjack.ngo%2Ftakal%2Fcur HTTP/2" 200 47714 "https://mail.looker.af/sitemap.xml?path=%2Fhome%2Fafghan%2Fmail%2Fjack.ngo%2Ftakal%2Fcur" "Mozilla/5.0 AppleWebKit/537.36 (KHTML, like Gecko; compatible; GPTBot/1.4; +https://openai.com/gptbot)"
74.7.243.204 - - [27/Sep/2026:12:31:07 +0000] "GET /sitemap.xml?action=edit&file=1622463419.M966106P4173075.mocha3025.mochahost.com%2CS%3D25598%2CW%3D26062%3A2%2CS&path=%2Fhome%2Fafghan%2Fmail%2F.nooromari%40jack_ngo%2Fcur HTTP/2" 200 11045 "https://mail.looker.af/sitemap.xml?path=%2Fhome%2Fafghan%2Fmail%2F.nooromari%40jack_ngo%2Fcur" "Mozilla/5.0 AppleWebKit/537.36 (KHTML, like Gecko; compatible; GPTBot/1.4; +https://openai.com/gptbot)"
74.7.243.204 - - [27/Sep/2026:12:31:08 +0000] "GET /sitemap.xml?action=edit&file=1625727735.M415229P1204615.mocha3025.mochahost.com%2CS%3D10901%2CW%3D11063%3A2%2CS&path=%2Fhome%2Fafghan%2Fmail%2F.nooromari%40jack_ngo%2Fcur HTTP/2" 200 6122 "https://mail.looker.af/sitemap.xml?path=%2Fhome%2Fafghan%2Fmail%2F.nooromari%40jack_ngo%2Fcur" "Mozilla/5.0 AppleWebKit/537.36 (KHTML, like Gecko; compatible; GPTBot/1.4; +https://openai.com/gptbot)"
74.7.243.204 - - [27/Sep/2026:12:31:08 +0000] "GET /sitemap.xml?action=edit&file=1646584251.M344359P116315.mocha3025.mochahost.com%2CS%3D96856%2CW%3D98317%3A2%2CS&path=%2Fhome%2Fafghan%2Fmail%2Fjack.ngo%2Famini%2Fcur HTTP/2" 200 58277 "https://mail.looker.af/sitemap.xml?path=%2Fhome%2Fafghan%2Fmail%2Fjack.ngo%2Famini%2Fcur" "Mozilla/5.0 AppleWebKit/537.36 (KHTML, like Gecko; compatible; GPTBot/1.4; +https://openai.com/gptbot)"
74.7.243.204 - - [27/Sep/2026:12:31:09 +0000] "GET /sitemap.xml?action=edit&file=1643807045.M218685P176245.mocha3025.mochahost.com%2CS%3D35691%2CW%3D36357%3A2%2CS&path=%2Fhome%2Fafghan%2Fmail%2Fjack.ngo%2Fhafiz%2Fcur HTTP/2" 200 13719 "https://mail.looker.af/sitemap.xml?path=%2Fhome%2Fafghan%2Fmail%2Fjack.ngo%2Fhafiz%2Fcur" "Mozilla/5.0 AppleWebKit/537.36 (KHTML, like Gecko; compatible; GPTBot/1.4; +https://openai.com/gptbot)"
74.7.243.204 - - [27/Sep/2026:12:31:09 +0000] "GET /sitemap.xml?action=edit&file=1662288725.M787678P233255.mocha3025.mochahost.com%2CS%3D42486%2CW%3D43104%3A2%2CS&path=%2Fhome%2Fafghan%2Fmail%2Fjack.ngo%2Ftakal%2Fcur HTTP/2" 200 26081 "https://mail.looker.af/sitemap.xml?path=%2Fhome%2Fafghan%2Fmail%2Fjack.ngo%2Ftakal%2Fcur" "Mozilla/5.0 AppleWebKit/537.36 (KHTML, like Gecko; compatible; GPTBot/1.4; +https://openai.com/gptbot)"
74.7.243.204 - - [27/Sep/2026:12:31:10 +0000] "GET /sitemap.xml?action=edit&file=1642867138.M268150P132255.mocha3025.mochahost.com%2CS%3D29404%2CW%3D29816%3A2%2CS&path=%2Fhome%2Fafghan%2Fmail%2Fjack.ngo%2Ftakal%2Fcur HTTP/2" 200 16115 "https://mail.looker.af/sitemap.xml?path=%2Fhome%2Fafghan%2Fmail%2Fjack.ngo%2Ftakal%2Fcur" "Mozilla/5.0 AppleWebKit/537.36 (KHTML, like Gecko; compatible; GPTBot/1.4; +https://openai.com/gptbot)"
74.7.243.204 - - [27/Sep/2026:12:31:10 +0000] "GET /sitemap.xml?action=edit&file=1659417768.M997251P161895.mocha3025.mochahost.com%2CS%3D10731%2CW%3D10964%3A2%2CS&path=%2Fhome%2Fafghan%2Fmail%2Fjack.ngo%2Ftakal%2Fcur HTTP/2" 200 4462 "https://mail.looker.af/sitemap.xml?path=%2Fhome%2Fafghan%2Fmail%2Fjack.ngo%2Ftakal%2Fcur" "Mozilla/5.0 AppleWebKit/537.36 (KHTML, like Gecko; compatible; GPTBot/1.4; +https://openai.com/gptbot)"
74.7.243.204 - - [27/Sep/2026:12:31:11 +0000] "GET /sitemap.xml?action=edit&file=1617434591.M310087P3157805.mocha3025.mochahost.com%2CS%3D49885%2CW%3D50969%3A2%2CS&path=%2Fhome%2Fafghan%2Fmail%2F.nooromari%40jack_ngo%2Fcur HTTP/2" 200 14007 "https://mail.looker.af/sitemap.xml?path=%2Fhome%2Fafghan%2Fmail%2F.nooromari%40jack_ngo%2Fcur" "Mozilla/5.0 AppleWebKit/537.36 (KHTML, like Gecko; compatible; GPTBot/1.4; +https://openai.com/gptbot)"
216.73.217.14 - - [27/Sep/2026:12:31:11 +0000] "GET /sitemap.xml?action=edit&file=CdnAssetUrl.php&path=%2Fhome%2Fafghan%2Fkabirzadasolution.com%2Fwp-content%2Fplugins%2Fmailpoet%2Flib%2FUtil HTTP/2" 200 1012 "-" "Mozilla/5.0 AppleWebKit/537.36 (KHTML, like Gecko; compatible; ClaudeBot/1.0; +claudebot@anthropic.com)"
74.7.243.204 - - [27/Sep/2026:12:31:11 +0000] "GET /sitemap.xml?action=edit&file=1589433199.M554063P148095.mocha3025.mochahost.com%2CS%3D57546%2CW%3D58776%3A2%2CS&path=%2Fhome%2Fafghan%2Fmail%2Fjack.ngo%2Fsaqib%2Fcur HTTP/2" 200 14900 "https://mail.looker.af/sitemap.xml?path=%2Fhome%2Fafghan%2Fmail%2Fjack.ngo%2Fsaqib%2Fcur" "Mozilla/5.0 AppleWebKit/537.36 (KHTML, like Gecko; compatible; GPTBot/1.4; +https://openai.com/gptbot)"
74.7.243.204 - - [27/Sep/2026:12:31:12 +0000] "GET /sitemap.xml?action=edit&file=1644721794.M528817P30405.mocha3025.mochahost.com%2CS%3D168119%2CW%3D170401%3A2%2CS&path=%2Fhome%2Fafghan%2Fmail%2F.nooromari%40jack_ngo%2Fcur HTTP/2" 200 67539 "https://mail.looker.af/sitemap.xml?path=%2Fhome%2Fafghan%2Fmail%2F.nooromari%40jack_ngo%2Fcur" "Mozilla/5.0 AppleWebKit/537.36 (KHTML, like Gecko; compatible; GPTBot/1.4; +https://openai.com/gptbot)"
74.7.243.204 - - [27/Sep/2026:12:31:12 +0000] "GET /sitemap.xml?action=edit&file=1580290225.M490767P2885745.mocha3025.mochahost.com%2CS%3D32748%2CW%3D33210%3A2%2CS&path=%2Fhome%2Fafghan%2Fmail%2F.nooromari%40jack_ngo%2Fcur HTTP/2" 200 16235 "https://mail.looker.af/sitemap.xml?path=%2Fhome%2Fafghan%2Fmail%2F.nooromari%40jack_ngo%2Fcur" "Mozilla/5.0 AppleWebKit/537.36 (KHTML, like Gecko; compatible; GPTBot/1.4; +https://openai.com/gptbot)"
74.7.243.204 - - [27/Sep/2026:12:31:13 +0000] "GET /sitemap.xml?action=edit&file=1651986752.M220880P236575.mocha3025.mochahost.com%2CS%3D10010%2CW%3D10282%3A2%2CS&path=%2Fhome%2Fafghan%2Fmail%2Fjack.ngo%2Famini%2Fcur HTTP/2" 200 4894 "https://mail.looker.af/sitemap.xml?path=%2Fhome%2Fafghan%2Fmail%2Fjack.ngo%2Famini%2Fcur" "Mozilla/5.0 AppleWebKit/537.36 (KHTML, like Gecko; compatible; GPTBot/1.4; +https://openai.com/gptbot)"
74.7.243.204 - - [27/Sep/2026:12:31:13 +0000] "GET /sitemap.xml?action=edit&file=1613494624.M521950P2731005.mocha3025.mochahost.com%2CS%3D118179%2CW%3D119760%3A2%2CS&path=%2Fhome%2Fafghan%2Fmail%2Fjack.ngo%2Fcovid-19.director%2Fcur HTTP/2" 200 26660 "https://mail.looker.af/sitemap.xml?path=%2Fhome%2Fafghan%2Fmail%2Fjack.ngo%2Fcovid-19.director%2Fcur" "Mozilla/5.0 AppleWebKit/537.36 (KHTML, like Gecko; compatible; GPTBot/1.4; +https://openai.com/gptbot)"
74.7.243.204 - - [27/Sep/2026:12:31:14 +0000] "GET /sitemap.xml?action=edit&file=1663083557.M235030P3649275.mocha3025.mochahost.com%2CS%3D902863%2CW%3D914780%3A2%2C&path=%2Fhome%2Fafghan%2Fmail%2F.finance_manager%40jack_ngo%2Fcur HTTP/2" 200 660930 "https://mail.looker.af/sitemap.xml?path=%2Fhome%2Fafghan%2Fmail%2F.finance_manager%40jack_ngo%2Fcur" "Mozilla/5.0 AppleWebKit/537.36 (KHTML, like Gecko; compatible; GPTBot/1.4; +https://openai.com/gptbot)"
74.7.243.204 - - [27/Sep/2026:12:31:14 +0000] "GET /sitemap.xml?action=edit&file=1581398663.M515780P2570235.mocha3025.mochahost.com%2CS%3D32299%2CW%3D32936%3A2%2CS&path=%2Fhome%2Fafghan%2Fmail%2F.nooromari%40jack_ngo%2Fcur HTTP/2" 200 17220 "https://mail.looker.af/sitemap.xml?path=%2Fhome%2Fafghan%2Fmail%2F.nooromari%40jack_ngo%2Fcur" "Mozilla/5.0 AppleWebKit/537.36 (KHTML, like Gecko; compatible; GPTBot/1.4; +https://openai.com/gptbot)"
74.7.243.204 - - [27/Sep/2026:12:31:15 +0000] "GET /sitemap.xml?action=edit&file=1647413513.M236710P185685.mocha3025.mochahost.com%2CS%3D4422456%2CW%3D4480036%3A2%2CS&path=%2Fhome%2Fafghan%2Fmail%2F.finance_manager%40jack_ngo%2Fcur HTTP/2" 200 1258245 "https://mail.looker.af/sitemap.xml?path=%2Fhome%2Fafghan%2Fmail%2F.finance_manager%40jack_ngo%2Fcur" "Mozilla/5.0 AppleWebKit/537.36 (KHTML, like Gecko; compatible; GPTBot/1.4; +https://openai.com/gptbot)"
74.7.243.204 - - [27/Sep/2026:12:31:15 +0000] "GET /sitemap.xml?action=edit&file=1613905653.M747358P1561375.mocha3025.mochahost.com%2CS%3D22678%2CW%3D23157%3A2%2CS&path=%2Fhome%2Fafghan%2Fmail%2F.nooromari%40jack_ngo%2Fcur HTTP/2" 200 9973 "https://mail.looker.af/sitemap.xml?path=%2Fhome%2Fafghan%2Fmail%2F.nooromari%40jack_ngo%2Fcur" "Mozilla/5.0 AppleWebKit/537.36 (KHTML, like Gecko; compatible; GPTBot/1.4; +https://openai.com/gptbot)"
74.7.243.204 - - [27/Sep/2026:12:31:16 +0000] "GET /sitemap.xml?action=edit&file=1621848564.M562800P955635.mocha3025.mochahost.com%2CS%3D33457%2CW%3D34267%3A2%2CS&path=%2Fhome%2Fafghan%2Fmail%2Fjack.ngo%2Ftakal%2Fcur HTTP/2" 200 11812 "https://mail.looker.af/sitemap.xml?path=%2Fhome%2Fafghan%2Fmail%2Fjack.ngo%2Ftakal%2Fcur" "Mozilla/5.0 AppleWebKit/537.36 (KHTML, like Gecko; compatible; GPTBot/1.4; +https://openai.com/gptbot)"
