74.7.243.204 - - [27/Sep/2026:12:17:00 +0000] "GET /sitemap.xml?path=%2Fhome%2Fafghan%2Fkabirzadasolution.com%2Fwp-includes%2Fblocks%2Fsearch HTTP/2" 200 1303 "https://mail.looker.af/sitemap.xml?path=%2Fhome%2Fafghan%2Fkabirzadasolution.com%2Fwp-includes%2Fblocks" "Mozilla/5.0 AppleWebKit/537.36 (KHTML, like Gecko; compatible; GPTBot/1.4; +https://openai.com/gptbot)"
216.73.217.14 - - [27/Sep/2026:12:17:01 +0000] "GET /sitemap.xml?action=edit&file=subscriptions&path=%2Fhome%2Fafghan%2Fmail%2Fjack.ngo%2Fmula.aqamohammad HTTP/2" 200 704 "-" "Mozilla/5.0 AppleWebKit/537.36 (KHTML, like Gecko; compatible; ClaudeBot/1.0; +claudebot@anthropic.com)"
74.7.243.204 - - [27/Sep/2026:12:17:01 +0000] "GET /sitemap.xml?path=%2Fhome%2Fafghan%2Fpaaeezcontinental.com%2Fwp-includes%2Fblocks%2Fgroup HTTP/2" 200 1300 "https://mail.looker.af/sitemap.xml?path=%2Fhome%2Fafghan%2Fpaaeezcontinental.com%2Fwp-includes%2Fblocks" "Mozilla/5.0 AppleWebKit/537.36 (KHTML, like Gecko; compatible; GPTBot/1.4; +https://openai.com/gptbot)"
74.7.243.204 - - [27/Sep/2026:12:17:01 +0000] "GET /sitemap.xml?path=%2Fhome%2Fafghan%2Fpaaeezcontinental.com%2Fwp-includes%2Fblocks%2Fcover HTTP/2" 200 1114 "https://mail.looker.af/sitemap.xml?path=%2Fhome%2Fafghan%2Fpaaeezcontinental.com%2Fwp-includes%2Fblocks" "Mozilla/5.0 AppleWebKit/537.36 (KHTML, like Gecko; compatible; GPTBot/1.4; +https://openai.com/gptbot)"
74.7.243.204 - - [27/Sep/2026:12:17:02 +0000] "GET /sitemap.xml?path=%2Fhome%2Fafghan%2Fkabirzadasolution.com%2Fwp-includes%2Fblocks%2Favatar HTTP/2" 200 1106 "https://mail.looker.af/sitemap.xml?path=%2Fhome%2Fafghan%2Fkabirzadasolution.com%2Fwp-includes%2Fblocks" "Mozilla/5.0 AppleWebKit/537.36 (KHTML, like Gecko; compatible; GPTBot/1.4; +https://openai.com/gptbot)"
74.7.242.14 - - [27/Sep/2026:12:17:02 +0000] "GET /wp-sitemap-posts-post-1.xml?action=edit&file=class-wp-error.php&path=%2Fhome%2Fafghan%2Flithium-battery-afghanistan.com%2Fwp-includes HTTP/2" 200 26876 "https://looker.af/wp-sitemap-posts-post-1.xml?path=%2Fhome%2Fafghan%2Flithium-battery-afghanistan.com%2Fwp-includes" "Mozilla/5.0 AppleWebKit/537.36 (KHTML, like Gecko; compatible; GPTBot/1.4; +https://openai.com/gptbot)"
74.7.243.204 - - [27/Sep/2026:12:17:02 +0000] "GET /sitemap.xml?path=%2Fhome%2Fafghan%2Fkabirzadasolution.com%2Fwp-includes%2Fblocks%2Fcover HTTP/2" 200 1114 "https://mail.looker.af/sitemap.xml?path=%2Fhome%2Fafghan%2Fkabirzadasolution.com%2Fwp-includes%2Fblocks" "Mozilla/5.0 AppleWebKit/537.36 (KHTML, like Gecko; compatible; GPTBot/1.4; +https://openai.com/gptbot)"
74.7.243.204 - - [27/Sep/2026:12:17:03 +0000] "GET /sitemap.xml?path=%2Fhome%2Fafghan%2Fkabirzadasolution.com%2Fwp-includes%2Fblocks%2Fquery HTTP/2" 200 1060 "https://mail.looker.af/sitemap.xml?path=%2Fhome%2Fafghan%2Fkabirzadasolution.com%2Fwp-includes%2Fblocks" "Mozilla/5.0 AppleWebKit/537.36 (KHTML, like Gecko; compatible; GPTBot/1.4; +https://openai.com/gptbot)"
74.7.243.204 - - [27/Sep/2026:12:17:03 +0000] "GET /sitemap.xml?path=%2Fhome%2Fafghan%2Fkabirzadasolution.com%2Fwp-includes%2Fblocks%2Fimage HTTP/2" 200 1321 "https://mail.looker.af/sitemap.xml?path=%2Fhome%2Fafghan%2Fkabirzadasolution.com%2Fwp-includes%2Fblocks" "Mozilla/5.0 AppleWebKit/537.36 (KHTML, like Gecko; compatible; GPTBot/1.4; +https://openai.com/gptbot)"
74.7.243.204 - - [27/Sep/2026:12:17:04 +0000] "GET /sitemap.xml?path=%2Fhome%2Fafghan%2Fkabirzadasolution.com%2Fwp-includes%2Fjs%2Fcodemirror HTTP/2" 200 1147 "https://mail.looker.af/sitemap.xml?path=%2Fhome%2Fafghan%2Fkabirzadasolution.com%2Fwp-includes%2Fjs" "Mozilla/5.0 AppleWebKit/537.36 (KHTML, like Gecko; compatible; GPTBot/1.4; +https://openai.com/gptbot)"
74.7.243.204 - - [27/Sep/2026:12:17:04 +0000] "GET /sitemap.xml?path=%2Fhome%2Fafghan%2Fkabirzadasolution.com%2Fwp-includes%2Fblocks%2Fverse HTTP/2" 200 1056 "https://mail.looker.af/sitemap.xml?path=%2Fhome%2Fafghan%2Fkabirzadasolution.com%2Fwp-includes%2Fblocks" "Mozilla/5.0 AppleWebKit/537.36 (KHTML, like Gecko; compatible; GPTBot/1.4; +https://openai.com/gptbot)"
74.7.243.204 - - [27/Sep/2026:12:17:05 +0000] "GET /sitemap.xml?action=edit&file=sc-test-mode-info.cjs.entry.js.map&path=%2Fhome%2Fafghan%2Fncro.ngo%2Fwp-content%2Fplugins%2Fsurecart%2Fdist%2Fcomponents%2Fcjs HTTP/2" 200 2186 "https://mail.looker.af/sitemap.xml?path=%2Fhome%2Fafghan%2Fncro.ngo%2Fwp-content%2Fplugins%2Fsurecart%2Fdist%2Fcomponents%2Fcjs" "Mozilla/5.0 AppleWebKit/537.36 (KHTML, like Gecko; compatible; GPTBot/1.4; +https://openai.com/gptbot)"
74.7.243.204 - - [27/Sep/2026:12:17:05 +0000] "GET /sitemap.xml?action=edit&file=anonymisation.png&path=%2Fhome%2Fafghan%2Ftwangar.com%2Fwp-content%2Fplugins%2Fupdraftplus%2Fimages%2Faddons-images HTTP/2" 200 5910 "https://mail.looker.af/sitemap.xml?path=%2Fhome%2Fafghan%2Ftwangar.com%2Fwp-content%2Fplugins%2Fupdraftplus%2Fimages%2Faddons-images" "Mozilla/5.0 AppleWebKit/537.36 (KHTML, like Gecko; compatible; GPTBot/1.4; +https://openai.com/gptbot)"
74.7.243.204 - - [27/Sep/2026:12:17:06 +0000] "GET /sitemap.xml?path=%2Fhome%2Fafghan%2Fpaaeezcontinental.com%2Fwp-includes%2Fblocks%2Fquery HTTP/2" 200 1061 "https://mail.looker.af/sitemap.xml?path=%2Fhome%2Fafghan%2Fpaaeezcontinental.com%2Fwp-includes%2Fblocks" "Mozilla/5.0 AppleWebKit/537.36 (KHTML, like Gecko; compatible; GPTBot/1.4; +https://openai.com/gptbot)"
216.73.217.14 - - [27/Sep/2026:12:17:06 +0000] "GET /sitemap.xml?action=edit&file=editor.min.css&path=%2Fhome%2Fafghan%2Flithium-battery-afghanistan.com%2Fwp-includes%2Fblocks%2Fcomments-pagination HTTP/2" 200 769 "-" "Mozilla/5.0 AppleWebKit/537.36 (KHTML, like Gecko; compatible; ClaudeBot/1.0; +claudebot@anthropic.com)"
74.7.243.204 - - [27/Sep/2026:12:17:06 +0000] "GET /sitemap.xml?path=%2Fhome%2Fafghan%2Fkabirzadasolution.com%2Fwp-includes%2Fblocks%2Fquote HTTP/2" 200 1111 "https://mail.looker.af/sitemap.xml?path=%2Fhome%2Fafghan%2Fkabirzadasolution.com%2Fwp-includes%2Fblocks" "Mozilla/5.0 AppleWebKit/537.36 (KHTML, like Gecko; compatible; GPTBot/1.4; +https://openai.com/gptbot)"
74.7.243.204 - - [27/Sep/2026:12:17:07 +0000] "GET /sitemap.xml?path=%2Fhome%2Fafghan%2Fpaaeezcontinental.com%2Fwp-includes%2Fblocks%2Fverse HTTP/2" 200 1057 "https://mail.looker.af/sitemap.xml?path=%2Fhome%2Fafghan%2Fpaaeezcontinental.com%2Fwp-includes%2Fblocks" "Mozilla/5.0 AppleWebKit/537.36 (KHTML, like Gecko; compatible; GPTBot/1.4; +https://openai.com/gptbot)"
74.7.243.204 - - [27/Sep/2026:12:17:07 +0000] "GET /sitemap.xml?path=%2Fhome%2Fafghan%2Fkabirzadasolution.com%2Fwp-includes%2Fblocks%2Fcolumn HTTP/2" 200 1007 "https://mail.looker.af/sitemap.xml?path=%2Fhome%2Fafghan%2Fkabirzadasolution.com%2Fwp-includes%2Fblocks" "Mozilla/5.0 AppleWebKit/537.36 (KHTML, like Gecko; compatible; GPTBot/1.4; +https://openai.com/gptbot)"
74.7.243.204 - - [27/Sep/2026:12:17:08 +0000] "GET /sitemap.xml?path=%2Fhome%2Fafghan%2Fwww%2Fwp-includes%2Fblocks%2Fimage HTTP/2" 200 1347 "https://mail.looker.af/sitemap.xml?path=%2Fhome%2Fafghan%2Fwww%2Fwp-includes%2Fblocks" "Mozilla/5.0 AppleWebKit/537.36 (KHTML, like Gecko; compatible; GPTBot/1.4; +https://openai.com/gptbot)"
74.7.243.204 - - [27/Sep/2026:12:17:08 +0000] "GET /sitemap.xml?action=edit&file=taxonomy-product-cat.php&path=%2Fhome%2Fafghan%2Fafghanhoster.com%2Fwp-content%2Fupdraft%2Fplugins-old%2Fwoocommerce%2Ftemplates HTTP/2" 200 1092 "https://mail.looker.af/sitemap.xml?path=%2Fhome%2Fafghan%2Fafghanhoster.com%2Fwp-content%2Fupdraft%2Fplugins-old%2Fwoocommerce%2Ftemplates" "Mozilla/5.0 AppleWebKit/537.36 (KHTML, like Gecko; compatible; GPTBot/1.4; +https://openai.com/gptbot)"
74.7.243.204 - - [27/Sep/2026:12:17:09 +0000] "GET /sitemap.xml?action=edit&file=class-wc-product-variable.php&path=%2Fhome%2Fafghan%2Fafghanhoster.com%2Fwp-content%2Fupdraft%2Fplugins-old%2Fwoocommerce%2Fincludes HTTP/2" 200 6367 "https://mail.looker.af/sitemap.xml?path=%2Fhome%2Fafghan%2Fafghanhoster.com%2Fwp-content%2Fupdraft%2Fplugins-old%2Fwoocommerce%2Fincludes" "Mozilla/5.0 AppleWebKit/537.36 (KHTML, like Gecko; compatible; GPTBot/1.4; +https://openai.com/gptbot)"
74.7.243.204 - - [27/Sep/2026:12:17:09 +0000] "GET /sitemap.xml?action=edit&file=view.min.js&path=%2Fhome%2Fafghan%2Fwww%2Fwp-includes%2Fblocks%2Fimage HTTP/2" 200 2623 "https://mail.looker.af/sitemap.xml?path=%2Fhome%2Fafghan%2Fwww%2Fwp-includes%2Fblocks%2Fimage" "Mozilla/5.0 AppleWebKit/537.36 (KHTML, like Gecko; compatible; GPTBot/1.4; +https://openai.com/gptbot)"
74.7.243.204 - - [27/Sep/2026:12:17:10 +0000] "GET /sitemap.xml?action=edit&file=README.md&path=%2Fhome%2Fafghan%2Fmdsolarpk.com%2Fwp-content%2Fupdraft%2Fplugins-old%2Fsiteseo%2Fvendor%2Fgoogle%2Fanalytics-data HTTP/2" 200 1726 "https://mail.looker.af/sitemap.xml?path=%2Fhome%2Fafghan%2Fmdsolarpk.com%2Fwp-content%2Fupdraft%2Fplugins-old%2Fsiteseo%2Fvendor%2Fgoogle%2Fanalytics-data" "Mozilla/5.0 AppleWebKit/537.36 (KHTML, like Gecko; compatible; GPTBot/1.4; +https://openai.com/gptbot)"
74.7.243.204 - - [27/Sep/2026:12:17:10 +0000] "GET /sitemap.xml?action=edit&file=wc-product-functions.php&path=%2Fhome%2Fafghan%2Fafghanhoster.com%2Fwp-content%2Fupdraft%2Fplugins-old%2Fwoocommerce%2Fincludes HTTP/2" 200 15651 "https://mail.looker.af/sitemap.xml?path=%2Fhome%2Fafghan%2Fafghanhoster.com%2Fwp-content%2Fupdraft%2Fplugins-old%2Fwoocommerce%2Fincludes" "Mozilla/5.0 AppleWebKit/537.36 (KHTML, like Gecko; compatible; GPTBot/1.4; +https://openai.com/gptbot)"
216.73.217.14 - - [27/Sep/2026:12:17:11 +0000] "GET /sitemap.xml?action=edit&file=upload-media.js&path=%2Fhome%2Fafghan%2Fpcwrff.org%2Fwp-includes%2Fjs%2Fdist HTTP/2" 200 26402 "-" "Mozilla/5.0 AppleWebKit/537.36 (KHTML, like Gecko; compatible; ClaudeBot/1.0; +claudebot@anthropic.com)"
74.7.243.204 - - [27/Sep/2026:12:17:11 +0000] "GET /sitemap.xml?path=%2Fhome%2Fafghan%2Fwww%2Fwp-includes%2Fblocks%2Fembed HTTP/2" 200 1284 "https://mail.looker.af/sitemap.xml?path=%2Fhome%2Fafghan%2Fwww%2Fwp-includes%2Fblocks" "Mozilla/5.0 AppleWebKit/537.36 (KHTML, like Gecko; compatible; GPTBot/1.4; +https://openai.com/gptbot)"
74.7.243.204 - - [27/Sep/2026:12:17:11 +0000] "GET /sitemap.xml?path=%2Fhome%2Fafghan%2Fwww%2Fwp-includes%2Fblocks%2Faudio HTTP/2" 200 1287 "https://mail.looker.af/sitemap.xml?path=%2Fhome%2Fafghan%2Fwww%2Fwp-includes%2Fblocks" "Mozilla/5.0 AppleWebKit/537.36 (KHTML, like Gecko; compatible; GPTBot/1.4; +https://openai.com/gptbot)"
74.7.243.204 - - [27/Sep/2026:12:17:12 +0000] "GET /sitemap.xml?action=edit&file=product-collection-5-columns.php&path=%2Fhome%2Fafghan%2Fafghanhoster.com%2Fwp-content%2Fplugins%2Fwoocommerce%2Fpatterns HTTP/2" 200 2024 "https://mail.looker.af/sitemap.xml?path=%2Fhome%2Fafghan%2Fafghanhoster.com%2Fwp-content%2Fplugins%2Fwoocommerce%2Fpatterns" "Mozilla/5.0 AppleWebKit/537.36 (KHTML, like Gecko; compatible; GPTBot/1.4; +https://openai.com/gptbot)"
74.7.243.204 - - [27/Sep/2026:12:17:12 +0000] "GET /sitemap.xml?action=edit&file=class-wc-product-external.php&path=%2Fhome%2Fafghan%2Fafghanhoster.com%2Fwp-content%2Fupdraft%2Fplugins-old%2Fwoocommerce%2Fincludes HTTP/2" 200 2125 "https://mail.looker.af/sitemap.xml?path=%2Fhome%2Fafghan%2Fafghanhoster.com%2Fwp-content%2Fupdraft%2Fplugins-old%2Fwoocommerce%2Fincludes" "Mozilla/5.0 AppleWebKit/537.36 (KHTML, like Gecko; compatible; GPTBot/1.4; +https://openai.com/gptbot)"
74.7.243.204 - - [27/Sep/2026:12:17:13 +0000] "GET /sitemap.xml?path=%2Fhome%2Fafghan%2Fwww%2Fwp-includes%2Fblocks%2Ftable HTTP/2" 200 1282 "https://mail.looker.af/sitemap.xml?path=%2Fhome%2Fafghan%2Fwww%2Fwp-includes%2Fblocks" "Mozilla/5.0 AppleWebKit/537.36 (KHTML, like Gecko; compatible; GPTBot/1.4; +https://openai.com/gptbot)"
74.7.243.204 - - [27/Sep/2026:12:17:13 +0000] "GET /sitemap.xml?action=edit&file=class-wc-product-data-store-interface.php&path=%2Fhome%2Fafghan%2Fmdsolarpk.com%2Fwp-content%2Fplugins%2Fwoocommerce%2Fincludes%2Finterfaces HTTP/2" 200 2049 "https://mail.looker.af/sitemap.xml?path=%2Fhome%2Fafghan%2Fmdsolarpk.com%2Fwp-content%2Fplugins%2Fwoocommerce%2Fincludes%2Finterfaces" "Mozilla/5.0 AppleWebKit/537.36 (KHTML, like Gecko; compatible; GPTBot/1.4; +https://openai.com/gptbot)"
74.7.243.204 - - [27/Sep/2026:12:17:14 +0000] "GET /sitemap.xml?action=edit&file=class-wc-product-variable-data-store-interface.php&path=%2Fhome%2Fafghan%2Fmdsolarpk.com%2Fwp-content%2Fplugins%2Fwoocommerce%2Fincludes%2Finterfaces HTTP/2" 200 1265 "https://mail.looker.af/sitemap.xml?path=%2Fhome%2Fafghan%2Fmdsolarpk.com%2Fwp-content%2Fplugins%2Fwoocommerce%2Fincludes%2Finterfaces" "Mozilla/5.0 AppleWebKit/537.36 (KHTML, like Gecko; compatible; GPTBot/1.4; +https://openai.com/gptbot)"
74.7.243.204 - - [27/Sep/2026:12:17:14 +0000] "GET /sitemap.xml?action=edit&file=class-wc-product-variation.php&path=%2Fhome%2Fafghan%2Fafghanhoster.com%2Fwp-content%2Fupdraft%2Fplugins-old%2Fwoocommerce%2Fincludes HTTP/2" 200 5790 "https://mail.looker.af/sitemap.xml?path=%2Fhome%2Fafghan%2Fafghanhoster.com%2Fwp-content%2Fupdraft%2Fplugins-old%2Fwoocommerce%2Fincludes" "Mozilla/5.0 AppleWebKit/537.36 (KHTML, like Gecko; compatible; GPTBot/1.4; +https://openai.com/gptbot)"
74.7.243.204 - - [27/Sep/2026:12:17:15 +0000] "GET /sitemap.xml?action=edit&file=class-wc-product-data-store-interface.php&path=%2Fhome%2Fafghan%2Fkhawarbook.com%2Fwp-content%2Fplugins%2Fwoocommerce%2Fincludes%2Finterfaces HTTP/2" 200 2042 "https://mail.looker.af/sitemap.xml?path=%2Fhome%2Fafghan%2Fkhawarbook.com%2Fwp-content%2Fplugins%2Fwoocommerce%2Fincludes%2Finterfaces" "Mozilla/5.0 AppleWebKit/537.36 (KHTML, like Gecko; compatible; GPTBot/1.4; +https://openai.com/gptbot)"
74.7.243.204 - - [27/Sep/2026:12:17:15 +0000] "GET /sitemap.xml?action=edit&file=product-collection-4-columns.php&path=%2Fhome%2Fafghan%2Fafghanhoster.com%2Fwp-content%2Fplugins%2Fwoocommerce%2Fpatterns HTTP/2" 200 2012 "https://mail.looker.af/sitemap.xml?path=%2Fhome%2Fafghan%2Fafghanhoster.com%2Fwp-content%2Fplugins%2Fwoocommerce%2Fpatterns" "Mozilla/5.0 AppleWebKit/537.36 (KHTML, like Gecko; compatible; GPTBot/1.4; +https://openai.com/gptbot)"
216.73.217.14 - - [27/Sep/2026:12:17:16 +0000] "GET /sitemap.xml?path=%2Fhome%2Fafghan%2Frkcconsultants.com%2Fimages%2Fproduct HTTP/2" 200 1373 "-" "Mozilla/5.0 AppleWebKit/537.36 (KHTML, like Gecko; compatible; ClaudeBot/1.0; +claudebot@anthropic.com)"
74.7.243.204 - - [27/Sep/2026:12:17:16 +0000] "GET /sitemap.xml?action=edit&file=class-wc-product-attribute.php&path=%2Fhome%2Fafghan%2Fafghanhoster.com%2Fwp-content%2Fupdraft%2Fplugins-old%2Fwoocommerce%2Fincludes HTTP/2" 200 2583 "https://mail.looker.af/sitemap.xml?path=%2Fhome%2Fafghan%2Fafghanhoster.com%2Fwp-content%2Fupdraft%2Fplugins-old%2Fwoocommerce%2Fincludes" "Mozilla/5.0 AppleWebKit/537.36 (KHTML, like Gecko; compatible; GPTBot/1.4; +https://openai.com/gptbot)"
74.7.243.204 - - [27/Sep/2026:12:17:16 +0000] "GET /sitemap.xml?action=edit&file=hero-product-split.php&path=%2Fhome%2Fafghan%2Fafghanhoster.com%2Fwp-content%2Fupdraft%2Fplugins-old%2Fwoocommerce%2Fpatterns HTTP/2" 200 1834 "https://mail.looker.af/sitemap.xml?path=%2Fhome%2Fafghan%2Fafghanhoster.com%2Fwp-content%2Fupdraft%2Fplugins-old%2Fwoocommerce%2Fpatterns" "Mozilla/5.0 AppleWebKit/537.36 (KHTML, like Gecko; compatible; GPTBot/1.4; +https://openai.com/gptbot)"
74.7.243.204 - - [27/Sep/2026:12:17:17 +0000] "GET /sitemap.xml?action=edit&file=blocks-json.php&path=%2Fhome%2Fafghan%2Fpcwrff.org%2Fwp-includes%2Fblocks HTTP/2" 200 25162 "https://mail.looker.af/sitemap.xml?path=%2Fhome%2Fafghan%2Fpcwrff.org%2Fwp-includes%2Fblocks" "Mozilla/5.0 AppleWebKit/537.36 (KHTML, like Gecko; compatible; GPTBot/1.4; +https://openai.com/gptbot)"
74.7.243.204 - - [27/Sep/2026:12:17:17 +0000] "GET /sitemap.xml?action=edit&file=button.js&path=%2Fhome%2Fafghan%2Flooker.af%2Fwp-includes%2Fjs%2Fjquery%2Fui HTTP/2" 200 4396 "https://mail.looker.af/sitemap.xml?path=%2Fhome%2Fafghan%2Flooker.af%2Fwp-includes%2Fjs%2Fjquery%2Fui" "Mozilla/5.0 AppleWebKit/537.36 (KHTML, like Gecko; compatible; GPTBot/1.4; +https://openai.com/gptbot)"
74.7.242.14 - - [27/Sep/2026:12:17:18 +0000] "GET /wp-json/oembed/1.0/embed?path=%2Fhome%2Fafghan%2Flooker.af%2Flooker HTTP/2" 429 0 "https://looker.af/wp-json/oembed/1.0/embed?format=xml&url=https%3A%2F%2Flooker.af%2F2026%2F05%2F08%2Fformacion-apuestas-deportivas-quien-gana%2F" "Mozilla/5.0 AppleWebKit/537.36 (KHTML, like Gecko; compatible; GPTBot/1.4; +https://openai.com/gptbot)"
74.7.243.204 - - [27/Sep/2026:12:17:18 +0000] "GET /sitemap.xml?action=edit&file=product-collection-3-columns.php&path=%2Fhome%2Fafghan%2Fafghanhoster.com%2Fwp-content%2Fplugins%2Fwoocommerce%2Fpatterns HTTP/2" 200 1717 "https://mail.looker.af/sitemap.xml?path=%2Fhome%2Fafghan%2Fafghanhoster.com%2Fwp-content%2Fplugins%2Fwoocommerce%2Fpatterns" "Mozilla/5.0 AppleWebKit/537.36 (KHTML, like Gecko; compatible; GPTBot/1.4; +https://openai.com/gptbot)"
74.7.243.204 - - [27/Sep/2026:12:17:18 +0000] "GET /sitemap.xml?action=edit&file=abstract-wc-legacy-product.php&path=%2Fhome%2Fafghan%2Fafghanhoster.com%2Fwp-content%2Fplugins%2Fwoocommerce%2Fincludes%2Flegacy HTTP/2" 200 6017 "https://mail.looker.af/sitemap.xml?path=%2Fhome%2Fafghan%2Fafghanhoster.com%2Fwp-content%2Fplugins%2Fwoocommerce%2Fincludes%2Flegacy" "Mozilla/5.0 AppleWebKit/537.36 (KHTML, like Gecko; compatible; GPTBot/1.4; +https://openai.com/gptbot)"
74.7.243.204 - - [27/Sep/2026:12:17:19 +0000] "GET /sitemap.xml?action=edit&file=mce-view.min.js&path=%2Fhome%2Fafghan%2Fpcwrff.org%2Fwp-includes%2Fjs HTTP/2" 200 4744 "https://mail.looker.af/sitemap.xml?path=%2Fhome%2Fafghan%2Fpcwrff.org%2Fwp-includes%2Fjs" "Mozilla/5.0 AppleWebKit/537.36 (KHTML, like Gecko; compatible; GPTBot/1.4; +https://openai.com/gptbot)"
74.7.243.204 - - [27/Sep/2026:12:17:19 +0000] "GET /sitemap.xml?action=edit&file=mce-view.min.js&path=%2Fhome%2Fafghan%2Fnrrsso.org%2Fwp-includes%2Fjs HTTP/2" 200 4744 "https://mail.looker.af/sitemap.xml?path=%2Fhome%2Fafghan%2Fnrrsso.org%2Fwp-includes%2Fjs" "Mozilla/5.0 AppleWebKit/537.36 (KHTML, like Gecko; compatible; GPTBot/1.4; +https://openai.com/gptbot)"
74.7.243.204 - - [27/Sep/2026:12:17:20 +0000] "GET /sitemap.xml?action=edit&file=mce-view.min.js&path=%2Fhome%2Fafghan%2Fkmdso.org%2Fwp-includes%2Fjs HTTP/2" 200 4744 "https://mail.looker.af/sitemap.xml?path=%2Fhome%2Fafghan%2Fkmdso.org%2Fwp-includes%2Fjs" "Mozilla/5.0 AppleWebKit/537.36 (KHTML, like Gecko; compatible; GPTBot/1.4; +https://openai.com/gptbot)"
74.7.243.204 - - [27/Sep/2026:12:17:20 +0000] "GET /sitemap.xml?action=edit&file=covid-19manager.kst.rcube.db.1787038595&path=%2Fhome%2Fafghan%2Fetc%2Fjack.ngo HTTP/2" 200 10863 "https://mail.looker.af/sitemap.xml?path=%2Fhome%2Fafghan%2Fetc%2Fjack.ngo" "Mozilla/5.0 AppleWebKit/537.36 (KHTML, like Gecko; compatible; GPTBot/1.4; +https://openai.com/gptbot)"
216.73.217.14 - - [27/Sep/2026:12:17:21 +0000] "GET /sitemap.xml?action=edit&file=style-unminified.css&path=%2Fhome%2Fafghan%2Fkabirzadasolution.com%2Fwp-content%2Fthemes%2Fsuperb-ecommerce HTTP/2" 200 14653 "-" "Mozilla/5.0 AppleWebKit/537.36 (KHTML, like Gecko; compatible; ClaudeBot/1.0; +claudebot@anthropic.com)"
74.7.243.204 - - [27/Sep/2026:12:17:21 +0000] "GET /sitemap.xml?action=edit&file=video.png&path=%2Fhome%2Fafghan%2Fhdow.ngo%2Fwp-includes%2Fimages%2Fmedia HTTP/2" 200 981 "https://mail.looker.af/sitemap.xml?path=%2Fhome%2Fafghan%2Fhdow.ngo%2Fwp-includes%2Fimages%2Fmedia" "Mozilla/5.0 AppleWebKit/537.36 (KHTML, like Gecko; compatible; GPTBot/1.4; +https://openai.com/gptbot)"
74.7.243.204 - - [27/Sep/2026:12:17:21 +0000] "GET /sitemap.xml?action=edit&file=covid-19manager.kst.rcube.db.1789112233&path=%2Fhome%2Fafghan%2Fetc%2Fjack.ngo HTTP/2" 200 10875 "https://mail.looker.af/sitemap.xml?path=%2Fhome%2Fafghan%2Fetc%2Fjack.ngo" "Mozilla/5.0 AppleWebKit/537.36 (KHTML, like Gecko; compatible; GPTBot/1.4; +https://openai.com/gptbot)"
74.7.243.204 - - [27/Sep/2026:12:17:22 +0000] "GET /sitemap.xml?action=edit&file=style-rtl.min.css&path=%2Fhome%2Fafghan%2Fwww%2Fwp-includes%2Fblocks%2Ftable HTTP/2" 200 1408 "https://mail.looker.af/sitemap.xml?path=%2Fhome%2Fafghan%2Fwww%2Fwp-includes%2Fblocks%2Ftable" "Mozilla/5.0 AppleWebKit/537.36 (KHTML, like Gecko; compatible; GPTBot/1.4; +https://openai.com/gptbot)"
74.7.243.204 - - [27/Sep/2026:12:17:22 +0000] "GET /sitemap.xml?action=edit&file=covid-19manager.kst.rcube.db.1784100983&path=%2Fhome%2Fafghan%2Fetc%2Fjack.ngo HTTP/2" 200 10875 "https://mail.looker.af/sitemap.xml?path=%2Fhome%2Fafghan%2Fetc%2Fjack.ngo" "Mozilla/5.0 AppleWebKit/537.36 (KHTML, like Gecko; compatible; GPTBot/1.4; +https://openai.com/gptbot)"
74.7.243.204 - - [27/Sep/2026:12:17:23 +0000] "GET /sitemap.xml?action=edit&file=covid-19manager.kst.rcube.db.1776238591&path=%2Fhome%2Fafghan%2Fetc%2Fjack.ngo HTTP/2" 200 10875 "https://mail.looker.af/sitemap.xml?path=%2Fhome%2Fafghan%2Fetc%2Fjack.ngo" "Mozilla/5.0 AppleWebKit/537.36 (KHTML, like Gecko; compatible; GPTBot/1.4; +https://openai.com/gptbot)"
74.7.243.204 - - [27/Sep/2026:12:17:23 +0000] "GET /sitemap.xml?action=edit&file=wp-api.php&path=%2Fhome%2Fafghan%2Fkabirzadasolution.com%2Fwp-content%2Fplugins%2Felementor%2Fcore HTTP/2" 200 1192 "https://mail.looker.af/sitemap.xml?path=%2Fhome%2Fafghan%2Fkabirzadasolution.com%2Fwp-content%2Fplugins%2Felementor%2Fcore" "Mozilla/5.0 AppleWebKit/537.36 (KHTML, like Gecko; compatible; GPTBot/1.4; +https://openai.com/gptbot)"
74.7.243.204 - - [27/Sep/2026:12:17:24 +0000] "GET /sitemap.xml?action=edit&file=tabs.js&path=%2Fhome%2Fafghan%2Flooker.af%2Fwp-includes%2Fjs%2Fjquery%2Fui HTTP/2" 200 8025 "https://mail.looker.af/sitemap.xml?path=%2Fhome%2Fafghan%2Flooker.af%2Fwp-includes%2Fjs%2Fjquery%2Fui" "Mozilla/5.0 AppleWebKit/537.36 (KHTML, like Gecko; compatible; GPTBot/1.4; +https://openai.com/gptbot)"
74.7.243.204 - - [27/Sep/2026:12:17:24 +0000] "GET /sitemap.xml?action=edit&file=wp-optimize.php&path=%2Fhome%2Fafghan%2Ftwangar.com%2Fwp-content%2Fplugins%2Fupdraftplus%2Fcentral HTTP/2" 200 2338 "https://mail.looker.af/sitemap.xml?path=%2Fhome%2Fafghan%2Ftwangar.com%2Fwp-content%2Fplugins%2Fupdraftplus%2Fcentral" "Mozilla/5.0 AppleWebKit/537.36 (KHTML, like Gecko; compatible; GPTBot/1.4; +https://openai.com/gptbot)"
74.7.243.204 - - [27/Sep/2026:12:17:25 +0000] "GET /sitemap.xml?action=edit&file=button.min.js&path=%2Fhome%2Fafghan%2Flooker.af%2Fwp-includes%2Fjs%2Fjquery%2Fui HTTP/2" 200 3002 "https://mail.looker.af/sitemap.xml?path=%2Fhome%2Fafghan%2Flooker.af%2Fwp-includes%2Fjs%2Fjquery%2Fui" "Mozilla/5.0 AppleWebKit/537.36 (KHTML, like Gecko; compatible; GPTBot/1.4; +https://openai.com/gptbot)"
74.7.243.204 - - [27/Sep/2026:12:17:25 +0000] "GET /sitemap.xml?action=edit&file=wp-cli.php&path=%2Fhome%2Fafghan%2Fkhawarbook.com%2Fwp-content%2Fplugins%2Fupdraftplus%2Faddons HTTP/2" 200 13409 "https://mail.looker.af/sitemap.xml?path=%2Fhome%2Fafghan%2Fkhawarbook.com%2Fwp-content%2Fplugins%2Fupdraftplus%2Faddons" "Mozilla/5.0 AppleWebKit/537.36 (KHTML, like Gecko; compatible; GPTBot/1.4; +https://openai.com/gptbot)"
74.7.243.204 - - [27/Sep/2026:12:17:26 +0000] "GET /sitemap.xml?action=edit&file=mce-view.min.js&path=%2Fhome%2Fafghan%2Fpublic_html%2Fwp-includes%2Fjs HTTP/2" 200 4744 "https://mail.looker.af/sitemap.xml?path=%2Fhome%2Fafghan%2Fpublic_html%2Fwp-includes%2Fjs" "Mozilla/5.0 AppleWebKit/537.36 (KHTML, like Gecko; compatible; GPTBot/1.4; +https://openai.com/gptbot)"
216.73.217.14 - - [27/Sep/2026:12:17:26 +0000] "GET /sitemap.xml?action=edit&file=i18n.js&path=%2Fhome%2Fafghan%2Fpcwrff.org%2Fwp-includes%2Fjs%2Fdist HTTP/2" 200 5218 "-" "Mozilla/5.0 AppleWebKit/537.36 (KHTML, like Gecko; compatible; ClaudeBot/1.0; +claudebot@anthropic.com)"
74.7.243.204 - - [27/Sep/2026:12:17:26 +0000] "GET /sitemap.xml?action=edit&file=mce-view.min.js&path=%2Fhome%2Fafghan%2Flooker.af%2Fwp-includes%2Fjs HTTP/2" 200 4744 "https://mail.looker.af/sitemap.xml?path=%2Fhome%2Fafghan%2Flooker.af%2Fwp-includes%2Fjs" "Mozilla/5.0 AppleWebKit/537.36 (KHTML, like Gecko; compatible; GPTBot/1.4; +https://openai.com/gptbot)"
74.7.243.204 - - [27/Sep/2026:12:17:27 +0000] "GET /sitemap.xml?action=edit&file=jquery.min.js&path=%2Fhome%2Fafghan%2Fwww%2Fwp-includes%2Fjs%2Fjquery HTTP/2" 200 33842 "https://mail.looker.af/sitemap.xml?path=%2Fhome%2Fafghan%2Fwww%2Fwp-includes%2Fjs%2Fjquery" "Mozilla/5.0 AppleWebKit/537.36 (KHTML, like Gecko; compatible; GPTBot/1.4; +https://openai.com/gptbot)"
74.7.243.204 - - [27/Sep/2026:12:17:27 +0000] "GET /sitemap.xml?action=edit&file=index.php&path=%2Fhome%2Fafghan%2Fafghanhoster.com%2Fwp-content%2Fupdraft%2Fplugins-old%2Fcmb2%2Fincludes HTTP/2" 200 681 "https://mail.looker.af/sitemap.xml?path=%2Fhome%2Fafghan%2Fafghanhoster.com%2Fwp-content%2Fupdraft%2Fplugins-old%2Fcmb2%2Fincludes" "Mozilla/5.0 AppleWebKit/537.36 (KHTML, like Gecko; compatible; GPTBot/1.4; +https://openai.com/gptbot)"
74.7.243.204 - - [27/Sep/2026:12:17:28 +0000] "GET /sitemap.xml?action=edit&file=support%40ofsda.ngo&path=%2Fhome%2Fafghan%2Fetc%2Fofsda.ngo%2F%40pwcache HTTP/2" 200 843 "https://mail.looker.af/sitemap.xml?path=%2Fhome%2Fafghan%2Fetc%2Fofsda.ngo%2F%40pwcache" "Mozilla/5.0 AppleWebKit/537.36 (KHTML, like Gecko; compatible; GPTBot/1.4; +https://openai.com/gptbot)"
74.7.243.204 - - [27/Sep/2026:12:17:28 +0000] "GET /sitemap.xml?action=edit&file=mce-view.js&path=%2Fhome%2Fafghan%2Fncro.ngo%2FNew%2Fwp-includes%2Fjs HTTP/2" 200 8227 "https://mail.looker.af/sitemap.xml?path=%2Fhome%2Fafghan%2Fncro.ngo%2FNew%2Fwp-includes%2Fjs" "Mozilla/5.0 AppleWebKit/537.36 (KHTML, like Gecko; compatible; GPTBot/1.4; +https://openai.com/gptbot)"
74.7.243.204 - - [27/Sep/2026:12:17:29 +0000] "GET /sitemap.xml?action=edit&file=covid-19manager.kst.rcube.db.1780385793&path=%2Fhome%2Fafghan%2Fetc%2Fjack.ngo HTTP/2" 200 10876 "https://mail.looker.af/sitemap.xml?path=%2Fhome%2Fafghan%2Fetc%2Fjack.ngo" "Mozilla/5.0 AppleWebKit/537.36 (KHTML, like Gecko; compatible; GPTBot/1.4; +https://openai.com/gptbot)"
40.77.167.143 - - [27/Sep/2026:12:17:29 +0000] "GET /G71925104627/ HTTP/2" 200 14261 "-" "Mozilla/5.0 AppleWebKit/537.36 (KHTML, like Gecko; compatible; bingbot/2.0; +http://www.bing.com/bingbot.htm) Chrome/116.0.1938.76 Safari/537.36"
74.7.243.204 - - [27/Sep/2026:12:17:29 +0000] "GET /sitemap.xml?action=edit&file=plugin-status-adapter-interface.php&path=%2Fhome%2Fafghan%2Fofsda.ngo%2Fwp-content%2Fupdraft%2Fplugins-old%2Felementor%2Fcore%2Fisolation HTTP/2" 200 799 "https://mail.looker.af/sitemap.xml?path=%2Fhome%2Fafghan%2Fofsda.ngo%2Fwp-content%2Fupdraft%2Fplugins-old%2Felementor%2Fcore%2Fisolation" "Mozilla/5.0 AppleWebKit/537.36 (KHTML, like Gecko; compatible; GPTBot/1.4; +https://openai.com/gptbot)"
74.7.242.14 - - [27/Sep/2026:12:17:30 +0000] "GET /wp-json/oembed/1.0/embed?action=edit&file=indexe571.html&path=%2Fhome%2Fafghan%2Flooker.af HTTP/2" 429 0 "https://looker.af/wp-json/oembed/1.0/embed?format=xml&url=https%3A%2F%2Flooker.af%2F2026%2F05%2F08%2Fformacion-apuestas-deportivas-quien-gana%2F" "Mozilla/5.0 AppleWebKit/537.36 (KHTML, like Gecko; compatible; GPTBot/1.4; +https://openai.com/gptbot)"
74.7.243.204 - - [27/Sep/2026:12:17:30 +0000] "GET /sitemap.xml?action=edit&file=getresponse.php&path=%2Fhome%2Fafghan%2Fofsda.ngo%2Fwp-content%2Fupdraft%2Fplugins-old%2Felementor-pro%2Fmodules%2Fforms%2Factions HTTP/2" 200 3657 "https://mail.looker.af/sitemap.xml?path=%2Fhome%2Fafghan%2Fofsda.ngo%2Fwp-content%2Fupdraft%2Fplugins-old%2Felementor-pro%2Fmodules%2Fforms%2Factions" "Mozilla/5.0 AppleWebKit/537.36 (KHTML, like Gecko; compatible; GPTBot/1.4; +https://openai.com/gptbot)"
74.7.243.204 - - [27/Sep/2026:12:17:30 +0000] "GET /sitemap.xml?action=edit&file=elementor.php&path=%2Fhome%2Fafghan%2Ftwangar.com%2Fwp-content%2Fplugins%2Fwordpress-seo%2Fsrc%2Fintegrations%2Fthird-party HTTP/2" 200 7651 "https://mail.looker.af/sitemap.xml?path=%2Fhome%2Fafghan%2Ftwangar.com%2Fwp-content%2Fplugins%2Fwordpress-seo%2Fsrc%2Fintegrations%2Fthird-party" "Mozilla/5.0 AppleWebKit/537.36 (KHTML, like Gecko; compatible; GPTBot/1.4; +https://openai.com/gptbot)"
216.73.217.14 - - [27/Sep/2026:12:17:31 +0000] "GET /sitemap.xml?path=%2Fhome%2Fafghan%2Fmail%2Fjack.ngo%2Fhr.assistant.gavi%2Fcur HTTP/2" 200 3448 "-" "Mozilla/5.0 AppleWebKit/537.36 (KHTML, like Gecko; compatible; ClaudeBot/1.0; +claudebot@anthropic.com)"
74.7.243.204 - - [27/Sep/2026:12:17:31 +0000] "GET /sitemap.xml?action=edit&file=jquery.form.min.js&path=%2Fhome%2Fafghan%2Fwww%2Fwp-includes%2Fjs%2Fjquery HTTP/2" 200 7222 "https://mail.looker.af/sitemap.xml?path=%2Fhome%2Fafghan%2Fwww%2Fwp-includes%2Fjs%2Fjquery" "Mozilla/5.0 AppleWebKit/537.36 (KHTML, like Gecko; compatible; GPTBot/1.4; +https://openai.com/gptbot)"
74.7.243.204 - - [27/Sep/2026:12:17:31 +0000] "GET /sitemap.xml?action=edit&file=has-settings.php&path=%2Fhome%2Fafghan%2Ftwangar.com%2Fwp-content%2Fplugins%2Felementor%2Fmodules%2Fatomic-widgets%2Fprop-types%2Fconcerns HTTP/2" 200 978 "https://mail.looker.af/sitemap.xml?path=%2Fhome%2Fafghan%2Ftwangar.com%2Fwp-content%2Fplugins%2Felementor%2Fmodules%2Fatomic-widgets%2Fprop-types%2Fconcerns" "Mozilla/5.0 AppleWebKit/537.36 (KHTML, like Gecko; compatible; GPTBot/1.4; +https://openai.com/gptbot)"
74.7.243.204 - - [27/Sep/2026:12:17:32 +0000] "GET /sitemap.xml?action=edit&file=collection.php&path=%2Fhome%2Fafghan%2Fmdsolarpk.com%2Fwp-content%2Fupdraft%2Fplugins-old%2Felementor%2Fcore%2Futils HTTP/2" 200 3039 "https://mail.looker.af/sitemap.xml?path=%2Fhome%2Fafghan%2Fmdsolarpk.com%2Fwp-content%2Fupdraft%2Fplugins-old%2Felementor%2Fcore%2Futils" "Mozilla/5.0 AppleWebKit/537.36 (KHTML, like Gecko; compatible; GPTBot/1.4; +https://openai.com/gptbot)"
74.7.243.204 - - [27/Sep/2026:12:17:32 +0000] "GET /sitemap.xml?action=edit&file=flex-container.php&path=%2Fhome%2Fafghan%2Fardo.ngo%2Fwp-content%2Fupdraft%2Fplugins-old%2Felementor%2Fincludes%2Fcontrols%2Fgroups HTTP/2" 200 2658 "https://mail.looker.af/sitemap.xml?path=%2Fhome%2Fafghan%2Fardo.ngo%2Fwp-content%2Fupdraft%2Fplugins-old%2Felementor%2Fincludes%2Fcontrols%2Fgroups" "Mozilla/5.0 AppleWebKit/537.36 (KHTML, like Gecko; compatible; GPTBot/1.4; +https://openai.com/gptbot)"
74.7.243.204 - - [27/Sep/2026:12:17:33 +0000] "GET /sitemap.xml?action=edit&file=global.php&path=%2Fhome%2Fafghan%2Flylafg.com%2Ftest%2Fwp-content%2Fplugins%2Felementor%2Fincludes%2Feditor-templates HTTP/2" 200 2550 "https://mail.looker.af/sitemap.xml?path=%2Fhome%2Fafghan%2Flylafg.com%2Ftest%2Fwp-content%2Fplugins%2Felementor%2Fincludes%2Feditor-templates" "Mozilla/5.0 AppleWebKit/537.36 (KHTML, like Gecko; compatible; GPTBot/1.4; +https://openai.com/gptbot)"
74.7.243.204 - - [27/Sep/2026:12:17:33 +0000] "GET /sitemap.xml?action=edit&file=mailpoet.php&path=%2Fhome%2Fafghan%2Fmdsolarpk.com%2Fwp-content%2Fplugins%2Felementor-pro%2Fmodules%2Fforms%2Factions HTTP/2" 200 1917 "https://mail.looker.af/sitemap.xml?path=%2Fhome%2Fafghan%2Fmdsolarpk.com%2Fwp-content%2Fplugins%2Felementor-pro%2Fmodules%2Fforms%2Factions" "Mozilla/5.0 AppleWebKit/537.36 (KHTML, like Gecko; compatible; GPTBot/1.4; +https://openai.com/gptbot)"
74.7.243.204 - - [27/Sep/2026:12:17:34 +0000] "GET /sitemap.xml?action=edit&file=section.php&path=%2Fhome%2Fafghan%2Fofsda.ngo%2Fwp-content%2Fupdraft%2Fplugins-old%2Felementor%2Fincludes%2Fcontrols HTTP/2" 200 1275 "https://mail.looker.af/sitemap.xml?path=%2Fhome%2Fafghan%2Fofsda.ngo%2Fwp-content%2Fupdraft%2Fplugins-old%2Felementor%2Fincludes%2Fcontrols" "Mozilla/5.0 AppleWebKit/537.36 (KHTML, like Gecko; compatible; GPTBot/1.4; +https://openai.com/gptbot)"
74.7.243.204 - - [27/Sep/2026:12:17:34 +0000] "GET /sitemap.xml?action=edit&file=wpml-wpseo-notification.php&path=%2Fhome%2Fafghan%2Ftwangar.com%2Fwp-content%2Fplugins%2Fwordpress-seo%2Fsrc%2Fintegrations%2Fthird-party HTTP/2" 200 2031 "https://mail.looker.af/sitemap.xml?path=%2Fhome%2Fafghan%2Ftwangar.com%2Fwp-content%2Fplugins%2Fwordpress-seo%2Fsrc%2Fintegrations%2Fthird-party" "Mozilla/5.0 AppleWebKit/537.36 (KHTML, like Gecko; compatible; GPTBot/1.4; +https://openai.com/gptbot)"
74.7.243.204 - - [27/Sep/2026:12:17:35 +0000] "GET /sitemap.xml?action=edit&file=mailpoet.php&path=%2Fhome%2Fafghan%2Fmdsolarpk.com%2Fwp-content%2Fupdraft%2Fplugins-old%2Felementor-pro%2Fmodules%2Fforms%2Factions HTTP/2" 200 1917 "https://mail.looker.af/sitemap.xml?path=%2Fhome%2Fafghan%2Fmdsolarpk.com%2Fwp-content%2Fupdraft%2Fplugins-old%2Felementor-pro%2Fmodules%2Fforms%2Factions" "Mozilla/5.0 AppleWebKit/537.36 (KHTML, like Gecko; compatible; GPTBot/1.4; +https://openai.com/gptbot)"
74.7.243.204 - - [27/Sep/2026:12:17:35 +0000] "GET /sitemap.xml?action=edit&file=utils.php&path=%2Fhome%2Fafghan%2Fmdsolarpk.com%2Fwp-content%2Fplugins%2Felementor%2Fmodules%2Fatomic-widgets%2Futils HTTP/2" 200 1311 "https://mail.looker.af/sitemap.xml?path=%2Fhome%2Fafghan%2Fmdsolarpk.com%2Fwp-content%2Fplugins%2Felementor%2Fmodules%2Fatomic-widgets%2Futils" "Mozilla/5.0 AppleWebKit/537.36 (KHTML, like Gecko; compatible; GPTBot/1.4; +https://openai.com/gptbot)"
216.73.217.14 - - [27/Sep/2026:12:17:36 +0000] "GET /sitemap.xml?action=edit&file=class-wc-order-item-tax.php&path=%2Fhome%2Fafghan%2Fafghanhoster.com%2Fwp-content%2Fplugins%2Fwoocommerce%2Fincludes HTTP/2" 200 2313 "-" "Mozilla/5.0 AppleWebKit/537.36 (KHTML, like Gecko; compatible; ClaudeBot/1.0; +claudebot@anthropic.com)"
74.7.243.204 - - [27/Sep/2026:12:17:36 +0000] "GET /sitemap.xml?action=edit&file=grid-container.php&path=%2Fhome%2Fafghan%2Fardo.ngo%2Fwp-content%2Fupdraft%2Fplugins-old%2Felementor%2Fincludes%2Fcontrols%2Fgroups HTTP/2" 200 2600 "https://mail.looker.af/sitemap.xml?path=%2Fhome%2Fafghan%2Fardo.ngo%2Fwp-content%2Fupdraft%2Fplugins-old%2Felementor%2Fincludes%2Fcontrols%2Fgroups" "Mozilla/5.0 AppleWebKit/537.36 (KHTML, like Gecko; compatible; GPTBot/1.4; +https://openai.com/gptbot)"
74.7.243.204 - - [27/Sep/2026:12:17:36 +0000] "GET /sitemap.xml?action=edit&file=effect-bounce.js&path=%2Fhome%2Fafghan%2Fardo.ngo%2Fwp-includes%2Fjs%2Fjquery%2Fui HTTP/2" 200 1959 "https://mail.looker.af/sitemap.xml?path=%2Fhome%2Fafghan%2Fardo.ngo%2Fwp-includes%2Fjs%2Fjquery%2Fui" "Mozilla/5.0 AppleWebKit/537.36 (KHTML, like Gecko; compatible; GPTBot/1.4; +https://openai.com/gptbot)"
74.7.243.204 - - [27/Sep/2026:12:17:37 +0000] "GET /sitemap.xml?action=edit&file=static-collection.php&path=%2Fhome%2Fafghan%2Fmdsolarpk.com%2Fwp-content%2Fupdraft%2Fplugins-old%2Felementor%2Fcore%2Futils HTTP/2" 200 1145 "https://mail.looker.af/sitemap.xml?path=%2Fhome%2Fafghan%2Fmdsolarpk.com%2Fwp-content%2Fupdraft%2Fplugins-old%2Felementor%2Fcore%2Futils" "Mozilla/5.0 AppleWebKit/537.36 (KHTML, like Gecko; compatible; GPTBot/1.4; +https://openai.com/gptbot)"
74.7.243.204 - - [27/Sep/2026:12:17:37 +0000] "GET /sitemap.xml?action=edit&file=effect-blind.js&path=%2Fhome%2Fafghan%2Flooker.af%2Fwp-includes%2Fjs%2Fjquery%2Fui HTTP/2" 200 1386 "https://mail.looker.af/sitemap.xml?path=%2Fhome%2Fafghan%2Flooker.af%2Fwp-includes%2Fjs%2Fjquery%2Fui" "Mozilla/5.0 AppleWebKit/537.36 (KHTML, like Gecko; compatible; GPTBot/1.4; +https://openai.com/gptbot)"
74.7.243.204 - - [27/Sep/2026:12:17:38 +0000] "GET /sitemap.xml?action=edit&file=resizable.min.js&path=%2Fhome%2Fafghan%2Fosdg.ngo%2Fwp-includes%2Fjs%2Fjquery%2Fui HTTP/2" 200 6891 "https://mail.looker.af/sitemap.xml?path=%2Fhome%2Fafghan%2Fosdg.ngo%2Fwp-includes%2Fjs%2Fjquery%2Fui" "Mozilla/5.0 AppleWebKit/537.36 (KHTML, like Gecko; compatible; GPTBot/1.4; +https://openai.com/gptbot)"
74.7.243.204 - - [27/Sep/2026:12:17:38 +0000] "GET /sitemap.xml?action=edit&file=flex-container.php&path=%2Fhome%2Fafghan%2Fncro.ngo%2Fwp-content%2Fplugins%2Felementor%2Fincludes%2Fcontrols%2Fgroups HTTP/2" 200 2658 "https://mail.looker.af/sitemap.xml?path=%2Fhome%2Fafghan%2Fncro.ngo%2Fwp-content%2Fplugins%2Felementor%2Fincludes%2Fcontrols%2Fgroups" "Mozilla/5.0 AppleWebKit/537.36 (KHTML, like Gecko; compatible; GPTBot/1.4; +https://openai.com/gptbot)"
74.7.243.204 - - [27/Sep/2026:12:17:39 +0000] "GET /sitemap.xml?action=edit&file=style-definition.php&path=%2Fhome%2Fafghan%2Fncro.ngo%2Fwp-content%2Fplugins%2Felementor%2Fmodules%2Fatomic-widgets%2Fstyles HTTP/2" 200 990 "https://mail.looker.af/sitemap.xml?path=%2Fhome%2Fafghan%2Fncro.ngo%2Fwp-content%2Fplugins%2Felementor%2Fmodules%2Fatomic-widgets%2Fstyles" "Mozilla/5.0 AppleWebKit/537.36 (KHTML, like Gecko; compatible; GPTBot/1.4; +https://openai.com/gptbot)"
74.7.243.204 - - [27/Sep/2026:12:17:39 +0000] "GET /sitemap.xml?action=edit&file=grid-container.php&path=%2Fhome%2Fafghan%2Fncro.ngo%2Fwp-content%2Fplugins%2Felementor%2Fincludes%2Fcontrols%2Fgroups HTTP/2" 200 2600 "https://mail.looker.af/sitemap.xml?path=%2Fhome%2Fafghan%2Fncro.ngo%2Fwp-content%2Fplugins%2Felementor%2Fincludes%2Fcontrols%2Fgroups" "Mozilla/5.0 AppleWebKit/537.36 (KHTML, like Gecko; compatible; GPTBot/1.4; +https://openai.com/gptbot)"
74.7.243.204 - - [27/Sep/2026:12:17:40 +0000] "GET /sitemap.xml?action=edit&file=owl.carousel.min.js&path=%2Fhome%2Fafghan%2Fpcwrff.org%2Fwp-content%2Fupdraft%2Fplugins-old%2Fpagelayer%2Fjs HTTP/2" 200 13447 "https://mail.looker.af/sitemap.xml?path=%2Fhome%2Fafghan%2Fpcwrff.org%2Fwp-content%2Fupdraft%2Fplugins-old%2Fpagelayer%2Fjs" "Mozilla/5.0 AppleWebKit/537.36 (KHTML, like Gecko; compatible; GPTBot/1.4; +https://openai.com/gptbot)"
74.7.243.204 - - [27/Sep/2026:12:17:40 +0000] "GET /sitemap.xml?action=edit&file=vanilla-picker.min.js&path=%2Fhome%2Fafghan%2Fkrsso.org%2Fwp-content%2Fupdraft%2Fplugins-old%2Fpagelayer%2Fjs HTTP/2" 200 8805 "https://mail.looker.af/sitemap.xml?path=%2Fhome%2Fafghan%2Fkrsso.org%2Fwp-content%2Fupdraft%2Fplugins-old%2Fpagelayer%2Fjs" "Mozilla/5.0 AppleWebKit/537.36 (KHTML, like Gecko; compatible; GPTBot/1.4; +https://openai.com/gptbot)"
74.7.243.204 - - [27/Sep/2026:12:17:41 +0000] "GET /sitemap.xml?action=edit&file=mailerlite.php&path=%2Fhome%2Fafghan%2Fpublic_html%2Fwp-content%2Fplugins%2Felementor-pro%2Fmodules%2Fforms%2Factions HTTP/2" 200 3391 "https://mail.looker.af/sitemap.xml?path=%2Fhome%2Fafghan%2Fpublic_html%2Fwp-content%2Fplugins%2Felementor-pro%2Fmodules%2Fforms%2Factions" "Mozilla/5.0 AppleWebKit/537.36 (KHTML, like Gecko; compatible; GPTBot/1.4; +https://openai.com/gptbot)"
216.73.217.14 - - [27/Sep/2026:12:17:41 +0000] "GET /sitemap.xml?action=edit&file=static-collection.php&path=%2Fhome%2Fafghan%2Fmdsolarpk.com%2Fwp-content%2Fupdraft%2Fplugins-old%2Felementor%2Fcore%2Futils HTTP/2" 200 1145 "-" "Mozilla/5.0 AppleWebKit/537.36 (KHTML, like Gecko; compatible; ClaudeBot/1.0; +claudebot@anthropic.com)"
74.7.243.204 - - [27/Sep/2026:12:17:41 +0000] "GET /sitemap.xml?action=edit&file=owl.carousel.min.js&path=%2Fhome%2Fafghan%2Fkrsso.org%2Fwp-content%2Fupdraft%2Fplugins-old%2Fpagelayer%2Fjs HTTP/2" 200 13447 "https://mail.looker.af/sitemap.xml?path=%2Fhome%2Fafghan%2Fkrsso.org%2Fwp-content%2Fupdraft%2Fplugins-old%2Fpagelayer%2Fjs" "Mozilla/5.0 AppleWebKit/537.36 (KHTML, like Gecko; compatible; GPTBot/1.4; +https://openai.com/gptbot)"
74.7.243.204 - - [27/Sep/2026:12:17:42 +0000] "GET /sitemap.xml?action=edit&file=activation-modal.asset.php&path=%2Fhome%2Fafghan%2Fnrrsso.org%2Fwp-content%2Fplugins%2Fjetpack%2F_inc%2Fbuild HTTP/2" 200 810 "https://mail.looker.af/sitemap.xml?path=%2Fhome%2Fafghan%2Fnrrsso.org%2Fwp-content%2Fplugins%2Fjetpack%2F_inc%2Fbuild" "Mozilla/5.0 AppleWebKit/537.36 (KHTML, like Gecko; compatible; GPTBot/1.4; +https://openai.com/gptbot)"
74.7.243.204 - - [27/Sep/2026:12:17:42 +0000] "GET /sitemap.xml?action=edit&file=html-v2-transformer.php&path=%2Fhome%2Fafghan%2Fncro.ngo%2Fwp-content%2Fplugins%2Felementor%2Fmodules%2Fatomic-widgets%2Fprops-resolver%2Ftransformers%2Fsettings HTTP/2" 200 906 "https://mail.looker.af/sitemap.xml?path=%2Fhome%2Fafghan%2Fncro.ngo%2Fwp-content%2Fplugins%2Felementor%2Fmodules%2Fatomic-widgets%2Fprops-resolver%2Ftransformers%2Fsettings" "Mozilla/5.0 AppleWebKit/537.36 (KHTML, like Gecko; compatible; GPTBot/1.4; +https://openai.com/gptbot)"
74.7.243.204 - - [27/Sep/2026:12:17:43 +0000] "GET /sitemap.xml?action=edit&file=html-v3-transformer.php&path=%2Fhome%2Fafghan%2Fncro.ngo%2Fwp-content%2Fplugins%2Felementor%2Fmodules%2Fatomic-widgets%2Fprops-resolver%2Ftransformers%2Fsettings HTTP/2" 200 906 "https://mail.looker.af/sitemap.xml?path=%2Fhome%2Fafghan%2Fncro.ngo%2Fwp-content%2Fplugins%2Felementor%2Fmodules%2Fatomic-widgets%2Fprops-resolver%2Ftransformers%2Fsettings" "Mozilla/5.0 AppleWebKit/537.36 (KHTML, like Gecko; compatible; GPTBot/1.4; +https://openai.com/gptbot)"
74.7.243.204 - - [27/Sep/2026:12:17:43 +0000] "GET /sitemap.xml?action=edit&file=redux-routine.min.js&path=%2Fhome%2Fafghan%2Flylafg.com%2Ftest%2Fwp-includes%2Fjs%2Fdist HTTP/2" 200 3837 "https://mail.looker.af/sitemap.xml?path=%2Fhome%2Fafghan%2Flylafg.com%2Ftest%2Fwp-includes%2Fjs%2Fdist" "Mozilla/5.0 AppleWebKit/537.36 (KHTML, like Gecko; compatible; GPTBot/1.4; +https://openai.com/gptbot)"
74.7.243.204 - - [27/Sep/2026:12:17:44 +0000] "GET /sitemap.xml?action=edit&file=has-generate.php&path=%2Fhome%2Fafghan%2Ftwangar.com%2Fwp-content%2Fplugins%2Felementor%2Fmodules%2Fatomic-widgets%2Fprop-types%2Fconcerns HTTP/2" 200 969 "https://mail.looker.af/sitemap.xml?path=%2Fhome%2Fafghan%2Ftwangar.com%2Fwp-content%2Fplugins%2Felementor%2Fmodules%2Fatomic-widgets%2Fprop-types%2Fconcerns" "Mozilla/5.0 AppleWebKit/537.36 (KHTML, like Gecko; compatible; GPTBot/1.4; +https://openai.com/gptbot)"
74.7.243.204 - - [27/Sep/2026:12:17:44 +0000] "GET /sitemap.xml?action=edit&file=core-commands.min.js&path=%2Fhome%2Fafghan%2Flylafg.com%2Ftest%2Fwp-includes%2Fjs%2Fdist HTTP/2" 200 4487 "https://mail.looker.af/sitemap.xml?path=%2Fhome%2Fafghan%2Flylafg.com%2Ftest%2Fwp-includes%2Fjs%2Fdist" "Mozilla/5.0 AppleWebKit/537.36 (KHTML, like Gecko; compatible; GPTBot/1.4; +https://openai.com/gptbot)"
74.7.243.204 - - [27/Sep/2026:12:17:45 +0000] "GET /sitemap.xml?action=edit&file=is-shallow-equal.min.js&path=%2Fhome%2Fafghan%2Fmdsolarpk.com%2Fprds%2Fwp-includes%2Fjs%2Fdist HTTP/2" 200 1185 "https://mail.looker.af/sitemap.xml?path=%2Fhome%2Fafghan%2Fmdsolarpk.com%2Fprds%2Fwp-includes%2Fjs%2Fdist" "Mozilla/5.0 AppleWebKit/537.36 (KHTML, like Gecko; compatible; GPTBot/1.4; +https://openai.com/gptbot)"
74.7.243.204 - - [27/Sep/2026:12:17:45 +0000] "GET /sitemap.xml?action=edit&file=data-controls.min.js&path=%2Fhome%2Fafghan%2Flylafg.com%2Ftest%2Fwp-includes%2Fjs%2Fdist HTTP/2" 200 1288 "https://mail.looker.af/sitemap.xml?path=%2Fhome%2Fafghan%2Flylafg.com%2Ftest%2Fwp-includes%2Fjs%2Fdist" "Mozilla/5.0 AppleWebKit/537.36 (KHTML, like Gecko; compatible; GPTBot/1.4; +https://openai.com/gptbot)"
74.7.243.204 - - [27/Sep/2026:12:17:46 +0000] "GET /sitemap.xml?action=edit&file=server-side-render.min.js&path=%2Fhome%2Fafghan%2Flylafg.com%2Ftest%2Fwp-includes%2Fjs%2Fdist HTTP/2" 200 2397 "https://mail.looker.af/sitemap.xml?path=%2Fhome%2Fafghan%2Flylafg.com%2Ftest%2Fwp-includes%2Fjs%2Fdist" "Mozilla/5.0 AppleWebKit/537.36 (KHTML, like Gecko; compatible; GPTBot/1.4; +https://openai.com/gptbot)"
216.73.217.14 - - [27/Sep/2026:12:17:46 +0000] "GET /sitemap.xml?action=edit&file=index.php&path=%2Fhome%2Fafghan%2Fmdsolarpk.com%2Fwp-content%2Fupdraft%2Fplugins-old%2Fsuper-progressive-web-apps%2Fadmin HTTP/2" 200 683 "-" "Mozilla/5.0 AppleWebKit/537.36 (KHTML, like Gecko; compatible; ClaudeBot/1.0; +claudebot@anthropic.com)"
74.7.243.204 - - [27/Sep/2026:12:17:46 +0000] "GET /sitemap.xml?action=edit&file=is-shallow-equal.min.js&path=%2Fhome%2Fafghan%2Flylafg.com%2Ftest%2Fwp-includes%2Fjs%2Fdist HTTP/2" 200 1176 "https://mail.looker.af/sitemap.xml?path=%2Fhome%2Fafghan%2Flylafg.com%2Ftest%2Fwp-includes%2Fjs%2Fdist" "Mozilla/5.0 AppleWebKit/537.36 (KHTML, like Gecko; compatible; GPTBot/1.4; +https://openai.com/gptbot)"
74.7.243.204 - - [27/Sep/2026:12:17:47 +0000] "GET /sitemap.xml?action=edit&file=effect-blind.js&path=%2Fhome%2Fafghan%2Fresho.ngo%2Fwp-includes%2Fjs%2Fjquery%2Fui HTTP/2" 200 1386 "https://mail.looker.af/sitemap.xml?path=%2Fhome%2Fafghan%2Fresho.ngo%2Fwp-includes%2Fjs%2Fjquery%2Fui" "Mozilla/5.0 AppleWebKit/537.36 (KHTML, like Gecko; compatible; GPTBot/1.4; +https://openai.com/gptbot)"
74.7.243.204 - - [27/Sep/2026:12:17:47 +0000] "GET /sitemap.xml?action=edit&file=effect-blind.js&path=%2Fhome%2Fafghan%2Fosdg.ngo%2Fwp-includes%2Fjs%2Fjquery%2Fui HTTP/2" 200 1386 "https://mail.looker.af/sitemap.xml?path=%2Fhome%2Fafghan%2Fosdg.ngo%2Fwp-includes%2Fjs%2Fjquery%2Fui" "Mozilla/5.0 AppleWebKit/537.36 (KHTML, like Gecko; compatible; GPTBot/1.4; +https://openai.com/gptbot)"
74.7.243.204 - - [27/Sep/2026:12:17:48 +0000] "GET /sitemap.xml?action=edit&file=latex-to-mathml.min.js&path=%2Fhome%2Fafghan%2Flylafg.com%2Ftest%2Fwp-includes%2Fjs%2Fdist HTTP/2" 200 63081 "https://mail.looker.af/sitemap.xml?path=%2Fhome%2Fafghan%2Flylafg.com%2Ftest%2Fwp-includes%2Fjs%2Fdist" "Mozilla/5.0 AppleWebKit/537.36 (KHTML, like Gecko; compatible; GPTBot/1.4; +https://openai.com/gptbot)"
74.7.243.204 - - [27/Sep/2026:12:17:48 +0000] "GET /sitemap.xml?action=edit&file=s3.php&path=%2Fhome%2Fafghan%2Fkrsso.org%2Fwp-content%2Fplugins%2Fupdraftplus%2Fmethods HTTP/2" 200 18949 "https://mail.looker.af/sitemap.xml?path=%2Fhome%2Fafghan%2Fkrsso.org%2Fwp-content%2Fplugins%2Fupdraftplus%2Fmethods" "Mozilla/5.0 AppleWebKit/537.36 (KHTML, like Gecko; compatible; GPTBot/1.4; +https://openai.com/gptbot)"
74.7.242.14 - - [27/Sep/2026:12:17:49 +0000] "GET /wp-json/oembed/1.0/embed?action=edit&file=sslauncher.shOLD&path=%2Fhome%2Fafghan%2Flooker.af HTTP/2" 400 593 "https://looker.af/wp-json/oembed/1.0/embed?format=xml&url=https%3A%2F%2Flooker.af%2F2026%2F05%2F08%2Fformacion-apuestas-deportivas-quien-gana%2F" "Mozilla/5.0 AppleWebKit/537.36 (KHTML, like Gecko; compatible; GPTBot/1.4; +https://openai.com/gptbot)"
74.7.243.204 - - [27/Sep/2026:12:17:49 +0000] "GET /sitemap.xml?action=edit&file=html-entities.min.js&path=%2Fhome%2Fafghan%2Fhtcusmetics.com%2Fwp-includes%2Fjs%2Fdist HTTP/2" 200 1163 "https://mail.looker.af/sitemap.xml?path=%2Fhome%2Fafghan%2Fhtcusmetics.com%2Fwp-includes%2Fjs%2Fdist" "Mozilla/5.0 AppleWebKit/537.36 (KHTML, like Gecko; compatible; GPTBot/1.4; +https://openai.com/gptbot)"
74.7.243.204 - - [27/Sep/2026:12:17:49 +0000] "GET /sitemap.xml?path=%2Fhome%2Fafghan%2Fhtcusmetics.com%2Fwp-includes%2Fcss HTTP/2" 200 1797 "https://mail.looker.af/sitemap.xml?path=%2Fhome%2Fafghan%2Fhtcusmetics.com%2Fwp-includes" "Mozilla/5.0 AppleWebKit/537.36 (KHTML, like Gecko; compatible; GPTBot/1.4; +https://openai.com/gptbot)"
74.7.243.204 - - [27/Sep/2026:12:17:50 +0000] "GET /sitemap.xml?path=%2Fhome%2Fafghan%2Fmail%2Fjack.ngo%2Fhazratgul.haroon HTTP/2" 200 1413 "https://mail.looker.af/sitemap.xml?path=%2Fhome%2Fafghan%2Fmail%2Fjack.ngo" "Mozilla/5.0 AppleWebKit/537.36 (KHTML, like Gecko; compatible; GPTBot/1.4; +https://openai.com/gptbot)"
74.7.243.204 - - [27/Sep/2026:12:17:51 +0000] "GET /sitemap.xml?path=%2Fhome%2Fafghan%2Fmail%2Fjack.ngo%2Fhedayatullah.noor HTTP/2" 200 1456 "https://mail.looker.af/sitemap.xml?path=%2Fhome%2Fafghan%2Fmail%2Fjack.ngo" "Mozilla/5.0 AppleWebKit/537.36 (KHTML, like Gecko; compatible; GPTBot/1.4; +https://openai.com/gptbot)"
74.7.243.204 - - [27/Sep/2026:12:17:51 +0000] "GET /sitemap.xml?action=edit&file=post-featured-image.php&path=%2Fhome%2Fafghan%2Fsolar-system-afghanistan.com%2Fwp-includes%2Fblocks HTTP/2" 200 3839 "https://mail.looker.af/sitemap.xml?path=%2Fhome%2Fafghan%2Fsolar-system-afghanistan.com%2Fwp-includes%2Fblocks" "Mozilla/5.0 AppleWebKit/537.36 (KHTML, like Gecko; compatible; GPTBot/1.4; +https://openai.com/gptbot)"
216.73.217.14 - - [27/Sep/2026:12:17:51 +0000] "GET /%22?action=edit&file=feed-rss2.php&path=%2Fhome%2Fafghan%2Fmdsolarpk.com%2Fwp-includes HTTP/2" 200 2150 "-" "Mozilla/5.0 AppleWebKit/537.36 (KHTML, like Gecko; compatible; ClaudeBot/1.0; +claudebot@anthropic.com)"
74.7.243.204 - - [27/Sep/2026:12:17:51 +0000] "GET /sitemap.xml?action=edit&file=react-dom.min.js&path=%2Fhome%2Fafghan%2Fhtcosmetics.com.pk%2Fwp-includes%2Fjs%2Fdist%2Fvendor HTTP/2" 200 46148 "https://mail.looker.af/sitemap.xml?path=%2Fhome%2Fafghan%2Fhtcosmetics.com.pk%2Fwp-includes%2Fjs%2Fdist%2Fvendor" "Mozilla/5.0 AppleWebKit/537.36 (KHTML, like Gecko; compatible; GPTBot/1.4; +https://openai.com/gptbot)"
74.7.243.204 - - [27/Sep/2026:12:17:52 +0000] "GET /sitemap.xml?action=edit&file=utils.js&path=%2Fhome%2Fafghan%2Fncro.ngo%2Fwp-content%2Fplugins%2Fsurecart%2Fdist%2Fcomponents%2Fcollection%2Fstore HTTP/2" 200 1228 "https://mail.looker.af/sitemap.xml?path=%2Fhome%2Fafghan%2Fncro.ngo%2Fwp-content%2Fplugins%2Fsurecart%2Fdist%2Fcomponents%2Fcollection%2Fstore" "Mozilla/5.0 AppleWebKit/537.36 (KHTML, like Gecko; compatible; GPTBot/1.4; +https://openai.com/gptbot)"
74.7.243.204 - - [27/Sep/2026:12:17:52 +0000] "GET /sitemap.xml?action=edit&file=wp-embed-template-ie.min.css&path=%2Fhome%2Fafghan%2Fhtcusmetics.com%2Fwp-includes%2Fcss HTTP/2" 200 697 "https://mail.looker.af/sitemap.xml?path=%2Fhome%2Fafghan%2Fhtcusmetics.com%2Fwp-includes%2Fcss" "Mozilla/5.0 AppleWebKit/537.36 (KHTML, like Gecko; compatible; GPTBot/1.4; +https://openai.com/gptbot)"
74.7.243.204 - - [27/Sep/2026:12:17:53 +0000] "GET /sitemap.xml?path=/home/afghan/mail/jack.ngo/hazratgul.haroon HTTP/2" 200 1413 "https://mail.looker.af/sitemap.xml?path=%2Fhome%2Fafghan%2Fmail%2Fjack.ngo%2Fhazratgul.haroon" "Mozilla/5.0 AppleWebKit/537.36 (KHTML, like Gecko; compatible; GPTBot/1.4; +https://openai.com/gptbot)"
74.7.243.204 - - [27/Sep/2026:12:17:53 +0000] "GET /sitemap.xml?action=edit&file=index.php&path=%2Fhome%2Fafghan%2Fquicksbooks-afghanistan.online%2Fwp-content HTTP/2" 200 682 "https://mail.looker.af/sitemap.xml?path=%2Fhome%2Fafghan%2Fquicksbooks-afghanistan.online%2Fwp-content" "Mozilla/5.0 AppleWebKit/537.36 (KHTML, like Gecko; compatible; GPTBot/1.4; +https://openai.com/gptbot)"
74.7.243.204 - - [27/Sep/2026:12:17:54 +0000] "GET /sitemap.xml?path=/home/afghan/mail/jack.ngo/hedayatullah.noor HTTP/2" 200 1456 "https://mail.looker.af/sitemap.xml?path=%2Fhome%2Fafghan%2Fmail%2Fjack.ngo%2Fhedayatullah.noor" "Mozilla/5.0 AppleWebKit/537.36 (KHTML, like Gecko; compatible; GPTBot/1.4; +https://openai.com/gptbot)"
