74.7.243.204 - - [27/Sep/2026:12:06:14 +0000] "GET /sitemap.xml?action=edit&file=1641836776.M180201P132185.mocha3025.mochahost.com%2CS%3D11327%2CW%3D11631%3A2%2CS&path=%2Fhome%2Fafghan%2Fmail%2Fjack.ngo%2Fmirzaee%2Fcur HTTP/2" 200 4297 "https://mail.looker.af/sitemap.xml?path=%2Fhome%2Fafghan%2Fmail%2Fjack.ngo%2Fmirzaee%2Fcur" "Mozilla/5.0 AppleWebKit/537.36 (KHTML, like Gecko; compatible; GPTBot/1.4; +https://openai.com/gptbot)"
216.73.217.14 - - [27/Sep/2026:12:06:14 +0000] "GET /sitemap.xml?action=edit&file=footer-v2.php&path=%2Fhome%2Fafghan%2Fkabirzadasolution.com%2Fwp-content%2Fthemes%2Felectro%2Finc%2Fstructure HTTP/2" 200 5586 "-" "Mozilla/5.0 AppleWebKit/537.36 (KHTML, like Gecko; compatible; ClaudeBot/1.0; +claudebot@anthropic.com)"
74.7.243.204 - - [27/Sep/2026:12:06:14 +0000] "GET /sitemap.xml?action=edit&file=1624355421.M40095P2065355.mocha3025.mochahost.com%2CS%3D12749%2CW%3D13016%3A2%2CS&path=%2Fhome%2Fafghan%2Fmail%2Fjack.ngo%2Fmirzaee%2Fcur HTTP/2" 200 5028 "https://mail.looker.af/sitemap.xml?path=%2Fhome%2Fafghan%2Fmail%2Fjack.ngo%2Fmirzaee%2Fcur" "Mozilla/5.0 AppleWebKit/537.36 (KHTML, like Gecko; compatible; GPTBot/1.4; +https://openai.com/gptbot)"
74.7.243.204 - - [27/Sep/2026:12:06:15 +0000] "GET /sitemap.xml?action=edit&file=1658234808.M994423P125645.mocha3025.mochahost.com%2CS%3D79318%2CW%3D80982%3A2%2CS&path=%2Fhome%2Fafghan%2Fmail%2Fjack.ngo%2Fmirzaee%2Fcur HTTP/2" 200 20918 "https://mail.looker.af/sitemap.xml?path=%2Fhome%2Fafghan%2Fmail%2Fjack.ngo%2Fmirzaee%2Fcur" "Mozilla/5.0 AppleWebKit/537.36 (KHTML, like Gecko; compatible; GPTBot/1.4; +https://openai.com/gptbot)"
74.7.243.204 - - [27/Sep/2026:12:06:15 +0000] "GET /sitemap.xml?action=edit&file=1638685152.M652396P130085.mocha3025.mochahost.com%2CS%3D24702%2CW%3D25197%3A2%2CS&path=%2Fhome%2Fafghan%2Fmail%2Fjack.ngo%2Fmirzaee%2Fcur HTTP/2" 200 10973 "https://mail.looker.af/sitemap.xml?path=%2Fhome%2Fafghan%2Fmail%2Fjack.ngo%2Fmirzaee%2Fcur" "Mozilla/5.0 AppleWebKit/537.36 (KHTML, like Gecko; compatible; GPTBot/1.4; +https://openai.com/gptbot)"
74.7.243.204 - - [27/Sep/2026:12:06:16 +0000] "GET /sitemap.xml?action=edit&file=1617600576.M746908P421675.mocha3025.mochahost.com%2CS%3D22155%2CW%3D22657%3A2%2CS&path=%2Fhome%2Fafghan%2Fmail%2Fjack.ngo%2Fmirzaee%2Fcur HTTP/2" 200 6997 "https://mail.looker.af/sitemap.xml?path=%2Fhome%2Fafghan%2Fmail%2Fjack.ngo%2Fmirzaee%2Fcur" "Mozilla/5.0 AppleWebKit/537.36 (KHTML, like Gecko; compatible; GPTBot/1.4; +https://openai.com/gptbot)"
74.7.243.204 - - [27/Sep/2026:12:06:16 +0000] "GET /sitemap.xml?action=edit&file=1611203292.M961246P755465.mocha3025.mochahost.com%2CS%3D42807%2CW%3D43745%3A2%2CS&path=%2Fhome%2Fafghan%2Fmail%2Fjack.ngo%2Fmirzaee%2Fcur HTTP/2" 200 12929 "https://mail.looker.af/sitemap.xml?path=%2Fhome%2Fafghan%2Fmail%2Fjack.ngo%2Fmirzaee%2Fcur" "Mozilla/5.0 AppleWebKit/537.36 (KHTML, like Gecko; compatible; GPTBot/1.4; +https://openai.com/gptbot)"
74.7.243.204 - - [27/Sep/2026:12:06:17 +0000] "GET /sitemap.xml?action=edit&file=1605428553.M235789P2914575.mocha3025.mochahost.com%2CS%3D6011%2CW%3D6119%3A2%2CS&path=%2Fhome%2Fafghan%2Fmail%2Fjack.ngo%2Fmirzaee%2Fcur HTTP/2" 200 3826 "https://mail.looker.af/sitemap.xml?path=%2Fhome%2Fafghan%2Fmail%2Fjack.ngo%2Fmirzaee%2Fcur" "Mozilla/5.0 AppleWebKit/537.36 (KHTML, like Gecko; compatible; GPTBot/1.4; +https://openai.com/gptbot)"
74.7.243.204 - - [27/Sep/2026:12:06:17 +0000] "GET /sitemap.xml?action=edit&file=1590038659.M389424P3478115.mocha3025.mochahost.com%2CS%3D7520%2CW%3D7638%3A2%2CS&path=%2Fhome%2Fafghan%2Fmail%2Fjack.ngo%2Fmirzaee%2Fcur HTTP/2" 200 4928 "https://mail.looker.af/sitemap.xml?path=%2Fhome%2Fafghan%2Fmail%2Fjack.ngo%2Fmirzaee%2Fcur" "Mozilla/5.0 AppleWebKit/537.36 (KHTML, like Gecko; compatible; GPTBot/1.4; +https://openai.com/gptbot)"
74.7.243.204 - - [27/Sep/2026:12:06:18 +0000] "GET /sitemap.xml?action=edit&file=1656824321.M510126P194845.mocha3025.mochahost.com%2CS%3D75716%2CW%3D77109%3A2%2CS&path=%2Fhome%2Fafghan%2Fmail%2Fjack.ngo%2Fmirzaee%2Fcur HTTP/2" 200 35478 "https://mail.looker.af/sitemap.xml?path=%2Fhome%2Fafghan%2Fmail%2Fjack.ngo%2Fmirzaee%2Fcur" "Mozilla/5.0 AppleWebKit/537.36 (KHTML, like Gecko; compatible; GPTBot/1.4; +https://openai.com/gptbot)"
74.7.243.204 - - [27/Sep/2026:12:06:18 +0000] "GET /sitemap.xml?action=edit&file=1596524645.M383429P175465.mocha3025.mochahost.com%2CS%3D25351%2CW%3D25884%3A2%2CS&path=%2Fhome%2Fafghan%2Fmail%2Fjack.ngo%2Fmirzaee%2Fcur HTTP/2" 200 6680 "https://mail.looker.af/sitemap.xml?path=%2Fhome%2Fafghan%2Fmail%2Fjack.ngo%2Fmirzaee%2Fcur" "Mozilla/5.0 AppleWebKit/537.36 (KHTML, like Gecko; compatible; GPTBot/1.4; +https://openai.com/gptbot)"
74.7.243.204 - - [27/Sep/2026:12:06:19 +0000] "GET /sitemap.xml?action=edit&file=1658727309.M927496P92655.mocha3025.mochahost.com%2CS%3D11769%2CW%3D12023%3A2%2CS&path=%2Fhome%2Fafghan%2Fmail%2Fjack.ngo%2Fmirzaee%2Fcur HTTP/2" 200 4524 "https://mail.looker.af/sitemap.xml?path=%2Fhome%2Fafghan%2Fmail%2Fjack.ngo%2Fmirzaee%2Fcur" "Mozilla/5.0 AppleWebKit/537.36 (KHTML, like Gecko; compatible; GPTBot/1.4; +https://openai.com/gptbot)"
216.73.217.14 - - [27/Sep/2026:12:06:19 +0000] "GET /sitemap.xml?action=edit&file=code.svg&path=%2Fhome%2Fafghan%2Fkabirzadasolution.com%2Fkabir%2Fwp-includes%2Fimages%2Ficon-library HTTP/2" 200 838 "-" "Mozilla/5.0 AppleWebKit/537.36 (KHTML, like Gecko; compatible; ClaudeBot/1.0; +claudebot@anthropic.com)"
74.7.243.204 - - [27/Sep/2026:12:06:19 +0000] "GET /sitemap.xml?action=edit&file=1575806452.M325039P1173365.mocha3025.mochahost.com%2CS%3D9680%2CW%3D9920%3A2%2CS&path=%2Fhome%2Fafghan%2Fmail%2Fjack.ngo%2Fmirzaee%2Fcur HTTP/2" 200 3924 "https://mail.looker.af/sitemap.xml?path=%2Fhome%2Fafghan%2Fmail%2Fjack.ngo%2Fmirzaee%2Fcur" "Mozilla/5.0 AppleWebKit/537.36 (KHTML, like Gecko; compatible; GPTBot/1.4; +https://openai.com/gptbot)"
74.7.243.204 - - [27/Sep/2026:12:06:20 +0000] "GET /sitemap.xml?action=edit&file=1641015082.M155708P54905.mocha3025.mochahost.com%2CS%3D29815%2CW%3D30342%3A2%2CS&path=%2Fhome%2Fafghan%2Fmail%2Fjack.ngo%2Fmirzaee%2Fcur HTTP/2" 200 18224 "https://mail.looker.af/sitemap.xml?path=%2Fhome%2Fafghan%2Fmail%2Fjack.ngo%2Fmirzaee%2Fcur" "Mozilla/5.0 AppleWebKit/537.36 (KHTML, like Gecko; compatible; GPTBot/1.4; +https://openai.com/gptbot)"
74.7.243.204 - - [27/Sep/2026:12:06:20 +0000] "GET /sitemap.xml?action=edit&file=1597054052.M284260P154355.mocha3025.mochahost.com%2CS%3D12029%2CW%3D12332%3A2%2CS&path=%2Fhome%2Fafghan%2Fmail%2Fjack.ngo%2Fmirzaee%2Fcur HTTP/2" 200 4208 "https://mail.looker.af/sitemap.xml?path=%2Fhome%2Fafghan%2Fmail%2Fjack.ngo%2Fmirzaee%2Fcur" "Mozilla/5.0 AppleWebKit/537.36 (KHTML, like Gecko; compatible; GPTBot/1.4; +https://openai.com/gptbot)"
74.7.243.204 - - [27/Sep/2026:12:06:21 +0000] "GET /sitemap.xml?action=edit&file=1612870568.M902204P909025.mocha3025.mochahost.com%2CS%3D15511%2CW%3D15887%3A2%2CS&path=%2Fhome%2Fafghan%2Fmail%2Fjack.ngo%2Fmirzaee%2Fcur HTTP/2" 200 6015 "https://mail.looker.af/sitemap.xml?path=%2Fhome%2Fafghan%2Fmail%2Fjack.ngo%2Fmirzaee%2Fcur" "Mozilla/5.0 AppleWebKit/537.36 (KHTML, like Gecko; compatible; GPTBot/1.4; +https://openai.com/gptbot)"
74.7.243.204 - - [27/Sep/2026:12:06:21 +0000] "GET /sitemap.xml?action=edit&file=mouse.min.js&path=%2Fhome%2Fafghan%2Fncro.ong%2Fwp-includes%2Fjs%2Fjquery%2Fui HTTP/2" 200 1905 "https://mail.looker.af/sitemap.xml?path=%2Fhome%2Fafghan%2Fncro.ong%2Fwp-includes%2Fjs%2Fjquery%2Fui" "Mozilla/5.0 AppleWebKit/537.36 (KHTML, like Gecko; compatible; GPTBot/1.4; +https://openai.com/gptbot)"
74.7.243.204 - - [27/Sep/2026:12:06:22 +0000] "GET /sitemap.xml?action=edit&file=mouse.min.js&path=%2Fhome%2Fafghan%2Fhdow.ngo%2Fwp-includes%2Fjs%2Fjquery%2Fui HTTP/2" 200 1905 "https://mail.looker.af/sitemap.xml?path=%2Fhome%2Fafghan%2Fhdow.ngo%2Fwp-includes%2Fjs%2Fjquery%2Fui" "Mozilla/5.0 AppleWebKit/537.36 (KHTML, like Gecko; compatible; GPTBot/1.4; +https://openai.com/gptbot)"
74.7.243.204 - - [27/Sep/2026:12:06:22 +0000] "GET /sitemap.xml?action=edit&file=1610263747.M768387P749835.mocha3025.mochahost.com%2CS%3D74785%2CW%3D76230%3A2%2CS&path=%2Fhome%2Fafghan%2Fmail%2Fjack.ngo%2Fmirzaee%2Fcur HTTP/2" 200 20212 "https://mail.looker.af/sitemap.xml?path=%2Fhome%2Fafghan%2Fmail%2Fjack.ngo%2Fmirzaee%2Fcur" "Mozilla/5.0 AppleWebKit/537.36 (KHTML, like Gecko; compatible; GPTBot/1.4; +https://openai.com/gptbot)"
74.7.243.204 - - [27/Sep/2026:12:06:23 +0000] "GET /sitemap.xml?action=edit&file=mouse.min.js&path=%2Fhome%2Fafghan%2Fncro.ngo%2Fwp-includes%2Fjs%2Fjquery%2Fui HTTP/2" 200 1960 "https://mail.looker.af/sitemap.xml?path=%2Fhome%2Fafghan%2Fncro.ngo%2Fwp-includes%2Fjs%2Fjquery%2Fui" "Mozilla/5.0 AppleWebKit/537.36 (KHTML, like Gecko; compatible; GPTBot/1.4; +https://openai.com/gptbot)"
74.7.243.204 - - [27/Sep/2026:12:06:23 +0000] "GET /sitemap.xml?action=edit&file=menu.min.js&path=%2Fhome%2Fafghan%2Fofsda.ngo%2Fwp-includes%2Fjs%2Fjquery%2Fui HTTP/2" 200 4194 "https://mail.looker.af/sitemap.xml?path=%2Fhome%2Fafghan%2Fofsda.ngo%2Fwp-includes%2Fjs%2Fjquery%2Fui" "Mozilla/5.0 AppleWebKit/537.36 (KHTML, like Gecko; compatible; GPTBot/1.4; +https://openai.com/gptbot)"
74.7.243.204 - - [27/Sep/2026:12:06:24 +0000] "GET /sitemap.xml?action=edit&file=1595790150.M295837P2140475.mocha3025.mochahost.com%2CS%3D4263%2CW%3D4419%3A2%2CS&path=%2Fhome%2Fafghan%2Fmail%2Fjack.ngo%2Fmirzaee%2Fcur HTTP/2" 200 2771 "https://mail.looker.af/sitemap.xml?path=%2Fhome%2Fafghan%2Fmail%2Fjack.ngo%2Fmirzaee%2Fcur" "Mozilla/5.0 AppleWebKit/537.36 (KHTML, like Gecko; compatible; GPTBot/1.4; +https://openai.com/gptbot)"
216.73.217.14 - - [27/Sep/2026:12:06:24 +0000] "GET /sitemap.xml?action=edit&file=common-rtl.min.css&path=%2Fhome%2Fafghan%2Fmseo-af.org%2Fwp-includes%2Fcss%2Fdist%2Fblock-library HTTP/2" 200 1992 "-" "Mozilla/5.0 AppleWebKit/537.36 (KHTML, like Gecko; compatible; ClaudeBot/1.0; +claudebot@anthropic.com)"
74.7.243.204 - - [27/Sep/2026:12:06:24 +0000] "GET /sitemap.xml?action=edit&file=edit-site.js&path=%2Fhome%2Fafghan%2Fncro.ngo%2Fnew%2Fwp-includes%2Fjs%2Fdist HTTP/2" 200 372379 "https://mail.looker.af/sitemap.xml?path=%2Fhome%2Fafghan%2Fncro.ngo%2Fnew%2Fwp-includes%2Fjs%2Fdist" "Mozilla/5.0 AppleWebKit/537.36 (KHTML, like Gecko; compatible; GPTBot/1.4; +https://openai.com/gptbot)"
74.7.243.204 - - [27/Sep/2026:12:06:25 +0000] "GET /sitemap.xml?action=edit&file=menu.min.js&path=%2Fhome%2Fafghan%2Fresho.ngo%2Fwp-includes%2Fjs%2Fjquery%2Fui HTTP/2" 200 4207 "https://mail.looker.af/sitemap.xml?path=%2Fhome%2Fafghan%2Fresho.ngo%2Fwp-includes%2Fjs%2Fjquery%2Fui" "Mozilla/5.0 AppleWebKit/537.36 (KHTML, like Gecko; compatible; GPTBot/1.4; +https://openai.com/gptbot)"
74.7.243.204 - - [27/Sep/2026:12:06:25 +0000] "GET /sitemap.xml?action=edit&file=1648621161.M248878P97845.mocha3025.mochahost.com%2CS%3D29778%2CW%3D30439%3A2%2CS&path=%2Fhome%2Fafghan%2Fmail%2Fjack.ngo%2Fmirzaee%2Fcur HTTP/2" 200 10642 "https://mail.looker.af/sitemap.xml?path=%2Fhome%2Fafghan%2Fmail%2Fjack.ngo%2Fmirzaee%2Fcur" "Mozilla/5.0 AppleWebKit/537.36 (KHTML, like Gecko; compatible; GPTBot/1.4; +https://openai.com/gptbot)"
74.7.243.204 - - [27/Sep/2026:12:06:26 +0000] "GET /sitemap.xml?action=edit&file=editor.min.js&path=%2Fhome%2Fafghan%2Fncro.ngo%2Fnew%2Fwp-includes%2Fjs%2Fdist HTTP/2" 200 366609 "https://mail.looker.af/sitemap.xml?path=%2Fhome%2Fafghan%2Fncro.ngo%2Fnew%2Fwp-includes%2Fjs%2Fdist" "Mozilla/5.0 AppleWebKit/537.36 (KHTML, like Gecko; compatible; GPTBot/1.4; +https://openai.com/gptbot)"
74.7.243.204 - - [27/Sep/2026:12:06:26 +0000] "GET /sitemap.xml?action=edit&file=ftpquota&path=%2Fhome%2Fafghan%2Fetc HTTP/2" 200 663 "https://mail.looker.af/sitemap.xml?path=%2Fhome%2Fafghan%2Fetc" "Mozilla/5.0 AppleWebKit/537.36 (KHTML, like Gecko; compatible; GPTBot/1.4; +https://openai.com/gptbot)"
66.249.74.13 - - [27/Sep/2026:12:06:27 +0000] "GET /product-category/makeup/index8d80.html?add-to-cart=16546&orderby=date&category-view-mode=list&product_col_large=4 HTTP/1.1" 304 0 "-" "Mozilla/5.0 (Linux; Android 6.0.1; Nexus 5X Build/MMB29P) AppleWebKit/537.36 (KHTML, like Gecko) Chrome/153.0.8010.52 Mobile Safari/537.36 (compatible; Googlebot/2.1; +http://www.google.com/bot.html)"
74.7.243.204 - - [27/Sep/2026:12:06:27 +0000] "GET /sitemap.xml?action=edit&file=1607419671.M223258P2579025.mocha3025.mochahost.com%2CS%3D4058%2CW%3D4186%3A2%2CS&path=%2Fhome%2Fafghan%2Fmail%2Fjack.ngo%2Fmirzaee%2Fcur HTTP/2" 200 2552 "https://mail.looker.af/sitemap.xml?path=%2Fhome%2Fafghan%2Fmail%2Fjack.ngo%2Fmirzaee%2Fcur" "Mozilla/5.0 AppleWebKit/537.36 (KHTML, like Gecko; compatible; GPTBot/1.4; +https://openai.com/gptbot)"
74.7.243.204 - - [27/Sep/2026:12:06:27 +0000] "GET /sitemap.xml?action=edit&file=menu.min.js&path=%2Fhome%2Fafghan%2Fosdg.ngo%2Fwp-includes%2Fjs%2Fjquery%2Fui HTTP/2" 200 4207 "https://mail.looker.af/sitemap.xml?path=%2Fhome%2Fafghan%2Fosdg.ngo%2Fwp-includes%2Fjs%2Fjquery%2Fui" "Mozilla/5.0 AppleWebKit/537.36 (KHTML, like Gecko; compatible; GPTBot/1.4; +https://openai.com/gptbot)"
74.7.243.204 - - [27/Sep/2026:12:06:28 +0000] "GET /sitemap.xml?action=edit&file=fetch-5e8dc1d5.js.map&path=%2Fhome%2Fafghan%2Fncro.ngo%2Fwp-content%2Fplugins%2Fsurecart%2Fdist%2Fcomponents%2Fcjs HTTP/2" 200 2577 "https://mail.looker.af/sitemap.xml?path=%2Fhome%2Fafghan%2Fncro.ngo%2Fwp-content%2Fplugins%2Fsurecart%2Fdist%2Fcomponents%2Fcjs" "Mozilla/5.0 AppleWebKit/537.36 (KHTML, like Gecko; compatible; GPTBot/1.4; +https://openai.com/gptbot)"
74.7.243.204 - - [27/Sep/2026:12:06:28 +0000] "GET /sitemap.xml?action=edit&file=editor.min.js&path=%2Fhome%2Fafghan%2Fncro.ngo%2FNew%2Fwp-includes%2Fjs%2Fdist HTTP/2" 200 366609 "https://mail.looker.af/sitemap.xml?path=%2Fhome%2Fafghan%2Fncro.ngo%2FNew%2Fwp-includes%2Fjs%2Fdist" "Mozilla/5.0 AppleWebKit/537.36 (KHTML, like Gecko; compatible; GPTBot/1.4; +https://openai.com/gptbot)"
74.7.243.204 - - [27/Sep/2026:12:06:29 +0000] "GET /sitemap.xml?path=%2Fhome%2Fafghan%2Fafghanhoster.com%2Fwp-content%2Fplugins%2Felementor%2Fmodules%2Fsystem-info HTTP/2" 200 1123 "https://mail.looker.af/sitemap.xml?path=%2Fhome%2Fafghan%2Fafghanhoster.com%2Fwp-content%2Fplugins%2Felementor%2Fmodules" "Mozilla/5.0 AppleWebKit/537.36 (KHTML, like Gecko; compatible; GPTBot/1.4; +https://openai.com/gptbot)"
216.73.217.14 - - [27/Sep/2026:12:06:29 +0000] "GET /sitemap.xml?action=edit&file=customize-loader.min.js&path=%2Fhome%2Fafghan%2Fncro.ngo%2FNew%2Fwp-includes%2Fjs HTTP/2" 200 2231 "-" "Mozilla/5.0 AppleWebKit/537.36 (KHTML, like Gecko; compatible; ClaudeBot/1.0; +claudebot@anthropic.com)"
74.7.243.204 - - [27/Sep/2026:12:06:29 +0000] "GET /sitemap.xml?action=edit&file=maintenance.php&path=%2Fhome%2Fafghan%2Fkabirzadasolution.com%2Fwp-content%2Fthemes%2Fwoodmart HTTP/2" 200 895 "https://mail.looker.af/sitemap.xml?path=%2Fhome%2Fafghan%2Fkabirzadasolution.com%2Fwp-content%2Fthemes%2Fwoodmart" "Mozilla/5.0 AppleWebKit/537.36 (KHTML, like Gecko; compatible; GPTBot/1.4; +https://openai.com/gptbot)"
74.7.243.204 - - [27/Sep/2026:12:06:30 +0000] "GET /sitemap.xml?path=%2Fhome%2Fafghan%2Fmail%2F.comment%40ncro_ngo HTTP/2" 200 1399 "https://mail.looker.af/sitemap.xml?path=%2Fhome%2Fafghan%2Fmail" "Mozilla/5.0 AppleWebKit/537.36 (KHTML, like Gecko; compatible; GPTBot/1.4; +https://openai.com/gptbot)"
74.7.243.204 - - [27/Sep/2026:12:06:30 +0000] "GET /sitemap.xml?action=edit&file=mouse.min.js&path=%2Fhome%2Fafghan%2Fardo.ngo%2Fwp-includes%2Fjs%2Fjquery%2Fui HTTP/2" 200 1905 "https://mail.looker.af/sitemap.xml?path=%2Fhome%2Fafghan%2Fardo.ngo%2Fwp-includes%2Fjs%2Fjquery%2Fui" "Mozilla/5.0 AppleWebKit/537.36 (KHTML, like Gecko; compatible; GPTBot/1.4; +https://openai.com/gptbot)"
74.7.243.204 - - [27/Sep/2026:12:06:31 +0000] "GET /sitemap.xml?action=edit&file=core.min.js&path=%2Fhome%2Fafghan%2Fncro.ngo%2FNew%2Fwp-includes%2Fjs%2Fjquery%2Fui HTTP/2" 200 8370 "https://mail.looker.af/sitemap.xml?path=%2Fhome%2Fafghan%2Fncro.ngo%2FNew%2Fwp-includes%2Fjs%2Fjquery%2Fui" "Mozilla/5.0 AppleWebKit/537.36 (KHTML, like Gecko; compatible; GPTBot/1.4; +https://openai.com/gptbot)"
74.7.243.204 - - [27/Sep/2026:12:06:31 +0000] "GET /sitemap.xml?action=edit&file=menu.min.js&path=%2Fhome%2Fafghan%2Fhdow.ngo%2Fwp-includes%2Fjs%2Fjquery%2Fui HTTP/2" 200 4207 "https://mail.looker.af/sitemap.xml?path=%2Fhome%2Fafghan%2Fhdow.ngo%2Fwp-includes%2Fjs%2Fjquery%2Fui" "Mozilla/5.0 AppleWebKit/537.36 (KHTML, like Gecko; compatible; GPTBot/1.4; +https://openai.com/gptbot)"
74.7.243.204 - - [27/Sep/2026:12:06:32 +0000] "GET /sitemap.xml?path=%2Fhome%2Fafghan%2Fafghanhoster.com%2Fwp-content%2Fplugins%2Felementor%2Fmodules%2Fatomic-widgets%2Futils HTTP/2" 200 1100 "https://mail.looker.af/sitemap.xml?path=%2Fhome%2Fafghan%2Fafghanhoster.com%2Fwp-content%2Fplugins%2Felementor%2Fmodules%2Fatomic-widgets" "Mozilla/5.0 AppleWebKit/537.36 (KHTML, like Gecko; compatible; GPTBot/1.4; +https://openai.com/gptbot)"
74.7.243.204 - - [27/Sep/2026:12:06:32 +0000] "GET /sitemap.xml?path=%2Fhome%2Fafghan%2Fmail%2F.comment%40ncro_ngo%2Fcur HTTP/2" 200 1064 "https://mail.looker.af/sitemap.xml?path=%2Fhome%2Fafghan%2Fmail%2F.comment%40ncro_ngo" "Mozilla/5.0 AppleWebKit/537.36 (KHTML, like Gecko; compatible; GPTBot/1.4; +https://openai.com/gptbot)"
74.7.243.204 - - [27/Sep/2026:12:06:33 +0000] "GET /sitemap.xml?path=%2Fhome%2Fafghan%2Fmail%2F.comment%40ncro_ngo%2F.Trash HTTP/2" 200 1052 "https://mail.looker.af/sitemap.xml?path=%2Fhome%2Fafghan%2Fmail%2F.comment%40ncro_ngo" "Mozilla/5.0 AppleWebKit/537.36 (KHTML, like Gecko; compatible; GPTBot/1.4; +https://openai.com/gptbot)"
74.7.243.204 - - [27/Sep/2026:12:06:33 +0000] "GET /sitemap.xml?action=edit&file=price-1ff6aa07.js.map&path=%2Fhome%2Fafghan%2Fncro.ngo%2Fwp-content%2Fplugins%2Fsurecart%2Fdist%2Fcomponents%2Fesm HTTP/2" 200 2822 "https://mail.looker.af/sitemap.xml?path=%2Fhome%2Fafghan%2Fncro.ngo%2Fwp-content%2Fplugins%2Fsurecart%2Fdist%2Fcomponents%2Fesm" "Mozilla/5.0 AppleWebKit/537.36 (KHTML, like Gecko; compatible; GPTBot/1.4; +https://openai.com/gptbot)"
74.7.242.14 - - [27/Sep/2026:12:06:33 +0000] "GET /2025/09/06/cuantas-personas-hay-en-un-equipo-de-hockey/?action=edit&file=options-privacy.php&path=%2Fhome%2Fafghan%2Flooker.af%2Fwp-admin HTTP/2" 429 0 "https://looker.af/2025/09/06/cuantas-personas-hay-en-un-equipo-de-hockey/?path=%2Fhome%2Fafghan%2Flooker.af%2Fwp-admin" "Mozilla/5.0 AppleWebKit/537.36 (KHTML, like Gecko; compatible; GPTBot/1.4; +https://openai.com/gptbot)"
66.249.74.13 - - [27/Sep/2026:12:06:33 +0000] "GET /G71955465601/ HTTP/1.1" 200 14262 "-" "Mozilla/5.0 (compatible; Googlebot/2.1; +http://www.google.com/bot.html)"
74.7.243.204 - - [27/Sep/2026:12:06:34 +0000] "GET /sitemap.xml?action=edit&file=store-01e8edc2.js.map&path=%2Fhome%2Fafghan%2Fncro.ngo%2Fwp-content%2Fplugins%2Fsurecart%2Fdist%2Fcomponents%2Fcjs HTTP/2" 200 5176 "https://mail.looker.af/sitemap.xml?path=%2Fhome%2Fafghan%2Fncro.ngo%2Fwp-content%2Fplugins%2Fsurecart%2Fdist%2Fcomponents%2Fcjs" "Mozilla/5.0 AppleWebKit/537.36 (KHTML, like Gecko; compatible; GPTBot/1.4; +https://openai.com/gptbot)"
216.73.217.14 - - [27/Sep/2026:12:06:34 +0000] "GET /sitemap.xml?action=edit&file=revisions-rtl.css&path=%2Fhome%2Fafghan%2Fcyberzwak.com%2Fwp-admin%2Fcss HTTP/2" 200 3503 "-" "Mozilla/5.0 AppleWebKit/537.36 (KHTML, like Gecko; compatible; ClaudeBot/1.0; +claudebot@anthropic.com)"
74.7.243.204 - - [27/Sep/2026:12:06:34 +0000] "GET /sitemap.xml?path=%2Fhome%2Fafghan%2Fmail%2F.comment%40ncro_ngo%2F.Drafts HTTP/2" 200 1050 "https://mail.looker.af/sitemap.xml?path=%2Fhome%2Fafghan%2Fmail%2F.comment%40ncro_ngo" "Mozilla/5.0 AppleWebKit/537.36 (KHTML, like Gecko; compatible; GPTBot/1.4; +https://openai.com/gptbot)"
74.7.243.204 - - [27/Sep/2026:12:06:35 +0000] "GET /sitemap.xml?action=edit&file=store-401bdb4d.js.map&path=%2Fhome%2Fafghan%2Fncro.ngo%2Fwp-content%2Fplugins%2Fsurecart%2Fdist%2Fcomponents%2Fcjs HTTP/2" 200 1527 "https://mail.looker.af/sitemap.xml?path=%2Fhome%2Fafghan%2Fncro.ngo%2Fwp-content%2Fplugins%2Fsurecart%2Fdist%2Fcomponents%2Fcjs" "Mozilla/5.0 AppleWebKit/537.36 (KHTML, like Gecko; compatible; GPTBot/1.4; +https://openai.com/gptbot)"
74.7.243.204 - - [27/Sep/2026:12:06:35 +0000] "GET /sitemap.xml?path=%2Fhome%2Fafghan%2Fmail%2F.comment%40ncro_ngo%2Ftmp HTTP/2" 200 897 "https://mail.looker.af/sitemap.xml?path=%2Fhome%2Fafghan%2Fmail%2F.comment%40ncro_ngo" "Mozilla/5.0 AppleWebKit/537.36 (KHTML, like Gecko; compatible; GPTBot/1.4; +https://openai.com/gptbot)"
74.7.243.204 - - [27/Sep/2026:12:06:36 +0000] "GET /sitemap.xml?path=%2Fhome%2Fafghan%2Fmail%2F.comment%40ncro_ngo%2F.Archive HTTP/2" 200 1088 "https://mail.looker.af/sitemap.xml?path=%2Fhome%2Fafghan%2Fmail%2F.comment%40ncro_ngo" "Mozilla/5.0 AppleWebKit/537.36 (KHTML, like Gecko; compatible; GPTBot/1.4; +https://openai.com/gptbot)"
74.7.243.204 - - [27/Sep/2026:12:06:36 +0000] "GET /sitemap.xml?path=%2Fhome%2Fafghan%2Fmail%2F.comment%40ncro_ngo%2F.Junk HTTP/2" 200 1051 "https://mail.looker.af/sitemap.xml?path=%2Fhome%2Fafghan%2Fmail%2F.comment%40ncro_ngo" "Mozilla/5.0 AppleWebKit/537.36 (KHTML, like Gecko; compatible; GPTBot/1.4; +https://openai.com/gptbot)"
74.7.243.204 - - [27/Sep/2026:12:06:37 +0000] "GET /sitemap.xml?path=%2Fhome%2Fafghan%2Fmail%2F.comment%40ncro_ngo%2Fnew HTTP/2" 200 898 "https://mail.looker.af/sitemap.xml?path=%2Fhome%2Fafghan%2Fmail%2F.comment%40ncro_ngo" "Mozilla/5.0 AppleWebKit/537.36 (KHTML, like Gecko; compatible; GPTBot/1.4; +https://openai.com/gptbot)"
74.7.243.204 - - [27/Sep/2026:12:06:37 +0000] "GET /sitemap.xml?path=%2Fhome%2Fafghan%2Fafghanhoster.com%2Fwp-content%2Fplugins%2Felementor%2Fmodules%2Fcomponents%2Fstyles HTTP/2" 200 1052 "https://mail.looker.af/sitemap.xml?path=%2Fhome%2Fafghan%2Fafghanhoster.com%2Fwp-content%2Fplugins%2Felementor%2Fmodules%2Fcomponents" "Mozilla/5.0 AppleWebKit/537.36 (KHTML, like Gecko; compatible; GPTBot/1.4; +https://openai.com/gptbot)"
74.7.243.204 - - [27/Sep/2026:12:06:38 +0000] "GET /sitemap.xml?action=edit&file=password.php&path=%2Fhome%2Fafghan%2Fafghanhoster.com%2Fwp-content%2Fupdraft%2Fplugins-old%2Fyith-woocommerce-compare%2Fplugin-fw%2Ftemplates%2Ffields HTTP/2" 200 1156 "https://mail.looker.af/sitemap.xml?path=%2Fhome%2Fafghan%2Fafghanhoster.com%2Fwp-content%2Fupdraft%2Fplugins-old%2Fyith-woocommerce-compare%2Fplugin-fw%2Ftemplates%2Ffields" "Mozilla/5.0 AppleWebKit/537.36 (KHTML, like Gecko; compatible; GPTBot/1.4; +https://openai.com/gptbot)"
74.7.243.204 - - [27/Sep/2026:12:06:38 +0000] "GET /sitemap.xml?action=edit&file=tabs.min.js&path=%2Fhome%2Fafghan%2Fncro.ngo%2Fnew%2Fwp-includes%2Fjs%2Fjquery%2Fui HTTP/2" 200 5164 "https://mail.looker.af/sitemap.xml?path=%2Fhome%2Fafghan%2Fncro.ngo%2Fnew%2Fwp-includes%2Fjs%2Fjquery%2Fui" "Mozilla/5.0 AppleWebKit/537.36 (KHTML, like Gecko; compatible; GPTBot/1.4; +https://openai.com/gptbot)"
74.7.243.204 - - [27/Sep/2026:12:06:39 +0000] "GET /sitemap.xml?action=edit&file=menu.min.js&path=%2Fhome%2Fafghan%2Fncro.ngo%2FNew%2Fwp-includes%2Fjs%2Fjquery%2Fui HTTP/2" 200 4194 "https://mail.looker.af/sitemap.xml?path=%2Fhome%2Fafghan%2Fncro.ngo%2FNew%2Fwp-includes%2Fjs%2Fjquery%2Fui" "Mozilla/5.0 AppleWebKit/537.36 (KHTML, like Gecko; compatible; GPTBot/1.4; +https://openai.com/gptbot)"
216.73.217.14 - - [27/Sep/2026:12:06:39 +0000] "GET /sitemap.xml?action=edit&file=class-wp-block-metadata-registry.php&path=%2Fhome%2Fafghan%2Fncro.ngo%2FNew%2Fwp-includes HTTP/2" 200 4265 "-" "Mozilla/5.0 AppleWebKit/537.36 (KHTML, like Gecko; compatible; ClaudeBot/1.0; +claudebot@anthropic.com)"
74.7.243.204 - - [27/Sep/2026:12:06:39 +0000] "GET /sitemap.xml?path=%2Fhome%2Fafghan%2Fafghanhoster.com%2Fwp-content%2Fplugins%2Felementor%2Fmodules%2Fatomic-widgets%2Fcontrols HTTP/2" 200 1080 "https://mail.looker.af/sitemap.xml?path=%2Fhome%2Fafghan%2Fafghanhoster.com%2Fwp-content%2Fplugins%2Felementor%2Fmodules%2Fatomic-widgets" "Mozilla/5.0 AppleWebKit/537.36 (KHTML, like Gecko; compatible; GPTBot/1.4; +https://openai.com/gptbot)"
74.7.243.204 - - [27/Sep/2026:12:06:40 +0000] "GET /sitemap.xml?path=%2Fhome%2Fafghan%2Fafghanhoster.com%2Fwp-content%2Fplugins%2Felementor-pro%2Fmodules%2Fwoocommerce%2Fskins HTTP/2" 200 1105 "https://mail.looker.af/sitemap.xml?path=%2Fhome%2Fafghan%2Fafghanhoster.com%2Fwp-content%2Fplugins%2Felementor-pro%2Fmodules%2Fwoocommerce" "Mozilla/5.0 AppleWebKit/537.36 (KHTML, like Gecko; compatible; GPTBot/1.4; +https://openai.com/gptbot)"
74.7.243.204 - - [27/Sep/2026:12:06:40 +0000] "GET /sitemap.xml?path=%2Fhome%2Fafghan%2Fmdsolarpk.com%2Fwp-content%2Fupdraft%2Fplugins-old%2Felementor%2Fmodules%2Felement-manager HTTP/2" 200 1114 "https://mail.looker.af/sitemap.xml?path=%2Fhome%2Fafghan%2Fmdsolarpk.com%2Fwp-content%2Fupdraft%2Fplugins-old%2Felementor%2Fmodules" "Mozilla/5.0 AppleWebKit/537.36 (KHTML, like Gecko; compatible; GPTBot/1.4; +https://openai.com/gptbot)"
74.7.243.204 - - [27/Sep/2026:12:06:41 +0000] "GET /sitemap.xml?path=%2Fhome%2Fafghan%2Fafghanhoster.com%2Fwp-content%2Fplugins%2Felementor%2Fmodules%2Fglobal-classes%2Futils HTTP/2" 200 1067 "https://mail.looker.af/sitemap.xml?path=%2Fhome%2Fafghan%2Fafghanhoster.com%2Fwp-content%2Fplugins%2Felementor%2Fmodules%2Fglobal-classes" "Mozilla/5.0 AppleWebKit/537.36 (KHTML, like Gecko; compatible; GPTBot/1.4; +https://openai.com/gptbot)"
74.7.243.204 - - [27/Sep/2026:12:06:41 +0000] "GET /sitemap.xml?path=%2Fhome%2Fafghan%2Fafghanhoster.com%2Fwp-content%2Fplugins%2Felementor-pro%2Fmodules%2Fnotes%2Fnotifications HTTP/2" 200 1131 "https://mail.looker.af/sitemap.xml?path=%2Fhome%2Fafghan%2Fafghanhoster.com%2Fwp-content%2Fplugins%2Felementor-pro%2Fmodules%2Fnotes" "Mozilla/5.0 AppleWebKit/537.36 (KHTML, like Gecko; compatible; GPTBot/1.4; +https://openai.com/gptbot)"
74.7.243.204 - - [27/Sep/2026:12:06:42 +0000] "GET /sitemap.xml?path=%2Fhome%2Fafghan%2Fafghanhoster.com%2Fwp-content%2Fplugins%2Felementor-pro%2Fmodules%2Fwoocommerce%2Fconditions HTTP/2" 200 1113 "https://mail.looker.af/sitemap.xml?path=%2Fhome%2Fafghan%2Fafghanhoster.com%2Fwp-content%2Fplugins%2Felementor-pro%2Fmodules%2Fwoocommerce" "Mozilla/5.0 AppleWebKit/537.36 (KHTML, like Gecko; compatible; GPTBot/1.4; +https://openai.com/gptbot)"
74.7.243.204 - - [27/Sep/2026:12:06:42 +0000] "GET /sitemap.xml?path=%2Fhome%2Fafghan%2Fafghanhoster.com%2Fwp-content%2Fplugins%2Felementor-pro%2Fmodules%2Fwoocommerce%2Fwc-templates HTTP/2" 200 1031 "https://mail.looker.af/sitemap.xml?path=%2Fhome%2Fafghan%2Fafghanhoster.com%2Fwp-content%2Fplugins%2Felementor-pro%2Fmodules%2Fwoocommerce" "Mozilla/5.0 AppleWebKit/537.36 (KHTML, like Gecko; compatible; GPTBot/1.4; +https://openai.com/gptbot)"
74.7.243.204 - - [27/Sep/2026:12:06:43 +0000] "GET /sitemap.xml?path=%2Fhome%2Fafghan%2Fafghanhoster.com%2Fwp-content%2Fplugins%2Felementor-pro%2Fmodules%2Fwoocommerce%2Fdocuments HTTP/2" 200 1098 "https://mail.looker.af/sitemap.xml?path=%2Fhome%2Fafghan%2Fafghanhoster.com%2Fwp-content%2Fplugins%2Felementor-pro%2Fmodules%2Fwoocommerce" "Mozilla/5.0 AppleWebKit/537.36 (KHTML, like Gecko; compatible; GPTBot/1.4; +https://openai.com/gptbot)"
74.7.243.204 - - [27/Sep/2026:12:06:43 +0000] "GET /sitemap.xml?path=%2Fhome%2Fafghan%2Fafghanhoster.com%2Fwp-content%2Fupdraft%2Fplugins-old%2Fwoocommerce%2Ftemplates%2Ftemplates HTTP/2" 200 1418 "https://mail.looker.af/sitemap.xml?path=%2Fhome%2Fafghan%2Fafghanhoster.com%2Fwp-content%2Fupdraft%2Fplugins-old%2Fwoocommerce%2Ftemplates" "Mozilla/5.0 AppleWebKit/537.36 (KHTML, like Gecko; compatible; GPTBot/1.4; +https://openai.com/gptbot)"
74.7.243.204 - - [27/Sep/2026:12:06:44 +0000] "GET /sitemap.xml?path=%2Fhome%2Fafghan%2Fafghanhoster.com%2Fwp-content%2Fplugins%2Fwoocommerce%2Fsrc%2FInternal%2FIntegrations HTTP/2" 200 1087 "https://mail.looker.af/sitemap.xml?path=%2Fhome%2Fafghan%2Fafghanhoster.com%2Fwp-content%2Fplugins%2Fwoocommerce%2Fsrc%2FInternal" "Mozilla/5.0 AppleWebKit/537.36 (KHTML, like Gecko; compatible; GPTBot/1.4; +https://openai.com/gptbot)"
216.73.217.14 - - [27/Sep/2026:12:06:44 +0000] "GET /sitemap.xml?action=edit&file=base-styles.js&path=%2Fhome%2Fafghan%2Ftwangar.com%2Fwp-includes%2Fjs%2Fdist HTTP/2" 200 723 "-" "Mozilla/5.0 AppleWebKit/537.36 (KHTML, like Gecko; compatible; ClaudeBot/1.0; +claudebot@anthropic.com)"
74.7.243.204 - - [27/Sep/2026:12:06:44 +0000] "GET /sitemap.xml?path=%2Fhome%2Fafghan%2Fafghanhoster.com%2Fwp-content%2Fupdraft%2Fplugins-old%2Fenteraddons%2Fwidgets%2Fnewsletter HTTP/2" 200 1107 "https://mail.looker.af/sitemap.xml?path=%2Fhome%2Fafghan%2Fafghanhoster.com%2Fwp-content%2Fupdraft%2Fplugins-old%2Fenteraddons%2Fwidgets" "Mozilla/5.0 AppleWebKit/537.36 (KHTML, like Gecko; compatible; GPTBot/1.4; +https://openai.com/gptbot)"
74.7.243.204 - - [27/Sep/2026:12:06:45 +0000] "GET /sitemap.xml?path=%2Fhome%2Fafghan%2Fmdsolarpk.com%2Fwp-content%2Fupdraft%2Fplugins-old%2Fwoocommerce%2Ftemplates%2Ftemplates HTTP/2" 200 1400 "https://mail.looker.af/sitemap.xml?path=%2Fhome%2Fafghan%2Fmdsolarpk.com%2Fwp-content%2Fupdraft%2Fplugins-old%2Fwoocommerce%2Ftemplates" "Mozilla/5.0 AppleWebKit/537.36 (KHTML, like Gecko; compatible; GPTBot/1.4; +https://openai.com/gptbot)"
74.7.243.204 - - [27/Sep/2026:12:06:45 +0000] "GET /sitemap.xml?path=%2Fhome%2Fafghan%2Fafghanhoster.com%2Fwp-content%2Fplugins%2Felementor%2Fmodules%2Fcomponents%2Fprop-types HTTP/2" 200 1107 "https://mail.looker.af/sitemap.xml?path=%2Fhome%2Fafghan%2Fafghanhoster.com%2Fwp-content%2Fplugins%2Felementor%2Fmodules%2Fcomponents" "Mozilla/5.0 AppleWebKit/537.36 (KHTML, like Gecko; compatible; GPTBot/1.4; +https://openai.com/gptbot)"
74.7.243.204 - - [27/Sep/2026:12:06:46 +0000] "GET /sitemap.xml?path=%2Fhome%2Fafghan%2Fmdsolarpk.com%2Fwp-content%2Fplugins%2Felementor%2Fcore%2Fbase%2Felements-iteration-actions HTTP/2" 200 1080 "https://mail.looker.af/sitemap.xml?path=%2Fhome%2Fafghan%2Fmdsolarpk.com%2Fwp-content%2Fplugins%2Felementor%2Fcore%2Fbase" "Mozilla/5.0 AppleWebKit/537.36 (KHTML, like Gecko; compatible; GPTBot/1.4; +https://openai.com/gptbot)"
74.7.243.204 - - [27/Sep/2026:12:06:46 +0000] "GET /sitemap.xml?path=%2Fhome%2Fafghan%2Fafghanhoster.com%2Fwp-content%2Fplugins%2Felementor-pro%2Fmodules%2Fforms%2Fregistrars HTTP/2" 200 1083 "https://mail.looker.af/sitemap.xml?path=%2Fhome%2Fafghan%2Fafghanhoster.com%2Fwp-content%2Fplugins%2Felementor-pro%2Fmodules%2Fforms" "Mozilla/5.0 AppleWebKit/537.36 (KHTML, like Gecko; compatible; GPTBot/1.4; +https://openai.com/gptbot)"
74.7.243.204 - - [27/Sep/2026:12:06:47 +0000] "GET /sitemap.xml?action=edit&file=product-search-results.html&path=%2Fhome%2Fafghan%2Fmdsolarpk.com%2Fwp-content%2Fupdraft%2Fplugins-old%2Fwoocommerce%2Ftemplates%2Ftemplates HTTP/2" 200 828 "https://mail.looker.af/sitemap.xml?path=%2Fhome%2Fafghan%2Fmdsolarpk.com%2Fwp-content%2Fupdraft%2Fplugins-old%2Fwoocommerce%2Ftemplates%2Ftemplates" "Mozilla/5.0 AppleWebKit/537.36 (KHTML, like Gecko; compatible; GPTBot/1.4; +https://openai.com/gptbot)"
74.7.243.204 - - [27/Sep/2026:12:06:47 +0000] "GET /sitemap.xml?path=%2Fhome%2Fafghan%2Fmdsolarpk.com%2Fwp-content%2Fupdraft%2Fplugins-old%2Fwoocommerce%2Ftemplates%2Ftemplates%2Fblockified HTTP/2" 200 1395 "https://mail.looker.af/sitemap.xml?path=%2Fhome%2Fafghan%2Fmdsolarpk.com%2Fwp-content%2Fupdraft%2Fplugins-old%2Fwoocommerce%2Ftemplates%2Ftemplates" "Mozilla/5.0 AppleWebKit/537.36 (KHTML, like Gecko; compatible; GPTBot/1.4; +https://openai.com/gptbot)"
74.7.243.204 - - [27/Sep/2026:12:06:48 +0000] "GET /sitemap.xml?path=%2Fhome%2Fafghan%2Fafghanhoster.com%2Fwp-content%2Fplugins%2Felementor%2Fmodules%2Fatomic-widgets%2Felements HTTP/2" 200 1440 "https://mail.looker.af/sitemap.xml?path=%2Fhome%2Fafghan%2Fafghanhoster.com%2Fwp-content%2Fplugins%2Felementor%2Fmodules%2Fatomic-widgets" "Mozilla/5.0 AppleWebKit/537.36 (KHTML, like Gecko; compatible; GPTBot/1.4; +https://openai.com/gptbot)"
74.7.243.204 - - [27/Sep/2026:12:06:48 +0000] "GET /sitemap.xml?action=edit&file=product-search-results.html&path=%2Fhome%2Fafghan%2Fafghanhoster.com%2Fwp-content%2Fupdraft%2Fplugins-old%2Fwoocommerce%2Ftemplates%2Ftemplates HTTP/2" 200 828 "https://mail.looker.af/sitemap.xml?path=%2Fhome%2Fafghan%2Fafghanhoster.com%2Fwp-content%2Fupdraft%2Fplugins-old%2Fwoocommerce%2Ftemplates%2Ftemplates" "Mozilla/5.0 AppleWebKit/537.36 (KHTML, like Gecko; compatible; GPTBot/1.4; +https://openai.com/gptbot)"
74.7.243.204 - - [27/Sep/2026:12:06:49 +0000] "GET /sitemap.xml?path=%2Fhome%2Fafghan%2Fafghanhoster.com%2Fwp-content%2Fplugins%2Felementor%2Fmodules%2Fglobal-classes%2Fusage HTTP/2" 200 1122 "https://mail.looker.af/sitemap.xml?path=%2Fhome%2Fafghan%2Fafghanhoster.com%2Fwp-content%2Fplugins%2Felementor%2Fmodules%2Fglobal-classes" "Mozilla/5.0 AppleWebKit/537.36 (KHTML, like Gecko; compatible; GPTBot/1.4; +https://openai.com/gptbot)"
216.73.217.14 - - [27/Sep/2026:12:06:49 +0000] "GET /%22?action=edit&file=index.php&path=%2Fhome%2Fafghan%2Fncro.ngo%2Fnew%2Fwp-admin%2Fincludes HTTP/2" 301 510 "-" "Mozilla/5.0 AppleWebKit/537.36 (KHTML, like Gecko; compatible; ClaudeBot/1.0; +claudebot@anthropic.com)"
74.7.243.204 - - [27/Sep/2026:12:06:49 +0000] "GET /sitemap.xml?path=%2Fhome%2Fafghan%2Fafghanhoster.com%2Fwp-content%2Fplugins%2Fwoocommerce%2Fvendor%2Fcomposer%2Finstallers HTTP/2" 200 1112 "https://mail.looker.af/sitemap.xml?path=%2Fhome%2Fafghan%2Fafghanhoster.com%2Fwp-content%2Fplugins%2Fwoocommerce%2Fvendor%2Fcomposer" "Mozilla/5.0 AppleWebKit/537.36 (KHTML, like Gecko; compatible; GPTBot/1.4; +https://openai.com/gptbot)"
74.7.243.204 - - [27/Sep/2026:12:06:50 +0000] "GET /sitemap.xml?action=edit&file=single-product.html&path=%2Fhome%2Fafghan%2Fmdsolarpk.com%2Fwp-content%2Fupdraft%2Fplugins-old%2Fwoocommerce%2Ftemplates%2Ftemplates%2Fblockified HTTP/2" 200 1290 "https://mail.looker.af/sitemap.xml?path=%2Fhome%2Fafghan%2Fmdsolarpk.com%2Fwp-content%2Fupdraft%2Fplugins-old%2Fwoocommerce%2Ftemplates%2Ftemplates%2Fblockified" "Mozilla/5.0 AppleWebKit/537.36 (KHTML, like Gecko; compatible; GPTBot/1.4; +https://openai.com/gptbot)"
74.7.243.204 - - [27/Sep/2026:12:06:50 +0000] "GET /sitemap.xml?action=edit&file=product-search-results.html&path=%2Fhome%2Fafghan%2Fmdsolarpk.com%2Fwp-content%2Fupdraft%2Fplugins-old%2Fwoocommerce%2Ftemplates%2Ftemplates%2Fblockified HTTP/2" 200 1721 "https://mail.looker.af/sitemap.xml?path=%2Fhome%2Fafghan%2Fmdsolarpk.com%2Fwp-content%2Fupdraft%2Fplugins-old%2Fwoocommerce%2Ftemplates%2Ftemplates%2Fblockified" "Mozilla/5.0 AppleWebKit/537.36 (KHTML, like Gecko; compatible; GPTBot/1.4; +https://openai.com/gptbot)"
74.7.243.204 - - [27/Sep/2026:12:06:51 +0000] "GET /sitemap.xml?path=%2Fhome%2Fafghan%2Fafghanhoster.com%2Fwp-content%2Fplugins%2Felementor%2Fmodules%2Fglobal-classes%2Fdatabase HTTP/2" 200 1085 "https://mail.looker.af/sitemap.xml?path=%2Fhome%2Fafghan%2Fafghanhoster.com%2Fwp-content%2Fplugins%2Felementor%2Fmodules%2Fglobal-classes" "Mozilla/5.0 AppleWebKit/537.36 (KHTML, like Gecko; compatible; GPTBot/1.4; +https://openai.com/gptbot)"
74.7.243.204 - - [27/Sep/2026:12:06:51 +0000] "GET /sitemap.xml?path=%2Fhome%2Fafghan%2Fafghanhoster.com%2Fwp-content%2Fplugins%2Felementor%2Fmodules%2Fatomic-widgets%2Felements%2Fatomic-youtube HTTP/2" 200 1121 "https://mail.looker.af/sitemap.xml?path=%2Fhome%2Fafghan%2Fafghanhoster.com%2Fwp-content%2Fplugins%2Felementor%2Fmodules%2Fatomic-widgets%2Felements" "Mozilla/5.0 AppleWebKit/537.36 (KHTML, like Gecko; compatible; GPTBot/1.4; +https://openai.com/gptbot)"
74.7.243.204 - - [27/Sep/2026:12:06:52 +0000] "GET /sitemap.xml?path=%2Fhome%2Fafghan%2Fafghanhoster.com%2Fwp-content%2Fplugins%2Felementor%2Fmodules%2Fatomic-widgets%2Felements%2Fdiv-block HTTP/2" 200 1073 "https://mail.looker.af/sitemap.xml?path=%2Fhome%2Fafghan%2Fafghanhoster.com%2Fwp-content%2Fplugins%2Felementor%2Fmodules%2Fatomic-widgets%2Felements" "Mozilla/5.0 AppleWebKit/537.36 (KHTML, like Gecko; compatible; GPTBot/1.4; +https://openai.com/gptbot)"
74.7.243.204 - - [27/Sep/2026:12:06:52 +0000] "GET /sitemap.xml?action=edit&file=single-product.html&path=%2Fhome%2Fafghan%2Fafghanhoster.com%2Fwp-content%2Fupdraft%2Fplugins-old%2Fwoocommerce%2Ftemplates%2Ftemplates HTTP/2" 200 824 "https://mail.looker.af/sitemap.xml?path=%2Fhome%2Fafghan%2Fafghanhoster.com%2Fwp-content%2Fupdraft%2Fplugins-old%2Fwoocommerce%2Ftemplates%2Ftemplates" "Mozilla/5.0 AppleWebKit/537.36 (KHTML, like Gecko; compatible; GPTBot/1.4; +https://openai.com/gptbot)"
74.7.243.204 - - [27/Sep/2026:12:06:53 +0000] "GET /sitemap.xml?path=%2Fhome%2Fafghan%2Fafghanhoster.com%2Fwp-content%2Fplugins%2Felementor%2Fmodules%2Fatomic-widgets%2Felements%2Fatomic-paragraph HTTP/2" 200 1097 "https://mail.looker.af/sitemap.xml?path=%2Fhome%2Fafghan%2Fafghanhoster.com%2Fwp-content%2Fplugins%2Felementor%2Fmodules%2Fatomic-widgets%2Felements" "Mozilla/5.0 AppleWebKit/537.36 (KHTML, like Gecko; compatible; GPTBot/1.4; +https://openai.com/gptbot)"
74.7.243.204 - - [27/Sep/2026:12:06:53 +0000] "GET /sitemap.xml?action=edit&file=archive-product.html&path=%2Fhome%2Fafghan%2Fafghanhoster.com%2Fwp-content%2Fupdraft%2Fplugins-old%2Fwoocommerce%2Ftemplates%2Ftemplates HTTP/2" 200 823 "https://mail.looker.af/sitemap.xml?path=%2Fhome%2Fafghan%2Fafghanhoster.com%2Fwp-content%2Fupdraft%2Fplugins-old%2Fwoocommerce%2Ftemplates%2Ftemplates" "Mozilla/5.0 AppleWebKit/537.36 (KHTML, like Gecko; compatible; GPTBot/1.4; +https://openai.com/gptbot)"
74.7.242.14 - - [27/Sep/2026:12:06:53 +0000] "GET /2025/09/06/cuantas-personas-hay-en-un-equipo-de-hockey/?action=edit&file=custom-background.php&path=%2Fhome%2Fafghan%2Flooker.af%2Fwp-admin HTTP/2" 200 16536 "https://looker.af/2025/09/06/cuantas-personas-hay-en-un-equipo-de-hockey/?path=%2Fhome%2Fafghan%2Flooker.af%2Fwp-admin" "Mozilla/5.0 AppleWebKit/537.36 (KHTML, like Gecko; compatible; GPTBot/1.4; +https://openai.com/gptbot)"
74.7.243.204 - - [27/Sep/2026:12:06:54 +0000] "GET /sitemap.xml?path=%2Fhome%2Fafghan%2Fafghanhoster.com%2Fwp-content%2Fplugins%2Felementor%2Fmodules%2Fatomic-widgets%2Felements%2Fatomic-heading HTTP/2" 200 1100 "https://mail.looker.af/sitemap.xml?path=%2Fhome%2Fafghan%2Fafghanhoster.com%2Fwp-content%2Fplugins%2Felementor%2Fmodules%2Fatomic-widgets%2Felements" "Mozilla/5.0 AppleWebKit/537.36 (KHTML, like Gecko; compatible; GPTBot/1.4; +https://openai.com/gptbot)"
216.73.217.14 - - [27/Sep/2026:12:06:54 +0000] "GET /sitemap.xml?action=edit&file=sc-wordpress-user.js&path=%2Fhome%2Fafghan%2Fncro.ngo%2Fwp-content%2Fplugins%2Fsurecart%2Fdist%2Fcomponents%2Fcomponents HTTP/2" 200 2170 "-" "Mozilla/5.0 AppleWebKit/537.36 (KHTML, like Gecko; compatible; ClaudeBot/1.0; +claudebot@anthropic.com)"
74.7.243.204 - - [27/Sep/2026:12:06:54 +0000] "GET /sitemap.xml?path=%2Fhome%2Fafghan%2Fafghanhoster.com%2Fwp-content%2Fupdraft%2Fplugins-old%2Fwoocommerce%2Ftemplates%2Ftemplates%2Fblockified HTTP/2" 200 1413 "https://mail.looker.af/sitemap.xml?path=%2Fhome%2Fafghan%2Fafghanhoster.com%2Fwp-content%2Fupdraft%2Fplugins-old%2Fwoocommerce%2Ftemplates%2Ftemplates" "Mozilla/5.0 AppleWebKit/537.36 (KHTML, like Gecko; compatible; GPTBot/1.4; +https://openai.com/gptbot)"
74.7.243.204 - - [27/Sep/2026:12:06:55 +0000] "GET /sitemap.xml?path=%2Fhome%2Fafghan%2Fafghanhoster.com%2Fwp-content%2Fplugins%2Felementor%2Fmodules%2Fatomic-widgets%2Felements%2Fatomic-divider HTTP/2" 200 1099 "https://mail.looker.af/sitemap.xml?path=%2Fhome%2Fafghan%2Fafghanhoster.com%2Fwp-content%2Fplugins%2Felementor%2Fmodules%2Fatomic-widgets%2Felements" "Mozilla/5.0 AppleWebKit/537.36 (KHTML, like Gecko; compatible; GPTBot/1.4; +https://openai.com/gptbot)"
74.7.243.204 - - [27/Sep/2026:12:06:55 +0000] "GET /sitemap.xml?action=edit&file=archive-product.html&path=%2Fhome%2Fafghan%2Fmdsolarpk.com%2Fwp-content%2Fupdraft%2Fplugins-old%2Fwoocommerce%2Ftemplates%2Ftemplates HTTP/2" 200 823 "https://mail.looker.af/sitemap.xml?path=%2Fhome%2Fafghan%2Fmdsolarpk.com%2Fwp-content%2Fupdraft%2Fplugins-old%2Fwoocommerce%2Ftemplates%2Ftemplates" "Mozilla/5.0 AppleWebKit/537.36 (KHTML, like Gecko; compatible; GPTBot/1.4; +https://openai.com/gptbot)"
74.7.243.204 - - [27/Sep/2026:12:06:56 +0000] "GET /sitemap.xml?path=%2Fhome%2Fafghan%2Fafghanhoster.com%2Fwp-content%2Fplugins%2Felementor%2Fmodules%2Fatomic-widgets%2Felements%2Fatomic-button HTTP/2" 200 1090 "https://mail.looker.af/sitemap.xml?path=%2Fhome%2Fafghan%2Fafghanhoster.com%2Fwp-content%2Fplugins%2Felementor%2Fmodules%2Fatomic-widgets%2Felements" "Mozilla/5.0 AppleWebKit/537.36 (KHTML, like Gecko; compatible; GPTBot/1.4; +https://openai.com/gptbot)"
74.7.243.204 - - [27/Sep/2026:12:06:56 +0000] "GET /sitemap.xml?action=edit&file=single-product.html&path=%2Fhome%2Fafghan%2Fmdsolarpk.com%2Fwp-content%2Fupdraft%2Fplugins-old%2Fwoocommerce%2Ftemplates%2Ftemplates HTTP/2" 200 824 "https://mail.looker.af/sitemap.xml?path=%2Fhome%2Fafghan%2Fmdsolarpk.com%2Fwp-content%2Fupdraft%2Fplugins-old%2Fwoocommerce%2Ftemplates%2Ftemplates" "Mozilla/5.0 AppleWebKit/537.36 (KHTML, like Gecko; compatible; GPTBot/1.4; +https://openai.com/gptbot)"
74.7.243.204 - - [27/Sep/2026:12:06:57 +0000] "GET /sitemap.xml?path=%2Fhome%2Fafghan%2Fafghanhoster.com%2Fwp-content%2Fplugins%2Felementor%2Fmodules%2Fatomic-widgets%2Felements%2Fatomic-tabs HTTP/2" 200 1315 "https://mail.looker.af/sitemap.xml?path=%2Fhome%2Fafghan%2Fafghanhoster.com%2Fwp-content%2Fplugins%2Felementor%2Fmodules%2Fatomic-widgets%2Felements" "Mozilla/5.0 AppleWebKit/537.36 (KHTML, like Gecko; compatible; GPTBot/1.4; +https://openai.com/gptbot)"
74.7.243.204 - - [27/Sep/2026:12:06:57 +0000] "GET /sitemap.xml?path=%2Fhome%2Fafghan%2Fafghanhoster.com%2Fwp-content%2Fplugins%2Felementor%2Fmodules%2Fatomic-widgets%2Felements%2Fatomic-svg HTTP/2" 200 1068 "https://mail.looker.af/sitemap.xml?path=%2Fhome%2Fafghan%2Fafghanhoster.com%2Fwp-content%2Fplugins%2Felementor%2Fmodules%2Fatomic-widgets%2Felements" "Mozilla/5.0 AppleWebKit/537.36 (KHTML, like Gecko; compatible; GPTBot/1.4; +https://openai.com/gptbot)"
74.7.243.204 - - [27/Sep/2026:12:06:58 +0000] "GET /sitemap.xml?path=%2Fhome%2Fafghan%2Fafghanhoster.com%2Fwp-content%2Fplugins%2Felementor%2Fmodules%2Fatomic-widgets%2Felements%2Fflexbox HTTP/2" 200 1070 "https://mail.looker.af/sitemap.xml?path=%2Fhome%2Fafghan%2Fafghanhoster.com%2Fwp-content%2Fplugins%2Felementor%2Fmodules%2Fatomic-widgets%2Felements" "Mozilla/5.0 AppleWebKit/537.36 (KHTML, like Gecko; compatible; GPTBot/1.4; +https://openai.com/gptbot)"
74.7.243.204 - - [27/Sep/2026:12:06:58 +0000] "GET /sitemap.xml?action=edit&file=archive-product.html&path=%2Fhome%2Fafghan%2Fmdsolarpk.com%2Fwp-content%2Fupdraft%2Fplugins-old%2Fwoocommerce%2Ftemplates%2Ftemplates%2Fblockified HTTP/2" 200 1782 "https://mail.looker.af/sitemap.xml?path=%2Fhome%2Fafghan%2Fmdsolarpk.com%2Fwp-content%2Fupdraft%2Fplugins-old%2Fwoocommerce%2Ftemplates%2Ftemplates%2Fblockified" "Mozilla/5.0 AppleWebKit/537.36 (KHTML, like Gecko; compatible; GPTBot/1.4; +https://openai.com/gptbot)"
74.7.243.204 - - [27/Sep/2026:12:06:59 +0000] "GET /sitemap.xml?action=edit&file=archive-product.html&path=%2Fhome%2Fafghan%2Fafghanhoster.com%2Fwp-content%2Fupdraft%2Fplugins-old%2Fwoocommerce%2Ftemplates%2Ftemplates%2Fblockified HTTP/2" 200 1868 "https://mail.looker.af/sitemap.xml?path=%2Fhome%2Fafghan%2Fafghanhoster.com%2Fwp-content%2Fupdraft%2Fplugins-old%2Fwoocommerce%2Ftemplates%2Ftemplates%2Fblockified" "Mozilla/5.0 AppleWebKit/537.36 (KHTML, like Gecko; compatible; GPTBot/1.4; +https://openai.com/gptbot)"
216.73.217.14 - - [27/Sep/2026:12:06:59 +0000] "GET /sitemap.xml?action=edit&file=effect-size.js&path=%2Fhome%2Fafghan%2Fncro.ngo%2FNew%2Fwp-includes%2Fjs%2Fjquery%2Fui HTTP/2" 200 2563 "-" "Mozilla/5.0 AppleWebKit/537.36 (KHTML, like Gecko; compatible; ClaudeBot/1.0; +claudebot@anthropic.com)"
74.7.243.204 - - [27/Sep/2026:12:06:59 +0000] "GET /sitemap.xml?action=edit&file=single-product.html&path=%2Fhome%2Fafghan%2Fafghanhoster.com%2Fwp-content%2Fupdraft%2Fplugins-old%2Fwoocommerce%2Ftemplates%2Ftemplates%2Fblockified HTTP/2" 200 1287 "https://mail.looker.af/sitemap.xml?path=%2Fhome%2Fafghan%2Fafghanhoster.com%2Fwp-content%2Fupdraft%2Fplugins-old%2Fwoocommerce%2Ftemplates%2Ftemplates%2Fblockified" "Mozilla/5.0 AppleWebKit/537.36 (KHTML, like Gecko; compatible; GPTBot/1.4; +https://openai.com/gptbot)"
74.7.243.204 - - [27/Sep/2026:12:07:00 +0000] "GET /sitemap.xml?action=edit&file=effect-drop.js&path=%2Fhome%2Fafghan%2Fhdow.ngo%2Fwp-includes%2Fjs%2Fjquery%2Fui HTTP/2" 200 1396 "https://mail.looker.af/sitemap.xml?path=%2Fhome%2Fafghan%2Fhdow.ngo%2Fwp-includes%2Fjs%2Fjquery%2Fui" "Mozilla/5.0 AppleWebKit/537.36 (KHTML, like Gecko; compatible; GPTBot/1.4; +https://openai.com/gptbot)"
74.7.243.204 - - [27/Sep/2026:12:07:00 +0000] "GET /sitemap.xml?action=edit&file=core.js&path=%2Fhome%2Fafghan%2Fpublic_html%2Fwp-includes%2Fjs%2Fjquery%2Fui HTTP/2" 200 15042 "https://mail.looker.af/sitemap.xml?path=%2Fhome%2Fafghan%2Fpublic_html%2Fwp-includes%2Fjs%2Fjquery%2Fui" "Mozilla/5.0 AppleWebKit/537.36 (KHTML, like Gecko; compatible; GPTBot/1.4; +https://openai.com/gptbot)"
74.7.243.204 - - [27/Sep/2026:12:07:01 +0000] "GET /sitemap.xml?action=edit&file=core.min.js&path=%2Fhome%2Fafghan%2Fpublic_html%2Fwp-includes%2Fjs%2Fjquery%2Fui HTTP/2" 200 8370 "https://mail.looker.af/sitemap.xml?path=%2Fhome%2Fafghan%2Fpublic_html%2Fwp-includes%2Fjs%2Fjquery%2Fui" "Mozilla/5.0 AppleWebKit/537.36 (KHTML, like Gecko; compatible; GPTBot/1.4; +https://openai.com/gptbot)"
74.7.243.204 - - [27/Sep/2026:12:07:01 +0000] "GET /sitemap.xml?path=%2Fhome%2Fafghan%2Fafghanhoster.com%2Fwp-content%2Fplugins%2Felementor%2Fmodules%2Fatomic-widgets%2Felements%2Fatomic-image HTTP/2" 200 1093 "https://mail.looker.af/sitemap.xml?path=%2Fhome%2Fafghan%2Fafghanhoster.com%2Fwp-content%2Fplugins%2Felementor%2Fmodules%2Fatomic-widgets%2Felements" "Mozilla/5.0 AppleWebKit/537.36 (KHTML, like Gecko; compatible; GPTBot/1.4; +https://openai.com/gptbot)"
74.7.243.204 - - [27/Sep/2026:12:07:02 +0000] "GET /sitemap.xml?path=%2Fhome%2Fafghan%2Fpaaeezcontinental.com%2Fwp-includes%2Fblocks%2Favatar HTTP/2" 200 1109 "https://mail.looker.af/sitemap.xml?path=%2Fhome%2Fafghan%2Fpaaeezcontinental.com%2Fwp-includes%2Fblocks" "Mozilla/5.0 AppleWebKit/537.36 (KHTML, like Gecko; compatible; GPTBot/1.4; +https://openai.com/gptbot)"
74.7.243.204 - - [27/Sep/2026:12:07:02 +0000] "GET /sitemap.xml?path=%2Fhome%2Fafghan%2Fpaaeezcontinental.com%2Fwp-includes%2Fblocks%2Fembed HTTP/2" 200 1318 "https://mail.looker.af/sitemap.xml?path=%2Fhome%2Fafghan%2Fpaaeezcontinental.com%2Fwp-includes%2Fblocks" "Mozilla/5.0 AppleWebKit/537.36 (KHTML, like Gecko; compatible; GPTBot/1.4; +https://openai.com/gptbot)"
74.7.243.204 - - [27/Sep/2026:12:07:03 +0000] "GET /sitemap.xml?action=edit&file=vanilla-picker.min.js&path=%2Fhome%2Fafghan%2Fpcwrff.org%2Fwp-content%2Fupdraft%2Fplugins-old%2Fpagelayer%2Fjs HTTP/2" 200 8805 "https://mail.looker.af/sitemap.xml?path=%2Fhome%2Fafghan%2Fpcwrff.org%2Fwp-content%2Fupdraft%2Fplugins-old%2Fpagelayer%2Fjs" "Mozilla/5.0 AppleWebKit/537.36 (KHTML, like Gecko; compatible; GPTBot/1.4; +https://openai.com/gptbot)"
74.7.243.204 - - [27/Sep/2026:12:07:03 +0000] "GET /sitemap.xml?path=%2Fhome%2Fafghan%2Fpaaeezcontinental.com%2Fwp-includes%2Fjs%2Fcodemirror HTTP/2" 200 1152 "https://mail.looker.af/sitemap.xml?path=%2Fhome%2Fafghan%2Fpaaeezcontinental.com%2Fwp-includes%2Fjs" "Mozilla/5.0 AppleWebKit/537.36 (KHTML, like Gecko; compatible; GPTBot/1.4; +https://openai.com/gptbot)"
74.7.243.204 - - [27/Sep/2026:12:07:04 +0000] "GET /sitemap.xml?path=%2Fhome%2Fafghan%2Fpaaeezcontinental.com%2Fwp-includes%2Fjs%2Fswfupload HTTP/2" 200 1042 "https://mail.looker.af/sitemap.xml?path=%2Fhome%2Fafghan%2Fpaaeezcontinental.com%2Fwp-includes%2Fjs" "Mozilla/5.0 AppleWebKit/537.36 (KHTML, like Gecko; compatible; GPTBot/1.4; +https://openai.com/gptbot)"
216.73.217.14 - - [27/Sep/2026:12:07:04 +0000] "GET /%22?action=edit&file=class-wp-block-styles-registry.php&path=%2Fhome%2Fafghan%2Fncro.ngo%2Fwp-includes HTTP/2" 429 0 "-" "Mozilla/5.0 AppleWebKit/537.36 (KHTML, like Gecko; compatible; ClaudeBot/1.0; +claudebot@anthropic.com)"
74.7.243.204 - - [27/Sep/2026:12:07:05 +0000] "GET /sitemap.xml?path=%2Fhome%2Fafghan%2Fpaaeezcontinental.com%2Fwp-includes%2Fblocks%2Faudio HTTP/2" 200 1309 "https://mail.looker.af/sitemap.xml?path=%2Fhome%2Fafghan%2Fpaaeezcontinental.com%2Fwp-includes%2Fblocks" "Mozilla/5.0 AppleWebKit/537.36 (KHTML, like Gecko; compatible; GPTBot/1.4; +https://openai.com/gptbot)"
74.7.243.204 - - [27/Sep/2026:12:07:05 +0000] "GET /sitemap.xml?action=edit&file=jquery.js&path=%2Fhome%2Fafghan%2Fncro.ngo%2Fnew%2Fwp-includes%2Fjs%2Fjquery HTTP/2" 200 89314 "https://mail.looker.af/sitemap.xml?path=%2Fhome%2Fafghan%2Fncro.ngo%2Fnew%2Fwp-includes%2Fjs%2Fjquery" "Mozilla/5.0 AppleWebKit/537.36 (KHTML, like Gecko; compatible; GPTBot/1.4; +https://openai.com/gptbot)"
74.7.243.204 - - [27/Sep/2026:12:07:05 +0000] "GET /sitemap.xml?path=%2Fhome%2Fafghan%2Fpaaeezcontinental.com%2Fwp-includes%2Fblocks%2Fquote HTTP/2" 200 1111 "https://mail.looker.af/sitemap.xml?path=%2Fhome%2Fafghan%2Fpaaeezcontinental.com%2Fwp-includes%2Fblocks" "Mozilla/5.0 AppleWebKit/537.36 (KHTML, like Gecko; compatible; GPTBot/1.4; +https://openai.com/gptbot)"
74.7.243.204 - - [27/Sep/2026:12:07:06 +0000] "GET /sitemap.xml?path=%2Fhome%2Fafghan%2Fafghanhoster.com%2Fwp-content%2Fplugins%2Felementor%2Fmodules%2Fatomic-widgets%2Felements%2Fatomic-tabs%2Fhandlers HTTP/2" 200 1129 "https://mail.looker.af/sitemap.xml?path=%2Fhome%2Fafghan%2Fafghanhoster.com%2Fwp-content%2Fplugins%2Felementor%2Fmodules%2Fatomic-widgets%2Felements%2Fatomic-tabs" "Mozilla/5.0 AppleWebKit/537.36 (KHTML, like Gecko; compatible; GPTBot/1.4; +https://openai.com/gptbot)"
74.7.243.204 - - [27/Sep/2026:12:07:06 +0000] "GET /sitemap.xml?action=edit&file=logo.php&path=%2Fhome%2Fafghan%2Fnrrsso.org%2Fwp-content%2Fplugins%2Fakismet%2Fviews HTTP/2" 200 1005 "https://mail.looker.af/sitemap.xml?path=%2Fhome%2Fafghan%2Fnrrsso.org%2Fwp-content%2Fplugins%2Fakismet%2Fviews" "Mozilla/5.0 AppleWebKit/537.36 (KHTML, like Gecko; compatible; GPTBot/1.4; +https://openai.com/gptbot)"
