74.7.242.14 - - [27/Sep/2026:12:20:38 +0000] "GET /2025/11/18/fussball-wetten-unter-freunden/ HTTP/2" 429 0 "https://looker.af/wp-sitemap-posts-post-1.xml?action=edit&file=class-wp-error.php&path=%2Fhome%2Fafghan%2Flithium-battery-afghanistan.com%2Fwp-includes" "Mozilla/5.0 AppleWebKit/537.36 (KHTML, like Gecko; compatible; GPTBot/1.4; +https://openai.com/gptbot)"
74.7.243.204 - - [27/Sep/2026:12:20:38 +0000] "GET /sitemap.xml?action=edit&file=supported-features-route.php&path=%2Fhome%2Fafghan%2Ftwangar.com%2Fwp-content%2Fplugins%2Fwordpress-seo%2Fsrc%2Froutes HTTP/2" 200 1219 "https://mail.looker.af/sitemap.xml?path=%2Fhome%2Fafghan%2Ftwangar.com%2Fwp-content%2Fplugins%2Fwordpress-seo%2Fsrc%2Froutes" "Mozilla/5.0 AppleWebKit/537.36 (KHTML, like Gecko; compatible; GPTBot/1.4; +https://openai.com/gptbot)"
74.7.243.204 - - [27/Sep/2026:12:20:39 +0000] "GET /sitemap.xml?action=edit&file=social-profiles-helper.php&path=%2Fhome%2Fafghan%2Ftwangar.com%2Fwp-content%2Fplugins%2Fwordpress-seo%2Fsrc%2Fhelpers HTTP/2" 200 3257 "https://mail.looker.af/sitemap.xml?path=%2Fhome%2Fafghan%2Ftwangar.com%2Fwp-content%2Fplugins%2Fwordpress-seo%2Fsrc%2Fhelpers" "Mozilla/5.0 AppleWebKit/537.36 (KHTML, like Gecko; compatible; GPTBot/1.4; +https://openai.com/gptbot)"
74.7.243.204 - - [27/Sep/2026:12:20:39 +0000] "GET /sitemap.xml?action=edit&file=update.php&path=%2Fhome%2Fafghan%2Fpaaeezcontinental.com%2Fwp-includes HTTP/2" 200 10037 "https://mail.looker.af/sitemap.xml?path=%2Fhome%2Fafghan%2Fpaaeezcontinental.com%2Fwp-includes" "Mozilla/5.0 AppleWebKit/537.36 (KHTML, like Gecko; compatible; GPTBot/1.4; +https://openai.com/gptbot)"
74.7.243.204 - - [27/Sep/2026:12:20:40 +0000] "GET /sitemap.xml?action=edit&file=5.png&path=%2Fhome%2Fafghan%2Fkabirzadasolution.com%2Fwp-content%2Fthemes%2Fbetheme%2Fimages%2Fpatterns HTTP/2" 200 3214 "https://mail.looker.af/sitemap.xml?path=%2Fhome%2Fafghan%2Fkabirzadasolution.com%2Fwp-content%2Fthemes%2Fbetheme%2Fimages%2Fpatterns" "Mozilla/5.0 AppleWebKit/537.36 (KHTML, like Gecko; compatible; GPTBot/1.4; +https://openai.com/gptbot)"
74.7.243.204 - - [27/Sep/2026:12:20:40 +0000] "GET /sitemap.xml?action=edit&file=6.png&path=%2Fhome%2Fafghan%2Fkabirzadasolution.com%2Fwp-content%2Fthemes%2Fbetheme%2Fimages%2Fpatterns HTTP/2" 200 37762 "https://mail.looker.af/sitemap.xml?path=%2Fhome%2Fafghan%2Fkabirzadasolution.com%2Fwp-content%2Fthemes%2Fbetheme%2Fimages%2Fpatterns" "Mozilla/5.0 AppleWebKit/537.36 (KHTML, like Gecko; compatible; GPTBot/1.4; +https://openai.com/gptbot)"
74.7.243.204 - - [27/Sep/2026:12:20:41 +0000] "GET /sitemap.xml?action=edit&file=3.png&path=%2Fhome%2Fafghan%2Fkabirzadasolution.com%2Fwp-content%2Fthemes%2Fbetheme%2Fimages%2Fpatterns HTTP/2" 200 1453 "https://mail.looker.af/sitemap.xml?path=%2Fhome%2Fafghan%2Fkabirzadasolution.com%2Fwp-content%2Fthemes%2Fbetheme%2Fimages%2Fpatterns" "Mozilla/5.0 AppleWebKit/537.36 (KHTML, like Gecko; compatible; GPTBot/1.4; +https://openai.com/gptbot)"
216.73.217.14 - - [27/Sep/2026:12:20:41 +0000] "GET /sitemap.xml?action=edit&file=1693901495.M930385P1549600.mocha3025.mochahost.com%2CS%3D27920%2CW%3D28366%3A2%2CS&path=%2Fhome%2Fafghan%2Fmail%2F.info%40mmcc_com_af%2Fcur HTTP/2" 200 4449 "-" "Mozilla/5.0 AppleWebKit/537.36 (KHTML, like Gecko; compatible; ClaudeBot/1.0; +claudebot@anthropic.com)"
74.7.243.204 - - [27/Sep/2026:12:20:41 +0000] "GET /sitemap.xml?path=%2Fhome%2Fafghan%2Fetc%2Fbrainstorm-consultants.com%2Fhr HTTP/2" 200 961 "https://mail.looker.af/sitemap.xml?path=%2Fhome%2Fafghan%2Fetc%2Fbrainstorm-consultants.com" "Mozilla/5.0 AppleWebKit/537.36 (KHTML, like Gecko; compatible; GPTBot/1.4; +https://openai.com/gptbot)"
74.7.243.204 - - [27/Sep/2026:12:20:42 +0000] "GET /sitemap.xml?action=edit&file=blocks-json.php&path=%2Fhome%2Fafghan%2Fodsad.org%2Fwp-includes%2Fblocks HTTP/2" 200 25162 "https://mail.looker.af/sitemap.xml?path=%2Fhome%2Fafghan%2Fodsad.org%2Fwp-includes%2Fblocks" "Mozilla/5.0 AppleWebKit/537.36 (KHTML, like Gecko; compatible; GPTBot/1.4; +https://openai.com/gptbot)"
74.7.243.204 - - [27/Sep/2026:12:20:42 +0000] "GET /sitemap.xml?action=edit&file=effect-puff.min.js&path=%2Fhome%2Fafghan%2Fofsda.ngo%2Fwp-includes%2Fjs%2Fjquery%2Fui HTTP/2" 200 962 "https://mail.looker.af/sitemap.xml?path=%2Fhome%2Fafghan%2Fofsda.ngo%2Fwp-includes%2Fjs%2Fjquery%2Fui" "Mozilla/5.0 AppleWebKit/537.36 (KHTML, like Gecko; compatible; GPTBot/1.4; +https://openai.com/gptbot)"
74.7.243.204 - - [27/Sep/2026:12:20:43 +0000] "GET /sitemap.xml?action=edit&file=settings-advanced.tpl.php&path=%2Fhome%2Fafghan%2Fmdsolarpk.com%2Fwp-content%2Fplugins%2Flitespeed-cache%2Ftpl%2Fcache HTTP/2" 200 1829 "https://mail.looker.af/sitemap.xml?path=%2Fhome%2Fafghan%2Fmdsolarpk.com%2Fwp-content%2Fplugins%2Flitespeed-cache%2Ftpl%2Fcache" "Mozilla/5.0 AppleWebKit/537.36 (KHTML, like Gecko; compatible; GPTBot/1.4; +https://openai.com/gptbot)"
74.7.243.204 - - [27/Sep/2026:12:20:43 +0000] "GET /sitemap.xml?action=edit&file=mouse.min.js&path=%2Fhome%2Fafghan%2Ftwangar.com%2Fwp-includes%2Fjs%2Fjquery%2Fui HTTP/2" 200 1905 "https://mail.looker.af/sitemap.xml?path=%2Fhome%2Fafghan%2Ftwangar.com%2Fwp-includes%2Fjs%2Fjquery%2Fui" "Mozilla/5.0 AppleWebKit/537.36 (KHTML, like Gecko; compatible; GPTBot/1.4; +https://openai.com/gptbot)"
74.7.243.204 - - [27/Sep/2026:12:20:44 +0000] "GET /sitemap.xml?action=edit&file=edit-widgets.min.js&path=%2Fhome%2Fafghan%2Fncro.ngo%2FNew%2Fwp-includes%2Fjs%2Fdist HTTP/2" 200 21565 "https://mail.looker.af/sitemap.xml?path=%2Fhome%2Fafghan%2Fncro.ngo%2FNew%2Fwp-includes%2Fjs%2Fdist" "Mozilla/5.0 AppleWebKit/537.36 (KHTML, like Gecko; compatible; GPTBot/1.4; +https://openai.com/gptbot)"
74.7.243.204 - - [27/Sep/2026:12:20:44 +0000] "GET /sitemap.xml?action=edit&file=effect-fade.js&path=%2Fhome%2Fafghan%2Flylafg.com%2Fwp-includes%2Fjs%2Fjquery%2Fui HTTP/2" 200 1164 "https://mail.looker.af/sitemap.xml?path=%2Fhome%2Fafghan%2Flylafg.com%2Fwp-includes%2Fjs%2Fjquery%2Fui" "Mozilla/5.0 AppleWebKit/537.36 (KHTML, like Gecko; compatible; GPTBot/1.4; +https://openai.com/gptbot)"
74.7.243.204 - - [27/Sep/2026:12:20:45 +0000] "GET /sitemap.xml?action=edit&file=404image.jpg&path=%2Fhome%2Fafghan%2Fpcwrff.org%2Fwp-content%2Fupdraft%2Fplugins-old%2Fpagelayer%2Fimages HTTP/2" 200 43232 "https://mail.looker.af/sitemap.xml?path=%2Fhome%2Fafghan%2Fpcwrff.org%2Fwp-content%2Fupdraft%2Fplugins-old%2Fpagelayer%2Fimages" "Mozilla/5.0 AppleWebKit/537.36 (KHTML, like Gecko; compatible; GPTBot/1.4; +https://openai.com/gptbot)"
74.7.243.204 - - [27/Sep/2026:12:20:45 +0000] "GET /sitemap.xml?action=edit&file=effect-scale.min.js&path=%2Fhome%2Fafghan%2Flylafg.com%2Fwp-includes%2Fjs%2Fjquery%2Fui HTTP/2" 200 1069 "https://mail.looker.af/sitemap.xml?path=%2Fhome%2Fafghan%2Flylafg.com%2Fwp-includes%2Fjs%2Fjquery%2Fui" "Mozilla/5.0 AppleWebKit/537.36 (KHTML, like Gecko; compatible; GPTBot/1.4; +https://openai.com/gptbot)"
74.7.243.204 - - [27/Sep/2026:12:20:46 +0000] "GET /sitemap.xml?path=%2Fhome%2Fafghan%2Fhtcusmetics.com%2Fwp-includes%2Fpomo HTTP/2" 200 1059 "https://mail.looker.af/sitemap.xml?path=%2Fhome%2Fafghan%2Fhtcusmetics.com%2Fwp-includes" "Mozilla/5.0 AppleWebKit/537.36 (KHTML, like Gecko; compatible; GPTBot/1.4; +https://openai.com/gptbot)"
216.73.217.14 - - [27/Sep/2026:12:20:46 +0000] "GET /sitemap.xml?action=edit&file=1738477764.M401722P4084154.s1113.use1.mysecurecloudhost.com%2CS%3D126001%2CW%3D127697%3A2%2CS&path=%2Fhome%2Fafghan%2Fmail%2F.director%40nrrsso_org%2Fcur HTTP/2" 200 45112 "-" "Mozilla/5.0 AppleWebKit/537.36 (KHTML, like Gecko; compatible; ClaudeBot/1.0; +claudebot@anthropic.com)"
74.7.243.204 - - [27/Sep/2026:12:20:46 +0000] "GET /sitemap.xml?action=edit&file=effect-scale.min.js&path=%2Fhome%2Fafghan%2Fofsda.ngo%2Fwp-includes%2Fjs%2Fjquery%2Fui HTTP/2" 200 1069 "https://mail.looker.af/sitemap.xml?path=%2Fhome%2Fafghan%2Fofsda.ngo%2Fwp-includes%2Fjs%2Fjquery%2Fui" "Mozilla/5.0 AppleWebKit/537.36 (KHTML, like Gecko; compatible; GPTBot/1.4; +https://openai.com/gptbot)"
74.7.243.204 - - [27/Sep/2026:12:20:47 +0000] "GET /sitemap.xml?action=edit&file=update.php&path=%2Fhome%2Fafghan%2Fkhawarbook.com%2Fwp-admin HTTP/2" 200 3767 "https://mail.looker.af/sitemap.xml?path=%2Fhome%2Fafghan%2Fkhawarbook.com%2Fwp-admin" "Mozilla/5.0 AppleWebKit/537.36 (KHTML, like Gecko; compatible; GPTBot/1.4; +https://openai.com/gptbot)"
74.7.243.204 - - [27/Sep/2026:12:20:47 +0000] "GET /sitemap.xml?action=edit&file=update.php&path=%2Fhome%2Fafghan%2Fmdsolarpk.com%2Fwp-admin HTTP/2" 200 3767 "https://mail.looker.af/sitemap.xml?path=%2Fhome%2Fafghan%2Fmdsolarpk.com%2Fwp-admin" "Mozilla/5.0 AppleWebKit/537.36 (KHTML, like Gecko; compatible; GPTBot/1.4; +https://openai.com/gptbot)"
74.7.243.204 - - [27/Sep/2026:12:20:48 +0000] "GET /sitemap.xml?action=edit&file=coming-soon.html&path=%2Fhome%2Fafghan%2Fafghanhoster.com%2Fwp-content%2Fupdraft%2Fplugins-old%2Fwoocommerce%2Ftemplates%2Ftemplates HTTP/2" 200 711 "https://mail.looker.af/sitemap.xml?path=%2Fhome%2Fafghan%2Fafghanhoster.com%2Fwp-content%2Fupdraft%2Fplugins-old%2Fwoocommerce%2Ftemplates%2Ftemplates" "Mozilla/5.0 AppleWebKit/537.36 (KHTML, like Gecko; compatible; GPTBot/1.4; +https://openai.com/gptbot)"
74.7.243.204 - - [27/Sep/2026:12:20:48 +0000] "GET /sitemap.xml?action=edit&file=spinner.min.js&path=%2Fhome%2Fafghan%2Fresho.ngo%2Fwp-includes%2Fjs%2Fjquery%2Fui HTTP/2" 200 3496 "https://mail.looker.af/sitemap.xml?path=%2Fhome%2Fafghan%2Fresho.ngo%2Fwp-includes%2Fjs%2Fjquery%2Fui" "Mozilla/5.0 AppleWebKit/537.36 (KHTML, like Gecko; compatible; GPTBot/1.4; +https://openai.com/gptbot)"
74.7.243.204 - - [27/Sep/2026:12:20:49 +0000] "GET /sitemap.xml?action=edit&file=email-order-items.php&path=%2Fhome%2Fafghan%2Fkhawarbook.com%2Fwp-content%2Fplugins%2Fwoocommerce%2Ftemplates%2Femails HTTP/2" 200 2136 "https://mail.looker.af/sitemap.xml?path=%2Fhome%2Fafghan%2Fkhawarbook.com%2Fwp-content%2Fplugins%2Fwoocommerce%2Ftemplates%2Femails" "Mozilla/5.0 AppleWebKit/537.36 (KHTML, like Gecko; compatible; GPTBot/1.4; +https://openai.com/gptbot)"
74.7.243.204 - - [27/Sep/2026:12:20:49 +0000] "GET /sitemap.xml?action=edit&file=edit-site.min.js&path=%2Fhome%2Fafghan%2Flylafg.com%2Ftest%2Fwp-includes%2Fjs%2Fdist HTTP/2" 200 250378 "https://mail.looker.af/sitemap.xml?path=%2Fhome%2Fafghan%2Flylafg.com%2Ftest%2Fwp-includes%2Fjs%2Fdist" "Mozilla/5.0 AppleWebKit/537.36 (KHTML, like Gecko; compatible; GPTBot/1.4; +https://openai.com/gptbot)"
74.7.243.204 - - [27/Sep/2026:12:20:50 +0000] "GET /sitemap.xml?action=edit&file=effect-slide.min.js&path=%2Fhome%2Fafghan%2Flylafg.com%2Fwp-includes%2Fjs%2Fjquery%2Fui HTTP/2" 200 1203 "https://mail.looker.af/sitemap.xml?path=%2Fhome%2Fafghan%2Flylafg.com%2Fwp-includes%2Fjs%2Fjquery%2Fui" "Mozilla/5.0 AppleWebKit/537.36 (KHTML, like Gecko; compatible; GPTBot/1.4; +https://openai.com/gptbot)"
74.7.243.204 - - [27/Sep/2026:12:20:50 +0000] "GET /sitemap.xml?action=edit&file=tooltip.min.js&path=%2Fhome%2Fafghan%2Fofsda.ngo%2Fwp-includes%2Fjs%2Fjquery%2Fui HTTP/2" 200 3172 "https://mail.looker.af/sitemap.xml?path=%2Fhome%2Fafghan%2Fofsda.ngo%2Fwp-includes%2Fjs%2Fjquery%2Fui" "Mozilla/5.0 AppleWebKit/537.36 (KHTML, like Gecko; compatible; GPTBot/1.4; +https://openai.com/gptbot)"
74.7.243.204 - - [27/Sep/2026:12:20:51 +0000] "GET /sitemap.xml?action=edit&file=effect-scale.min.js&path=%2Fhome%2Fafghan%2Fresho.ngo%2Fwp-includes%2Fjs%2Fjquery%2Fui HTTP/2" 200 1069 "https://mail.looker.af/sitemap.xml?path=%2Fhome%2Fafghan%2Fresho.ngo%2Fwp-includes%2Fjs%2Fjquery%2Fui" "Mozilla/5.0 AppleWebKit/537.36 (KHTML, like Gecko; compatible; GPTBot/1.4; +https://openai.com/gptbot)"
216.73.217.14 - - [27/Sep/2026:12:20:51 +0000] "GET /sitemap.xml?action=edit&file=1779234329.M243971P2956115.s1113.use1.mysecurecloudhost.com%2CS%3D1533%2CW%3D1561%3A2%2Ca&path=%2Fhome%2Fafghan%2Fmail%2F.info%40eliteminesminerals_com%2Fcur HTTP/2" 200 1607 "-" "Mozilla/5.0 AppleWebKit/537.36 (KHTML, like Gecko; compatible; ClaudeBot/1.0; +claudebot@anthropic.com)"
74.7.243.204 - - [27/Sep/2026:12:20:51 +0000] "GET /sitemap.xml?action=edit&file=effect-slide.min.js&path=%2Fhome%2Fafghan%2Fofsda.ngo%2Fwp-includes%2Fjs%2Fjquery%2Fui HTTP/2" 200 1202 "https://mail.looker.af/sitemap.xml?path=%2Fhome%2Fafghan%2Fofsda.ngo%2Fwp-includes%2Fjs%2Fjquery%2Fui" "Mozilla/5.0 AppleWebKit/537.36 (KHTML, like Gecko; compatible; GPTBot/1.4; +https://openai.com/gptbot)"
74.7.243.204 - - [27/Sep/2026:12:20:52 +0000] "GET /sitemap.xml?action=edit&file=menu.min.js&path=%2Fhome%2Fafghan%2Fhtcosmetics.com.pk%2Fwp-includes%2Fjs%2Fjquery%2Fui HTTP/2" 200 4207 "https://mail.looker.af/sitemap.xml?path=%2Fhome%2Fafghan%2Fhtcosmetics.com.pk%2Fwp-includes%2Fjs%2Fjquery%2Fui" "Mozilla/5.0 AppleWebKit/537.36 (KHTML, like Gecko; compatible; GPTBot/1.4; +https://openai.com/gptbot)"
74.7.243.204 - - [27/Sep/2026:12:20:52 +0000] "GET /sitemap.xml?action=edit&file=effect-slide.js&path=%2Fhome%2Fafghan%2Fofsda.ngo%2Fwp-includes%2Fjs%2Fjquery%2Fui HTTP/2" 200 1534 "https://mail.looker.af/sitemap.xml?path=%2Fhome%2Fafghan%2Fofsda.ngo%2Fwp-includes%2Fjs%2Fjquery%2Fui" "Mozilla/5.0 AppleWebKit/537.36 (KHTML, like Gecko; compatible; GPTBot/1.4; +https://openai.com/gptbot)"
74.7.243.204 - - [27/Sep/2026:12:20:53 +0000] "GET /sitemap.xml?action=edit&file=editor.min.js&path=%2Fhome%2Fafghan%2Flylafg.com%2Ftest%2Fwp-includes%2Fjs%2Fdist HTTP/2" 200 128522 "https://mail.looker.af/sitemap.xml?path=%2Fhome%2Fafghan%2Flylafg.com%2Ftest%2Fwp-includes%2Fjs%2Fdist" "Mozilla/5.0 AppleWebKit/537.36 (KHTML, like Gecko; compatible; GPTBot/1.4; +https://openai.com/gptbot)"
74.7.243.204 - - [27/Sep/2026:12:20:53 +0000] "GET /sitemap.xml?action=edit&file=effect-slide.min.js&path=%2Fhome%2Fafghan%2Fresho.ngo%2Fwp-includes%2Fjs%2Fjquery%2Fui HTTP/2" 200 1203 "https://mail.looker.af/sitemap.xml?path=%2Fhome%2Fafghan%2Fresho.ngo%2Fwp-includes%2Fjs%2Fjquery%2Fui" "Mozilla/5.0 AppleWebKit/537.36 (KHTML, like Gecko; compatible; GPTBot/1.4; +https://openai.com/gptbot)"
74.7.243.204 - - [27/Sep/2026:12:20:54 +0000] "GET /sitemap.xml?action=edit&file=effect.min.js&path=%2Fhome%2Fafghan%2Flylafg.com%2Fwp-includes%2Fjs%2Fjquery%2Fui HTTP/2" 200 4899 "https://mail.looker.af/sitemap.xml?path=%2Fhome%2Fafghan%2Flylafg.com%2Fwp-includes%2Fjs%2Fjquery%2Fui" "Mozilla/5.0 AppleWebKit/537.36 (KHTML, like Gecko; compatible; GPTBot/1.4; +https://openai.com/gptbot)"
74.7.243.204 - - [27/Sep/2026:12:20:54 +0000] "GET /sitemap.xml?action=edit&file=effect-slide.min.js&path=%2Fhome%2Fafghan%2Fosdg.ngo%2Fwp-includes%2Fjs%2Fjquery%2Fui HTTP/2" 200 1203 "https://mail.looker.af/sitemap.xml?path=%2Fhome%2Fafghan%2Fosdg.ngo%2Fwp-includes%2Fjs%2Fjquery%2Fui" "Mozilla/5.0 AppleWebKit/537.36 (KHTML, like Gecko; compatible; GPTBot/1.4; +https://openai.com/gptbot)"
74.7.243.204 - - [27/Sep/2026:12:20:55 +0000] "GET /sitemap.xml?action=edit&file=accordion.min.js&path=%2Fhome%2Fafghan%2Fardo.ngo%2Fwp-includes%2Fjs%2Fjquery%2Fui HTTP/2" 200 3868 "https://mail.looker.af/sitemap.xml?path=%2Fhome%2Fafghan%2Fardo.ngo%2Fwp-includes%2Fjs%2Fjquery%2Fui" "Mozilla/5.0 AppleWebKit/537.36 (KHTML, like Gecko; compatible; GPTBot/1.4; +https://openai.com/gptbot)"
74.7.243.204 - - [27/Sep/2026:12:20:55 +0000] "GET /sitemap.xml?action=edit&file=effect-scale.js&path=%2Fhome%2Fafghan%2Fresho.ngo%2Fwp-includes%2Fjs%2Fjquery%2Fui HTTP/2" 200 1323 "https://mail.looker.af/sitemap.xml?path=%2Fhome%2Fafghan%2Fresho.ngo%2Fwp-includes%2Fjs%2Fjquery%2Fui" "Mozilla/5.0 AppleWebKit/537.36 (KHTML, like Gecko; compatible; GPTBot/1.4; +https://openai.com/gptbot)"
74.7.243.204 - - [27/Sep/2026:12:20:56 +0000] "GET /sitemap.xml?action=edit&file=effect-puff.js&path=%2Fhome%2Fafghan%2Fofsda.ngo%2Fwp-includes%2Fjs%2Fjquery%2Fui HTTP/2" 200 1174 "https://mail.looker.af/sitemap.xml?path=%2Fhome%2Fafghan%2Fofsda.ngo%2Fwp-includes%2Fjs%2Fjquery%2Fui" "Mozilla/5.0 AppleWebKit/537.36 (KHTML, like Gecko; compatible; GPTBot/1.4; +https://openai.com/gptbot)"
216.73.217.14 - - [27/Sep/2026:12:20:56 +0000] "GET /sitemap.xml?action=edit&file=1723713961.M271802P583016.s1113.use1.mysecurecloudhost.com%2CS%3D18246%2CW%3D18594%3A2%2CS&path=%2Fhome%2Fafghan%2Fmail%2F.director%40cdsaco_org%2Fcur HTTP/2" 200 5555 "-" "Mozilla/5.0 AppleWebKit/537.36 (KHTML, like Gecko; compatible; ClaudeBot/1.0; +claudebot@anthropic.com)"
74.7.243.204 - - [27/Sep/2026:12:20:56 +0000] "GET /sitemap.xml?action=edit&file=accordion.min.js&path=%2Fhome%2Fafghan%2Fncro.ngo%2Fwp-includes%2Fjs%2Fjquery%2Fui HTTP/2" 200 3904 "https://mail.looker.af/sitemap.xml?path=%2Fhome%2Fafghan%2Fncro.ngo%2Fwp-includes%2Fjs%2Fjquery%2Fui" "Mozilla/5.0 AppleWebKit/537.36 (KHTML, like Gecko; compatible; GPTBot/1.4; +https://openai.com/gptbot)"
74.7.243.204 - - [27/Sep/2026:12:20:57 +0000] "GET /sitemap.xml?action=edit&file=accordion.min.js&path=%2Fhome%2Fafghan%2Fncro.ong%2Fwp-includes%2Fjs%2Fjquery%2Fui HTTP/2" 200 3868 "https://mail.looker.af/sitemap.xml?path=%2Fhome%2Fafghan%2Fncro.ong%2Fwp-includes%2Fjs%2Fjquery%2Fui" "Mozilla/5.0 AppleWebKit/537.36 (KHTML, like Gecko; compatible; GPTBot/1.4; +https://openai.com/gptbot)"
74.7.243.204 - - [27/Sep/2026:12:20:57 +0000] "GET /sitemap.xml?action=edit&file=effect-fade.min.js&path=%2Fhome%2Fafghan%2Flylafg.com%2Fwp-includes%2Fjs%2Fjquery%2Fui HTTP/2" 200 981 "https://mail.looker.af/sitemap.xml?path=%2Fhome%2Fafghan%2Flylafg.com%2Fwp-includes%2Fjs%2Fjquery%2Fui" "Mozilla/5.0 AppleWebKit/537.36 (KHTML, like Gecko; compatible; GPTBot/1.4; +https://openai.com/gptbot)"
74.7.243.204 - - [27/Sep/2026:12:20:58 +0000] "GET /sitemap.xml?action=edit&file=edit-widgets.min.js&path=%2Fhome%2Fafghan%2Flylafg.com%2Ftest%2Fwp-includes%2Fjs%2Fdist HTTP/2" 200 19395 "https://mail.looker.af/sitemap.xml?path=%2Fhome%2Fafghan%2Flylafg.com%2Ftest%2Fwp-includes%2Fjs%2Fdist" "Mozilla/5.0 AppleWebKit/537.36 (KHTML, like Gecko; compatible; GPTBot/1.4; +https://openai.com/gptbot)"
74.7.242.14 - - [27/Sep/2026:12:20:58 +0000] "GET /2025/10/29/copa-espana-baloncesto-resultados-2/ HTTP/2" 200 17678 "https://looker.af/wp-sitemap-posts-post-1.xml?action=edit&file=class-wp-error.php&path=%2Fhome%2Fafghan%2Flithium-battery-afghanistan.com%2Fwp-includes" "Mozilla/5.0 AppleWebKit/537.36 (KHTML, like Gecko; compatible; GPTBot/1.4; +https://openai.com/gptbot)"
74.7.243.204 - - [27/Sep/2026:12:20:58 +0000] "GET /sitemap.xml?action=edit&file=spinner.min.js&path=%2Fhome%2Fafghan%2Fofsda.ngo%2Fwp-includes%2Fjs%2Fjquery%2Fui HTTP/2" 200 3494 "https://mail.looker.af/sitemap.xml?path=%2Fhome%2Fafghan%2Fofsda.ngo%2Fwp-includes%2Fjs%2Fjquery%2Fui" "Mozilla/5.0 AppleWebKit/537.36 (KHTML, like Gecko; compatible; GPTBot/1.4; +https://openai.com/gptbot)"
74.7.243.204 - - [27/Sep/2026:12:20:59 +0000] "GET /sitemap.xml?action=edit&file=effect-fade.min.js&path=%2Fhome%2Fafghan%2Fofsda.ngo%2Fwp-includes%2Fjs%2Fjquery%2Fui HTTP/2" 200 981 "https://mail.looker.af/sitemap.xml?path=%2Fhome%2Fafghan%2Fofsda.ngo%2Fwp-includes%2Fjs%2Fjquery%2Fui" "Mozilla/5.0 AppleWebKit/537.36 (KHTML, like Gecko; compatible; GPTBot/1.4; +https://openai.com/gptbot)"
74.7.243.204 - - [27/Sep/2026:12:20:59 +0000] "GET /sitemap.xml?action=edit&file=edit-widgets.min.js&path=%2Fhome%2Fafghan%2Fncro.ngo%2Fnew%2Fwp-includes%2Fjs%2Fdist HTTP/2" 200 21565 "https://mail.looker.af/sitemap.xml?path=%2Fhome%2Fafghan%2Fncro.ngo%2Fnew%2Fwp-includes%2Fjs%2Fdist" "Mozilla/5.0 AppleWebKit/537.36 (KHTML, like Gecko; compatible; GPTBot/1.4; +https://openai.com/gptbot)"
74.7.243.204 - - [27/Sep/2026:12:21:00 +0000] "GET /sitemap.xml?action=edit&file=tooltip.min.js&path=%2Fhome%2Fafghan%2Fresho.ngo%2Fwp-includes%2Fjs%2Fjquery%2Fui HTTP/2" 200 3169 "https://mail.looker.af/sitemap.xml?path=%2Fhome%2Fafghan%2Fresho.ngo%2Fwp-includes%2Fjs%2Fjquery%2Fui" "Mozilla/5.0 AppleWebKit/537.36 (KHTML, like Gecko; compatible; GPTBot/1.4; +https://openai.com/gptbot)"
74.7.243.204 - - [27/Sep/2026:12:21:00 +0000] "GET /sitemap.xml?action=edit&file=edit-site.min.js&path=%2Fhome%2Fafghan%2Fmdsolarpk.com%2Fprds%2Fwp-includes%2Fjs%2Fdist HTTP/2" 200 184965 "https://mail.looker.af/sitemap.xml?path=%2Fhome%2Fafghan%2Fmdsolarpk.com%2Fprds%2Fwp-includes%2Fjs%2Fdist" "Mozilla/5.0 AppleWebKit/537.36 (KHTML, like Gecko; compatible; GPTBot/1.4; +https://openai.com/gptbot)"
74.7.243.204 - - [27/Sep/2026:12:21:01 +0000] "GET /sitemap.xml?action=edit&file=effect-transfer.min.js&path=%2Fhome%2Fafghan%2Fkmdso.org%2Fwp-includes%2Fjs%2Fjquery%2Fui HTTP/2" 200 925 "https://mail.looker.af/sitemap.xml?path=%2Fhome%2Fafghan%2Fkmdso.org%2Fwp-includes%2Fjs%2Fjquery%2Fui" "Mozilla/5.0 AppleWebKit/537.36 (KHTML, like Gecko; compatible; GPTBot/1.4; +https://openai.com/gptbot)"
216.73.217.14 - - [27/Sep/2026:12:21:01 +0000] "GET /sitemap.xml?action=edit&file=1708250340.M578747P1741610.s1113.use1.mysecurecloudhost.com%2CS%3D85005%2CW%3D86187%3A2%2CS&path=%2Fhome%2Fafghan%2Fmail%2F.director%40cdsaco_org%2Fcur HTTP/2" 200 49727 "-" "Mozilla/5.0 AppleWebKit/537.36 (KHTML, like Gecko; compatible; ClaudeBot/1.0; +claudebot@anthropic.com)"
74.7.243.204 - - [27/Sep/2026:12:21:01 +0000] "GET /sitemap.xml?action=edit&file=effect-highlight.min.js&path=%2Fhome%2Fafghan%2Fkrsso.org%2Fwp-includes%2Fjs%2Fjquery%2Fui HTTP/2" 200 1035 "https://mail.looker.af/sitemap.xml?path=%2Fhome%2Fafghan%2Fkrsso.org%2Fwp-includes%2Fjs%2Fjquery%2Fui" "Mozilla/5.0 AppleWebKit/537.36 (KHTML, like Gecko; compatible; GPTBot/1.4; +https://openai.com/gptbot)"
74.7.243.204 - - [27/Sep/2026:12:21:02 +0000] "GET /sitemap.xml?action=edit&file=tooltip.min.js&path=%2Fhome%2Fafghan%2Flylafg.com%2Fwp-includes%2Fjs%2Fjquery%2Fui HTTP/2" 200 3169 "https://mail.looker.af/sitemap.xml?path=%2Fhome%2Fafghan%2Flylafg.com%2Fwp-includes%2Fjs%2Fjquery%2Fui" "Mozilla/5.0 AppleWebKit/537.36 (KHTML, like Gecko; compatible; GPTBot/1.4; +https://openai.com/gptbot)"
74.7.243.204 - - [27/Sep/2026:12:21:02 +0000] "GET /sitemap.xml?path=%2Fhome%2Fafghan%2Fmail%2Fjack.ngo%2Fnooromari%2Fnew HTTP/2" 200 910 "https://mail.looker.af/sitemap.xml?path=%2Fhome%2Fafghan%2Fmail%2Fjack.ngo%2Fnooromari" "Mozilla/5.0 AppleWebKit/537.36 (KHTML, like Gecko; compatible; GPTBot/1.4; +https://openai.com/gptbot)"
74.7.243.204 - - [27/Sep/2026:12:21:03 +0000] "GET /sitemap.xml?path=%2Fhome%2Fafghan%2Fmail%2Fjack.ngo%2Faaqtashdc%2Fnew HTTP/2" 200 1067 "https://mail.looker.af/sitemap.xml?path=%2Fhome%2Fafghan%2Fmail%2Fjack.ngo%2Faaqtashdc" "Mozilla/5.0 AppleWebKit/537.36 (KHTML, like Gecko; compatible; GPTBot/1.4; +https://openai.com/gptbot)"
74.7.243.204 - - [27/Sep/2026:12:21:03 +0000] "GET /sitemap.xml?action=edit&file=effect.min.js&path=%2Fhome%2Fafghan%2Ftwangar.com%2Fwp-includes%2Fjs%2Fjquery%2Fui HTTP/2" 200 4899 "https://mail.looker.af/sitemap.xml?path=%2Fhome%2Fafghan%2Ftwangar.com%2Fwp-includes%2Fjs%2Fjquery%2Fui" "Mozilla/5.0 AppleWebKit/537.36 (KHTML, like Gecko; compatible; GPTBot/1.4; +https://openai.com/gptbot)"
74.7.243.204 - - [27/Sep/2026:12:21:04 +0000] "GET /sitemap.xml?path=%2Fhome%2Fafghan%2Fmail%2Fahowc.ngo%2Fdirector%2Ftmp HTTP/2" 200 903 "https://mail.looker.af/sitemap.xml?path=%2Fhome%2Fafghan%2Fmail%2Fahowc.ngo%2Fdirector" "Mozilla/5.0 AppleWebKit/537.36 (KHTML, like Gecko; compatible; GPTBot/1.4; +https://openai.com/gptbot)"
74.7.243.204 - - [27/Sep/2026:12:21:04 +0000] "GET /sitemap.xml?action=edit&file=core.min.js&path=%2Fhome%2Fafghan%2Fhtcosmetics.com.pk%2Fwp-includes%2Fjs%2Fjquery%2Fui HTTP/2" 200 7792 "https://mail.looker.af/sitemap.xml?path=%2Fhome%2Fafghan%2Fhtcosmetics.com.pk%2Fwp-includes%2Fjs%2Fjquery%2Fui" "Mozilla/5.0 AppleWebKit/537.36 (KHTML, like Gecko; compatible; GPTBot/1.4; +https://openai.com/gptbot)"
74.7.243.204 - - [27/Sep/2026:12:21:05 +0000] "GET /sitemap.xml?path=%2Fhome%2Fafghan%2Fmail%2Fjack.ngo%2Fcomplaint%2Fcur HTTP/2" 200 1172 "https://mail.looker.af/sitemap.xml?path=%2Fhome%2Fafghan%2Fmail%2Fjack.ngo%2Fcomplaint" "Mozilla/5.0 AppleWebKit/537.36 (KHTML, like Gecko; compatible; GPTBot/1.4; +https://openai.com/gptbot)"
74.7.243.204 - - [27/Sep/2026:12:21:06 +0000] "GET /sitemap.xml?path=%2Fhome%2Fafghan%2Fmail%2Fahowc.ngo%2Fdirector%2Fnew HTTP/2" 200 904 "https://mail.looker.af/sitemap.xml?path=%2Fhome%2Fafghan%2Fmail%2Fahowc.ngo%2Fdirector" "Mozilla/5.0 AppleWebKit/537.36 (KHTML, like Gecko; compatible; GPTBot/1.4; +https://openai.com/gptbot)"
74.7.243.204 - - [27/Sep/2026:12:21:06 +0000] "GET /sitemap.xml?action=edit&file=effect-fade.min.js&path=%2Fhome%2Fafghan%2Fresho.ngo%2Fwp-includes%2Fjs%2Fjquery%2Fui HTTP/2" 200 981 "https://mail.looker.af/sitemap.xml?path=%2Fhome%2Fafghan%2Fresho.ngo%2Fwp-includes%2Fjs%2Fjquery%2Fui" "Mozilla/5.0 AppleWebKit/537.36 (KHTML, like Gecko; compatible; GPTBot/1.4; +https://openai.com/gptbot)"
216.73.217.14 - - [27/Sep/2026:12:21:06 +0000] "GET /sitemap.xml?action=edit&file=1699499141.M707957P162035.mocha3025.mochahost.com%2CS%3D2423%2CW%3D2491%3A2%2CS&path=%2Fhome%2Fafghan%2Fmail%2F.info%40mmcc_com_af%2Fcur HTTP/2" 200 1884 "-" "Mozilla/5.0 AppleWebKit/537.36 (KHTML, like Gecko; compatible; ClaudeBot/1.0; +claudebot@anthropic.com)"
74.7.243.204 - - [27/Sep/2026:12:21:06 +0000] "GET /sitemap.xml?action=edit&file=effect-scale.js&path=%2Fhome%2Fafghan%2Fofsda.ngo%2Fwp-includes%2Fjs%2Fjquery%2Fui HTTP/2" 200 1323 "https://mail.looker.af/sitemap.xml?path=%2Fhome%2Fafghan%2Fofsda.ngo%2Fwp-includes%2Fjs%2Fjquery%2Fui" "Mozilla/5.0 AppleWebKit/537.36 (KHTML, like Gecko; compatible; GPTBot/1.4; +https://openai.com/gptbot)"
74.7.243.204 - - [27/Sep/2026:12:21:07 +0000] "GET /sitemap.xml?path=%2Fhome%2Fafghan%2Fafghancru.org%2FIrrigationEngineering HTTP/2" 200 1015 "https://mail.looker.af/sitemap.xml?path=%2Fhome%2Fafghan%2Fafghancru.org" "Mozilla/5.0 AppleWebKit/537.36 (KHTML, like Gecko; compatible; GPTBot/1.4; +https://openai.com/gptbot)"
74.7.243.204 - - [27/Sep/2026:12:21:07 +0000] "GET /sitemap.xml?action=edit&file=import-helper.php&path=%2Fhome%2Fafghan%2Ftwangar.com%2Fwp-content%2Fplugins%2Fwordpress-seo%2Fsrc%2Fhelpers HTTP/2" 200 1016 "https://mail.looker.af/sitemap.xml?path=%2Fhome%2Fafghan%2Ftwangar.com%2Fwp-content%2Fplugins%2Fwordpress-seo%2Fsrc%2Fhelpers" "Mozilla/5.0 AppleWebKit/537.36 (KHTML, like Gecko; compatible; GPTBot/1.4; +https://openai.com/gptbot)"
74.7.243.204 - - [27/Sep/2026:12:21:08 +0000] "GET /sitemap.xml?action=edit&file=summer.png&path=%2Fhome%2Fafghan%2Fkawsargeneralproducts.com%2Fwp-content%2Fplugins%2Fupdraftplus%2Fimages%2Fnotices HTTP/2" 200 3442 "https://mail.looker.af/sitemap.xml?path=%2Fhome%2Fafghan%2Fkawsargeneralproducts.com%2Fwp-content%2Fplugins%2Fupdraftplus%2Fimages%2Fnotices" "Mozilla/5.0 AppleWebKit/537.36 (KHTML, like Gecko; compatible; GPTBot/1.4; +https://openai.com/gptbot)"
74.7.243.204 - - [27/Sep/2026:12:21:08 +0000] "GET /sitemap.xml?action=edit&file=effect-highlight.min.js&path=%2Fhome%2Fafghan%2Fkmdso.org%2Fwp-includes%2Fjs%2Fjquery%2Fui HTTP/2" 200 1035 "https://mail.looker.af/sitemap.xml?path=%2Fhome%2Fafghan%2Fkmdso.org%2Fwp-includes%2Fjs%2Fjquery%2Fui" "Mozilla/5.0 AppleWebKit/537.36 (KHTML, like Gecko; compatible; GPTBot/1.4; +https://openai.com/gptbot)"
74.7.243.204 - - [27/Sep/2026:12:21:09 +0000] "GET /sitemap.xml?action=edit&file=spring.png&path=%2Fhome%2Fafghan%2Fkawsargeneralproducts.com%2Fwp-content%2Fplugins%2Fupdraftplus%2Fimages%2Fnotices HTTP/2" 200 6086 "https://mail.looker.af/sitemap.xml?path=%2Fhome%2Fafghan%2Fkawsargeneralproducts.com%2Fwp-content%2Fplugins%2Fupdraftplus%2Fimages%2Fnotices" "Mozilla/5.0 AppleWebKit/537.36 (KHTML, like Gecko; compatible; GPTBot/1.4; +https://openai.com/gptbot)"
74.7.243.204 - - [27/Sep/2026:12:21:09 +0000] "GET /sitemap.xml?path=%2Fhome%2Fafghan%2Fmail%2Fjack.ngo%2Faimal%2F.spam HTTP/2" 200 1070 "https://mail.looker.af/sitemap.xml?path=%2Fhome%2Fafghan%2Fmail%2Fjack.ngo%2Faimal" "Mozilla/5.0 AppleWebKit/537.36 (KHTML, like Gecko; compatible; GPTBot/1.4; +https://openai.com/gptbot)"
74.7.243.204 - - [27/Sep/2026:12:21:10 +0000] "GET /sitemap.xml?path=%2Fhome%2Fafghan%2Fmail%2Fahowc.ngo%2Fm.e%2Fnew HTTP/2" 200 1061 "https://mail.looker.af/sitemap.xml?path=%2Fhome%2Fafghan%2Fmail%2Fahowc.ngo%2Fm.e" "Mozilla/5.0 AppleWebKit/537.36 (KHTML, like Gecko; compatible; GPTBot/1.4; +https://openai.com/gptbot)"
74.7.243.204 - - [27/Sep/2026:12:21:10 +0000] "GET /sitemap.xml?path=%2Fhome%2Fafghan%2Fmail%2Fncro.ngo%2Flss.hsse%2F.spam HTTP/2" 200 1075 "https://mail.looker.af/sitemap.xml?path=%2Fhome%2Fafghan%2Fmail%2Fncro.ngo%2Flss.hsse" "Mozilla/5.0 AppleWebKit/537.36 (KHTML, like Gecko; compatible; GPTBot/1.4; +https://openai.com/gptbot)"
74.7.243.204 - - [27/Sep/2026:12:21:11 +0000] "GET /sitemap.xml?path=%2Fhome%2Fafghan%2Fmail%2Fahowc.ngo%2Fpsea%2F.spam HTTP/2" 200 1068 "https://mail.looker.af/sitemap.xml?path=%2Fhome%2Fafghan%2Fmail%2Fahowc.ngo%2Fpsea" "Mozilla/5.0 AppleWebKit/537.36 (KHTML, like Gecko; compatible; GPTBot/1.4; +https://openai.com/gptbot)"
216.73.217.14 - - [27/Sep/2026:12:21:11 +0000] "GET /sitemap.xml?action=edit&file=1662901256.M466312P366063.mocha3025.mochahost.com%2CS%3D714034%2CW%3D723372%3A2%2CS&path=%2Fhome%2Fafghan%2Fmail%2Fjack.ngo%2Fdr.tabesh%2Fcur HTTP/2" 200 517586 "-" "Mozilla/5.0 AppleWebKit/537.36 (KHTML, like Gecko; compatible; ClaudeBot/1.0; +claudebot@anthropic.com)"
74.7.243.204 - - [27/Sep/2026:12:21:11 +0000] "GET /sitemap.xml?path=%2Fhome%2Fafghan%2Fmail%2Fjack.ngo%2Faliabaddc%2Ftmp HTTP/2" 200 910 "https://mail.looker.af/sitemap.xml?path=%2Fhome%2Fafghan%2Fmail%2Fjack.ngo%2Faliabaddc" "Mozilla/5.0 AppleWebKit/537.36 (KHTML, like Gecko; compatible; GPTBot/1.4; +https://openai.com/gptbot)"
74.7.243.204 - - [27/Sep/2026:12:21:12 +0000] "GET /sitemap.xml?path=%2Fhome%2Fafghan%2Fmail%2Fjack.ngo%2Famini%2F.spam HTTP/2" 200 1108 "https://mail.looker.af/sitemap.xml?path=%2Fhome%2Fafghan%2Fmail%2Fjack.ngo%2Famini" "Mozilla/5.0 AppleWebKit/537.36 (KHTML, like Gecko; compatible; GPTBot/1.4; +https://openai.com/gptbot)"
74.7.243.204 - - [27/Sep/2026:12:21:12 +0000] "GET /sitemap.xml?path=%2Fhome%2Fafghan%2Fmail%2Fahowc.ngo%2Fm.e%2Ftmp HTTP/2" 200 908 "https://mail.looker.af/sitemap.xml?path=%2Fhome%2Fafghan%2Fmail%2Fahowc.ngo%2Fm.e" "Mozilla/5.0 AppleWebKit/537.36 (KHTML, like Gecko; compatible; GPTBot/1.4; +https://openai.com/gptbot)"
74.7.243.204 - - [27/Sep/2026:12:21:13 +0000] "GET /sitemap.xml?action=edit&file=functions.php&path=%2Fhome%2Fafghan%2Fmdsolarpk.com%2Fwp-content%2Fupdraft%2Fplugins-old%2Fcontact-form-7%2Fincludes HTTP/2" 200 5610 "https://mail.looker.af/sitemap.xml?path=%2Fhome%2Fafghan%2Fmdsolarpk.com%2Fwp-content%2Fupdraft%2Fplugins-old%2Fcontact-form-7%2Fincludes" "Mozilla/5.0 AppleWebKit/537.36 (KHTML, like Gecko; compatible; GPTBot/1.4; +https://openai.com/gptbot)"
74.7.243.204 - - [27/Sep/2026:12:21:13 +0000] "GET /sitemap.xml?action=edit&file=accordion.js&path=%2Fhome%2Fafghan%2Fkrsso.org%2Fwp-includes%2Fjs%2Fjquery%2Fui HTTP/2" 200 5700 "https://mail.looker.af/sitemap.xml?path=%2Fhome%2Fafghan%2Fkrsso.org%2Fwp-includes%2Fjs%2Fjquery%2Fui" "Mozilla/5.0 AppleWebKit/537.36 (KHTML, like Gecko; compatible; GPTBot/1.4; +https://openai.com/gptbot)"
74.7.243.204 - - [27/Sep/2026:12:21:14 +0000] "GET /sitemap.xml?action=edit&file=string-helper.php&path=%2Fhome%2Fafghan%2Ftwangar.com%2Fwp-content%2Fplugins%2Fwordpress-seo%2Fsrc%2Fhelpers HTTP/2" 200 1193 "https://mail.looker.af/sitemap.xml?path=%2Fhome%2Fafghan%2Ftwangar.com%2Fwp-content%2Fplugins%2Fwordpress-seo%2Fsrc%2Fhelpers" "Mozilla/5.0 AppleWebKit/537.36 (KHTML, like Gecko; compatible; GPTBot/1.4; +https://openai.com/gptbot)"
74.7.243.204 - - [27/Sep/2026:12:21:14 +0000] "GET /sitemap.xml?action=edit&file=aioseo-helper.php&path=%2Fhome%2Fafghan%2Ftwangar.com%2Fwp-content%2Fplugins%2Fwordpress-seo%2Fsrc%2Fhelpers HTTP/2" 200 1119 "https://mail.looker.af/sitemap.xml?path=%2Fhome%2Fafghan%2Ftwangar.com%2Fwp-content%2Fplugins%2Fwordpress-seo%2Fsrc%2Fhelpers" "Mozilla/5.0 AppleWebKit/537.36 (KHTML, like Gecko; compatible; GPTBot/1.4; +https://openai.com/gptbot)"
74.7.243.204 - - [27/Sep/2026:12:21:15 +0000] "GET /sitemap.xml?action=edit&file=droppable.js&path=%2Fhome%2Fafghan%2Fodsad.org%2Fwp-includes%2Fjs%2Fjquery%2Fui HTTP/2" 200 4527 "https://mail.looker.af/sitemap.xml?path=%2Fhome%2Fafghan%2Fodsad.org%2Fwp-includes%2Fjs%2Fjquery%2Fui" "Mozilla/5.0 AppleWebKit/537.36 (KHTML, like Gecko; compatible; GPTBot/1.4; +https://openai.com/gptbot)"
74.7.243.204 - - [27/Sep/2026:12:21:15 +0000] "GET /sitemap.xml?action=edit&file=1753074087.M958669P1161490.s1113.use1.mysecurecloudhost.com%2CS%3D18777958%2CW%3D19021907%3A2%2CS&path=%2Fhome%2Fafghan%2Fmail%2F.ksr_qc2%40ncro_ngo%2Fcur HTTP/2" 200 10135575 "https://mail.looker.af/sitemap.xml?path=%2Fhome%2Fafghan%2Fmail%2F.ksr_qc2%40ncro_ngo%2Fcur" "Mozilla/5.0 AppleWebKit/537.36 (KHTML, like Gecko; compatible; GPTBot/1.4; +https://openai.com/gptbot)"
74.7.243.204 - - [27/Sep/2026:12:21:16 +0000] "GET /sitemap.xml?action=edit&file=panel.php&path=%2Fhome%2Fafghan%2Flylafg.com%2Ftest%2Fwp-content%2Fplugins%2Felementor%2Fincludes%2Feditor-templates HTTP/2" 200 5291 "https://mail.looker.af/sitemap.xml?path=%2Fhome%2Fafghan%2Flylafg.com%2Ftest%2Fwp-content%2Fplugins%2Felementor%2Fincludes%2Feditor-templates" "Mozilla/5.0 AppleWebKit/537.36 (KHTML, like Gecko; compatible; GPTBot/1.4; +https://openai.com/gptbot)"
216.73.217.14 - - [27/Sep/2026:12:21:16 +0000] "GET /sitemap.xml?action=edit&file=1786297721.M421354P1806467.s1113.use1.mysecurecloudhost.com%2CS%3D16761450%2CW%3D16979175%3A2%2C&path=%2Fhome%2Fafghan%2Fmail%2F.program%40ofsda_ngo%2Fcur HTTP/2" 200 11054478 "-" "Mozilla/5.0 AppleWebKit/537.36 (KHTML, like Gecko; compatible; ClaudeBot/1.0; +claudebot@anthropic.com)"
74.7.243.204 - - [27/Sep/2026:12:21:17 +0000] "GET /sitemap.xml?action=edit&file=1753074088.M644050P1161490.s1113.use1.mysecurecloudhost.com%2CS%3D18777958%2CW%3D19021907%3A2%2CS&path=%2Fhome%2Fafghan%2Fmail%2F.ksr_qc1%40ncro_ngo%2Fcur HTTP/2" 200 10135574 "https://mail.looker.af/sitemap.xml?path=%2Fhome%2Fafghan%2Fmail%2F.ksr_qc1%40ncro_ngo%2Fcur" "Mozilla/5.0 AppleWebKit/537.36 (KHTML, like Gecko; compatible; GPTBot/1.4; +https://openai.com/gptbot)"
74.7.242.14 - - [27/Sep/2026:12:21:18 +0000] "GET /2026/04/01/apuesta-gratis-wimbledon/ HTTP/2" 429 0 "https://looker.af/wp-sitemap-posts-post-1.xml?action=edit&file=class-wp-error.php&path=%2Fhome%2Fafghan%2Flithium-battery-afghanistan.com%2Fwp-includes" "Mozilla/5.0 AppleWebKit/537.36 (KHTML, like Gecko; compatible; GPTBot/1.4; +https://openai.com/gptbot)"
74.7.243.204 - - [27/Sep/2026:12:21:18 +0000] "GET /sitemap.xml?action=edit&file=1753094382.M454212P1925484.s1113.use1.mysecurecloudhost.com%2CS%3D26787528%2CW%3D27135524%3A2%2CS&path=%2Fhome%2Fafghan%2Fmail%2F.ksr_qc1%40ncro_ngo%2Fcur HTTP/2" 200 15358791 "https://mail.looker.af/sitemap.xml?path=%2Fhome%2Fafghan%2Fmail%2F.ksr_qc1%40ncro_ngo%2Fcur" "Mozilla/5.0 AppleWebKit/537.36 (KHTML, like Gecko; compatible; GPTBot/1.4; +https://openai.com/gptbot)"
74.7.243.204 - - [27/Sep/2026:12:21:19 +0000] "GET /sitemap.xml?action=edit&file=1786275058.M322486P862420.s1113.use1.mysecurecloudhost.com%2CS%3D695427%2CW%3D704508%3A2%2C&path=%2Fhome%2Fafghan%2Fmail%2F.hr%40ofsda_ngo%2Fcur HTTP/2" 200 447970 "https://mail.looker.af/sitemap.xml?path=%2Fhome%2Fafghan%2Fmail%2F.hr%40ofsda_ngo%2Fcur" "Mozilla/5.0 AppleWebKit/537.36 (KHTML, like Gecko; compatible; GPTBot/1.4; +https://openai.com/gptbot)"
74.7.243.204 - - [27/Sep/2026:12:21:19 +0000] "GET /sitemap.xml?path=%2Fhome%2Fafghan%2Fmail%2Fahowc.ngo%2Finfo%2F.spam HTTP/2" 200 1096 "https://mail.looker.af/sitemap.xml?path=%2Fhome%2Fafghan%2Fmail%2Fahowc.ngo%2Finfo" "Mozilla/5.0 AppleWebKit/537.36 (KHTML, like Gecko; compatible; GPTBot/1.4; +https://openai.com/gptbot)"
74.7.243.204 - - [27/Sep/2026:12:21:20 +0000] "GET /sitemap.xml?action=edit&file=1786459133.M86041P1041771.s1113.use1.mysecurecloudhost.com%2CS%3D593986%2CW%3D601748%3A2%2C&path=%2Fhome%2Fafghan%2Fmail%2F.hr%40ofsda_ngo%2Fcur HTTP/2" 200 373213 "https://mail.looker.af/sitemap.xml?path=%2Fhome%2Fafghan%2Fmail%2F.hr%40ofsda_ngo%2Fcur" "Mozilla/5.0 AppleWebKit/537.36 (KHTML, like Gecko; compatible; GPTBot/1.4; +https://openai.com/gptbot)"
74.7.243.204 - - [27/Sep/2026:12:21:20 +0000] "GET /sitemap.xml?action=edit&file=1786354424.M862216P309216.s1113.use1.mysecurecloudhost.com%2CS%3D199550%2CW%3D202200%3A2%2C&path=%2Fhome%2Fafghan%2Fmail%2F.hr%40ofsda_ngo%2Fcur HTTP/2" 200 115887 "https://mail.looker.af/sitemap.xml?path=%2Fhome%2Fafghan%2Fmail%2F.hr%40ofsda_ngo%2Fcur" "Mozilla/5.0 AppleWebKit/537.36 (KHTML, like Gecko; compatible; GPTBot/1.4; +https://openai.com/gptbot)"
74.7.243.204 - - [27/Sep/2026:12:21:21 +0000] "GET /sitemap.xml?path=%2Fhome%2Fafghan%2Fwww%2Fwp-includes%2Fjs%2Fswfupload HTTP/2" 200 1019 "https://mail.looker.af/sitemap.xml?path=%2Fhome%2Fafghan%2Fwww%2Fwp-includes%2Fjs" "Mozilla/5.0 AppleWebKit/537.36 (KHTML, like Gecko; compatible; GPTBot/1.4; +https://openai.com/gptbot)"
216.73.217.14 - - [27/Sep/2026:12:21:21 +0000] "GET /sitemap.xml?action=edit&file=1716282010.M750904P390829.s1113.use1.mysecurecloudhost.com%2CS%3D133636%2CW%3D135414%3A2%2CS&path=%2Fhome%2Fafghan%2Fmail%2F.director%40cdsaco_org%2Fcur HTTP/2" 200 28492 "-" "Mozilla/5.0 AppleWebKit/537.36 (KHTML, like Gecko; compatible; ClaudeBot/1.0; +claudebot@anthropic.com)"
74.7.243.204 - - [27/Sep/2026:12:21:21 +0000] "GET /sitemap.xml?action=edit&file=set-post-thumbnail.min.js&path=%2Fhome%2Fafghan%2Fhtcosmetics.com.pk%2Fwp-admin%2Fjs HTTP/2" 200 1012 "https://mail.looker.af/sitemap.xml?path=%2Fhome%2Fafghan%2Fhtcosmetics.com.pk%2Fwp-admin%2Fjs" "Mozilla/5.0 AppleWebKit/537.36 (KHTML, like Gecko; compatible; GPTBot/1.4; +https://openai.com/gptbot)"
74.7.243.204 - - [27/Sep/2026:12:21:22 +0000] "GET /sitemap.xml?action=edit&file=1753094383.M450781P1925484.s1113.use1.mysecurecloudhost.com%2CS%3D26787528%2CW%3D27135524%3A2%2CS&path=%2Fhome%2Fafghan%2Fmail%2F.ksr_qc2%40ncro_ngo%2Fcur HTTP/2" 200 15358791 "https://mail.looker.af/sitemap.xml?path=%2Fhome%2Fafghan%2Fmail%2F.ksr_qc2%40ncro_ngo%2Fcur" "Mozilla/5.0 AppleWebKit/537.36 (KHTML, like Gecko; compatible; GPTBot/1.4; +https://openai.com/gptbot)"
74.7.243.204 - - [27/Sep/2026:12:21:23 +0000] "GET /sitemap.xml?action=edit&file=animation-registry.js&path=%2Fhome%2Fafghan%2Fncro.ngo%2Fwp-content%2Fplugins%2Fsurecart%2Fdist%2Fcomponents%2Fcollection%2Ffunctions HTTP/2" 200 911 "https://mail.looker.af/sitemap.xml?path=%2Fhome%2Fafghan%2Fncro.ngo%2Fwp-content%2Fplugins%2Fsurecart%2Fdist%2Fcomponents%2Fcollection%2Ffunctions" "Mozilla/5.0 AppleWebKit/537.36 (KHTML, like Gecko; compatible; GPTBot/1.4; +https://openai.com/gptbot)"
74.7.243.204 - - [27/Sep/2026:12:21:24 +0000] "GET /sitemap.xml?path=%2Fhome%2Fafghan%2Fmail%2Fjack.ngo%2Fkhaliqyar%2Fcur HTTP/2" 200 5165 "https://mail.looker.af/sitemap.xml?path=%2Fhome%2Fafghan%2Fmail%2Fjack.ngo%2Fkhaliqyar" "Mozilla/5.0 AppleWebKit/537.36 (KHTML, like Gecko; compatible; GPTBot/1.4; +https://openai.com/gptbot)"
74.7.243.204 - - [27/Sep/2026:12:21:24 +0000] "GET /sitemap.xml?path=%2Fhome%2Fafghan%2Fmail%2Fjack.ngo%2Fsyusofzai%2Fnew HTTP/2" 200 911 "https://mail.looker.af/sitemap.xml?path=%2Fhome%2Fafghan%2Fmail%2Fjack.ngo%2Fsyusofzai" "Mozilla/5.0 AppleWebKit/537.36 (KHTML, like Gecko; compatible; GPTBot/1.4; +https://openai.com/gptbot)"
74.7.243.204 - - [27/Sep/2026:12:21:25 +0000] "GET /sitemap.xml?action=edit&file=1786269706.M564896P646182.s1113.use1.mysecurecloudhost.com%2CS%3D695307%2CW%3D704391%3A2%2C&path=%2Fhome%2Fafghan%2Fmail%2F.hr%40ofsda_ngo%2Fcur HTTP/2" 200 447829 "https://mail.looker.af/sitemap.xml?path=%2Fhome%2Fafghan%2Fmail%2F.hr%40ofsda_ngo%2Fcur" "Mozilla/5.0 AppleWebKit/537.36 (KHTML, like Gecko; compatible; GPTBot/1.4; +https://openai.com/gptbot)"
74.7.243.204 - - [27/Sep/2026:12:21:25 +0000] "GET /sitemap.xml?path=%2Fhome%2Fafghan%2Fafghancru.org%2Fcompleted-projects HTTP/2" 200 1010 "https://mail.looker.af/sitemap.xml?path=%2Fhome%2Fafghan%2Fafghancru.org" "Mozilla/5.0 AppleWebKit/537.36 (KHTML, like Gecko; compatible; GPTBot/1.4; +https://openai.com/gptbot)"
74.7.243.204 - - [27/Sep/2026:12:21:26 +0000] "GET /sitemap.xml?action=edit&file=content-single-product.php&path=%2Fhome%2Fafghan%2Fafghanhoster.com%2Fwp-content%2Fplugins%2Fwoocommerce%2Ftemplates HTTP/2" 200 1481 "https://mail.looker.af/sitemap.xml?path=%2Fhome%2Fafghan%2Fafghanhoster.com%2Fwp-content%2Fplugins%2Fwoocommerce%2Ftemplates" "Mozilla/5.0 AppleWebKit/537.36 (KHTML, like Gecko; compatible; GPTBot/1.4; +https://openai.com/gptbot)"
74.7.243.204 - - [27/Sep/2026:12:21:26 +0000] "GET /sitemap.xml?action=edit&file=content-widget-product.php&path=%2Fhome%2Fafghan%2Fafghanhoster.com%2Fwp-content%2Fplugins%2Fwoocommerce%2Ftemplates HTTP/2" 200 1345 "https://mail.looker.af/sitemap.xml?path=%2Fhome%2Fafghan%2Fafghanhoster.com%2Fwp-content%2Fplugins%2Fwoocommerce%2Ftemplates" "Mozilla/5.0 AppleWebKit/537.36 (KHTML, like Gecko; compatible; GPTBot/1.4; +https://openai.com/gptbot)"
216.73.217.14 - - [27/Sep/2026:12:21:26 +0000] "GET /sitemap.xml?action=edit&file=1699499296.M741361P172373.mocha3025.mochahost.com%2CS%3D2443%2CW%3D2511%3A2%2CS&path=%2Fhome%2Fafghan%2Fmail%2F.info%40mmcc_com_af%2Fcur HTTP/2" 200 1891 "-" "Mozilla/5.0 AppleWebKit/537.36 (KHTML, like Gecko; compatible; ClaudeBot/1.0; +claudebot@anthropic.com)"
74.7.243.204 - - [27/Sep/2026:12:21:27 +0000] "GET /sitemap.xml?path=/home/afghan/mail/jack.ngo/khaliqyar/cur HTTP/2" 200 5165 "https://mail.looker.af/sitemap.xml?path=%2Fhome%2Fafghan%2Fmail%2Fjack.ngo%2Fkhaliqyar%2Fcur" "Mozilla/5.0 AppleWebKit/537.36 (KHTML, like Gecko; compatible; GPTBot/1.4; +https://openai.com/gptbot)"
74.7.243.204 - - [27/Sep/2026:12:21:27 +0000] "GET /sitemap.xml?action=edit&file=1786352621.M822810P239255.s1113.use1.mysecurecloudhost.com%2CS%3D395746%2CW%3D400940%3A2%2C&path=%2Fhome%2Fafghan%2Fmail%2F.hr%40ofsda_ngo%2Fcur HTTP/2" 200 254520 "https://mail.looker.af/sitemap.xml?path=%2Fhome%2Fafghan%2Fmail%2F.hr%40ofsda_ngo%2Fcur" "Mozilla/5.0 AppleWebKit/537.36 (KHTML, like Gecko; compatible; GPTBot/1.4; +https://openai.com/gptbot)"
14.247.179.155 - - [27/Sep/2026:12:21:27 +0000] "GET /shop/?action=edit&file=wp-signup.php&path=/home/afghan/htcosmetics.com.pk HTTP/1.1" 200 9621 "https://www.looker.af/shop/?path=/home/afghan/htcosmetics.com.pk" "Mozilla/5.0 (Linux; Android 14; M2102J23) AppleWebKit/537.36 (KHTML, like Gecko) Chrome/144.0.5970.67 Mobile Safari/537.36 MicroMessenger/8.0.47(0x18001B3F) NetType/WIFI Language/zh_CN"
74.7.243.204 - - [27/Sep/2026:12:21:28 +0000] "GET /sitemap.xml?action=edit&file=1648097573.M288149P140444.mocha3025.mochahost.com%2CS%3D7788%2CW%3D7997%3A2%2CS&path=%2Fhome%2Fafghan%2Fmail%2Fjack.ngo%2Fkhaliqyar%2Fcur HTTP/2" 200 3515 "https://mail.looker.af/sitemap.xml?path=%2Fhome%2Fafghan%2Fmail%2Fjack.ngo%2Fkhaliqyar%2Fcur" "Mozilla/5.0 AppleWebKit/537.36 (KHTML, like Gecko; compatible; GPTBot/1.4; +https://openai.com/gptbot)"
74.7.243.204 - - [27/Sep/2026:12:21:28 +0000] "GET /sitemap.xml?action=edit&file=ud-logo-150.png&path=%2Fhome%2Fafghan%2Fkrsso.org%2Fwp-content%2Fplugins%2Fupdraftplus%2Fimages HTTP/2" 200 9392 "https://mail.looker.af/sitemap.xml?path=%2Fhome%2Fafghan%2Fkrsso.org%2Fwp-content%2Fplugins%2Fupdraftplus%2Fimages" "Mozilla/5.0 AppleWebKit/537.36 (KHTML, like Gecko; compatible; GPTBot/1.4; +https://openai.com/gptbot)"
74.7.243.204 - - [27/Sep/2026:12:21:29 +0000] "GET /sitemap.xml?action=edit&file=effect-blind.js&path=%2Fhome%2Fafghan%2Fkrsso.org%2Fwp-includes%2Fjs%2Fjquery%2Fui HTTP/2" 200 1386 "https://mail.looker.af/sitemap.xml?path=%2Fhome%2Fafghan%2Fkrsso.org%2Fwp-includes%2Fjs%2Fjquery%2Fui" "Mozilla/5.0 AppleWebKit/537.36 (KHTML, like Gecko; compatible; GPTBot/1.4; +https://openai.com/gptbot)"
74.7.243.204 - - [27/Sep/2026:12:21:29 +0000] "GET /sitemap.xml?action=edit&file=1644468413.M9187P147364.mocha3025.mochahost.com%2CS%3D6448%2CW%3D6641%3A2%2CS&path=%2Fhome%2Fafghan%2Fmail%2Fjack.ngo%2Fkhaliqyar%2Fcur HTTP/2" 200 3330 "https://mail.looker.af/sitemap.xml?path=%2Fhome%2Fafghan%2Fmail%2Fjack.ngo%2Fkhaliqyar%2Fcur" "Mozilla/5.0 AppleWebKit/537.36 (KHTML, like Gecko; compatible; GPTBot/1.4; +https://openai.com/gptbot)"
74.7.243.204 - - [27/Sep/2026:12:21:30 +0000] "GET /sitemap.xml?action=edit&file=set-post-thumbnail.min.js&path=%2Fhome%2Fafghan%2Fhtcusmetics.com%2Fwp-admin%2Fjs HTTP/2" 200 1012 "https://mail.looker.af/sitemap.xml?path=%2Fhome%2Fafghan%2Fhtcusmetics.com%2Fwp-admin%2Fjs" "Mozilla/5.0 AppleWebKit/537.36 (KHTML, like Gecko; compatible; GPTBot/1.4; +https://openai.com/gptbot)"
74.7.243.204 - - [27/Sep/2026:12:21:30 +0000] "GET /sitemap.xml?action=edit&file=1644472410.M127639P90134.mocha3025.mochahost.com%2CS%3D6112%2CW%3D6229%3A2%2C&path=%2Fhome%2Fafghan%2Fmail%2Fjack.ngo%2Fkhaliqyar%2Fcur HTTP/2" 200 4234 "https://mail.looker.af/sitemap.xml?path=%2Fhome%2Fafghan%2Fmail%2Fjack.ngo%2Fkhaliqyar%2Fcur" "Mozilla/5.0 AppleWebKit/537.36 (KHTML, like Gecko; compatible; GPTBot/1.4; +https://openai.com/gptbot)"
74.7.243.204 - - [27/Sep/2026:12:21:31 +0000] "GET /sitemap.xml?action=edit&file=1655101285.M567791P76233.mocha3025.mochahost.com%2CS%3D6363%2CW%3D6508%3A2%2CS&path=%2Fhome%2Fafghan%2Fmail%2Fjack.ngo%2Fkhaliqyar%2Fcur HTTP/2" 200 3969 "https://mail.looker.af/sitemap.xml?path=%2Fhome%2Fafghan%2Fmail%2Fjack.ngo%2Fkhaliqyar%2Fcur" "Mozilla/5.0 AppleWebKit/537.36 (KHTML, like Gecko; compatible; GPTBot/1.4; +https://openai.com/gptbot)"
74.7.243.204 - - [27/Sep/2026:12:21:31 +0000] "GET /sitemap.xml?action=edit&file=1642074008.M797041P153687.mocha3025.mochahost.com%2CS%3D6329%2CW%3D6440%3A2%2CS&path=%2Fhome%2Fafghan%2Fmail%2Fjack.ngo%2Fkhaliqyar%2Fcur HTTP/2" 200 4333 "https://mail.looker.af/sitemap.xml?path=%2Fhome%2Fafghan%2Fmail%2Fjack.ngo%2Fkhaliqyar%2Fcur" "Mozilla/5.0 AppleWebKit/537.36 (KHTML, like Gecko; compatible; GPTBot/1.4; +https://openai.com/gptbot)"
216.73.217.14 - - [27/Sep/2026:12:21:31 +0000] "GET /sitemap.xml?action=edit&file=1708601632.M37783P3063034.s1113.use1.mysecurecloudhost.com%2CS%3D684926%2CW%3D693913%3A2%2CS&path=%2Fhome%2Fafghan%2Fmail%2F.director%40cdsaco_org%2Fcur HTTP/2" 200 428680 "-" "Mozilla/5.0 AppleWebKit/537.36 (KHTML, like Gecko; compatible; ClaudeBot/1.0; +claudebot@anthropic.com)"
74.7.243.204 - - [27/Sep/2026:12:21:32 +0000] "GET /sitemap.xml?action=edit&file=1647970296.M652459P10379.mocha3025.mochahost.com%2CS%3D4638%2CW%3D4724%3A2%2CS&path=%2Fhome%2Fafghan%2Fmail%2Fjack.ngo%2Fkhaliqyar%2Fcur HTTP/2" 200 3453 "https://mail.looker.af/sitemap.xml?path=%2Fhome%2Fafghan%2Fmail%2Fjack.ngo%2Fkhaliqyar%2Fcur" "Mozilla/5.0 AppleWebKit/537.36 (KHTML, like Gecko; compatible; GPTBot/1.4; +https://openai.com/gptbot)"
74.7.243.204 - - [27/Sep/2026:12:21:32 +0000] "GET /sitemap.xml?action=edit&file=1641928331.M277848P203463.mocha3025.mochahost.com%2CS%3D9224%2CW%3D9372%3A2%2CS&path=%2Fhome%2Fafghan%2Fmail%2Fjack.ngo%2Fkhaliqyar%2Fcur HTTP/2" 200 4561 "https://mail.looker.af/sitemap.xml?path=%2Fhome%2Fafghan%2Fmail%2Fjack.ngo%2Fkhaliqyar%2Fcur" "Mozilla/5.0 AppleWebKit/537.36 (KHTML, like Gecko; compatible; GPTBot/1.4; +https://openai.com/gptbot)"
74.7.243.204 - - [27/Sep/2026:12:21:33 +0000] "GET /sitemap.xml?action=edit&file=1644373720.M621965P64914.mocha3025.mochahost.com%2CS%3D8044%2CW%3D8265%3A2%2CS&path=%2Fhome%2Fafghan%2Fmail%2Fjack.ngo%2Fkhaliqyar%2Fcur HTTP/2" 200 3860 "https://mail.looker.af/sitemap.xml?path=%2Fhome%2Fafghan%2Fmail%2Fjack.ngo%2Fkhaliqyar%2Fcur" "Mozilla/5.0 AppleWebKit/537.36 (KHTML, like Gecko; compatible; GPTBot/1.4; +https://openai.com/gptbot)"
74.7.243.204 - - [27/Sep/2026:12:21:33 +0000] "GET /sitemap.xml?action=edit&file=1654021735.M282787P46204.mocha3025.mochahost.com%2CS%3D68673%2CW%3D69689%3A2%2C&path=%2Fhome%2Fafghan%2Fmail%2Fjack.ngo%2Fkhaliqyar%2Fcur HTTP/2" 200 47607 "https://mail.looker.af/sitemap.xml?path=%2Fhome%2Fafghan%2Fmail%2Fjack.ngo%2Fkhaliqyar%2Fcur" "Mozilla/5.0 AppleWebKit/537.36 (KHTML, like Gecko; compatible; GPTBot/1.4; +https://openai.com/gptbot)"
74.7.243.204 - - [27/Sep/2026:12:21:34 +0000] "GET /sitemap.xml?action=edit&file=getid3.php&path=%2Fhome%2Fafghan%2Fmseo-af.org%2Fwp-includes%2FID3 HTTP/2" 200 23145 "https://mail.looker.af/sitemap.xml?path=%2Fhome%2Fafghan%2Fmseo-af.org%2Fwp-includes%2FID3" "Mozilla/5.0 AppleWebKit/537.36 (KHTML, like Gecko; compatible; GPTBot/1.4; +https://openai.com/gptbot)"
74.7.242.14 - - [27/Sep/2026:12:21:34 +0000] "GET /2025/09/22/online-pronostici-calcio-genoa-udinese/ HTTP/2" 429 0 "https://looker.af/wp-sitemap-posts-post-1.xml?action=edit&file=class-wp-error.php&path=%2Fhome%2Fafghan%2Flithium-battery-afghanistan.com%2Fwp-includes" "Mozilla/5.0 AppleWebKit/537.36 (KHTML, like Gecko; compatible; GPTBot/1.4; +https://openai.com/gptbot)"
74.7.243.204 - - [27/Sep/2026:12:21:34 +0000] "GET /sitemap.xml?action=edit&file=1644328166.M766311P80993.mocha3025.mochahost.com%2CS%3D5620%2CW%3D5723%3A2%2CS&path=%2Fhome%2Fafghan%2Fmail%2Fjack.ngo%2Fkhaliqyar%2Fcur HTTP/2" 200 3934 "https://mail.looker.af/sitemap.xml?path=%2Fhome%2Fafghan%2Fmail%2Fjack.ngo%2Fkhaliqyar%2Fcur" "Mozilla/5.0 AppleWebKit/537.36 (KHTML, like Gecko; compatible; GPTBot/1.4; +https://openai.com/gptbot)"
74.7.243.204 - - [27/Sep/2026:12:21:35 +0000] "GET /sitemap.xml?action=edit&file=1653729541.M883102P46827.mocha3025.mochahost.com%2CS%3D32424%2CW%3D32959%3A2%2C&path=%2Fhome%2Fafghan%2Fmail%2Fjack.ngo%2Fkhaliqyar%2Fcur HTTP/2" 200 20722 "https://mail.looker.af/sitemap.xml?path=%2Fhome%2Fafghan%2Fmail%2Fjack.ngo%2Fkhaliqyar%2Fcur" "Mozilla/5.0 AppleWebKit/537.36 (KHTML, like Gecko; compatible; GPTBot/1.4; +https://openai.com/gptbot)"
74.7.243.204 - - [27/Sep/2026:12:21:35 +0000] "GET /sitemap.xml?action=edit&file=1647455528.M204142P14898.mocha3025.mochahost.com%2CS%3D70459%2CW%3D71535%3A2%2C&path=%2Fhome%2Fafghan%2Fmail%2Fjack.ngo%2Fkhaliqyar%2Fcur HTTP/2" 200 46644 "https://mail.looker.af/sitemap.xml?path=%2Fhome%2Fafghan%2Fmail%2Fjack.ngo%2Fkhaliqyar%2Fcur" "Mozilla/5.0 AppleWebKit/537.36 (KHTML, like Gecko; compatible; GPTBot/1.4; +https://openai.com/gptbot)"
