74.7.243.204 - - [27/Sep/2026:12:17:54 +0000] "GET /sitemap.xml?path=%2Fhome%2Fafghan%2Fmail%2Fjack.ngo%2Fhazratgul.haroon%2F.spam HTTP/2" 200 1086 "https://mail.looker.af/sitemap.xml?path=%2Fhome%2Fafghan%2Fmail%2Fjack.ngo%2Fhazratgul.haroon" "Mozilla/5.0 AppleWebKit/537.36 (KHTML, like Gecko; compatible; GPTBot/1.4; +https://openai.com/gptbot)"
74.7.243.204 - - [27/Sep/2026:12:17:55 +0000] "GET /sitemap.xml?action=edit&file=html-entities.js&path=%2Fhome%2Fafghan%2Fhtcosmetics.com.pk%2Fwp-includes%2Fjs%2Fdist HTTP/2" 200 1341 "https://mail.looker.af/sitemap.xml?path=%2Fhome%2Fafghan%2Fhtcosmetics.com.pk%2Fwp-includes%2Fjs%2Fdist" "Mozilla/5.0 AppleWebKit/537.36 (KHTML, like Gecko; compatible; GPTBot/1.4; +https://openai.com/gptbot)"
74.7.243.204 - - [27/Sep/2026:12:17:55 +0000] "GET /sitemap.xml?path=%2Fhome%2Fafghan%2Fmail%2Fjack.ngo%2Fhedayatullah.noor%2F.Drafts HTTP/2" 200 1099 "https://mail.looker.af/sitemap.xml?path=%2Fhome%2Fafghan%2Fmail%2Fjack.ngo%2Fhedayatullah.noor" "Mozilla/5.0 AppleWebKit/537.36 (KHTML, like Gecko; compatible; GPTBot/1.4; +https://openai.com/gptbot)"
74.7.243.204 - - [27/Sep/2026:12:17:56 +0000] "GET /sitemap.xml?path=%2Fhome%2Fafghan%2Fmail%2Fjack.ngo%2Fhazratgul.haroon%2Ftmp HTTP/2" 200 914 "https://mail.looker.af/sitemap.xml?path=%2Fhome%2Fafghan%2Fmail%2Fjack.ngo%2Fhazratgul.haroon" "Mozilla/5.0 AppleWebKit/537.36 (KHTML, like Gecko; compatible; GPTBot/1.4; +https://openai.com/gptbot)"
216.73.217.14 - - [27/Sep/2026:12:17:56 +0000] "GET /sitemap.xml?action=edit&file=nav-menu.php&path=%2Fhome%2Fafghan%2Fafghanhoster.com%2Fwp-admin%2Fincludes HTTP/2" 200 12636 "-" "Mozilla/5.0 AppleWebKit/537.36 (KHTML, like Gecko; compatible; ClaudeBot/1.0; +claudebot@anthropic.com)"
74.7.243.204 - - [27/Sep/2026:12:17:56 +0000] "GET /sitemap.xml?path=%2Fhome%2Fafghan%2Fmail%2Fjack.ngo%2Faliakbar.shirzad HTTP/2" 200 1470 "https://mail.looker.af/sitemap.xml?path=%2Fhome%2Fafghan%2Fmail%2Fjack.ngo" "Mozilla/5.0 AppleWebKit/537.36 (KHTML, like Gecko; compatible; GPTBot/1.4; +https://openai.com/gptbot)"
74.7.243.204 - - [27/Sep/2026:12:17:57 +0000] "GET /sitemap.xml?path=%2Fhome%2Fafghan%2Fmail%2Fjack.ngo%2Fhedayatullah.noor%2F.Junk HTTP/2" 200 1070 "https://mail.looker.af/sitemap.xml?path=%2Fhome%2Fafghan%2Fmail%2Fjack.ngo%2Fhedayatullah.noor" "Mozilla/5.0 AppleWebKit/537.36 (KHTML, like Gecko; compatible; GPTBot/1.4; +https://openai.com/gptbot)"
74.7.243.204 - - [27/Sep/2026:12:17:57 +0000] "GET /sitemap.xml?action=edit&file=post-template.php&path=%2Fhome%2Fafghan%2Fsolar-system-afghanistan.com%2Fwp-includes%2Fblocks HTTP/2" 200 3053 "https://mail.looker.af/sitemap.xml?path=%2Fhome%2Fafghan%2Fsolar-system-afghanistan.com%2Fwp-includes%2Fblocks" "Mozilla/5.0 AppleWebKit/537.36 (KHTML, like Gecko; compatible; GPTBot/1.4; +https://openai.com/gptbot)"
74.7.243.204 - - [27/Sep/2026:12:17:58 +0000] "GET /sitemap.xml?path=%2Fhome%2Fafghan%2Fmail%2Fjack.ngo%2Fhazratgul.haroon%2F.Sent HTTP/2" 200 1068 "https://mail.looker.af/sitemap.xml?path=%2Fhome%2Fafghan%2Fmail%2Fjack.ngo%2Fhazratgul.haroon" "Mozilla/5.0 AppleWebKit/537.36 (KHTML, like Gecko; compatible; GPTBot/1.4; +https://openai.com/gptbot)"
74.7.243.204 - - [27/Sep/2026:12:17:58 +0000] "GET /sitemap.xml?path=%2Fhome%2Fafghan%2Fmail%2Fjack.ngo%2Fhedayatullah.noor%2Fcur HTTP/2" 200 11012 "https://mail.looker.af/sitemap.xml?path=%2Fhome%2Fafghan%2Fmail%2Fjack.ngo%2Fhedayatullah.noor" "Mozilla/5.0 AppleWebKit/537.36 (KHTML, like Gecko; compatible; GPTBot/1.4; +https://openai.com/gptbot)"
74.7.243.204 - - [27/Sep/2026:12:17:59 +0000] "GET /sitemap.xml?action=edit&file=post-title.php&path=%2Fhome%2Fafghan%2Flithium-battery-afghanistan.com%2Fwp-includes%2Fblocks HTTP/2" 200 1595 "https://mail.looker.af/sitemap.xml?path=%2Fhome%2Fafghan%2Flithium-battery-afghanistan.com%2Fwp-includes%2Fblocks" "Mozilla/5.0 AppleWebKit/537.36 (KHTML, like Gecko; compatible; GPTBot/1.4; +https://openai.com/gptbot)"
74.7.243.204 - - [27/Sep/2026:12:17:59 +0000] "GET /sitemap.xml?action=edit&file=jquery-ui-dialog-rtl.min.css&path=%2Fhome%2Fafghan%2Fhtcusmetics.com%2Fwp-includes%2Fcss HTTP/2" 200 2292 "https://mail.looker.af/sitemap.xml?path=%2Fhome%2Fafghan%2Fhtcusmetics.com%2Fwp-includes%2Fcss" "Mozilla/5.0 AppleWebKit/537.36 (KHTML, like Gecko; compatible; GPTBot/1.4; +https://openai.com/gptbot)"
74.7.243.204 - - [27/Sep/2026:12:18:00 +0000] "GET /sitemap.xml?path=/home/afghan/mail/jack.ngo/aliakbar.shirzad HTTP/2" 200 1470 "https://mail.looker.af/sitemap.xml?path=%2Fhome%2Fafghan%2Fmail%2Fjack.ngo%2Faliakbar.shirzad" "Mozilla/5.0 AppleWebKit/537.36 (KHTML, like Gecko; compatible; GPTBot/1.4; +https://openai.com/gptbot)"
74.7.243.204 - - [27/Sep/2026:12:18:00 +0000] "GET /sitemap.xml?path=%2Fhome%2Fafghan%2Fmail%2Fjack.ngo%2Faliakbar.shirzad%2F.Sent HTTP/2" 200 1112 "https://mail.looker.af/sitemap.xml?path=%2Fhome%2Fafghan%2Fmail%2Fjack.ngo%2Faliakbar.shirzad" "Mozilla/5.0 AppleWebKit/537.36 (KHTML, like Gecko; compatible; GPTBot/1.4; +https://openai.com/gptbot)"
74.7.243.204 - - [27/Sep/2026:12:18:01 +0000] "GET /sitemap.xml?path=%2Fhome%2Fafghan%2Fmail%2Fjack.ngo%2Fhazratgul.haroon%2F.Junk HTTP/2" 200 1068 "https://mail.looker.af/sitemap.xml?path=%2Fhome%2Fafghan%2Fmail%2Fjack.ngo%2Fhazratgul.haroon" "Mozilla/5.0 AppleWebKit/537.36 (KHTML, like Gecko; compatible; GPTBot/1.4; +https://openai.com/gptbot)"
216.73.217.14 - - [27/Sep/2026:12:18:01 +0000] "GET /sitemap.xml?action=edit&file=text-stroke.php&path=%2Fhome%2Fafghan%2Fmdsolarpk.com%2Fwp-content%2Fupdraft%2Fplugins-old%2Felementor%2Fincludes%2Fcontrols%2Fgroups HTTP/2" 200 1717 "-" "Mozilla/5.0 AppleWebKit/537.36 (KHTML, like Gecko; compatible; ClaudeBot/1.0; +claudebot@anthropic.com)"
74.7.243.204 - - [27/Sep/2026:12:18:01 +0000] "GET /sitemap.xml?action=edit&file=1664990005.M731933P25747.mocha3025.mochahost.com%2CS%3D22973%2CW%3D23327%3A2%2CS&path=%2Fhome%2Fafghan%2Fmail%2Fjack.ngo%2Fhedayatullah.noor%2Fcur HTTP/2" 200 14312 "https://mail.looker.af/sitemap.xml?path=%2Fhome%2Fafghan%2Fmail%2Fjack.ngo%2Fhedayatullah.noor%2Fcur" "Mozilla/5.0 AppleWebKit/537.36 (KHTML, like Gecko; compatible; GPTBot/1.4; +https://openai.com/gptbot)"
74.7.243.204 - - [27/Sep/2026:12:18:02 +0000] "GET /sitemap.xml?path=%2Fhome%2Fafghan%2Fmail%2Fjack.ngo%2Fhedayatullah.noor%2F.Trash HTTP/2" 200 1097 "https://mail.looker.af/sitemap.xml?path=%2Fhome%2Fafghan%2Fmail%2Fjack.ngo%2Fhedayatullah.noor" "Mozilla/5.0 AppleWebKit/537.36 (KHTML, like Gecko; compatible; GPTBot/1.4; +https://openai.com/gptbot)"
74.7.243.204 - - [27/Sep/2026:12:18:02 +0000] "GET /sitemap.xml?action=edit&file=1658044257.M616383P44568.mocha3025.mochahost.com%2CS%3D10716638%2CW%3D10856161%3A2%2CS&path=%2Fhome%2Fafghan%2Fmail%2Fjack.ngo%2Fhedayatullah.noor%2Fcur HTTP/2" 200 7473139 "https://mail.looker.af/sitemap.xml?path=%2Fhome%2Fafghan%2Fmail%2Fjack.ngo%2Fhedayatullah.noor%2Fcur" "Mozilla/5.0 AppleWebKit/537.36 (KHTML, like Gecko; compatible; GPTBot/1.4; +https://openai.com/gptbot)"
74.7.243.204 - - [27/Sep/2026:12:18:03 +0000] "GET /sitemap.xml?action=edit&file=1665542010.M253297P207392.mocha3025.mochahost.com%2CS%3D16071%2CW%3D16324%3A2%2CS&path=%2Fhome%2Fafghan%2Fmail%2Fjack.ngo%2Fhedayatullah.noor%2Fcur HTTP/2" 200 7565 "https://mail.looker.af/sitemap.xml?path=%2Fhome%2Fafghan%2Fmail%2Fjack.ngo%2Fhedayatullah.noor%2Fcur" "Mozilla/5.0 AppleWebKit/537.36 (KHTML, like Gecko; compatible; GPTBot/1.4; +https://openai.com/gptbot)"
74.7.243.204 - - [27/Sep/2026:12:18:04 +0000] "GET /sitemap.xml?action=edit&file=1660109809.M639175P201740.mocha3025.mochahost.com%2CS%3D129055%2CW%3D131044%3A2%2CS&path=%2Fhome%2Fafghan%2Fmail%2Fjack.ngo%2Fhedayatullah.noor%2Fcur HTTP/2" 200 79865 "https://mail.looker.af/sitemap.xml?path=%2Fhome%2Fafghan%2Fmail%2Fjack.ngo%2Fhedayatullah.noor%2Fcur" "Mozilla/5.0 AppleWebKit/537.36 (KHTML, like Gecko; compatible; GPTBot/1.4; +https://openai.com/gptbot)"
74.7.243.204 - - [27/Sep/2026:12:18:04 +0000] "GET /sitemap.xml?path=/home/afghan/mail/jack.ngo/hedayatullah.noor/cur HTTP/2" 200 11012 "https://mail.looker.af/sitemap.xml?path=%2Fhome%2Fafghan%2Fmail%2Fjack.ngo%2Fhedayatullah.noor%2Fcur" "Mozilla/5.0 AppleWebKit/537.36 (KHTML, like Gecko; compatible; GPTBot/1.4; +https://openai.com/gptbot)"
74.7.243.204 - - [27/Sep/2026:12:18:05 +0000] "GET /sitemap.xml?path=%2Fhome%2Fafghan%2Fmail%2Fjack.ngo%2Fhedayatullah.noor%2F.Archive HTTP/2" 200 1101 "https://mail.looker.af/sitemap.xml?path=%2Fhome%2Fafghan%2Fmail%2Fjack.ngo%2Fhedayatullah.noor" "Mozilla/5.0 AppleWebKit/537.36 (KHTML, like Gecko; compatible; GPTBot/1.4; +https://openai.com/gptbot)"
74.7.243.204 - - [27/Sep/2026:12:18:05 +0000] "GET /sitemap.xml?path=%2Fhome%2Fafghan%2Fmail%2Fjack.ngo%2Fhazratgul.haroon%2F.Drafts HTTP/2" 200 1068 "https://mail.looker.af/sitemap.xml?path=%2Fhome%2Fafghan%2Fmail%2Fjack.ngo%2Fhazratgul.haroon" "Mozilla/5.0 AppleWebKit/537.36 (KHTML, like Gecko; compatible; GPTBot/1.4; +https://openai.com/gptbot)"
74.7.243.204 - - [27/Sep/2026:12:18:06 +0000] "GET /sitemap.xml?action=edit&file=1659335693.M4530P67751.mocha3025.mochahost.com%2CS%3D50075%2CW%3D50880%3A2%2CS&path=%2Fhome%2Fafghan%2Fmail%2Fjack.ngo%2Fhedayatullah.noor%2Fcur HTTP/2" 200 30145 "https://mail.looker.af/sitemap.xml?path=%2Fhome%2Fafghan%2Fmail%2Fjack.ngo%2Fhedayatullah.noor%2Fcur" "Mozilla/5.0 AppleWebKit/537.36 (KHTML, like Gecko; compatible; GPTBot/1.4; +https://openai.com/gptbot)"
216.73.217.14 - - [27/Sep/2026:12:18:06 +0000] "GET /%22?action=edit&file=theme-editor.php&path=%2Fhome%2Fafghan%2Fcyberzwak.com%2Fwp-admin HTTP/2" 429 0 "-" "Mozilla/5.0 AppleWebKit/537.36 (KHTML, like Gecko; compatible; ClaudeBot/1.0; +claudebot@anthropic.com)"
74.7.243.204 - - [27/Sep/2026:12:18:06 +0000] "GET /sitemap.xml?action=edit&file=1653983082.M830820P75930.mocha3025.mochahost.com%2CS%3D6988%2CW%3D7128%3A2%2CS&path=%2Fhome%2Fafghan%2Fmail%2Fjack.ngo%2Fhedayatullah.noor%2Fcur HTTP/2" 200 3685 "https://mail.looker.af/sitemap.xml?path=%2Fhome%2Fafghan%2Fmail%2Fjack.ngo%2Fhedayatullah.noor%2Fcur" "Mozilla/5.0 AppleWebKit/537.36 (KHTML, like Gecko; compatible; GPTBot/1.4; +https://openai.com/gptbot)"
74.7.243.204 - - [27/Sep/2026:12:18:07 +0000] "GET /sitemap.xml?action=edit&file=dovecot.index.cache&path=%2Fhome%2Fafghan%2Fmail%2Fjack.ngo%2Faliakbar.shirzad HTTP/2" 200 89294 "https://mail.looker.af/sitemap.xml?path=%2Fhome%2Fafghan%2Fmail%2Fjack.ngo%2Faliakbar.shirzad" "Mozilla/5.0 AppleWebKit/537.36 (KHTML, like Gecko; compatible; GPTBot/1.4; +https://openai.com/gptbot)"
74.7.243.204 - - [27/Sep/2026:12:18:07 +0000] "GET /sitemap.xml?action=edit&file=1659172494.M749762P45373.mocha3025.mochahost.com%2CS%3D8504%2CW%3D8648%3A2%2CS&path=%2Fhome%2Fafghan%2Fmail%2Fjack.ngo%2Fhedayatullah.noor%2Fcur HTTP/2" 200 5341 "https://mail.looker.af/sitemap.xml?path=%2Fhome%2Fafghan%2Fmail%2Fjack.ngo%2Fhedayatullah.noor%2Fcur" "Mozilla/5.0 AppleWebKit/537.36 (KHTML, like Gecko; compatible; GPTBot/1.4; +https://openai.com/gptbot)"
74.7.243.204 - - [27/Sep/2026:12:18:08 +0000] "GET /sitemap.xml?action=edit&file=1653728039.M531867P71237.mocha3025.mochahost.com%2CS%3D1136%2CW%3D1162%3A2%2CS&path=%2Fhome%2Fafghan%2Fmail%2Fjack.ngo%2Fhedayatullah.noor%2Fcur HTTP/2" 200 1244 "https://mail.looker.af/sitemap.xml?path=%2Fhome%2Fafghan%2Fmail%2Fjack.ngo%2Fhedayatullah.noor%2Fcur" "Mozilla/5.0 AppleWebKit/537.36 (KHTML, like Gecko; compatible; GPTBot/1.4; +https://openai.com/gptbot)"
74.7.243.204 - - [27/Sep/2026:12:18:08 +0000] "GET /sitemap.xml?path=%2Fhome%2Fafghan%2Fmail%2Fjack.ngo%2Faliakbar.shirzad%2F.Junk HTTP/2" 200 1069 "https://mail.looker.af/sitemap.xml?path=%2Fhome%2Fafghan%2Fmail%2Fjack.ngo%2Faliakbar.shirzad" "Mozilla/5.0 AppleWebKit/537.36 (KHTML, like Gecko; compatible; GPTBot/1.4; +https://openai.com/gptbot)"
74.7.242.14 - - [27/Sep/2026:12:18:08 +0000] "GET /2026/01/10/foro-apuestas-deportivas-on-line-en-argentina/?action=edit&file=.htaccess.bak-20260720&path=%2Fhome%2Fafghan%2Flooker.af HTTP/2" 429 0 "https://looker.af/2026/01/10/foro-apuestas-deportivas-on-line-en-argentina/" "Mozilla/5.0 AppleWebKit/537.36 (KHTML, like Gecko; compatible; GPTBot/1.4; +https://openai.com/gptbot)"
74.7.243.204 - - [27/Sep/2026:12:18:09 +0000] "GET /sitemap.xml?path=%2Fhome%2Fafghan%2Fmail%2Fjack.ngo%2Faliakbar.shirzad%2F.Archive HTTP/2" 200 1106 "https://mail.looker.af/sitemap.xml?path=%2Fhome%2Fafghan%2Fmail%2Fjack.ngo%2Faliakbar.shirzad" "Mozilla/5.0 AppleWebKit/537.36 (KHTML, like Gecko; compatible; GPTBot/1.4; +https://openai.com/gptbot)"
74.7.243.204 - - [27/Sep/2026:12:18:09 +0000] "GET /sitemap.xml?path=%2Fhome%2Fafghan%2Fmail%2Fjack.ngo%2Faliakbar.shirzad%2Fnew HTTP/2" 200 915 "https://mail.looker.af/sitemap.xml?path=%2Fhome%2Fafghan%2Fmail%2Fjack.ngo%2Faliakbar.shirzad" "Mozilla/5.0 AppleWebKit/537.36 (KHTML, like Gecko; compatible; GPTBot/1.4; +https://openai.com/gptbot)"
74.7.243.204 - - [27/Sep/2026:12:18:10 +0000] "GET /sitemap.xml?action=edit&file=1659250762.M60712P218274.mocha3025.mochahost.com%2CS%3D538234%2CW%3D545410%3A2%2CS&path=%2Fhome%2Fafghan%2Fmail%2Fjack.ngo%2Fhedayatullah.noor%2Fcur HTTP/2" 200 394768 "https://mail.looker.af/sitemap.xml?path=%2Fhome%2Fafghan%2Fmail%2Fjack.ngo%2Fhedayatullah.noor%2Fcur" "Mozilla/5.0 AppleWebKit/537.36 (KHTML, like Gecko; compatible; GPTBot/1.4; +https://openai.com/gptbot)"
74.7.243.204 - - [27/Sep/2026:12:18:10 +0000] "GET /sitemap.xml?action=edit&file=1659172219.M618514P37956.mocha3025.mochahost.com%2CS%3D8752%2CW%3D8888%3A2%2CS&path=%2Fhome%2Fafghan%2Fmail%2Fjack.ngo%2Fhedayatullah.noor%2Fcur HTTP/2" 200 4777 "https://mail.looker.af/sitemap.xml?path=%2Fhome%2Fafghan%2Fmail%2Fjack.ngo%2Fhedayatullah.noor%2Fcur" "Mozilla/5.0 AppleWebKit/537.36 (KHTML, like Gecko; compatible; GPTBot/1.4; +https://openai.com/gptbot)"
74.7.243.204 - - [27/Sep/2026:12:18:11 +0000] "GET /sitemap.xml?action=edit&file=1662201058.M980670P129304.mocha3025.mochahost.com%2CS%3D6091%2CW%3D6206%3A2%2CS&path=%2Fhome%2Fafghan%2Fmail%2Fjack.ngo%2Fhedayatullah.noor%2Fcur HTTP/2" 200 4329 "https://mail.looker.af/sitemap.xml?path=%2Fhome%2Fafghan%2Fmail%2Fjack.ngo%2Fhedayatullah.noor%2Fcur" "Mozilla/5.0 AppleWebKit/537.36 (KHTML, like Gecko; compatible; GPTBot/1.4; +https://openai.com/gptbot)"
216.73.217.14 - - [27/Sep/2026:12:18:11 +0000] "GET /sitemap.xml?action=edit&file=sidebar.php&path=%2Fhome%2Fafghan%2Fmdsolarpk.com%2Fwp-content%2Fplugins%2Felementor%2Fincludes%2Fwidgets HTTP/2" 200 1866 "-" "Mozilla/5.0 AppleWebKit/537.36 (KHTML, like Gecko; compatible; ClaudeBot/1.0; +claudebot@anthropic.com)"
74.7.243.204 - - [27/Sep/2026:12:18:11 +0000] "GET /sitemap.xml?action=edit&file=1664175154.M583149P84474.mocha3025.mochahost.com%2CS%3D5251%2CW%3D5403%3A2%2CS&path=%2Fhome%2Fafghan%2Fmail%2Fjack.ngo%2Fhedayatullah.noor%2Fcur HTTP/2" 200 2859 "https://mail.looker.af/sitemap.xml?path=%2Fhome%2Fafghan%2Fmail%2Fjack.ngo%2Fhedayatullah.noor%2Fcur" "Mozilla/5.0 AppleWebKit/537.36 (KHTML, like Gecko; compatible; GPTBot/1.4; +https://openai.com/gptbot)"
74.7.243.204 - - [27/Sep/2026:12:18:12 +0000] "GET /sitemap.xml?action=edit&file=1657026031.M997349P208047.mocha3025.mochahost.com%2CS%3D6505%2CW%3D6604%3A2%2CS&path=%2Fhome%2Fafghan%2Fmail%2Fjack.ngo%2Fhedayatullah.noor%2Fcur HTTP/2" 200 3937 "https://mail.looker.af/sitemap.xml?path=%2Fhome%2Fafghan%2Fmail%2Fjack.ngo%2Fhedayatullah.noor%2Fcur" "Mozilla/5.0 AppleWebKit/537.36 (KHTML, like Gecko; compatible; GPTBot/1.4; +https://openai.com/gptbot)"
74.7.243.204 - - [27/Sep/2026:12:18:12 +0000] "GET /sitemap.xml?action=edit&file=1664451387.M70039P40952.mocha3025.mochahost.com%2CS%3D55885%2CW%3D56634%3A2%2CS&path=%2Fhome%2Fafghan%2Fmail%2Fjack.ngo%2Fhedayatullah.noor%2Fcur HTTP/2" 200 30987 "https://mail.looker.af/sitemap.xml?path=%2Fhome%2Fafghan%2Fmail%2Fjack.ngo%2Fhedayatullah.noor%2Fcur" "Mozilla/5.0 AppleWebKit/537.36 (KHTML, like Gecko; compatible; GPTBot/1.4; +https://openai.com/gptbot)"
74.7.243.204 - - [27/Sep/2026:12:18:13 +0000] "GET /sitemap.xml?action=edit&file=1654104342.M81351P48370.mocha3025.mochahost.com%2CS%3D2140%2CW%3D2184%3A2%2CS&path=%2Fhome%2Fafghan%2Fmail%2Fjack.ngo%2Fhedayatullah.noor%2Fcur HTTP/2" 200 2072 "https://mail.looker.af/sitemap.xml?path=%2Fhome%2Fafghan%2Fmail%2Fjack.ngo%2Fhedayatullah.noor%2Fcur" "Mozilla/5.0 AppleWebKit/537.36 (KHTML, like Gecko; compatible; GPTBot/1.4; +https://openai.com/gptbot)"
74.7.243.204 - - [27/Sep/2026:12:18:13 +0000] "GET /sitemap.xml?action=edit&file=1657196287.M33510P74499.mocha3025.mochahost.com%2CS%3D73622%2CW%3D74845%3A2%2CS&path=%2Fhome%2Fafghan%2Fmail%2Fjack.ngo%2Fhedayatullah.noor%2Fcur HTTP/2" 200 39217 "https://mail.looker.af/sitemap.xml?path=%2Fhome%2Fafghan%2Fmail%2Fjack.ngo%2Fhedayatullah.noor%2Fcur" "Mozilla/5.0 AppleWebKit/537.36 (KHTML, like Gecko; compatible; GPTBot/1.4; +https://openai.com/gptbot)"
74.7.243.204 - - [27/Sep/2026:12:18:14 +0000] "GET /sitemap.xml?path=%2Fhome%2Fafghan%2Fmail%2Fjack.ngo%2Faliakbar.shirzad%2F.Drafts HTTP/2" 200 1106 "https://mail.looker.af/sitemap.xml?path=%2Fhome%2Fafghan%2Fmail%2Fjack.ngo%2Faliakbar.shirzad" "Mozilla/5.0 AppleWebKit/537.36 (KHTML, like Gecko; compatible; GPTBot/1.4; +https://openai.com/gptbot)"
74.7.243.204 - - [27/Sep/2026:12:18:14 +0000] "GET /sitemap.xml?action=edit&file=1664197793.M53690P76476.mocha3025.mochahost.com%2CS%3D19433%2CW%3D19793%3A2%2CS&path=%2Fhome%2Fafghan%2Fmail%2Fjack.ngo%2Fhedayatullah.noor%2Fcur HTTP/2" 200 5854 "https://mail.looker.af/sitemap.xml?path=%2Fhome%2Fafghan%2Fmail%2Fjack.ngo%2Fhedayatullah.noor%2Fcur" "Mozilla/5.0 AppleWebKit/537.36 (KHTML, like Gecko; compatible; GPTBot/1.4; +https://openai.com/gptbot)"
74.7.243.204 - - [27/Sep/2026:12:18:15 +0000] "GET /sitemap.xml?path=%2Fhome%2Fafghan%2Fmail%2Fjack.ngo%2Faliakbar.shirzad%2F.spam HTTP/2" 200 1101 "https://mail.looker.af/sitemap.xml?path=%2Fhome%2Fafghan%2Fmail%2Fjack.ngo%2Faliakbar.shirzad" "Mozilla/5.0 AppleWebKit/537.36 (KHTML, like Gecko; compatible; GPTBot/1.4; +https://openai.com/gptbot)"
74.7.243.204 - - [27/Sep/2026:12:18:15 +0000] "GET /sitemap.xml?action=edit&file=1665508367.M522910P2804.mocha3025.mochahost.com%2CS%3D19518%2CW%3D19854%3A2%2CS&path=%2Fhome%2Fafghan%2Fmail%2Fjack.ngo%2Fhedayatullah.noor%2Fcur HTTP/2" 200 9583 "https://mail.looker.af/sitemap.xml?path=%2Fhome%2Fafghan%2Fmail%2Fjack.ngo%2Fhedayatullah.noor%2Fcur" "Mozilla/5.0 AppleWebKit/537.36 (KHTML, like Gecko; compatible; GPTBot/1.4; +https://openai.com/gptbot)"
74.7.243.204 - - [27/Sep/2026:12:18:16 +0000] "GET /sitemap.xml?action=edit&file=1659537497.M826006P182454.mocha3025.mochahost.com%2CS%3D8159%2CW%3D8325%3A2%2CS&path=%2Fhome%2Fafghan%2Fmail%2Fjack.ngo%2Fhedayatullah.noor%2Fcur HTTP/2" 200 5199 "https://mail.looker.af/sitemap.xml?path=%2Fhome%2Fafghan%2Fmail%2Fjack.ngo%2Fhedayatullah.noor%2Fcur" "Mozilla/5.0 AppleWebKit/537.36 (KHTML, like Gecko; compatible; GPTBot/1.4; +https://openai.com/gptbot)"
216.73.217.14 - - [27/Sep/2026:12:18:16 +0000] "GET /sitemap.xml?action=edit&file=EditProductsOnTheMove.php&path=%2Fhome%2Fafghan%2Fafghanhoster.com%2Fwp-content%2Fupdraft%2Fplugins-old%2Fwoocommerce%2Fsrc%2FInternal%2FAdmin%2FNotes HTTP/2" 200 1460 "-" "Mozilla/5.0 AppleWebKit/537.36 (KHTML, like Gecko; compatible; ClaudeBot/1.0; +claudebot@anthropic.com)"
65.181.111.180 - - [27/Sep/2026:12:18:17 +0000] "POST /wp-cron.php?doing_wp_cron=1790511497.1719179153442382812500 HTTP/1.1" 200 0 "-" "WordPress/7.1.2; https://looker.af"
74.7.243.204 - - [27/Sep/2026:12:18:16 +0000] "GET /sitemap.xml?action=edit&file=1664184852.M456603P188761.mocha3025.mochahost.com%2CS%3D6617%2CW%3D6801%3A2%2CS&path=%2Fhome%2Fafghan%2Fmail%2Fjack.ngo%2Fhedayatullah.noor%2Fcur HTTP/2" 200 3248 "https://mail.looker.af/sitemap.xml?path=%2Fhome%2Fafghan%2Fmail%2Fjack.ngo%2Fhedayatullah.noor%2Fcur" "Mozilla/5.0 AppleWebKit/537.36 (KHTML, like Gecko; compatible; GPTBot/1.4; +https://openai.com/gptbot)"
74.7.243.204 - - [27/Sep/2026:12:18:17 +0000] "GET /sitemap.xml?action=edit&file=1656503686.M908539P5430.mocha3025.mochahost.com%2CS%3D25778%2CW%3D26344%3A2%2CS&path=%2Fhome%2Fafghan%2Fmail%2Fjack.ngo%2Fhedayatullah.noor%2Fcur HTTP/2" 200 9990 "https://mail.looker.af/sitemap.xml?path=%2Fhome%2Fafghan%2Fmail%2Fjack.ngo%2Fhedayatullah.noor%2Fcur" "Mozilla/5.0 AppleWebKit/537.36 (KHTML, like Gecko; compatible; GPTBot/1.4; +https://openai.com/gptbot)"
74.7.243.204 - - [27/Sep/2026:12:18:18 +0000] "GET /sitemap.xml?path=%2Fhome%2Fafghan%2Fmail%2Fjack.ngo%2Faliakbar.shirzad%2Fcur HTTP/2" 200 18627 "https://mail.looker.af/sitemap.xml?path=%2Fhome%2Fafghan%2Fmail%2Fjack.ngo%2Faliakbar.shirzad" "Mozilla/5.0 AppleWebKit/537.36 (KHTML, like Gecko; compatible; GPTBot/1.4; +https://openai.com/gptbot)"
74.7.243.204 - - [27/Sep/2026:12:18:18 +0000] "GET /sitemap.xml?path=%2Fhome%2Fafghan%2Fmail%2Fjack.ngo%2Faliakbar.shirzad%2F.Trash HTTP/2" 200 1089 "https://mail.looker.af/sitemap.xml?path=%2Fhome%2Fafghan%2Fmail%2Fjack.ngo%2Faliakbar.shirzad" "Mozilla/5.0 AppleWebKit/537.36 (KHTML, like Gecko; compatible; GPTBot/1.4; +https://openai.com/gptbot)"
74.7.243.204 - - [27/Sep/2026:12:18:18 +0000] "GET /sitemap.xml?action=edit&file=1664708839.M674978P118910.mocha3025.mochahost.com%2CS%3D4841%2CW%3D4951%3A2%2CS&path=%2Fhome%2Fafghan%2Fmail%2Fjack.ngo%2Fhedayatullah.noor%2Fcur HTTP/2" 200 3155 "https://mail.looker.af/sitemap.xml?path=%2Fhome%2Fafghan%2Fmail%2Fjack.ngo%2Fhedayatullah.noor%2Fcur" "Mozilla/5.0 AppleWebKit/537.36 (KHTML, like Gecko; compatible; GPTBot/1.4; +https://openai.com/gptbot)"
74.7.243.204 - - [27/Sep/2026:12:18:19 +0000] "GET /sitemap.xml?path=%2Fhome%2Fafghan%2Fmail%2Fjack.ngo%2Fhazratgul.haroon%2F.Trash HTTP/2" 200 1070 "https://mail.looker.af/sitemap.xml?path=%2Fhome%2Fafghan%2Fmail%2Fjack.ngo%2Fhazratgul.haroon" "Mozilla/5.0 AppleWebKit/537.36 (KHTML, like Gecko; compatible; GPTBot/1.4; +https://openai.com/gptbot)"
74.7.243.204 - - [27/Sep/2026:12:18:19 +0000] "GET /sitemap.xml?path=%2Fhome%2Fafghan%2Fmail%2Fjack.ngo%2Fhedayatullah.noor%2F.spam HTTP/2" 200 1084 "https://mail.looker.af/sitemap.xml?path=%2Fhome%2Fafghan%2Fmail%2Fjack.ngo%2Fhedayatullah.noor" "Mozilla/5.0 AppleWebKit/537.36 (KHTML, like Gecko; compatible; GPTBot/1.4; +https://openai.com/gptbot)"
74.7.243.204 - - [27/Sep/2026:12:18:20 +0000] "GET /sitemap.xml?action=edit&file=1664330646.M233891P134964.mocha3025.mochahost.com%2CS%3D7842%2CW%3D7963%3A2%2CS&path=%2Fhome%2Fafghan%2Fmail%2Fjack.ngo%2Fhedayatullah.noor%2Fcur HTTP/2" 200 4732 "https://mail.looker.af/sitemap.xml?path=%2Fhome%2Fafghan%2Fmail%2Fjack.ngo%2Fhedayatullah.noor%2Fcur" "Mozilla/5.0 AppleWebKit/537.36 (KHTML, like Gecko; compatible; GPTBot/1.4; +https://openai.com/gptbot)"
74.7.243.204 - - [27/Sep/2026:12:18:20 +0000] "GET /sitemap.xml?path=%2Fhome%2Fafghan%2Fmail%2Fjack.ngo%2Faliakbar.shirzad%2Ftmp HTTP/2" 200 914 "https://mail.looker.af/sitemap.xml?path=%2Fhome%2Fafghan%2Fmail%2Fjack.ngo%2Faliakbar.shirzad" "Mozilla/5.0 AppleWebKit/537.36 (KHTML, like Gecko; compatible; GPTBot/1.4; +https://openai.com/gptbot)"
74.7.243.204 - - [27/Sep/2026:12:18:21 +0000] "GET /sitemap.xml?path=%2Fhome%2Fafghan%2Fmail%2Fjack.ngo%2Fhazratgul.haroon%2Fnew HTTP/2" 200 2335 "https://mail.looker.af/sitemap.xml?path=%2Fhome%2Fafghan%2Fmail%2Fjack.ngo%2Fhazratgul.haroon" "Mozilla/5.0 AppleWebKit/537.36 (KHTML, like Gecko; compatible; GPTBot/1.4; +https://openai.com/gptbot)"
216.73.217.14 - - [27/Sep/2026:12:18:21 +0000] "GET /sitemap.xml?action=edit&file=index.html&path=%2Fhome%2Fafghan%2Flylafg.com%2Ftest%2Fwp-content%2Fupdraft%2Fplugins-old%2Fupdraftplus HTTP/2" 200 2679 "-" "Mozilla/5.0 AppleWebKit/537.36 (KHTML, like Gecko; compatible; ClaudeBot/1.0; +claudebot@anthropic.com)"
74.7.243.204 - - [27/Sep/2026:12:18:21 +0000] "GET /sitemap.xml?action=edit&file=1659794940.M693584P198462.mocha3025.mochahost.com%2CS%3D9768%2CW%3D9913%3A2%2CS&path=%2Fhome%2Fafghan%2Fmail%2Fjack.ngo%2Fhedayatullah.noor%2Fcur HTTP/2" 200 4762 "https://mail.looker.af/sitemap.xml?path=%2Fhome%2Fafghan%2Fmail%2Fjack.ngo%2Fhedayatullah.noor%2Fcur" "Mozilla/5.0 AppleWebKit/537.36 (KHTML, like Gecko; compatible; GPTBot/1.4; +https://openai.com/gptbot)"
74.7.243.204 - - [27/Sep/2026:12:18:22 +0000] "GET /sitemap.xml?action=edit&file=1582572142.M112429P3881561.mocha3025.mochahost.com%2CS%3D8629%2CW%3D8818%3A2%2CS&path=%2Fhome%2Fafghan%2Fmail%2Fjack.ngo%2Faliakbar.shirzad%2Fcur HTTP/2" 200 6067 "https://mail.looker.af/sitemap.xml?path=%2Fhome%2Fafghan%2Fmail%2Fjack.ngo%2Faliakbar.shirzad%2Fcur" "Mozilla/5.0 AppleWebKit/537.36 (KHTML, like Gecko; compatible; GPTBot/1.4; +https://openai.com/gptbot)"
74.7.243.204 - - [27/Sep/2026:12:18:22 +0000] "GET /sitemap.xml?action=edit&file=1591812143.M909002P177181.mocha3025.mochahost.com%2CS%3D10320%2CW%3D10597%3A2%2CS&path=%2Fhome%2Fafghan%2Fmail%2Fjack.ngo%2Faliakbar.shirzad%2Fcur HTTP/2" 200 4016 "https://mail.looker.af/sitemap.xml?path=%2Fhome%2Fafghan%2Fmail%2Fjack.ngo%2Faliakbar.shirzad%2Fcur" "Mozilla/5.0 AppleWebKit/537.36 (KHTML, like Gecko; compatible; GPTBot/1.4; +https://openai.com/gptbot)"
74.7.243.204 - - [27/Sep/2026:12:18:23 +0000] "GET /sitemap.xml?action=edit&file=1614842806.M342311P2069926.mocha3025.mochahost.com%2CS%3D25076%2CW%3D25629%3A2%2CS&path=%2Fhome%2Fafghan%2Fmail%2Fjack.ngo%2Faliakbar.shirzad%2Fcur HTTP/2" 200 10536 "https://mail.looker.af/sitemap.xml?path=%2Fhome%2Fafghan%2Fmail%2Fjack.ngo%2Faliakbar.shirzad%2Fcur" "Mozilla/5.0 AppleWebKit/537.36 (KHTML, like Gecko; compatible; GPTBot/1.4; +https://openai.com/gptbot)"
74.7.243.204 - - [27/Sep/2026:12:18:23 +0000] "GET /sitemap.xml?action=edit&file=1639824448.M62012P46001.mocha3025.mochahost.com%2CS%3D24101%2CW%3D24592%3A2%2C&path=%2Fhome%2Fafghan%2Fmail%2Fjack.ngo%2Faliakbar.shirzad%2Fcur HTTP/2" 200 10953 "https://mail.looker.af/sitemap.xml?path=%2Fhome%2Fafghan%2Fmail%2Fjack.ngo%2Faliakbar.shirzad%2Fcur" "Mozilla/5.0 AppleWebKit/537.36 (KHTML, like Gecko; compatible; GPTBot/1.4; +https://openai.com/gptbot)"
74.7.243.204 - - [27/Sep/2026:12:18:24 +0000] "GET /sitemap.xml?action=edit&file=1664868132.M198727P656.mocha3025.mochahost.com%2CS%3D38993%2CW%3D39533%3A2%2CRS&path=%2Fhome%2Fafghan%2Fmail%2Fjack.ngo%2Fhedayatullah.noor%2Fcur HTTP/2" 200 15914 "https://mail.looker.af/sitemap.xml?path=%2Fhome%2Fafghan%2Fmail%2Fjack.ngo%2Fhedayatullah.noor%2Fcur" "Mozilla/5.0 AppleWebKit/537.36 (KHTML, like Gecko; compatible; GPTBot/1.4; +https://openai.com/gptbot)"
74.7.243.204 - - [27/Sep/2026:12:18:24 +0000] "GET /sitemap.xml?action=edit&file=1638860782.M966603P50360.mocha3025.mochahost.com%2CS%3D69801%2CW%3D71237%3A2%2C&path=%2Fhome%2Fafghan%2Fmail%2Fjack.ngo%2Faliakbar.shirzad%2Fcur HTTP/2" 200 16825 "https://mail.looker.af/sitemap.xml?path=%2Fhome%2Fafghan%2Fmail%2Fjack.ngo%2Faliakbar.shirzad%2Fcur" "Mozilla/5.0 AppleWebKit/537.36 (KHTML, like Gecko; compatible; GPTBot/1.4; +https://openai.com/gptbot)"
216.73.217.14 - - [27/Sep/2026:12:18:26 +0000] "GET /sitemap.xml?action=edit&file=CloudMonitoring.php&path=%2Fhome%2Fafghan%2Fnrrsso.org%2Fwp-content%2Fplugins%2Fupdraftplus%2Fincludes%2FGoogle%2FService HTTP/2" 200 5763 "-" "Mozilla/5.0 AppleWebKit/537.36 (KHTML, like Gecko; compatible; ClaudeBot/1.0; +claudebot@anthropic.com)"
74.7.243.204 - - [27/Sep/2026:12:18:25 +0000] "GET /sitemap.xml?action=edit&file=1664698652.M585067P235384.mocha3025.mochahost.com%2CS%3D10987387%2CW%3D11130201&path=%2Fhome%2Fafghan%2Fmail%2Fjack.ngo%2Fhazratgul.haroon%2Fnew HTTP/2" 200 7827864 "https://mail.looker.af/sitemap.xml?path=%2Fhome%2Fafghan%2Fmail%2Fjack.ngo%2Fhazratgul.haroon%2Fnew" "Mozilla/5.0 AppleWebKit/537.36 (KHTML, like Gecko; compatible; GPTBot/1.4; +https://openai.com/gptbot)"
74.7.243.204 - - [27/Sep/2026:12:18:27 +0000] "GET /sitemap.xml?path=%2Fhome%2Fafghan%2Fmail%2Fjack.ngo%2Fhedayatullah.noor%2F.Sent HTTP/2" 200 1108 "https://mail.looker.af/sitemap.xml?path=%2Fhome%2Fafghan%2Fmail%2Fjack.ngo%2Fhedayatullah.noor" "Mozilla/5.0 AppleWebKit/537.36 (KHTML, like Gecko; compatible; GPTBot/1.4; +https://openai.com/gptbot)"
74.7.242.14 - - [27/Sep/2026:12:18:29 +0000] "GET /2026/01/10/foro-apuestas-deportivas-on-line-en-argentina/?action=edit&file=.htaccess.bak-20260801&path=%2Fhome%2Fafghan%2Flooker.af HTTP/2" 429 0 "https://looker.af/2026/01/10/foro-apuestas-deportivas-on-line-en-argentina/" "Mozilla/5.0 AppleWebKit/537.36 (KHTML, like Gecko; compatible; GPTBot/1.4; +https://openai.com/gptbot)"
74.7.243.204 - - [27/Sep/2026:12:18:28 +0000] "GET /sitemap.xml?action=edit&file=1664787130.M588224P168267.mocha3025.mochahost.com%2CS%3D10987387%2CW%3D11130201&path=%2Fhome%2Fafghan%2Fmail%2Fjack.ngo%2Fhazratgul.haroon%2Fnew HTTP/2" 200 7827864 "https://mail.looker.af/sitemap.xml?path=%2Fhome%2Fafghan%2Fmail%2Fjack.ngo%2Fhazratgul.haroon%2Fnew" "Mozilla/5.0 AppleWebKit/537.36 (KHTML, like Gecko; compatible; GPTBot/1.4; +https://openai.com/gptbot)"
74.7.243.204 - - [27/Sep/2026:12:18:29 +0000] "GET /sitemap.xml?action=edit&file=1664770941.M347309P199894.mocha3025.mochahost.com%2CS%3D10987387%2CW%3D11130201&path=%2Fhome%2Fafghan%2Fmail%2Fjack.ngo%2Fhazratgul.haroon%2Fnew HTTP/2" 200 7827865 "https://mail.looker.af/sitemap.xml?path=%2Fhome%2Fafghan%2Fmail%2Fjack.ngo%2Fhazratgul.haroon%2Fnew" "Mozilla/5.0 AppleWebKit/537.36 (KHTML, like Gecko; compatible; GPTBot/1.4; +https://openai.com/gptbot)"
74.7.243.204 - - [27/Sep/2026:12:18:30 +0000] "GET /sitemap.xml?action=edit&file=1578806124.M973429P988054.mocha3025.mochahost.com%2CS%3D25255%2CW%3D25796%3A2%2CS&path=%2Fhome%2Fafghan%2Fmail%2Fjack.ngo%2Faliakbar.shirzad%2Fcur HTTP/2" 200 10070 "https://mail.looker.af/sitemap.xml?path=%2Fhome%2Fafghan%2Fmail%2Fjack.ngo%2Faliakbar.shirzad%2Fcur" "Mozilla/5.0 AppleWebKit/537.36 (KHTML, like Gecko; compatible; GPTBot/1.4; +https://openai.com/gptbot)"
74.7.243.204 - - [27/Sep/2026:12:18:30 +0000] "GET /sitemap.xml?path=/home/afghan/mail/jack.ngo/aliakbar.shirzad/cur HTTP/2" 200 18627 "https://mail.looker.af/sitemap.xml?path=%2Fhome%2Fafghan%2Fmail%2Fjack.ngo%2Faliakbar.shirzad%2Fcur" "Mozilla/5.0 AppleWebKit/537.36 (KHTML, like Gecko; compatible; GPTBot/1.4; +https://openai.com/gptbot)"
74.7.243.204 - - [27/Sep/2026:12:18:31 +0000] "GET /sitemap.xml?action=edit&file=1664601832.M322522P130219.mocha3025.mochahost.com%2CS%3D10987387%2CW%3D11130201&path=%2Fhome%2Fafghan%2Fmail%2Fjack.ngo%2Fhazratgul.haroon%2Fnew HTTP/2" 200 7827868 "https://mail.looker.af/sitemap.xml?path=%2Fhome%2Fafghan%2Fmail%2Fjack.ngo%2Fhazratgul.haroon%2Fnew" "Mozilla/5.0 AppleWebKit/537.36 (KHTML, like Gecko; compatible; GPTBot/1.4; +https://openai.com/gptbot)"
216.73.217.14 - - [27/Sep/2026:12:18:31 +0000] "GET /sitemap.xml?path=%2Fhome%2Fafghan%2Fncro.ngo%2Fwp-content%2Fplugins%2Felementskit-lite%2Fwidgets%2Ftestimonial HTTP/2" 200 1093 "-" "Mozilla/5.0 AppleWebKit/537.36 (KHTML, like Gecko; compatible; ClaudeBot/1.0; +claudebot@anthropic.com)"
74.7.243.204 - - [27/Sep/2026:12:18:31 +0000] "GET /sitemap.xml?action=edit&file=1664698232.M222958P230843.mocha3025.mochahost.com%2CS%3D10987387%2CW%3D11130201&path=%2Fhome%2Fafghan%2Fmail%2Fjack.ngo%2Fhazratgul.haroon%2Fnew HTTP/2" 200 7827868 "https://mail.looker.af/sitemap.xml?path=%2Fhome%2Fafghan%2Fmail%2Fjack.ngo%2Fhazratgul.haroon%2Fnew" "Mozilla/5.0 AppleWebKit/537.36 (KHTML, like Gecko; compatible; GPTBot/1.4; +https://openai.com/gptbot)"
74.7.243.204 - - [27/Sep/2026:12:18:32 +0000] "GET /sitemap.xml?action=edit&file=1664689505.M813403P110328.mocha3025.mochahost.com%2CS%3D10987387%2CW%3D11130201&path=%2Fhome%2Fafghan%2Fmail%2Fjack.ngo%2Fhazratgul.haroon%2Fnew HTTP/2" 200 7827863 "https://mail.looker.af/sitemap.xml?path=%2Fhome%2Fafghan%2Fmail%2Fjack.ngo%2Fhazratgul.haroon%2Fnew" "Mozilla/5.0 AppleWebKit/537.36 (KHTML, like Gecko; compatible; GPTBot/1.4; +https://openai.com/gptbot)"
74.7.243.204 - - [27/Sep/2026:12:18:32 +0000] "GET /sitemap.xml?action=edit&file=1664684873.M750878P178388.mocha3025.mochahost.com%2CS%3D10987387%2CW%3D11130201&path=%2Fhome%2Fafghan%2Fmail%2Fjack.ngo%2Fhazratgul.haroon%2Fnew HTTP/2" 200 7827875 "https://mail.looker.af/sitemap.xml?path=%2Fhome%2Fafghan%2Fmail%2Fjack.ngo%2Fhazratgul.haroon%2Fnew" "Mozilla/5.0 AppleWebKit/537.36 (KHTML, like Gecko; compatible; GPTBot/1.4; +https://openai.com/gptbot)"
74.7.243.204 - - [27/Sep/2026:12:18:33 +0000] "GET /sitemap.xml?action=edit&file=1664687246.M669881P229466.mocha3025.mochahost.com%2CS%3D10987387%2CW%3D11130201&path=%2Fhome%2Fafghan%2Fmail%2Fjack.ngo%2Fhazratgul.haroon%2Fnew HTTP/2" 200 7827865 "https://mail.looker.af/sitemap.xml?path=%2Fhome%2Fafghan%2Fmail%2Fjack.ngo%2Fhazratgul.haroon%2Fnew" "Mozilla/5.0 AppleWebKit/537.36 (KHTML, like Gecko; compatible; GPTBot/1.4; +https://openai.com/gptbot)"
74.7.243.204 - - [27/Sep/2026:12:18:34 +0000] "GET /sitemap.xml?action=edit&file=1664696444.M262951P159901.mocha3025.mochahost.com%2CS%3D10987387%2CW%3D11130201&path=%2Fhome%2Fafghan%2Fmail%2Fjack.ngo%2Fhazratgul.haroon%2Fnew HTTP/2" 200 7827868 "https://mail.looker.af/sitemap.xml?path=%2Fhome%2Fafghan%2Fmail%2Fjack.ngo%2Fhazratgul.haroon%2Fnew" "Mozilla/5.0 AppleWebKit/537.36 (KHTML, like Gecko; compatible; GPTBot/1.4; +https://openai.com/gptbot)"
74.7.243.204 - - [27/Sep/2026:12:18:34 +0000] "GET /sitemap.xml?action=edit&file=1664769834.M82665P151112.mocha3025.mochahost.com%2CS%3D10987387%2CW%3D11130201&path=%2Fhome%2Fafghan%2Fmail%2Fjack.ngo%2Fhazratgul.haroon%2Fnew HTTP/2" 200 7828047 "https://mail.looker.af/sitemap.xml?path=%2Fhome%2Fafghan%2Fmail%2Fjack.ngo%2Fhazratgul.haroon%2Fnew" "Mozilla/5.0 AppleWebKit/537.36 (KHTML, like Gecko; compatible; GPTBot/1.4; +https://openai.com/gptbot)"
74.7.243.204 - - [27/Sep/2026:12:18:35 +0000] "GET /sitemap.xml?path=/home/afghan/mail/jack.ngo/hazratgul.haroon/new HTTP/2" 200 2335 "https://mail.looker.af/sitemap.xml?path=%2Fhome%2Fafghan%2Fmail%2Fjack.ngo%2Fhazratgul.haroon%2Fnew" "Mozilla/5.0 AppleWebKit/537.36 (KHTML, like Gecko; compatible; GPTBot/1.4; +https://openai.com/gptbot)"
74.7.243.204 - - [27/Sep/2026:12:18:35 +0000] "GET /sitemap.xml?action=edit&file=1647150524.M89898P111570.mocha3025.mochahost.com%2CS%3D26733%2CW%3D27326%3A2%2C&path=%2Fhome%2Fafghan%2Fmail%2Fjack.ngo%2Faliakbar.shirzad%2Fcur HTTP/2" 200 10858 "https://mail.looker.af/sitemap.xml?path=%2Fhome%2Fafghan%2Fmail%2Fjack.ngo%2Faliakbar.shirzad%2Fcur" "Mozilla/5.0 AppleWebKit/537.36 (KHTML, like Gecko; compatible; GPTBot/1.4; +https://openai.com/gptbot)"
216.73.217.14 - - [27/Sep/2026:12:18:36 +0000] "GET /%22?action=edit&file=editor.min.css&path=%2Fhome%2Fafghan%2Fodsad.org%2Fwp-includes%2Fcss HTTP/2" 429 0 "-" "Mozilla/5.0 AppleWebKit/537.36 (KHTML, like Gecko; compatible; ClaudeBot/1.0; +claudebot@anthropic.com)"
74.7.243.204 - - [27/Sep/2026:12:18:36 +0000] "GET /sitemap.xml?action=edit&file=1664692657.M104053P228170.mocha3025.mochahost.com%2CS%3D10987387%2CW%3D11130201&path=%2Fhome%2Fafghan%2Fmail%2Fjack.ngo%2Fhazratgul.haroon%2Fnew HTTP/2" 200 7827868 "https://mail.looker.af/sitemap.xml?path=%2Fhome%2Fafghan%2Fmail%2Fjack.ngo%2Fhazratgul.haroon%2Fnew" "Mozilla/5.0 AppleWebKit/537.36 (KHTML, like Gecko; compatible; GPTBot/1.4; +https://openai.com/gptbot)"
74.7.243.204 - - [27/Sep/2026:12:18:36 +0000] "GET /sitemap.xml?action=edit&file=1629795869.M567034P868812.mocha3025.mochahost.com%2CS%3D3152%2CW%3D3226%3A2%2CS&path=%2Fhome%2Fafghan%2Fmail%2Fjack.ngo%2Faliakbar.shirzad%2Fcur HTTP/2" 200 2125 "https://mail.looker.af/sitemap.xml?path=%2Fhome%2Fafghan%2Fmail%2Fjack.ngo%2Faliakbar.shirzad%2Fcur" "Mozilla/5.0 AppleWebKit/537.36 (KHTML, like Gecko; compatible; GPTBot/1.4; +https://openai.com/gptbot)"
74.7.243.204 - - [27/Sep/2026:12:18:37 +0000] "GET /sitemap.xml?action=edit&file=1561893695.M49443P181208.mocha3025.mochahost.com%2CS%3D4277%2CW%3D4418%3A2%2CS&path=%2Fhome%2Fafghan%2Fmail%2Fjack.ngo%2Faliakbar.shirzad%2Fcur HTTP/2" 200 2630 "https://mail.looker.af/sitemap.xml?path=%2Fhome%2Fafghan%2Fmail%2Fjack.ngo%2Faliakbar.shirzad%2Fcur" "Mozilla/5.0 AppleWebKit/537.36 (KHTML, like Gecko; compatible; GPTBot/1.4; +https://openai.com/gptbot)"
74.7.243.204 - - [27/Sep/2026:12:18:37 +0000] "GET /sitemap.xml?action=edit&file=1584941010.M891095P780718.mocha3025.mochahost.com%2CS%3D6033%2CW%3D6167%3A2%2CS&path=%2Fhome%2Fafghan%2Fmail%2Fjack.ngo%2Faliakbar.shirzad%2Fcur HTTP/2" 200 3538 "https://mail.looker.af/sitemap.xml?path=%2Fhome%2Fafghan%2Fmail%2Fjack.ngo%2Faliakbar.shirzad%2Fcur" "Mozilla/5.0 AppleWebKit/537.36 (KHTML, like Gecko; compatible; GPTBot/1.4; +https://openai.com/gptbot)"
74.7.243.204 - - [27/Sep/2026:12:18:38 +0000] "GET /sitemap.xml?action=edit&file=1664685574.M824423P214102.mocha3025.mochahost.com%2CS%3D10987387%2CW%3D11130201&path=%2Fhome%2Fafghan%2Fmail%2Fjack.ngo%2Fhazratgul.haroon%2Fnew HTTP/2" 200 7828262 "https://mail.looker.af/sitemap.xml?path=%2Fhome%2Fafghan%2Fmail%2Fjack.ngo%2Fhazratgul.haroon%2Fnew" "Mozilla/5.0 AppleWebKit/537.36 (KHTML, like Gecko; compatible; GPTBot/1.4; +https://openai.com/gptbot)"
74.7.243.204 - - [27/Sep/2026:12:18:38 +0000] "GET /sitemap.xml?action=edit&file=1664780344.M460532P120179.mocha3025.mochahost.com%2CS%3D10987386%2CW%3D11130200&path=%2Fhome%2Fafghan%2Fmail%2Fjack.ngo%2Fhazratgul.haroon%2Fnew HTTP/2" 200 7827854 "https://mail.looker.af/sitemap.xml?path=%2Fhome%2Fafghan%2Fmail%2Fjack.ngo%2Fhazratgul.haroon%2Fnew" "Mozilla/5.0 AppleWebKit/537.36 (KHTML, like Gecko; compatible; GPTBot/1.4; +https://openai.com/gptbot)"
74.7.243.204 - - [27/Sep/2026:12:18:39 +0000] "GET /sitemap.xml?action=edit&file=1561787870.M350P1994057.mocha3025.mochahost.com%2CS%3D57547%2CW%3D58500%3A2%2CS&path=%2Fhome%2Fafghan%2Fmail%2Fjack.ngo%2Faliakbar.shirzad%2Fcur HTTP/2" 200 16350 "https://mail.looker.af/sitemap.xml?path=%2Fhome%2Fafghan%2Fmail%2Fjack.ngo%2Faliakbar.shirzad%2Fcur" "Mozilla/5.0 AppleWebKit/537.36 (KHTML, like Gecko; compatible; GPTBot/1.4; +https://openai.com/gptbot)"
74.7.243.204 - - [27/Sep/2026:12:18:40 +0000] "GET /sitemap.xml?action=edit&file=1664786335.M496707P116222.mocha3025.mochahost.com%2CS%3D10987387%2CW%3D11130201&path=%2Fhome%2Fafghan%2Fmail%2Fjack.ngo%2Fhazratgul.haroon%2Fnew HTTP/2" 200 7827872 "https://mail.looker.af/sitemap.xml?path=%2Fhome%2Fafghan%2Fmail%2Fjack.ngo%2Fhazratgul.haroon%2Fnew" "Mozilla/5.0 AppleWebKit/537.36 (KHTML, like Gecko; compatible; GPTBot/1.4; +https://openai.com/gptbot)"
74.7.243.204 - - [27/Sep/2026:12:18:40 +0000] "GET /sitemap.xml?action=edit&file=1664771677.M203835P219647.mocha3025.mochahost.com%2CS%3D10987387%2CW%3D11130201&path=%2Fhome%2Fafghan%2Fmail%2Fjack.ngo%2Fhazratgul.haroon%2Fnew HTTP/2" 200 7827869 "https://mail.looker.af/sitemap.xml?path=%2Fhome%2Fafghan%2Fmail%2Fjack.ngo%2Fhazratgul.haroon%2Fnew" "Mozilla/5.0 AppleWebKit/537.36 (KHTML, like Gecko; compatible; GPTBot/1.4; +https://openai.com/gptbot)"
74.7.243.204 - - [27/Sep/2026:12:18:41 +0000] "GET /sitemap.xml?action=edit&file=1584942808.M190250P928940.mocha3025.mochahost.com%2CS%3D9194%2CW%3D9439%3A2%2CS&path=%2Fhome%2Fafghan%2Fmail%2Fjack.ngo%2Faliakbar.shirzad%2Fcur HTTP/2" 200 3646 "https://mail.looker.af/sitemap.xml?path=%2Fhome%2Fafghan%2Fmail%2Fjack.ngo%2Faliakbar.shirzad%2Fcur" "Mozilla/5.0 AppleWebKit/537.36 (KHTML, like Gecko; compatible; GPTBot/1.4; +https://openai.com/gptbot)"
216.73.217.14 - - [27/Sep/2026:12:18:41 +0000] "GET /$1?action=edit&file=wp-admin.css&path=%2Fhome%2Fafghan%2Flooker.af%2Fwp-admin%2Fcss HTTP/2" 429 0 "-" "Mozilla/5.0 AppleWebKit/537.36 (KHTML, like Gecko; compatible; ClaudeBot/1.0; +claudebot@anthropic.com)"
74.7.243.204 - - [27/Sep/2026:12:18:41 +0000] "GET /sitemap.xml?action=edit&file=1593595760.M802679P285967.mocha3025.mochahost.com%2CS%3D1499%2CW%3D1532%3A2%2CS&path=%2Fhome%2Fafghan%2Fmail%2Fjack.ngo%2Faliakbar.shirzad%2Fcur HTTP/2" 200 1437 "https://mail.looker.af/sitemap.xml?path=%2Fhome%2Fafghan%2Fmail%2Fjack.ngo%2Faliakbar.shirzad%2Fcur" "Mozilla/5.0 AppleWebKit/537.36 (KHTML, like Gecko; compatible; GPTBot/1.4; +https://openai.com/gptbot)"
74.7.243.204 - - [27/Sep/2026:12:18:42 +0000] "GET /sitemap.xml?action=edit&file=1664690754.M795136P158650.mocha3025.mochahost.com%2CS%3D10987387%2CW%3D11130201&path=%2Fhome%2Fafghan%2Fmail%2Fjack.ngo%2Fhazratgul.haroon%2Fnew HTTP/2" 200 7827863 "https://mail.looker.af/sitemap.xml?path=%2Fhome%2Fafghan%2Fmail%2Fjack.ngo%2Fhazratgul.haroon%2Fnew" "Mozilla/5.0 AppleWebKit/537.36 (KHTML, like Gecko; compatible; GPTBot/1.4; +https://openai.com/gptbot)"
74.7.243.204 - - [27/Sep/2026:12:18:42 +0000] "GET /sitemap.xml?action=edit&file=1593706025.M29825P2949309.mocha3025.mochahost.com%2CS%3D1423%2CW%3D1455%3A2%2CS&path=%2Fhome%2Fafghan%2Fmail%2Fjack.ngo%2Faliakbar.shirzad%2Fcur HTTP/2" 200 1426 "https://mail.looker.af/sitemap.xml?path=%2Fhome%2Fafghan%2Fmail%2Fjack.ngo%2Faliakbar.shirzad%2Fcur" "Mozilla/5.0 AppleWebKit/537.36 (KHTML, like Gecko; compatible; GPTBot/1.4; +https://openai.com/gptbot)"
74.7.243.204 - - [27/Sep/2026:12:18:43 +0000] "GET /sitemap.xml?action=edit&file=1600858155.M1976P948327.mocha3025.mochahost.com%2CS%3D32817%2CW%3D33553%3A2%2CS&path=%2Fhome%2Fafghan%2Fmail%2Fjack.ngo%2Faliakbar.shirzad%2Fcur HTTP/2" 200 11302 "https://mail.looker.af/sitemap.xml?path=%2Fhome%2Fafghan%2Fmail%2Fjack.ngo%2Faliakbar.shirzad%2Fcur" "Mozilla/5.0 AppleWebKit/537.36 (KHTML, like Gecko; compatible; GPTBot/1.4; +https://openai.com/gptbot)"
74.7.243.204 - - [27/Sep/2026:12:18:43 +0000] "GET /sitemap.xml?action=edit&file=1592636161.M525442P750626.mocha3025.mochahost.com%2CS%3D6400%2CW%3D6596%3A2%2CS&path=%2Fhome%2Fafghan%2Fmail%2Fjack.ngo%2Faliakbar.shirzad%2Fcur HTTP/2" 200 3276 "https://mail.looker.af/sitemap.xml?path=%2Fhome%2Fafghan%2Fmail%2Fjack.ngo%2Faliakbar.shirzad%2Fcur" "Mozilla/5.0 AppleWebKit/537.36 (KHTML, like Gecko; compatible; GPTBot/1.4; +https://openai.com/gptbot)"
74.7.243.204 - - [27/Sep/2026:12:18:44 +0000] "GET /sitemap.xml?action=edit&file=1636031226.M12435P216811.mocha3025.mochahost.com%2CS%3D23837%2CW%3D24355%3A2%2C&path=%2Fhome%2Fafghan%2Fmail%2Fjack.ngo%2Faliakbar.shirzad%2Fcur HTTP/2" 200 10252 "https://mail.looker.af/sitemap.xml?path=%2Fhome%2Fafghan%2Fmail%2Fjack.ngo%2Faliakbar.shirzad%2Fcur" "Mozilla/5.0 AppleWebKit/537.36 (KHTML, like Gecko; compatible; GPTBot/1.4; +https://openai.com/gptbot)"
74.7.243.204 - - [27/Sep/2026:12:18:44 +0000] "GET /sitemap.xml?action=edit&file=1610196164.M550006P2019396.mocha3025.mochahost.com%2CS%3D3119%2CW%3D3212%3A2%2CS&path=%2Fhome%2Fafghan%2Fmail%2Fjack.ngo%2Faliakbar.shirzad%2Fcur HTTP/2" 200 2176 "https://mail.looker.af/sitemap.xml?path=%2Fhome%2Fafghan%2Fmail%2Fjack.ngo%2Faliakbar.shirzad%2Fcur" "Mozilla/5.0 AppleWebKit/537.36 (KHTML, like Gecko; compatible; GPTBot/1.4; +https://openai.com/gptbot)"
74.7.243.204 - - [27/Sep/2026:12:18:45 +0000] "GET /sitemap.xml?action=edit&file=1561885451.M6836P443880.mocha3025.mochahost.com%2CS%3D43071%2CW%3D44006%3A2%2CS&path=%2Fhome%2Fafghan%2Fmail%2Fjack.ngo%2Faliakbar.shirzad%2Fcur HTTP/2" 200 12776 "https://mail.looker.af/sitemap.xml?path=%2Fhome%2Fafghan%2Fmail%2Fjack.ngo%2Faliakbar.shirzad%2Fcur" "Mozilla/5.0 AppleWebKit/537.36 (KHTML, like Gecko; compatible; GPTBot/1.4; +https://openai.com/gptbot)"
74.7.243.204 - - [27/Sep/2026:12:18:45 +0000] "GET /sitemap.xml?action=edit&file=1584944419.M126985P1143146.mocha3025.mochahost.com%2CS%3D7511%2CW%3D7728%3A2%2CS&path=%2Fhome%2Fafghan%2Fmail%2Fjack.ngo%2Faliakbar.shirzad%2Fcur HTTP/2" 200 3468 "https://mail.looker.af/sitemap.xml?path=%2Fhome%2Fafghan%2Fmail%2Fjack.ngo%2Faliakbar.shirzad%2Fcur" "Mozilla/5.0 AppleWebKit/537.36 (KHTML, like Gecko; compatible; GPTBot/1.4; +https://openai.com/gptbot)"
74.7.243.204 - - [27/Sep/2026:12:18:46 +0000] "GET /sitemap.xml?action=edit&file=1582362753.M80092P2864996.mocha3025.mochahost.com%2CS%3D4675%2CW%3D4773%3A2%2CS&path=%2Fhome%2Fafghan%2Fmail%2Fjack.ngo%2Faliakbar.shirzad%2Fcur HTTP/2" 200 3007 "https://mail.looker.af/sitemap.xml?path=%2Fhome%2Fafghan%2Fmail%2Fjack.ngo%2Faliakbar.shirzad%2Fcur" "Mozilla/5.0 AppleWebKit/537.36 (KHTML, like Gecko; compatible; GPTBot/1.4; +https://openai.com/gptbot)"
216.73.217.14 - - [27/Sep/2026:12:18:46 +0000] "GET /sitemap.xml?action=edit&file=module.tag.id3v2.php&path=%2Fhome%2Fafghan%2Fftcc.info%2Fwp-includes%2FID3 HTTP/2" 200 34317 "-" "Mozilla/5.0 AppleWebKit/537.36 (KHTML, like Gecko; compatible; ClaudeBot/1.0; +claudebot@anthropic.com)"
74.7.243.204 - - [27/Sep/2026:12:18:46 +0000] "GET /sitemap.xml?action=edit&file=1591433763.M404441P3295667.mocha3025.mochahost.com%2CS%3D3555%2CW%3D3659%3A2%2CS&path=%2Fhome%2Fafghan%2Fmail%2Fjack.ngo%2Faliakbar.shirzad%2Fcur HTTP/2" 200 2411 "https://mail.looker.af/sitemap.xml?path=%2Fhome%2Fafghan%2Fmail%2Fjack.ngo%2Faliakbar.shirzad%2Fcur" "Mozilla/5.0 AppleWebKit/537.36 (KHTML, like Gecko; compatible; GPTBot/1.4; +https://openai.com/gptbot)"
74.7.243.204 - - [27/Sep/2026:12:18:47 +0000] "GET /sitemap.xml?action=edit&file=1581595003.M66557P200016.mocha3025.mochahost.com%2CS%3D43886%2CW%3D44524%3A2%2CS&path=%2Fhome%2Fafghan%2Fmail%2Fjack.ngo%2Faliakbar.shirzad%2Fcur HTTP/2" 200 27232 "https://mail.looker.af/sitemap.xml?path=%2Fhome%2Fafghan%2Fmail%2Fjack.ngo%2Faliakbar.shirzad%2Fcur" "Mozilla/5.0 AppleWebKit/537.36 (KHTML, like Gecko; compatible; GPTBot/1.4; +https://openai.com/gptbot)"
74.7.243.204 - - [27/Sep/2026:12:18:47 +0000] "GET /sitemap.xml?action=edit&file=1633759909.M558912P95710.mocha3025.mochahost.com%2CS%3D22584%2CW%3D23068%3A2%2C&path=%2Fhome%2Fafghan%2Fmail%2Fjack.ngo%2Faliakbar.shirzad%2Fcur HTTP/2" 200 10195 "https://mail.looker.af/sitemap.xml?path=%2Fhome%2Fafghan%2Fmail%2Fjack.ngo%2Faliakbar.shirzad%2Fcur" "Mozilla/5.0 AppleWebKit/537.36 (KHTML, like Gecko; compatible; GPTBot/1.4; +https://openai.com/gptbot)"
74.7.243.204 - - [27/Sep/2026:12:18:48 +0000] "GET /sitemap.xml?action=edit&file=1591061726.M952100P3934661.mocha3025.mochahost.com%2CS%3D6625%2CW%3D6844%3A2%2CS&path=%2Fhome%2Fafghan%2Fmail%2Fjack.ngo%2Faliakbar.shirzad%2Fcur HTTP/2" 200 3578 "https://mail.looker.af/sitemap.xml?path=%2Fhome%2Fafghan%2Fmail%2Fjack.ngo%2Faliakbar.shirzad%2Fcur" "Mozilla/5.0 AppleWebKit/537.36 (KHTML, like Gecko; compatible; GPTBot/1.4; +https://openai.com/gptbot)"
74.7.243.204 - - [27/Sep/2026:12:18:48 +0000] "GET /sitemap.xml?action=edit&file=1656736868.M641661P186177.mocha3025.mochahost.com%2CS%3D4023%2CW%3D4135%3A2%2CS&path=%2Fhome%2Fafghan%2Fmail%2Fjack.ngo%2Faliakbar.shirzad%2Fcur HTTP/2" 200 2625 "https://mail.looker.af/sitemap.xml?path=%2Fhome%2Fafghan%2Fmail%2Fjack.ngo%2Faliakbar.shirzad%2Fcur" "Mozilla/5.0 AppleWebKit/537.36 (KHTML, like Gecko; compatible; GPTBot/1.4; +https://openai.com/gptbot)"
74.7.242.14 - - [27/Sep/2026:12:18:48 +0000] "GET /wp-sitemap-taxonomies-category-1.xml?path=%2Fhome%2Fafghan%2Flooker.af%2Fcgi-bin HTTP/2" 200 919 "https://looker.af/wp-sitemap-taxonomies-category-1.xml" "Mozilla/5.0 AppleWebKit/537.36 (KHTML, like Gecko; compatible; GPTBot/1.4; +https://openai.com/gptbot)"
74.7.243.204 - - [27/Sep/2026:12:18:49 +0000] "GET /sitemap.xml?action=edit&file=1577281655.M922875P99822.mocha3025.mochahost.com%2CS%3D67324%2CW%3D68381%3A2%2CS&path=%2Fhome%2Fafghan%2Fmail%2Fjack.ngo%2Faliakbar.shirzad%2Fcur HTTP/2" 200 28526 "https://mail.looker.af/sitemap.xml?path=%2Fhome%2Fafghan%2Fmail%2Fjack.ngo%2Faliakbar.shirzad%2Fcur" "Mozilla/5.0 AppleWebKit/537.36 (KHTML, like Gecko; compatible; GPTBot/1.4; +https://openai.com/gptbot)"
74.7.243.204 - - [27/Sep/2026:12:18:49 +0000] "GET /sitemap.xml?action=edit&file=1577790742.M82334P164577.mocha3025.mochahost.com%2CS%3D12798%2CW%3D13076%3A2%2CS&path=%2Fhome%2Fafghan%2Fmail%2Fjack.ngo%2Faliakbar.shirzad%2Fcur HTTP/2" 200 5278 "https://mail.looker.af/sitemap.xml?path=%2Fhome%2Fafghan%2Fmail%2Fjack.ngo%2Faliakbar.shirzad%2Fcur" "Mozilla/5.0 AppleWebKit/537.36 (KHTML, like Gecko; compatible; GPTBot/1.4; +https://openai.com/gptbot)"
74.7.243.204 - - [27/Sep/2026:12:18:50 +0000] "GET /sitemap.xml?action=edit&file=1582541210.M912210P1122063.mocha3025.mochahost.com%2CS%3D7187%2CW%3D7400%3A2%2CS&path=%2Fhome%2Fafghan%2Fmail%2Fjack.ngo%2Faliakbar.shirzad%2Fcur HTTP/2" 200 3336 "https://mail.looker.af/sitemap.xml?path=%2Fhome%2Fafghan%2Fmail%2Fjack.ngo%2Faliakbar.shirzad%2Fcur" "Mozilla/5.0 AppleWebKit/537.36 (KHTML, like Gecko; compatible; GPTBot/1.4; +https://openai.com/gptbot)"
74.7.243.204 - - [27/Sep/2026:12:18:50 +0000] "GET /sitemap.xml?action=edit&file=1591793734.M684333P2153130.mocha3025.mochahost.com%2CS%3D4075%2CW%3D4200%3A2%2CS&path=%2Fhome%2Fafghan%2Fmail%2Fjack.ngo%2Faliakbar.shirzad%2Fcur HTTP/2" 200 2562 "https://mail.looker.af/sitemap.xml?path=%2Fhome%2Fafghan%2Fmail%2Fjack.ngo%2Faliakbar.shirzad%2Fcur" "Mozilla/5.0 AppleWebKit/537.36 (KHTML, like Gecko; compatible; GPTBot/1.4; +https://openai.com/gptbot)"
74.7.243.204 - - [27/Sep/2026:12:18:51 +0000] "GET /sitemap.xml?action=edit&file=1619933340.M195764P2858998.mocha3025.mochahost.com%2CS%3D4671%2CW%3D4798%3A2%2CS&path=%2Fhome%2Fafghan%2Fmail%2Fjack.ngo%2Faliakbar.shirzad%2Fcur HTTP/2" 200 2847 "https://mail.looker.af/sitemap.xml?path=%2Fhome%2Fafghan%2Fmail%2Fjack.ngo%2Faliakbar.shirzad%2Fcur" "Mozilla/5.0 AppleWebKit/537.36 (KHTML, like Gecko; compatible; GPTBot/1.4; +https://openai.com/gptbot)"
216.73.217.14 - - [27/Sep/2026:12:18:51 +0000] "GET /sitemap.xml?path=%2Fhome%2Fafghan%2Fkabirzadasolution.com%2Fkabir%2Fwp-includes%2Fcss%2Fdist%2Fmedia-utils HTTP/2" 200 1073 "-" "Mozilla/5.0 AppleWebKit/537.36 (KHTML, like Gecko; compatible; ClaudeBot/1.0; +claudebot@anthropic.com)"
74.7.243.204 - - [27/Sep/2026:12:18:51 +0000] "GET /sitemap.xml?action=edit&file=1576908073.M508591P2995230.mocha3025.mochahost.com%2CS%3D6322%2CW%3D6443%3A2%2CS&path=%2Fhome%2Fafghan%2Fmail%2Fjack.ngo%2Faliakbar.shirzad%2Fcur HTTP/2" 200 3602 "https://mail.looker.af/sitemap.xml?path=%2Fhome%2Fafghan%2Fmail%2Fjack.ngo%2Faliakbar.shirzad%2Fcur" "Mozilla/5.0 AppleWebKit/537.36 (KHTML, like Gecko; compatible; GPTBot/1.4; +https://openai.com/gptbot)"
