20.196.195.74 - - [26/Sep/2026:14:10:32 +0000] "GET /.well-known/file.php HTTP/1.1" 401 36 "-" "-"
20.196.195.74 - - [26/Sep/2026:14:10:33 +0000] "GET /wp-includes/Text/Diff/Engine/wp-login.php HTTP/1.1" 401 36 "-" "-"
20.196.195.74 - - [26/Sep/2026:14:10:33 +0000] "GET /wp-content/uploads/wp-activate.php HTTP/1.1" 401 36 "-" "-"
20.196.195.74 - - [26/Sep/2026:14:10:34 +0000] "GET /wp-content/uploads/BDKR28_0a0th8l2.php HTTP/1.1" 401 36 "-" "-"
20.196.195.74 - - [26/Sep/2026:14:10:34 +0000] "GET /wp-includes/aa38ncmpwbbhismkwCdefault.php HTTP/1.1" 401 36 "-" "-"
20.196.195.74 - - [26/Sep/2026:14:10:35 +0000] "GET /wp-admin/js/widgets/wp-login.php HTTP/1.1" 401 36 "-" "-"
20.196.195.74 - - [26/Sep/2026:14:10:35 +0000] "GET /function.php HTTP/1.1" 401 36 "-" "-"
20.196.195.74 - - [26/Sep/2026:14:10:36 +0000] "GET /images/bay.php HTTP/1.1" 401 36 "-" "-"
20.196.195.74 - - [26/Sep/2026:14:10:36 +0000] "GET /wp-admin/css/colors/ectoplasm/pruKamL.php HTTP/1.1" 401 36 "-" "-"
20.196.195.74 - - [26/Sep/2026:14:10:36 +0000] "GET /wp-includes/images/crystal/alfa-rex.php HTTP/1.1" 401 36 "-" "-"
20.196.195.74 - - [26/Sep/2026:14:10:37 +0000] "GET /wp-admin/css/media.php HTTP/1.1" 401 36 "-" "-"
20.196.195.74 - - [26/Sep/2026:14:10:37 +0000] "GET /wp-admin/includes/class-wp-community-events-security.php HTTP/1.1" 401 36 "-" "-"
20.196.195.74 - - [26/Sep/2026:14:10:38 +0000] "GET /wp-admin/css/colors/admin-ajax.php HTTP/1.1" 401 36 "-" "-"
20.196.195.74 - - [26/Sep/2026:14:10:38 +0000] "GET /wp-admin/css/PXmpeIJJ.php HTTP/1.1" 401 36 "-" "-"
20.196.195.74 - - [26/Sep/2026:14:10:39 +0000] "GET /wp-admin/includes/class-wp-pagebuilders-4OuSVq.php HTTP/1.1" 401 36 "-" "-"
20.196.195.74 - - [26/Sep/2026:14:10:39 +0000] "GET /wp-includes/widgets/worksec.php HTTP/1.1" 401 36 "-" "-"
20.196.195.74 - - [26/Sep/2026:14:10:40 +0000] "GET /wp-includes/ID3/module.audio-video.asf-character.php HTTP/1.1" 401 36 "-" "-"
20.196.195.74 - - [26/Sep/2026:14:10:40 +0000] "GET /.well-known/BDKR28_1m7yj6t5.php HTTP/1.1" 401 36 "-" "-"
20.196.195.74 - - [26/Sep/2026:14:10:40 +0000] "GET /wp-content/uploads/wp-X1s2e6h3p7.php HTTP/1.1" 401 36 "-" "-"
20.196.195.74 - - [26/Sep/2026:14:10:41 +0000] "GET /wp-content/uploads/class-wp-block_83debf3f.php HTTP/1.1" 401 36 "-" "-"
20.196.195.74 - - [26/Sep/2026:14:10:42 +0000] "GET /wp-includes/Text/Diff/Renderer/wp-login.php HTTP/1.1" 401 36 "-" "-"
20.196.195.74 - - [26/Sep/2026:14:10:42 +0000] "GET /wp-includes/widgets/htongy.php HTTP/1.1" 401 36 "-" "-"
20.196.195.74 - - [26/Sep/2026:14:10:42 +0000] "GET /wp-includes/class-wp-block-method.php HTTP/1.1" 401 36 "-" "-"
20.196.195.74 - - [26/Sep/2026:14:10:43 +0000] "GET /images/preupload.php HTTP/1.1" 401 36 "-" "-"
20.196.195.74 - - [26/Sep/2026:14:10:43 +0000] "GET /wp-includes/images/crystal/lGnVOnHD.php HTTP/1.1" 401 36 "-" "-"
20.196.195.74 - - [26/Sep/2026:14:10:44 +0000] "GET /wp-content/uploads/m4dy9tdt4wbliblaq20vCdefault.php HTTP/1.1" 401 36 "-" "-"
20.196.195.74 - - [26/Sep/2026:14:10:44 +0000] "GET /wp-admin/css/1b2f09eda1ea40.php HTTP/1.1" 401 36 "-" "-"
20.196.195.74 - - [26/Sep/2026:14:10:45 +0000] "GET /wp-admin/includes/fff.php HTTP/1.1" 401 36 "-" "-"
20.196.195.74 - - [26/Sep/2026:14:10:45 +0000] "GET /wp-content/upgrade/wp-links-opml.php HTTP/1.1" 401 36 "-" "-"
20.196.195.74 - - [26/Sep/2026:14:10:46 +0000] "GET /wp-includes/class-wp-http-encoding-cron.php HTTP/1.1" 401 36 "-" "-"
20.196.195.74 - - [26/Sep/2026:14:10:46 +0000] "GET /wp-admin/includes/rfatW.php HTTP/1.1" 401 36 "-" "-"
20.196.195.74 - - [26/Sep/2026:14:10:47 +0000] "GET /wp-includes/images/atomlib.php HTTP/1.1" 401 36 "-" "-"
20.196.195.74 - - [26/Sep/2026:14:10:47 +0000] "GET /wp-admin/maint/DsIIJjM.php HTTP/1.1" 401 36 "-" "-"
20.196.195.74 - - [26/Sep/2026:14:10:47 +0000] "GET /wp-content/uploads/1.php HTTP/1.1" 401 36 "-" "-"
20.196.195.74 - - [26/Sep/2026:14:10:48 +0000] "GET /wp-includes/class-wp-http-requests-response-cron.php HTTP/1.1" 401 36 "-" "-"
20.196.195.74 - - [26/Sep/2026:14:10:48 +0000] "GET /wp-content/uploads/wp-toolkit.php HTTP/1.1" 401 36 "-" "-"
20.196.195.74 - - [26/Sep/2026:14:10:49 +0000] "GET /wp-content/uploads/Nx_230d93a1.php HTTP/1.1" 401 36 "-" "-"
20.196.195.74 - - [26/Sep/2026:14:10:49 +0000] "GET /.well-known/1wvekeybd9it2di2vyipgr6Cdefault.php HTTP/1.1" 401 36 "-" "-"
20.196.195.74 - - [26/Sep/2026:14:10:49 +0000] "GET /wp-admin/css/colors/light/wp-login.php HTTP/1.1" 401 36 "-" "-"
20.196.195.74 - - [26/Sep/2026:14:10:50 +0000] "GET /wp-content/uploads/class-wp-cache_d3de045d.php HTTP/1.1" 401 36 "-" "-"
20.196.195.74 - - [26/Sep/2026:14:10:50 +0000] "GET /wp-content/upgrade/rty.php HTTP/1.1" 401 36 "-" "-"
20.196.195.74 - - [26/Sep/2026:14:10:51 +0000] "GET /wp-admin/css/rVLXSEJki.php HTTP/1.1" 401 36 "-" "-"
20.196.195.74 - - [26/Sep/2026:14:10:51 +0000] "GET /wp-admin/includes/plugin-compiler.php HTTP/1.1" 401 36 "-" "-"
20.196.195.74 - - [26/Sep/2026:14:10:52 +0000] "GET /wp-content/uploads/lumina_135.php HTTP/1.1" 401 36 "-" "-"
20.196.195.74 - - [26/Sep/2026:14:10:52 +0000] "GET /wp-includes/js/chaty.php HTTP/1.1" 401 36 "-" "-"
20.196.195.74 - - [26/Sep/2026:14:10:53 +0000] "GET /wp-admin/js/admin.php HTTP/1.1" 401 36 "-" "-"
20.196.195.74 - - [26/Sep/2026:14:10:53 +0000] "GET /wp-includes/8xmlr9ommwdy3ro8dCdefault.php HTTP/1.1" 401 36 "-" "-"
20.196.195.74 - - [26/Sep/2026:14:10:54 +0000] "GET /wp-includes/widgets/class-wp-wolf-widget.php HTTP/1.1" 401 36 "-" "-"
20.196.195.74 - - [26/Sep/2026:14:10:54 +0000] "GET /wp-includes/fonts/alfa-rex.php HTTP/1.1" 401 36 "-" "-"
20.196.195.74 - - [26/Sep/2026:14:10:55 +0000] "GET /wp-admin/images/about.php HTTP/1.1" 401 36 "-" "-"
20.196.195.74 - - [26/Sep/2026:14:10:55 +0000] "GET /wp-includes/css/wp-signup.php HTTP/1.1" 401 36 "-" "-"
20.196.195.74 - - [26/Sep/2026:14:10:55 +0000] "GET /wp-admin/js/widgets/qlex1.php HTTP/1.1" 401 36 "-" "-"
20.196.195.74 - - [26/Sep/2026:14:10:56 +0000] "GET /wp-includes/images/media/archive.php HTTP/1.1" 401 36 "-" "-"
20.196.195.74 - - [26/Sep/2026:14:10:56 +0000] "GET /wp-includes/css/well.php HTTP/1.1" 401 36 "-" "-"
20.196.195.74 - - [26/Sep/2026:14:10:57 +0000] "GET /uploads/product.php HTTP/1.1" 401 36 "-" "-"
20.196.195.74 - - [26/Sep/2026:14:10:57 +0000] "GET /wp-content/upgrade/buy.php HTTP/1.1" 401 36 "-" "-"
20.196.195.74 - - [26/Sep/2026:14:10:58 +0000] "GET /wp-admin/css/aaa.php HTTP/1.1" 401 36 "-" "-"
20.196.195.74 - - [26/Sep/2026:14:10:58 +0000] "GET /wp-admin/includes/codehu.php HTTP/1.1" 401 36 "-" "-"
20.196.195.74 - - [26/Sep/2026:14:10:59 +0000] "GET /wp-admin/css/colors/coffee/as.php HTTP/1.1" 401 36 "-" "-"
20.196.195.74 - - [26/Sep/2026:14:10:59 +0000] "GET /wp-includes/sitemaps/providers/class-wp-sitemaps-upload.php HTTP/1.1" 401 36 "-" "-"
20.196.195.74 - - [26/Sep/2026:14:10:59 +0000] "GET /wp-content/uploads/class-wp-block_016aa8d2.php HTTP/1.1" 401 36 "-" "-"
20.196.195.74 - - [26/Sep/2026:14:11:00 +0000] "GET /wp-includes/oozbseg0fmz488uggcdaCdefault.php HTTP/1.1" 401 36 "-" "-"
20.196.195.74 - - [26/Sep/2026:14:11:00 +0000] "GET /wp-content/languages/wp-conflg.php HTTP/1.1" 401 36 "-" "-"
20.196.195.74 - - [26/Sep/2026:14:11:01 +0000] "GET /file.php HTTP/1.1" 401 36 "-" "-"
20.196.195.74 - - [26/Sep/2026:14:11:01 +0000] "GET /wp-includes/js/4hrp2twn.php HTTP/1.1" 401 36 "-" "-"
20.196.195.74 - - [26/Sep/2026:14:11:02 +0000] "GET /wp-content/index.php HTTP/1.1" 401 36 "-" "-"
20.196.195.74 - - [26/Sep/2026:14:11:02 +0000] "GET /wp-admin/css/colors/blue/0x_fans.php HTTP/1.1" 401 36 "-" "-"
20.196.195.74 - - [26/Sep/2026:14:11:03 +0000] "GET /wp-admin/css/colors/blue/about.php HTTP/1.1" 401 36 "-" "-"
20.196.195.74 - - [26/Sep/2026:14:11:03 +0000] "GET /wp-includes/blocks/mneXaOl.php HTTP/1.1" 401 36 "-" "-"
20.196.195.74 - - [26/Sep/2026:14:11:03 +0000] "GET /wp-content/uploads/i99z7zzbwtpteujvv6s8hiCdefault.php HTTP/1.1" 401 36 "-" "-"
20.196.195.74 - - [26/Sep/2026:14:11:04 +0000] "GET /wp-includes/cron-integer.php HTTP/1.1" 401 36 "-" "-"
20.196.195.74 - - [26/Sep/2026:14:11:04 +0000] "GET /wp-admin/css/colors/blue/alfa-rex.php HTTP/1.1" 401 36 "-" "-"
20.196.195.74 - - [26/Sep/2026:14:11:05 +0000] "GET /wp-admin/css/colors/ocean/wp-login.php HTTP/1.1" 401 36 "-" "-"
20.196.195.74 - - [26/Sep/2026:14:11:05 +0000] "GET /aaa.php HTTP/1.1" 401 36 "-" "-"
20.196.195.74 - - [26/Sep/2026:14:11:05 +0000] "GET /wp-content/uploads/index.php HTTP/1.1" 401 36 "-" "-"
20.196.195.74 - - [26/Sep/2026:14:11:06 +0000] "GET /wp-admin/maint/xmleihhf.php HTTP/1.1" 401 36 "-" "-"
20.196.195.74 - - [26/Sep/2026:14:11:06 +0000] "GET /wp-admin/js/widgets/about.php HTTP/1.1" 401 36 "-" "-"
20.196.195.74 - - [26/Sep/2026:14:11:07 +0000] "GET /wp-admin/maint/shadow-bot.php HTTP/1.1" 401 36 "-" "-"
20.196.195.74 - - [26/Sep/2026:14:11:07 +0000] "GET /files/icon.php HTTP/1.1" 401 36 "-" "-"
20.196.195.74 - - [26/Sep/2026:14:11:08 +0000] "GET /uploads/add_ONLINE-TPSC_questions.php HTTP/1.1" 401 36 "-" "-"
20.196.195.74 - - [26/Sep/2026:14:11:08 +0000] "GET /wp-admin/includes/cGInqij.php HTTP/1.1" 401 36 "-" "-"
20.196.195.74 - - [26/Sep/2026:14:11:09 +0000] "GET /wp-includes/images/about.php HTTP/1.1" 401 36 "-" "-"
20.196.195.74 - - [26/Sep/2026:14:11:09 +0000] "GET /wp-includes/widgets/class-wp-widget-media-video-view.php HTTP/1.1" 401 36 "-" "-"
20.196.195.74 - - [26/Sep/2026:14:11:10 +0000] "GET /wp-admin/images/aaa.php HTTP/1.1" 401 36 "-" "-"
20.196.195.74 - - [26/Sep/2026:14:11:10 +0000] "GET /wp-content/languages/aaa.php HTTP/1.1" 401 36 "-" "-"
20.196.195.74 - - [26/Sep/2026:14:11:10 +0000] "GET /wp-admin/maint/s.php HTTP/1.1" 401 36 "-" "-"
20.196.195.74 - - [26/Sep/2026:14:11:11 +0000] "GET /images/check_upload.php HTTP/1.1" 401 36 "-" "-"
20.196.195.74 - - [26/Sep/2026:14:11:11 +0000] "GET /wp-includes/sitemaps/admin.php HTTP/1.1" 401 36 "-" "-"
20.196.195.74 - - [26/Sep/2026:14:11:12 +0000] "GET /wp-admin/maint/yes.php HTTP/1.1" 401 36 "-" "-"
20.196.195.74 - - [26/Sep/2026:14:11:12 +0000] "GET /wp-admin/images/wp-login.php HTTP/1.1" 401 36 "-" "-"
20.196.195.74 - - [26/Sep/2026:14:11:13 +0000] "GET /wp-content/upgrade/wp-firewall.php HTTP/1.1" 401 36 "-" "-"
20.196.195.74 - - [26/Sep/2026:14:11:13 +0000] "GET /wp-content/languages/46dbr8i8qeclytcxawrCdefault.php HTTP/1.1" 401 36 "-" "-"
20.196.195.74 - - [26/Sep/2026:14:11:14 +0000] "GET /wp-admin/css/colors/ectoplasm/alfa-rex.php HTTP/1.1" 401 36 "-" "-"
20.196.195.74 - - [26/Sep/2026:14:11:14 +0000] "GET /wp-includes/IXR/about.php HTTP/1.1" 401 36 "-" "-"
20.196.195.74 - - [26/Sep/2026:14:11:15 +0000] "GET /wp-includes/class-wp-post-condition.php HTTP/1.1" 401 36 "-" "-"
20.196.195.74 - - [26/Sep/2026:14:11:15 +0000] "GET /wp-admin/css/colors/blue/fIMazHfo.php HTTP/1.1" 401 36 "-" "-"
20.196.195.74 - - [26/Sep/2026:14:11:15 +0000] "GET /wp-includes/hp2.php HTTP/1.1" 401 36 "-" "-"
20.196.195.74 - - [26/Sep/2026:14:11:16 +0000] "GET /wp-admin/includes/aaa.php HTTP/1.1" 401 36 "-" "-"
20.196.195.74 - - [26/Sep/2026:14:11:16 +0000] "GET /wp-admin/css/AHntTlOm.php HTTP/1.1" 401 36 "-" "-"
20.196.195.74 - - [26/Sep/2026:14:11:17 +0000] "GET /wp-admin/includes/class-wp-pagebuilders-uHByK9.php HTTP/1.1" 401 36 "-" "-"
20.196.195.74 - - [26/Sep/2026:14:11:17 +0000] "GET /wp-admin/css/colors/ectoplasm/BczuzAOgg.php HTTP/1.1" 401 36 "-" "-"
20.196.195.74 - - [26/Sep/2026:14:11:18 +0000] "GET /wp-includes/wp-class.php HTTP/1.1" 401 36 "-" "-"
20.196.195.74 - - [26/Sep/2026:14:11:18 +0000] "GET /wp-content/uploads/gwp-ec5e508b.php HTTP/1.1" 401 36 "-" "-"
20.196.195.74 - - [26/Sep/2026:14:11:18 +0000] "GET /wp-includes/Text/alfa-rex.php HTTP/1.1" 401 36 "-" "-"
20.196.195.74 - - [26/Sep/2026:14:11:19 +0000] "GET /wp-admin/js/widgets/goods.php HTTP/1.1" 401 36 "-" "-"
20.196.195.74 - - [26/Sep/2026:14:11:19 +0000] "GET /wp-admin/maint/config.php HTTP/1.1" 401 36 "-" "-"
20.196.195.74 - - [26/Sep/2026:14:11:20 +0000] "GET /wp-admin/css/TykrTmyzsG.php HTTP/1.1" 401 36 "-" "-"
20.196.195.74 - - [26/Sep/2026:14:11:20 +0000] "GET /wp-admin/includes/schema-part.php HTTP/1.1" 401 36 "-" "-"
20.196.195.74 - - [26/Sep/2026:14:11:21 +0000] "GET /.well-known/iczxujjyvw.php HTTP/1.1" 401 36 "-" "-"
20.196.195.74 - - [26/Sep/2026:14:11:21 +0000] "GET /wp-admin/css/colors/coffee/wp-login.php HTTP/1.1" 401 36 "-" "-"
20.196.195.74 - - [26/Sep/2026:14:11:22 +0000] "GET /index/data.php HTTP/1.1" 401 36 "-" "-"
20.196.195.74 - - [26/Sep/2026:14:11:22 +0000] "GET /wp-content/languages/NNUEU.php HTTP/1.1" 401 36 "-" "-"
20.196.195.74 - - [26/Sep/2026:14:11:22 +0000] "GET /naxc.php HTTP/1.1" 401 36 "-" "-"
20.196.195.74 - - [26/Sep/2026:14:11:23 +0000] "GET /wp-admin/maint/home.php HTTP/1.1" 401 36 "-" "-"
20.196.195.74 - - [26/Sep/2026:14:11:23 +0000] "GET /images/upload-size.php HTTP/1.1" 401 36 "-" "-"
20.196.195.74 - - [26/Sep/2026:14:11:24 +0000] "GET /wp-admin/css/colors/modern/alfa-rex.php HTTP/1.1" 401 36 "-" "-"
20.196.195.74 - - [26/Sep/2026:14:11:24 +0000] "GET /classwithtostring.php HTTP/1.1" 401 36 "-" "-"
20.196.195.74 - - [26/Sep/2026:14:11:25 +0000] "GET /wp-includes/widgets/aaa.php HTTP/1.1" 401 36 "-" "-"
20.196.195.74 - - [26/Sep/2026:14:11:25 +0000] "GET /img/wp-login.php HTTP/1.1" 401 36 "-" "-"
20.196.195.74 - - [26/Sep/2026:14:11:26 +0000] "GET /wp-includes/IXR/moon.php HTTP/1.1" 401 36 "-" "-"
20.196.195.74 - - [26/Sep/2026:14:11:26 +0000] "GET /admin/controller/extension/extension/Not_Found.php HTTP/1.1" 401 36 "-" "-"
20.196.195.74 - - [26/Sep/2026:14:11:26 +0000] "GET /wp-includes/images/wlw/alfa-rex.php HTTP/1.1" 401 36 "-" "-"
20.196.195.74 - - [26/Sep/2026:14:11:27 +0000] "GET /wp-includes/widgets/class-wp-widget-tags.php HTTP/1.1" 401 36 "-" "-"
106.54.62.156 - - [26/Sep/2026:14:16:22 +0000] "GET / HTTP/1.1" 200 49078 "http://ardo.ngo" "Mozilla/5.0 (iPhone; CPU iPhone OS 13_2_3 like Mac OS X) AppleWebKit/605.1.15 (KHTML, like Gecko) Version/13.0.3 Mobile/15E148 Safari/604.1"
147.185.132.27 - - [26/Sep/2026:14:17:19 +0000] "GET / HTTP/1.1" 200 235273 "-" "Hello from Palo Alto Networks, find out more about our scans in https://docs-cortex.paloaltonetworks.com/r/1/Cortex-Xpanse/Scanning-activity"
65.181.111.180 - - [26/Sep/2026:14:20:15 +0000] "POST /wp-cron.php?doing_wp_cron=1790432415.2864809036254882812500 HTTP/1.1" 200 0 "-" "WordPress/7.1.2; https://ardo.ngo"
211.159.224.247 - - [26/Sep/2026:14:20:14 +0000] "POST /wp-login.php HTTP/1.1" 200 2334 "https://ardo.ngo/wp-login.php" "Mozilla/5.0 (Macintosh; Intel Mac OS X 10_15_7) AppleWebKit/537.36 (KHTML, like Gecko) Chrome/123.0.0.0 Safari/537.36"
148.227.67.160 - - [26/Sep/2026:14:23:24 +0000] "GET /readme.html HTTP/2" 200 2657 "-" "Mozilla/5.0 (Windows NT 10.0; Win64; x64) AppleWebKit/537.36 (KHTML, like Gecko) Chrome/151.0.0.0 Safari/537.36"
148.227.67.160 - - [26/Sep/2026:14:23:25 +0000] "GET /wp-json/ HTTP/2" 200 15985 "-" "Mozilla/5.0 (Windows NT 10.0; Win64; x64) AppleWebKit/537.36 (KHTML, like Gecko) Chrome/151.0.0.0 Safari/537.36"
148.227.67.160 - - [26/Sep/2026:14:23:26 +0000] "GET / HTTP/2" 200 41823 "-" "Mozilla/5.0 (Windows NT 10.0; Win64; x64) AppleWebKit/537.36 (KHTML, like Gecko) Chrome/151.0.0.0 Safari/537.36"
148.227.67.160 - - [26/Sep/2026:14:23:28 +0000] "GET /wp-json/wp/v2/users?_fields=slug&per_page=100&page=1 HTTP/2" 200 22 "-" "Mozilla/5.0 (Windows NT 10.0; Win64; x64) AppleWebKit/537.36 (KHTML, like Gecko) Chrome/151.0.0.0 Safari/537.36"
148.227.67.160 - - [26/Sep/2026:14:23:29 +0000] "GET /?rest_route=/wp/v2/users&_fields=slug&per_page=100&page=1 HTTP/2" 200 22 "-" "Mozilla/5.0 (Windows NT 10.0; Win64; x64) AppleWebKit/537.36 (KHTML, like Gecko) Chrome/151.0.0.0 Safari/537.36"
148.227.67.160 - - [26/Sep/2026:14:23:30 +0000] "GET /feed/ HTTP/2" 404 21713 "-" "Mozilla/5.0 (Windows NT 10.0; Win64; x64) AppleWebKit/537.36 (KHTML, like Gecko) Chrome/151.0.0.0 Safari/537.36"
148.227.67.160 - - [26/Sep/2026:14:23:31 +0000] "GET /feed/atom/ HTTP/2" 404 21633 "-" "Mozilla/5.0 (Windows NT 10.0; Win64; x64) AppleWebKit/537.36 (KHTML, like Gecko) Chrome/151.0.0.0 Safari/537.36"
148.227.67.160 - - [26/Sep/2026:14:23:32 +0000] "GET /rss/ HTTP/2" 404 21716 "-" "Mozilla/5.0 (Windows NT 10.0; Win64; x64) AppleWebKit/537.36 (KHTML, like Gecko) Chrome/151.0.0.0 Safari/537.36"
148.227.67.160 - - [26/Sep/2026:14:23:33 +0000] "GET /wp-sitemap-users-1.xml HTTP/2" 200 158 "-" "Mozilla/5.0 (Windows NT 10.0; Win64; x64) AppleWebKit/537.36 (KHTML, like Gecko) Chrome/151.0.0.0 Safari/537.36"
148.227.67.160 - - [26/Sep/2026:14:23:34 +0000] "GET /author-sitemap.xml HTTP/2" 404 21665 "-" "Mozilla/5.0 (Windows NT 10.0; Win64; x64) AppleWebKit/537.36 (KHTML, like Gecko) Chrome/151.0.0.0 Safari/537.36"
148.227.67.160 - - [26/Sep/2026:14:23:35 +0000] "GET /sitemap.xml HTTP/2" 301 0 "-" "Mozilla/5.0 (Windows NT 10.0; Win64; x64) AppleWebKit/537.36 (KHTML, like Gecko) Chrome/151.0.0.0 Safari/537.36"
148.227.67.160 - - [26/Sep/2026:14:23:36 +0000] "GET /wp-sitemap.xml HTTP/2" 200 185 "-" "Mozilla/5.0 (Windows NT 10.0; Win64; x64) AppleWebKit/537.36 (KHTML, like Gecko) Chrome/151.0.0.0 Safari/537.36"
148.227.67.160 - - [26/Sep/2026:14:23:37 +0000] "GET /wp-json/wp/v2/posts?per_page=20&_embed=author&_fields=_embedded HTTP/2" 200 13 "-" "Mozilla/5.0 (Windows NT 10.0; Win64; x64) AppleWebKit/537.36 (KHTML, like Gecko) Chrome/151.0.0.0 Safari/537.36"
148.227.67.160 - - [26/Sep/2026:14:23:38 +0000] "GET /wp-json/oembed/1.0/embed?url=https%3A%2F%2Fardo.ngo&format=json HTTP/2" 200 1010 "-" "Mozilla/5.0 (Windows NT 10.0; Win64; x64) AppleWebKit/537.36 (KHTML, like Gecko) Chrome/151.0.0.0 Safari/537.36"
148.227.67.160 - - [26/Sep/2026:14:23:39 +0000] "POST /graphql HTTP/2" 404 21673 "-" "Mozilla/5.0 (Windows NT 10.0; Win64; x64) AppleWebKit/537.36 (KHTML, like Gecko) Chrome/151.0.0.0 Safari/537.36"
148.227.67.160 - - [26/Sep/2026:14:23:40 +0000] "POST /api/graphql HTTP/2" 404 21667 "-" "Mozilla/5.0 (Windows NT 10.0; Win64; x64) AppleWebKit/537.36 (KHTML, like Gecko) Chrome/151.0.0.0 Safari/537.36"
148.227.67.160 - - [26/Sep/2026:14:23:41 +0000] "GET /?rest_route=/wp/v2/users&_jsonp=callback&per_page=100&_fields=id,slug HTTP/2" 200 43 "-" "Mozilla/5.0 (Windows NT 10.0; Win64; x64) AppleWebKit/537.36 (KHTML, like Gecko) Chrome/151.0.0.0 Safari/537.36"
49.247.215.5 - - [26/Sep/2026:14:24:14 +0000] "POST /wp-login.php HTTP/1.1" 200 2334 "https://ardo.ngo/wp-login.php" "Mozilla/5.0 (Macintosh; Intel Mac OS X 10_15_7) AppleWebKit/537.36 (KHTML, like Gecko) Chrome/123.0.0.0 Safari/537.36"
157.66.27.63 - - [26/Sep/2026:14:24:21 +0000] "POST /wp-login.php HTTP/1.1" 200 2555 "-" "Mozilla/5.0 (Windows NT 10.0) AppleWebKit/537.36 (KHTML, like Gecko) Chrome/141.0.0.0 Safari/537.36 Edg/141.0.0.0"
216.73.216.233 - - [26/Sep/2026:14:45:48 +0000] "GET /robots.txt HTTP/2" 200 90 "-" "Mozilla/5.0 AppleWebKit/537.36 (KHTML, like Gecko; compatible; ClaudeBot/1.0; +claudebot@anthropic.com)"
216.73.216.233 - - [26/Sep/2026:14:45:49 +0000] "GET /wp-sitemap.xml HTTP/2" 200 185 "-" "Mozilla/5.0 AppleWebKit/537.36 (KHTML, like Gecko; compatible; ClaudeBot/1.0; +claudebot@anthropic.com)"
49.247.215.5 - - [26/Sep/2026:14:50:04 +0000] "POST /wp-login.php HTTP/1.1" 200 2334 "https://ardo.ngo/wp-login.php" "Mozilla/5.0 (X11; Linux x86_64; rv:124.0) Gecko/20100101 Firefox/124.0"
211.159.224.247 - - [26/Sep/2026:14:57:06 +0000] "POST /wp-login.php HTTP/1.1" 200 2334 "https://ardo.ngo/wp-login.php" "Mozilla/5.0 (Windows NT 10.0; Win64; x64) AppleWebKit/537.36 (KHTML, like Gecko) Chrome/124.0.0.0 Safari/537.36"
152.42.142.140 - - [26/Sep/2026:15:00:32 +0000] "GET / HTTP/2" 401 53 "-" "Mozilla/5.0 (Windows NT 10.0; Win64; x64) AppleWebKit/537.36 (KHTML, like Gecko) Chrome/137.0.0.0 Safari/537.36 ForestEngine/1.0 (+https://forestengine.net/#opt-out)"
216.73.216.233 - - [26/Sep/2026:15:06:50 +0000] "GET /robots.txt HTTP/2" 200 279 "-" "Mozilla/5.0 AppleWebKit/537.36 (KHTML, like Gecko; compatible; ClaudeBot/1.0; +claudebot@anthropic.com)"
216.73.216.233 - - [26/Sep/2026:15:06:50 +0000] "GET /sitemap.xml HTTP/2" 200 279 "-" "Mozilla/5.0 AppleWebKit/537.36 (KHTML, like Gecko; compatible; ClaudeBot/1.0; +claudebot@anthropic.com)"
51.91.186.167 - - [26/Sep/2026:15:07:32 +0000] "POST /wp-login.php HTTP/1.1" 200 2619 "-" "Mozilla/5.0 (Windows NT 10.0; WOW64) AppleWebKit/537.36 (KHTML, like Gecko) Chrome/139.0.0.0 Safari/537.36"
49.247.215.5 - - [26/Sep/2026:15:15:50 +0000] "POST /wp-login.php HTTP/1.1" 200 2334 "https://ardo.ngo/wp-login.php" "Mozilla/5.0 (Windows NT 10.0; Win64; x64) AppleWebKit/537.36 (KHTML, like Gecko) Chrome/124.0.0.0 Safari/537.36"
51.91.109.26 - - [26/Sep/2026:15:34:07 +0000] "GET /staff HTTP/1.1" 404 21715 "-" "Mozilla/5.0 (Windows NT 10.0; Win64; x64) AppleWebKit/537.36 Chrome/120.0.0.0 Safari/537.36"
51.91.109.26 - - [26/Sep/2026:15:34:07 +0000] "GET /contact HTTP/1.1" 404 21668 "-" "Mozilla/5.0 (Windows NT 10.0; Win64; x64) AppleWebKit/537.36 Chrome/120.0.0.0 Safari/537.36"
51.91.109.26 - - [26/Sep/2026:15:34:07 +0000] "GET /people HTTP/1.1" 404 21674 "-" "Mozilla/5.0 (Windows NT 10.0; Win64; x64) AppleWebKit/537.36 Chrome/120.0.0.0 Safari/537.36"
51.91.109.26 - - [26/Sep/2026:15:34:07 +0000] "GET /team HTTP/1.1" 404 21716 "-" "Mozilla/5.0 (Windows NT 10.0; Win64; x64) AppleWebKit/537.36 Chrome/120.0.0.0 Safari/537.36"
51.91.109.26 - - [26/Sep/2026:15:34:07 +0000] "GET /faculty HTTP/1.1" 404 21672 "-" "Mozilla/5.0 (Windows NT 10.0; Win64; x64) AppleWebKit/537.36 Chrome/120.0.0.0 Safari/537.36"
51.91.109.26 - - [26/Sep/2026:15:34:07 +0000] "GET /about HTTP/1.1" 404 21715 "-" "Mozilla/5.0 (Windows NT 10.0; Win64; x64) AppleWebKit/537.36 Chrome/120.0.0.0 Safari/537.36"
51.91.109.26 - - [26/Sep/2026:15:34:07 +0000] "GET /directory HTTP/1.1" 404 21666 "-" "Mozilla/5.0 (Windows NT 10.0; Win64; x64) AppleWebKit/537.36 Chrome/120.0.0.0 Safari/537.36"
51.91.109.26 - - [26/Sep/2026:15:34:07 +0000] "GET /contacts HTTP/1.1" 404 21673 "-" "Mozilla/5.0 (Windows NT 10.0; Win64; x64) AppleWebKit/537.36 Chrome/120.0.0.0 Safari/537.36"
51.91.109.26 - - [26/Sep/2026:15:34:07 +0000] "GET /about-us HTTP/1.1" 404 21674 "-" "Mozilla/5.0 (Windows NT 10.0; Win64; x64) AppleWebKit/537.36 Chrome/120.0.0.0 Safari/537.36"
65.181.111.180 - - [26/Sep/2026:15:34:09 +0000] "POST /wp-cron.php?doing_wp_cron=1790436849.7467300891876220703125 HTTP/1.1" 200 0 "-" "WordPress/7.1.2; https://ardo.ngo"
51.91.109.26 - - [26/Sep/2026:15:34:07 +0000] "GET /departments HTTP/1.1" 404 21657 "-" "Mozilla/5.0 (Windows NT 10.0; Win64; x64) AppleWebKit/537.36 Chrome/120.0.0.0 Safari/537.36"
51.91.109.26 - - [26/Sep/2026:15:34:07 +0000] "GET /leadership HTTP/1.1" 404 21631 "-" "Mozilla/5.0 (Windows NT 10.0; Win64; x64) AppleWebKit/537.36 Chrome/120.0.0.0 Safari/537.36"
51.91.109.26 - - [26/Sep/2026:15:34:07 +0000] "GET /our-team HTTP/1.1" 404 21674 "-" "Mozilla/5.0 (Windows NT 10.0; Win64; x64) AppleWebKit/537.36 Chrome/120.0.0.0 Safari/537.36"
51.91.109.26 - - [26/Sep/2026:15:34:07 +0000] "GET /administration HTTP/1.1" 404 21687 "-" "Mozilla/5.0 (Windows NT 10.0; Win64; x64) AppleWebKit/537.36 Chrome/120.0.0.0 Safari/537.36"
51.91.109.26 - - [26/Sep/2026:15:34:07 +0000] "GET /contact-us HTTP/1.1" 404 21635 "-" "Mozilla/5.0 (Windows NT 10.0; Win64; x64) AppleWebKit/537.36 Chrome/120.0.0.0 Safari/537.36"
51.91.109.26 - - [26/Sep/2026:15:34:07 +0000] "GET /professors HTTP/1.1" 404 21634 "-" "Mozilla/5.0 (Windows NT 10.0; Win64; x64) AppleWebKit/537.36 Chrome/120.0.0.0 Safari/537.36"
51.91.109.26 - - [26/Sep/2026:15:34:07 +0000] "GET / HTTP/1.1" 200 41823 "-" "Mozilla/5.0 (Windows NT 10.0; Win64; x64) AppleWebKit/537.36 Chrome/120.0.0.0 Safari/537.36"
211.159.224.247 - - [26/Sep/2026:15:34:44 +0000] "POST /wp-login.php HTTP/1.1" 200 2334 "https://ardo.ngo/wp-login.php" "Mozilla/5.0 (Macintosh; Intel Mac OS X 14_4_1) AppleWebKit/605.1.15 (KHTML, like Gecko) Version/17.4.1 Safari/605.1.15"
43.165.170.119 - - [26/Sep/2026:15:37:31 +0000] "GET / HTTP/1.1" 200 49078 "http://ardo.ngo" "Mozilla/5.0 (iPhone; CPU iPhone OS 13_2_3 like Mac OS X) AppleWebKit/605.1.15 (KHTML, like Gecko) Version/13.0.3 Mobile/15E148 Safari/604.1"
209.38.44.51 - - [26/Sep/2026:15:37:52 +0000] "GET / HTTP/2" 200 49078 "-" "Mozilla/5.0 (Windows NT 10.0; Win64; x64) AppleWebKit/537.36 (KHTML, like Gecko) Chrome/137.0.0.0 Safari/537.36 ForestEngine/1.0 (+https://forestengine.net/#opt-out)"
49.247.215.5 - - [26/Sep/2026:15:41:28 +0000] "POST /wp-login.php HTTP/1.1" 200 2334 "https://ardo.ngo/wp-login.php" "Mozilla/5.0 (Windows NT 10.0; Win64; x64) AppleWebKit/537.36 (KHTML, like Gecko) Chrome/124.0.0.0 Safari/537.36 Edg/124.0.0.0"
209.38.38.183 - - [26/Sep/2026:15:45:31 +0000] "GET / HTTP/2" 301 0 "-" "Mozilla/5.0 (Windows NT 10.0; Win64; x64) AppleWebKit/537.36 (KHTML, like Gecko) Chrome/137.0.0.0 Safari/537.36 ForestEngine/1.0 (+https://forestengine.net/#opt-out)"
181.41.206.220 - - [26/Sep/2026:15:47:32 +0000] "GET / HTTP/1.1" 200 49078 "-" "Mozilla/5.0 (X11; Linux x86_64; rv:103.0) Gecko/20100101 Firefox/103.0"
196.189.51.191 - - [26/Sep/2026:15:48:12 +0000] "GET /wp-config.php.bak HTTP/1.1" 403 1242 "-" "Mozilla/5.0 (Windows NT 10.0; Win64; x64) AppleWebKit/537.36 (KHTML, like Gecko) Chrome/126.0.0.0 Safari/537.36"
196.189.51.191 - - [26/Sep/2026:15:48:21 +0000] "GET /wp-config.php~ HTTP/1.1" 403 1242 "-" "Mozilla/5.0 (Windows NT 10.0; Win64; x64) AppleWebKit/537.36 (KHTML, like Gecko) Chrome/126.0.0.0 Safari/537.36"
196.189.51.191 - - [26/Sep/2026:15:48:27 +0000] "GET /wp-config.php.save HTTP/1.1" 403 1242 "-" "Mozilla/5.0 (Windows NT 10.0; Win64; x64) AppleWebKit/537.36 (KHTML, like Gecko) Chrome/126.0.0.0 Safari/537.36"
167.71.76.75 - - [26/Sep/2026:15:51:17 +0000] "GET / HTTP/2" 200 12490 "-" "Mozilla/5.0 (Windows NT 10.0; Win64; x64) AppleWebKit/537.36 (KHTML, like Gecko) Chrome/137.0.0.0 Safari/537.36 ForestEngine/1.0 (+https://forestengine.net/#opt-out)"
65.181.111.180 - - [26/Sep/2026:16:07:01 +0000] "POST /wp-cron.php?doing_wp_cron=1790438821.5941789150238037109375 HTTP/1.1" 200 0 "-" "WordPress/7.1.2; https://ardo.ngo"
49.247.215.5 - - [26/Sep/2026:16:07:01 +0000] "POST /wp-login.php HTTP/1.1" 200 2334 "https://ardo.ngo/wp-login.php" "Mozilla/5.0 (Macintosh; Intel Mac OS X 14_4_1) AppleWebKit/605.1.15 (KHTML, like Gecko) Version/17.4.1 Safari/605.1.15"
57.141.20.8 - - [26/Sep/2026:16:10:51 +0000] "GET /news-sitemap.xml HTTP/2" 404 25414 "-" "Mozilla/5.0 (Windows NT 10.0; Win64; x64) AppleWebKit/537.36 (KHTML, like Gecko) Chrome/144.0.0.0 Safari/537.36 Edg/144.0.0.0 (compatible; meta-externalagent/1.1 (+https://developers.facebook.com/docs/sharing/webmasters/crawler))"
211.159.224.247 - - [26/Sep/2026:16:10:55 +0000] "POST /wp-login.php HTTP/1.1" 200 2334 "https://ardo.ngo/wp-login.php" "Mozilla/5.0 (Windows NT 10.0; Win64; x64) AppleWebKit/537.36 (KHTML, like Gecko) Chrome/124.0.0.0 Safari/537.36"
159.223.9.181 - - [26/Sep/2026:16:19:08 +0000] "GET / HTTP/2" 301 0 "-" "Mozilla/5.0 (Windows NT 10.0; Win64; x64) AppleWebKit/537.36 (KHTML, like Gecko) Chrome/137.0.0.0 Safari/537.36 ForestEngine/1.0 (+https://forestengine.net/#opt-out)"
205.210.31.88 - - [26/Sep/2026:16:19:28 +0000] "GET / HTTP/1.1" 200 40068 "-" "Hello from Palo Alto Networks, find out more about our scans in https://docs-cortex.paloaltonetworks.com/r/1/Cortex-Xpanse/Scanning-activity"
43.164.0.21 - - [26/Sep/2026:16:22:54 +0000] "GET / HTTP/1.1" 200 49078 "http://www.ardo.ngo" "Mozilla/5.0 (iPhone; CPU iPhone OS 13_2_3 like Mac OS X) AppleWebKit/605.1.15 (KHTML, like Gecko) Version/13.0.3 Mobile/15E148 Safari/604.1"
20.213.164.196 - - [26/Sep/2026:16:23:59 +0000] "GET /wp-admin/includes/class-wp-site-list.php HTTP/1.1" 302 0 "-" "-"
20.213.164.196 - - [26/Sep/2026:16:24:00 +0000] "GET /wp-login.php?redirect_to=https%3A%2F%2Fardo.ngo%2Fwp-admin%2Fincludes%2Fclass-wp-site-list.php&reauth=1 HTTP/1.1" 200 7156 "-" "-"
45.11.172.84 - - [26/Sep/2026:16:25:19 +0000] "GET /autodiscover/autodiscover.xml HTTP/1.1" 400 52 "http://autodiscover.ardo.ngo/" "Mozilla/5.0 (Macintosh; Intel Mac OS X 10_15_7) AppleWebKit/537.36 (KHTML, like Gecko) Chrome/125.0.0.0 Safari/537.36"
20.219.14.152 - - [26/Sep/2026:16:27:48 +0000] "GET /wp-content/plugins/hellopress/wp_filemanager.php HTTP/1.1" 401 36 "-" "-"
20.219.14.152 - - [26/Sep/2026:16:27:48 +0000] "GET /this_is_a_new_hello_world.php HTTP/1.1" 401 36 "-" "-"
20.219.14.152 - - [26/Sep/2026:16:27:49 +0000] "GET /3PJcpMFsD8B.php HTTP/1.1" 401 36 "-" "-"
20.219.14.152 - - [26/Sep/2026:16:27:49 +0000] "GET /aa.php HTTP/1.1" 401 36 "-" "-"
20.219.14.152 - - [26/Sep/2026:16:27:50 +0000] "GET /z70.php HTTP/1.1" 401 36 "-" "-"
20.219.14.152 - - [26/Sep/2026:16:27:50 +0000] "GET /f35.php HTTP/1.1" 401 36 "-" "-"
20.219.14.152 - - [26/Sep/2026:16:27:51 +0000] "GET /adminfuns.php HTTP/1.1" 401 36 "-" "-"
20.219.14.152 - - [26/Sep/2026:16:27:52 +0000] "GET /av.php HTTP/1.1" 401 36 "-" "-"
20.219.14.152 - - [26/Sep/2026:16:27:52 +0000] "GET /dex.php HTTP/1.1" 401 36 "-" "-"
20.219.14.152 - - [26/Sep/2026:16:27:53 +0000] "GET /chosen.php HTTP/1.1" 401 36 "-" "-"
20.219.14.152 - - [26/Sep/2026:16:27:53 +0000] "GET /1.php HTTP/1.1" 401 36 "-" "-"
20.219.14.152 - - [26/Sep/2026:16:27:54 +0000] "GET /radio.php HTTP/1.1" 401 36 "-" "-"
20.219.14.152 - - [26/Sep/2026:16:27:54 +0000] "GET /blacks.php HTTP/1.1" 401 36 "-" "-"
20.219.14.152 - - [26/Sep/2026:16:27:55 +0000] "GET /alfa.php HTTP/1.1" 401 36 "-" "-"
20.219.14.152 - - [26/Sep/2026:16:27:55 +0000] "GET /wp_blog_footer.php HTTP/1.1" 401 36 "-" "-"
65.181.111.180 - - [26/Sep/2026:16:27:56 +0000] "POST /wp-cron.php?doing_wp_cron=1790440076.4438679218292236328125 HTTP/1.1" 200 0 "-" "WordPress/7.1.2; https://ardo.ngo"
57.141.20.72 - - [26/Sep/2026:16:27:55 +0000] "GET /SiteMap.aspx HTTP/2" 404 25413 "-" "Mozilla/5.0 (Windows NT 10.0; Win64; x64) AppleWebKit/537.36 (KHTML, like Gecko) Chrome/145.0.0.0 Safari/537.36 (compatible; meta-externalagent/1.1 (+https://developers.facebook.com/docs/sharing/webmasters/crawler))"
20.219.14.152 - - [26/Sep/2026:16:27:56 +0000] "GET /b8.php HTTP/1.1" 401 36 "-" "-"
20.219.14.152 - - [26/Sep/2026:16:27:57 +0000] "GET /xex.php HTTP/1.1" 401 36 "-" "-"
20.219.14.152 - - [26/Sep/2026:16:27:57 +0000] "GET /ass.php HTTP/1.1" 401 36 "-" "-"
20.219.14.152 - - [26/Sep/2026:16:27:58 +0000] "GET /wsd.php HTTP/1.1" 401 36 "-" "-"
20.219.14.152 - - [26/Sep/2026:16:27:58 +0000] "GET /BDKR28WP.php HTTP/1.1" 401 36 "-" "-"
20.219.14.152 - - [26/Sep/2026:16:27:59 +0000] "GET /wmore1.php HTTP/1.1" 401 36 "-" "-"
20.219.14.152 - - [26/Sep/2026:16:27:59 +0000] "GET /z60.php HTTP/1.1" 401 36 "-" "-"
20.219.14.152 - - [26/Sep/2026:16:28:00 +0000] "GET /pJPoKA.php HTTP/1.1" 401 36 "-" "-"
20.219.14.152 - - [26/Sep/2026:16:28:00 +0000] "GET /24.php HTTP/1.1" 401 36 "-" "-"
20.219.14.152 - - [26/Sep/2026:16:28:01 +0000] "GET /xxw.php HTTP/1.1" 401 36 "-" "-"
20.219.14.152 - - [26/Sep/2026:16:28:02 +0000] "GET /bnmtp.php HTTP/1.1" 401 36 "-" "-"
20.219.14.152 - - [26/Sep/2026:16:28:02 +0000] "GET /ebkid.php HTTP/1.1" 401 36 "-" "-"
20.219.14.152 - - [26/Sep/2026:16:28:03 +0000] "GET /133.php HTTP/1.1" 401 36 "-" "-"
20.219.14.152 - - [26/Sep/2026:16:28:04 +0000] "GET /x33.php HTTP/1.1" 401 36 "-" "-"
20.219.14.152 - - [26/Sep/2026:16:28:04 +0000] "GET /cae.php HTTP/1.1" 401 36 "-" "-"
20.219.14.152 - - [26/Sep/2026:16:28:05 +0000] "GET /txets.php HTTP/1.1" 401 36 "-" "-"
20.219.14.152 - - [26/Sep/2026:16:28:05 +0000] "GET /wp-update.php HTTP/1.1" 401 36 "-" "-"
20.219.14.152 - - [26/Sep/2026:16:28:06 +0000] "GET /foxv10.php HTTP/1.1" 401 36 "-" "-"
20.219.14.152 - - [26/Sep/2026:16:28:06 +0000] "GET /177.php HTTP/1.1" 401 36 "-" "-"
20.219.14.152 - - [26/Sep/2026:16:28:07 +0000] "GET /ccc.php HTTP/1.1" 401 36 "-" "-"
20.219.14.152 - - [26/Sep/2026:16:28:07 +0000] "GET /0xD.php HTTP/1.1" 401 36 "-" "-"
20.219.14.152 - - [26/Sep/2026:16:28:08 +0000] "GET /sallu.php HTTP/1.1" 401 36 "-" "-"
20.219.14.152 - - [26/Sep/2026:16:28:08 +0000] "GET /01.php HTTP/1.1" 401 36 "-" "-"
20.219.14.152 - - [26/Sep/2026:16:28:09 +0000] "GET /ab.php HTTP/1.1" 401 36 "-" "-"
20.219.14.152 - - [26/Sep/2026:16:28:10 +0000] "GET /xwpg.php HTTP/1.1" 401 36 "-" "-"
20.219.14.152 - - [26/Sep/2026:16:28:10 +0000] "GET /flamini.php HTTP/1.1" 401 36 "-" "-"
20.219.14.152 - - [26/Sep/2026:16:28:11 +0000] "GET /themes.php HTTP/1.1" 401 36 "-" "-"
20.219.14.152 - - [26/Sep/2026:16:28:11 +0000] "GET /0.php HTTP/1.1" 401 36 "-" "-"
20.219.14.152 - - [26/Sep/2026:16:28:12 +0000] "GET /opsh.php HTTP/1.1" 401 36 "-" "-"
20.219.14.152 - - [26/Sep/2026:16:28:12 +0000] "GET /media.php HTTP/1.1" 401 36 "-" "-"
20.219.14.152 - - [26/Sep/2026:16:28:13 +0000] "GET /images.php HTTP/1.1" 401 36 "-" "-"
20.219.14.152 - - [26/Sep/2026:16:28:13 +0000] "GET /ops.php HTTP/1.1" 401 36 "-" "-"
20.219.14.152 - - [26/Sep/2026:16:28:14 +0000] "GET /mac.php HTTP/1.1" 401 36 "-" "-"
20.219.14.152 - - [26/Sep/2026:16:28:15 +0000] "GET /pass4.php HTTP/1.1" 401 36 "-" "-"
20.219.14.152 - - [26/Sep/2026:16:28:17 +0000] "GET /drttewyh.php HTTP/1.1" 401 36 "-" "-"
20.219.14.152 - - [26/Sep/2026:16:28:18 +0000] "GET /sh.php HTTP/1.1" 401 36 "-" "-"
20.219.14.152 - - [26/Sep/2026:16:28:18 +0000] "GET /groud1.php HTTP/1.1" 401 36 "-" "-"
20.219.14.152 - - [26/Sep/2026:16:28:19 +0000] "GET /bro.php HTTP/1.1" 401 36 "-" "-"
49.247.215.5 - - [26/Sep/2026:16:32:12 +0000] "POST /wp-login.php HTTP/1.1" 200 2334 "https://ardo.ngo/wp-login.php" "Mozilla/5.0 (Windows NT 10.0; Win64; x64) AppleWebKit/537.36 (KHTML, like Gecko) Chrome/124.0.0.0 Safari/537.36"
216.73.216.233 - - [26/Sep/2026:16:32:40 +0000] "GET /robots.txt HTTP/2" 200 90 "-" "Mozilla/5.0 AppleWebKit/537.36 (KHTML, like Gecko; compatible; ClaudeBot/1.0; +claudebot@anthropic.com)"
216.73.216.233 - - [26/Sep/2026:16:32:41 +0000] "GET /wp-sitemap.xml HTTP/2" 200 185 "-" "Mozilla/5.0 AppleWebKit/537.36 (KHTML, like Gecko; compatible; ClaudeBot/1.0; +claudebot@anthropic.com)"
174.138.0.187 - - [26/Sep/2026:16:44:14 +0000] "GET / HTTP/2" 200 12486 "-" "Mozilla/5.0 (Windows NT 10.0; Win64; x64) AppleWebKit/537.36 (KHTML, like Gecko) Chrome/137.0.0.0 Safari/537.36 ForestEngine/1.0 (+https://forestengine.net/#opt-out)"
65.181.111.180 - - [26/Sep/2026:16:46:13 +0000] "POST /wp-cron.php?doing_wp_cron=1790441173.8535320758819580078125 HTTP/1.1" 200 0 "-" "WordPress/7.1.2; https://ardo.ngo"
211.159.224.247 - - [26/Sep/2026:16:46:13 +0000] "POST /wp-login.php HTTP/1.1" 200 2334 "https://ardo.ngo/wp-login.php" "Mozilla/5.0 (X11; Linux x86_64; rv:124.0) Gecko/20100101 Firefox/124.0"
51.8.102.224 - - [26/Sep/2026:16:46:53 +0000] "GET /robots.txt HTTP/2" 301 0 "-" "Mozilla/5.0 (Macintosh; Intel Mac OS X 10_15_7) AppleWebKit/537.36 (KHTML, like Gecko) Chrome/131.0.0.0 Safari/537.36; compatible; OAI-SearchBot/1.0; +https://openai.com/searchbot"
51.8.102.179 - - [26/Sep/2026:16:46:53 +0000] "GET /robots.txt HTTP/2" 200 90 "-" "Mozilla/5.0 (Macintosh; Intel Mac OS X 10_15_7) AppleWebKit/537.36 (KHTML, like Gecko) Chrome/131.0.0.0 Safari/537.36; compatible; OAI-SearchBot/1.0; +https://openai.com/searchbot"
216.73.216.233 - - [26/Sep/2026:16:52:48 +0000] "GET /robots.txt HTTP/2" 200 279 "-" "Mozilla/5.0 AppleWebKit/537.36 (KHTML, like Gecko; compatible; ClaudeBot/1.0; +claudebot@anthropic.com)"
216.73.216.233 - - [26/Sep/2026:16:52:49 +0000] "GET /sitemap.xml HTTP/2" 429 0 "-" "Mozilla/5.0 AppleWebKit/537.36 (KHTML, like Gecko; compatible; ClaudeBot/1.0; +claudebot@anthropic.com)"
49.247.215.5 - - [26/Sep/2026:16:57:32 +0000] "POST /wp-login.php HTTP/1.1" 200 2334 "https://ardo.ngo/wp-login.php" "Mozilla/5.0 (Windows NT 10.0; Win64; x64) AppleWebKit/537.36 (KHTML, like Gecko) Chrome/124.0.0.0 Safari/537.36 Edg/124.0.0.0"
216.73.216.233 - - [26/Sep/2026:17:15:08 +0000] "GET /sitemap.xml HTTP/2" 429 0 "-" "Mozilla/5.0 AppleWebKit/537.36 (KHTML, like Gecko; compatible; ClaudeBot/1.0; +claudebot@anthropic.com)"
65.181.111.180 - - [26/Sep/2026:17:22:37 +0000] "POST /wp-cron.php?doing_wp_cron=1790443357.1114349365234375000000 HTTP/1.1" 200 0 "-" "WordPress/7.1.2; https://ardo.ngo"
49.247.215.5 - - [26/Sep/2026:17:22:36 +0000] "POST /wp-login.php HTTP/1.1" 200 2334 "https://ardo.ngo/wp-login.php" "Mozilla/5.0 (Macintosh; Intel Mac OS X 10_15_7) AppleWebKit/537.36 (KHTML, like Gecko) Chrome/123.0.0.0 Safari/537.36"
211.159.224.247 - - [26/Sep/2026:17:22:47 +0000] "POST /wp-login.php HTTP/1.1" 200 2334 "https://ardo.ngo/wp-login.php" "Mozilla/5.0 (Macintosh; Intel Mac OS X 14_4_1) AppleWebKit/605.1.15 (KHTML, like Gecko) Version/17.4.1 Safari/605.1.15"
9.129.28.28 - - [26/Sep/2026:17:29:34 +0000] "GET / HTTP/2" 200 41823 "-" "Mozilla/5.0 AppleWebKit/537.36 (KHTML, like Gecko); compatible; ChatGPT-User/1.0; +https://openai.com/bot"
74.7.241.59 - - [26/Sep/2026:17:32:05 +0000] "GET / HTTP/2" 429 0 "-" "Mozilla/5.0 AppleWebKit/537.36 (KHTML, like Gecko; compatible; GPTBot/1.4; +https://openai.com/gptbot)"
74.7.228.32 - - [26/Sep/2026:17:32:05 +0000] "GET /robots.txt HTTP/2" 200 90 "-" "Mozilla/5.0 (Macintosh; Intel Mac OS X 10_15_7) AppleWebKit/537.36 (KHTML, like Gecko) Chrome/131.0.0.0 Safari/537.36; compatible; OAI-SearchBot/1.4; robots.txt; +https://openai.com/searchbot"
49.247.215.5 - - [26/Sep/2026:17:47:17 +0000] "POST /wp-login.php HTTP/1.1" 200 2334 "https://ardo.ngo/wp-login.php" "Mozilla/5.0 (Macintosh; Intel Mac OS X 14_4_1) AppleWebKit/605.1.15 (KHTML, like Gecko) Version/17.4.1 Safari/605.1.15"
211.159.224.247 - - [26/Sep/2026:18:02:39 +0000] "POST /wp-login.php HTTP/1.1" 200 2334 "https://ardo.ngo/wp-login.php" "Mozilla/5.0 (Windows NT 10.0; Win64; x64) AppleWebKit/537.36 (KHTML, like Gecko) Chrome/124.0.0.0 Safari/537.36 Edg/124.0.0.0"
41.143.201.169 - - [26/Sep/2026:18:08:19 +0000] "GET /.env HTTP/1.1" 404 5749 "-" "-"
41.143.201.169 - - [26/Sep/2026:18:08:19 +0000] "GET /.env HTTP/1.1" 403 1242 "-" "-"
41.143.201.169 - - [26/Sep/2026:18:08:19 +0000] "GET /.env HTTP/1.1" 401 36 "-" "-"
41.143.201.169 - - [26/Sep/2026:18:08:19 +0000] "GET /.env HTTP/1.1" 403 1242 "-" "-"
41.143.201.169 - - [26/Sep/2026:18:08:19 +0000] "GET /.env HTTP/1.1" 404 5750 "-" "-"
41.143.201.169 - - [26/Sep/2026:18:08:19 +0000] "GET /.env HTTP/1.1" 403 1242 "-" "-"
41.143.201.169 - - [26/Sep/2026:18:08:21 +0000] "GET /.env HTTP/1.1" 401 36 "-" "-"
41.143.201.169 - - [26/Sep/2026:18:08:21 +0000] "GET /.env HTTP/1.1" 401 36 "-" "-"
41.143.201.169 - - [26/Sep/2026:18:08:21 +0000] "GET /.env HTTP/1.1" 400 52 "-" "-"
205.210.31.255 - - [26/Sep/2026:18:10:36 +0000] "GET /wp-json/wp/v2/users HTTP/1.1" 200 741 "-" "Hello from Palo Alto Networks, find out more about our scans in https://docs-cortex.paloaltonetworks.com/r/1/Cortex-Xpanse/Scanning-activity"
198.235.24.245 - - [26/Sep/2026:18:10:38 +0000] "GET /wp-json/ HTTP/1.1" 200 266351 "-" "Hello from Palo Alto Networks, find out more about our scans in https://docs-cortex.paloaltonetworks.com/r/1/Cortex-Xpanse/Scanning-activity"
198.235.24.195 - - [26/Sep/2026:18:10:39 +0000] "GET /?rest_route=/wp/v2/users HTTP/1.1" 200 741 "-" "Hello from Palo Alto Networks, find out more about our scans in https://docs-cortex.paloaltonetworks.com/r/1/Cortex-Xpanse/Scanning-activity"
198.235.24.211 - - [26/Sep/2026:18:10:41 +0000] "GET /xmlrpc.php HTTP/1.1" 403 1242 "-" "Hello from Palo Alto Networks, find out more about our scans in https://docs-cortex.paloaltonetworks.com/r/1/Cortex-Xpanse/Scanning-activity"
205.210.31.193 - - [26/Sep/2026:18:10:42 +0000] "GET /wp-login.php HTTP/1.1" 200 7125 "-" "Hello from Palo Alto Networks, find out more about our scans in https://docs-cortex.paloaltonetworks.com/r/1/Cortex-Xpanse/Scanning-activity"
66.249.74.4 - - [26/Sep/2026:18:10:47 +0000] "GET /?r=10921138545603&channel=e555d0&from=shared.php%3Fid%3D1385456-17137%26name%3D%E3%83%AC%E3%83%87%E3%82%A3%E3%83%BC%E3%82%B9%E3%83%8A%E3%82%A4%E3%83%88%E3%82%AC%E3%82%A6%E3%83%B3%20%20%E3%83%AC%E3%83%87%E3%82%A3%E3%83%BC%E3%82%B9%E3%83%90%E3%82%B9%E3%83%AD%E3%83%BC%E3%83%96%20%E3%83%AC%E3%83%87%E3%82%A3%E3%83%BC%E3%82%B9%E3%83%95%E3%83%A9%E3%83%B3%E3%83%8D%E3%83%AB%E3%83%95%E3%83%AA%E3%83%BC%E3%82%B9%E3%83%90%E3%82%B9%E3%83%AD%E3%83%BC%E3%83%96%20%E3%83%8A%E3%82%A4%E3%83%88%E3%82%AC%E3%82%A6%E3%83%B3%E3%81%AE%E5%A5%B3%E6%80%A7%E3%82%AD%E3%83%AB%E3%83%86%E3%82%A3%E3%83%B3%E3%82%B0%E3%83%97%E3%83%A9%E3%82%B9%E3%83%99%E3%83%AB%E3%83%99%E3%83%83%E3%83%88%EF%BC%88%E2%89%AA%E4%BA%BA%E6%B0%97%E2%89%AB%E3%82%B3%E3%83%BC%E3%83%A9%E3%83%AB%20%E3%83%99%E3%83%AB%E3%83%99%E3%83%83%E3%83%88%20%E3%83%8A%E3%82%A4%E3%83%88%E3%82%AC%E3%82%A6%E3%83%B3%20%E3%83%AC%E3%83%87%E3%82%A3%E3%83%BC%E3%82%B9%20%E7%A7%8B%E5%86%AC%20%E5%8E%9A%E6%89%8B%20%E3%83%95%E3%83%A9%E3%83%B3%E3%83%8D%E3%83%AB%20%E3%83%91%E3%82%B8%E3%83%A3%E3%83%9E%20%E3%83%90%E3%82%B9%E3%83%AD%E3%83%BC%E3%83%96%20%E3%83%89%E3%83%AC%E3%83%83%E3%82%B7%E3%83%B3%E3%82%B0%20%E3%82%AC%E3%82%A6%E3%83%B3%20%E3%81%8B%E3%82%8F%E3%81%84%E3%81%84%20%E3%83%AD%E3%83%B3%E3%82%B0%E3%81%AE%E9%80%9A%E8%B2%A9%20%7C%20%20%E4%BE%A1%E6%A0%BC%E6%AF%94%E8%BC%83%E3%81%AE%E3%83%93%E3%82%AB%E3%83%A0%EF%BC%89 HTTP/1.1" 200 42290 "-" "Mozilla/5.0 (Linux; Android 6.0.1; Nexus 5X Build/MMB29P) AppleWebKit/537.36 (KHTML, like Gecko) Chrome/153.0.8010.52 Mobile Safari/537.36 (compatible; Googlebot/2.1; +http://www.google.com/bot.html)"
49.247.215.5 - - [26/Sep/2026:18:12:17 +0000] "POST /wp-login.php HTTP/1.1" 200 2334 "https://ardo.ngo/wp-login.php" "Mozilla/5.0 (Macintosh; Intel Mac OS X 14_4_1) AppleWebKit/605.1.15 (KHTML, like Gecko) Version/17.4.1 Safari/605.1.15"
66.249.74.2 - - [26/Sep/2026:18:19:38 +0000] "GET /wp-content/themes/betheme/functions/plugins/elementor/assets/elementor.css?ver=7.1.2 HTTP/1.1" 200 281 "https://ardo.ngo/?r=10921138545603&channel=e555d0&from=shared.php%3Fid%3D1385456-17137%26name%3D%E3%83%AC%E3%83%87%E3%82%A3%E3%83%BC%E3%82%B9%E3%83%8A%E3%82%A4%E3%83%88%E3%82%AC%E3%82%A6%E3%83%B3%20%20%E3%83%AC%E3%83%87%E3%82%A3%E3%83%BC%E3%82%B9%E3%83%90%E3%82%B9%E3%83%AD%E3%83%BC%E3%83%96%20%E3%83%AC%E3%83%87%E3%82%A3%E3%83%BC%E3%82%B9%E3%83%95%E3%83%A9%E3%83%B3%E3%83%8D%E3%83%AB%E3%83%95%E3%83%AA%E3%83%BC%E3%82%B9%E3%83%90%E3%82%B9%E3%83%AD%E3%83%BC%E3%83%96%20%E3%83%8A%E3%82%A4%E3%83%88%E3%82%AC%E3%82%A6%E3%83%B3%E3%81%AE%E5%A5%B3%E6%80%A7%E3%82%AD%E3%83%AB%E3%83%86%E3%82%A3%E3%83%B3%E3%82%B0%E3%83%97%E3%83%A9%E3%82%B9%E3%83%99%E3%83%AB%E3%83%99%E3%83%83%E3%83%88%EF%BC%88%E2%89%AA%E4%BA%BA%E6%B0%97%E2%89%AB%E3%82%B3%E3%83%BC%E3%83%A9%E3%83%AB%20%E3%83%99%E3%83%AB%E3%83%99%E3%83%83%E3%83%88%20%E3%83%8A%E3%82%A4%E3%83%88%E3%82%AC%E3%82%A6%E3%83%B3%20%E3%83%AC%E3%83%87%E3%82%A3%E3%83%BC%E3%82%B9%20%E7%A7%8B%E5%86%AC%20%E5%8E%9A%E6%89%8B%20%E3%83%95%E3%83%A9%E3%83%B3%E3%83%8D%E3%83%AB%20%E3%83%91%E3%82%B8%E3%83%A3%E3%83%9E%20%E3%83%90%E3%82%B9%E3%83%AD%E3%83%BC%E3%83%96%20%E3%83%89%E3%83%AC%E3%83%83%E3%82%B7%E3%83%B3%E3%82%B0%20%E3%82%AC%E3%82%A6%E3%83%B3%20%E3%81%8B%E3%82%8F%E3%81%84%E3%81%84%20%E3%83%AD%E3%83%B3%E3%82%B0%E3%81%AE%E9%80%9A%E8%B2%A9%20%7C%20%20%E4%BE%A1%E6%A0%BC%E6%AF%94%E8%BC%83%E3%81%AE%E3%83%93%E3%82%AB%E3%83%A0%EF%BC%89" "Mozilla/5.0 (Linux; Android 6.0.1; Nexus 5X Build/MMB29P) AppleWebKit/537.36 (KHTML, like Gecko) Chrome/153.0.8010.52 Mobile Safari/537.36 (compatible; Googlebot/2.1; +http://www.google.com/bot.html)"
65.181.111.180 - - [26/Sep/2026:18:27:31 +0000] "POST /wp-cron.php?doing_wp_cron=1790447251.2432470321655273437500 HTTP/1.1" 200 0 "-" "WordPress/7.1.2; https://ardo.ngo"
91.196.231.69 - - [26/Sep/2026:18:27:30 +0000] "GET /wp-login.php HTTP/2" 200 2183 "-" "Mozilla/5.0 (X11; Linux x86_64) AppleWebKit/537.36 (KHTML, like Gecko) Chrome/147.0.0.0 Safari/537.36"
91.196.231.69 - - [26/Sep/2026:18:27:31 +0000] "POST /wp-login.php HTTP/2" 200 2321 "https://ardo.ngo/wp-login.php" "Mozilla/5.0 (X11; Linux x86_64) AppleWebKit/537.36 (KHTML, like Gecko) Chrome/147.0.0.0 Safari/537.36"
49.247.215.5 - - [26/Sep/2026:18:37:09 +0000] "POST /wp-login.php HTTP/1.1" 200 2334 "https://ardo.ngo/wp-login.php" "Mozilla/5.0 (Macintosh; Intel Mac OS X 14_4_1) AppleWebKit/605.1.15 (KHTML, like Gecko) Version/17.4.1 Safari/605.1.15"
211.159.224.247 - - [26/Sep/2026:18:37:25 +0000] "POST /wp-login.php HTTP/1.1" 200 2334 "https://ardo.ngo/wp-login.php" "Mozilla/5.0 (Windows NT 10.0; Win64; x64) AppleWebKit/537.36 (KHTML, like Gecko) Chrome/124.0.0.0 Safari/537.36 Edg/124.0.0.0"
216.73.216.233 - - [26/Sep/2026:18:38:32 +0000] "GET /robots.txt HTTP/2" 200 90 "-" "Mozilla/5.0 AppleWebKit/537.36 (KHTML, like Gecko; compatible; ClaudeBot/1.0; +claudebot@anthropic.com)"
216.73.216.233 - - [26/Sep/2026:18:38:32 +0000] "GET /wp-sitemap.xml HTTP/2" 200 185 "-" "Mozilla/5.0 AppleWebKit/537.36 (KHTML, like Gecko; compatible; ClaudeBot/1.0; +claudebot@anthropic.com)"
216.73.216.233 - - [26/Sep/2026:18:38:34 +0000] "GET /robots.txt HTTP/2" 200 279 "-" "Mozilla/5.0 AppleWebKit/537.36 (KHTML, like Gecko; compatible; ClaudeBot/1.0; +claudebot@anthropic.com)"
216.73.216.233 - - [26/Sep/2026:18:38:35 +0000] "GET /sitemap.xml HTTP/2" 429 0 "-" "Mozilla/5.0 AppleWebKit/537.36 (KHTML, like Gecko; compatible; ClaudeBot/1.0; +claudebot@anthropic.com)"
34.75.21.129 - - [26/Sep/2026:18:39:39 +0000] "GET /.git/config HTTP/1.1" 403 1242 "-" "-"
49.247.215.5 - - [26/Sep/2026:19:01:44 +0000] "POST /wp-login.php HTTP/1.1" 200 2334 "https://ardo.ngo/wp-login.php" "Mozilla/5.0 (Windows NT 10.0; Win64; x64) AppleWebKit/537.36 (KHTML, like Gecko) Chrome/124.0.0.0 Safari/537.36 Edg/124.0.0.0"
14.54.19.212 - - [26/Sep/2026:19:08:35 +0000] "GET / HTTP/1.1" 200 49078 "-" "Mozilla/5.0 (Windows NT 10.0; Win64; x64) AppleWebKit/537.36 (KHTML, like Gecko) Chrome/121.0.0.0 Safari/537.36"
176.234.91.199 - - [26/Sep/2026:19:11:47 +0000] "POST /xmlrpc.php HTTP/1.1" 403 1242 "-" "Mozilla/5.0 (Macintosh; Intel Mac OS X 10_15_7; arm64) AppleWebKit/537.36 (KHTML, like Gecko) Edge/90.0.0.0 Safari/537.36"
211.159.224.247 - - [26/Sep/2026:19:18:15 +0000] "POST /wp-login.php HTTP/1.1" 200 2334 "https://ardo.ngo/wp-login.php" "Mozilla/5.0 (Windows NT 10.0; Win64; x64) AppleWebKit/537.36 (KHTML, like Gecko) Chrome/124.0.0.0 Safari/537.36 Edg/124.0.0.0"
74.7.227.2 - - [26/Sep/2026:19:44:06 +0000] "GET / HTTP/2" 429 0 "-" "Mozilla/5.0 AppleWebKit/537.36 (KHTML, like Gecko; compatible; GPTBot/1.4; +https://openai.com/gptbot)"
74.7.228.9 - - [26/Sep/2026:19:44:06 +0000] "GET /robots.txt HTTP/2" 400 52 "-" "Mozilla/5.0 (Macintosh; Intel Mac OS X 10_15_7) AppleWebKit/537.36 (KHTML, like Gecko) Chrome/131.0.0.0 Safari/537.36; compatible; OAI-SearchBot/1.4; robots.txt; +https://openai.com/searchbot"
65.181.111.180 - - [26/Sep/2026:20:23:37 +0000] "POST /wp-cron.php?doing_wp_cron=1790454217.8627419471740722656250 HTTP/1.1" 200 0 "-" "WordPress/7.1.2; https://ardo.ngo"
138.246.253.24 - - [26/Sep/2026:20:23:37 +0000] "GET /robots.txt HTTP/1.1" 301 0 "-" "Mozilla/5.0 (Windows NT 10.0; Win64; x64) AppleWebKit/537.36 (KHTML, like Gecko) Chrome/103.0.5060.134 Safari/537.36"
216.73.216.233 - - [26/Sep/2026:20:35:40 +0000] "GET /robots.txt HTTP/2" 429 0 "-" "Mozilla/5.0 AppleWebKit/537.36 (KHTML, like Gecko; compatible; ClaudeBot/1.0; +claudebot@anthropic.com)"
216.73.216.233 - - [26/Sep/2026:20:35:50 +0000] "GET /robots.txt HTTP/2" 429 0 "-" "Mozilla/5.0 AppleWebKit/537.36 (KHTML, like Gecko; compatible; ClaudeBot/1.0; +claudebot@anthropic.com)"
150.109.230.210 - - [26/Sep/2026:20:38:03 +0000] "GET / HTTP/1.1" 200 49078 "http://ardo.ngo" "Mozilla/5.0 (iPhone; CPU iPhone OS 13_2_3 like Mac OS X) AppleWebKit/605.1.15 (KHTML, like Gecko) Version/13.0.3 Mobile/15E148 Safari/604.1"
216.73.216.233 - - [26/Sep/2026:20:38:52 +0000] "GET /robots.txt HTTP/2" 200 90 "-" "Mozilla/5.0 AppleWebKit/537.36 (KHTML, like Gecko; compatible; ClaudeBot/1.0; +claudebot@anthropic.com)"
216.73.216.233 - - [26/Sep/2026:20:38:53 +0000] "GET /wp-sitemap.xml HTTP/2" 200 185 "-" "Mozilla/5.0 AppleWebKit/537.36 (KHTML, like Gecko; compatible; ClaudeBot/1.0; +claudebot@anthropic.com)"
211.159.224.247 - - [26/Sep/2026:20:42:34 +0000] "POST /wp-login.php HTTP/1.1" 200 2334 "https://ardo.ngo/wp-login.php" "Mozilla/5.0 (Windows NT 10.0; Win64; x64; rv:125.0) Gecko/20100101 Firefox/125.0"
175.178.110.121 - - [26/Sep/2026:20:43:29 +0000] "GET / HTTP/1.1" 200 49078 "http://www.ardo.ngo" "Mozilla/5.0 (iPhone; CPU iPhone OS 13_2_3 like Mac OS X) AppleWebKit/605.1.15 (KHTML, like Gecko) Version/13.0.3 Mobile/15E148 Safari/604.1"
192.99.6.140 - - [26/Sep/2026:20:57:29 +0000] "POST /wp-login.php HTTP/1.1" 200 2618 "-" "Mozilla/5.0 (Windows NT 10.0; WOW64) AppleWebKit/537.36 (KHTML, like Gecko) Chrome/138.0.0.0 Safari/537.36"
65.181.111.180 - - [26/Sep/2026:21:20:05 +0000] "POST /wp-cron.php?doing_wp_cron=1790457605.5033431053161621093750 HTTP/1.1" 200 0 "-" "WordPress/7.1.2; https://ardo.ngo"
172.233.153.235 - - [26/Sep/2026:21:20:05 +0000] "POST /wp-login.php HTTP/1.1" 200 2575 "-" "Mozilla/5.0 (Windows NT 10.0; WOW64) AppleWebKit/537.36 (KHTML, like Gecko) Chrome/140.0.0.0 Safari/537.36"
20.214.151.17 - - [26/Sep/2026:21:20:38 +0000] "GET /wp-content/plugins/hellopress/wp_filemanager.php HTTP/1.1" 404 5750 "-" "-"
20.214.151.17 - - [26/Sep/2026:21:20:39 +0000] "GET /this_is_a_new_hello_world.php HTTP/1.1" 404 5750 "-" "-"
20.214.151.17 - - [26/Sep/2026:21:20:39 +0000] "GET /adminfuns.php HTTP/1.1" 404 5750 "-" "-"
20.214.151.17 - - [26/Sep/2026:21:20:40 +0000] "GET /goods.php HTTP/1.1" 404 5750 "-" "-"
20.214.151.17 - - [26/Sep/2026:21:20:40 +0000] "GET /100.php HTTP/1.1" 404 5750 "-" "-"
20.214.151.17 - - [26/Sep/2026:21:20:40 +0000] "GET /about.php HTTP/1.1" 404 5750 "-" "-"
20.214.151.17 - - [26/Sep/2026:21:20:41 +0000] "GET /admin.php HTTP/1.1" 404 5750 "-" "-"
20.214.151.17 - - [26/Sep/2026:21:20:41 +0000] "GET /themes.php HTTP/1.1" 404 5750 "-" "-"
20.214.151.17 - - [26/Sep/2026:21:20:42 +0000] "GET /biufile.php HTTP/1.1" 404 5750 "-" "-"
20.214.151.17 - - [26/Sep/2026:21:20:42 +0000] "GET /coffexium.php HTTP/1.1" 404 5750 "-" "-"
20.214.151.17 - - [26/Sep/2026:21:20:43 +0000] "GET /coffee.php HTTP/1.1" 404 5750 "-" "-"
20.214.151.17 - - [26/Sep/2026:21:20:43 +0000] "GET /classwithtostring.php?p= HTTP/1.1" 404 5750 "-" "-"
20.214.151.17 - - [26/Sep/2026:21:20:44 +0000] "GET /wp-ws68.php?p= HTTP/1.1" 404 5750 "-" "-"
20.214.151.17 - - [26/Sep/2026:21:20:44 +0000] "GET /mgrr.php HTTP/1.1" 404 5750 "-" "-"
